[INFO] cloning repository https://github.com/n1rna/teev
[INFO] running `Command { std: "git" "-c" "credential.helper=" "-c" "credential.helper=/workspace/cargo-home/bin/git-credential-null" "clone" "--bare" "https://github.com/n1rna/teev" "/workspace/cache/git-repos/https%3A%2F%2Fgithub.com%2Fn1rna%2Fteev", kill_on_drop: false }`
[INFO] [stderr] Cloning into bare repository '/workspace/cache/git-repos/https%3A%2F%2Fgithub.com%2Fn1rna%2Fteev'...
[INFO] running `Command { std: "git" "rev-parse" "HEAD", kill_on_drop: false }`
[INFO] [stdout] 1ee7e7e208ba9b343525f7b3eee4bdb19a44c9c2
[INFO] testing n1rna/teev against 1.98.0-beta.1 for beta-1.98-2
[INFO] running `Command { std: "git" "clone" "/workspace/cache/git-repos/https%3A%2F%2Fgithub.com%2Fn1rna%2Fteev" "/workspace/builds/worker-7-tc2/source", kill_on_drop: false }`
[INFO] [stderr] Cloning into '/workspace/builds/worker-7-tc2/source'...
[INFO] [stderr] done.
[INFO] started tweaking git repo https://github.com/n1rna/teev
[INFO] finished tweaking git repo https://github.com/n1rna/teev
[INFO] tweaked toml for git repo https://github.com/n1rna/teev written to /workspace/builds/worker-7-tc2/source/Cargo.toml
[INFO] validating manifest of git repo https://github.com/n1rna/teev on toolchain 1.98.0-beta.1
[INFO] running `Command { std: CARGO_HOME="/workspace/cargo-home" RUSTUP_HOME="/workspace/rustup-home" "/workspace/cargo-home/bin/cargo" "+1.98.0-beta.1" "metadata" "--manifest-path" "Cargo.toml" "--no-deps", kill_on_drop: false }`
[INFO] crate git repo https://github.com/n1rna/teev already has a lockfile, it will not be regenerated
[INFO] running `Command { std: CARGO_HOME="/workspace/cargo-home" RUSTUP_HOME="/workspace/rustup-home" "/workspace/cargo-home/bin/cargo" "+1.98.0-beta.1" "fetch" "--manifest-path" "Cargo.toml", kill_on_drop: false }`
[INFO] [stderr]     Blocking waiting for file lock on package cache
[INFO] [stderr]     Blocking waiting for file lock on package cache
[ERROR] error running command: no output for 300 seconds
[INFO] testing n1rna/teev against 1.98.0-beta.1 for beta-1.98-2
[INFO] running `Command { std: "git" "clone" "/workspace/cache/git-repos/https%3A%2F%2Fgithub.com%2Fn1rna%2Fteev" "/workspace/builds/worker-7-tc2/source", kill_on_drop: false }`
[INFO] [stderr] Cloning into '/workspace/builds/worker-7-tc2/source'...
[INFO] [stderr] done.
[INFO] started tweaking git repo https://github.com/n1rna/teev
[INFO] finished tweaking git repo https://github.com/n1rna/teev
[INFO] tweaked toml for git repo https://github.com/n1rna/teev written to /workspace/builds/worker-7-tc2/source/Cargo.toml
[INFO] validating manifest of git repo https://github.com/n1rna/teev on toolchain 1.98.0-beta.1
[INFO] running `Command { std: CARGO_HOME="/workspace/cargo-home" RUSTUP_HOME="/workspace/rustup-home" "/workspace/cargo-home/bin/cargo" "+1.98.0-beta.1" "metadata" "--manifest-path" "Cargo.toml" "--no-deps", kill_on_drop: false }`
[INFO] crate git repo https://github.com/n1rna/teev already has a lockfile, it will not be regenerated
[INFO] running `Command { std: CARGO_HOME="/workspace/cargo-home" RUSTUP_HOME="/workspace/rustup-home" "/workspace/cargo-home/bin/cargo" "+1.98.0-beta.1" "fetch" "--manifest-path" "Cargo.toml", kill_on_drop: false }`
[INFO] [stderr]     Blocking waiting for file lock on package cache
[INFO] [stderr]     Blocking waiting for file lock on package cache
[ERROR] error running command: no output for 300 seconds
[INFO] testing n1rna/teev against 1.98.0-beta.1 for beta-1.98-2
[INFO] running `Command { std: "git" "clone" "/workspace/cache/git-repos/https%3A%2F%2Fgithub.com%2Fn1rna%2Fteev" "/workspace/builds/worker-7-tc2/source", kill_on_drop: false }`
[INFO] [stderr] Cloning into '/workspace/builds/worker-7-tc2/source'...
[INFO] [stderr] done.
[INFO] started tweaking git repo https://github.com/n1rna/teev
[INFO] finished tweaking git repo https://github.com/n1rna/teev
[INFO] tweaked toml for git repo https://github.com/n1rna/teev written to /workspace/builds/worker-7-tc2/source/Cargo.toml
[INFO] validating manifest of git repo https://github.com/n1rna/teev on toolchain 1.98.0-beta.1
[INFO] running `Command { std: CARGO_HOME="/workspace/cargo-home" RUSTUP_HOME="/workspace/rustup-home" "/workspace/cargo-home/bin/cargo" "+1.98.0-beta.1" "metadata" "--manifest-path" "Cargo.toml" "--no-deps", kill_on_drop: false }`
[INFO] crate git repo https://github.com/n1rna/teev already has a lockfile, it will not be regenerated
[INFO] running `Command { std: CARGO_HOME="/workspace/cargo-home" RUSTUP_HOME="/workspace/rustup-home" "/workspace/cargo-home/bin/cargo" "+1.98.0-beta.1" "fetch" "--manifest-path" "Cargo.toml", kill_on_drop: false }`
[INFO] [stderr]     Blocking waiting for file lock on package cache
[INFO] [stderr]     Blocking waiting for file lock on package cache
[ERROR] error running command: no output for 300 seconds
[INFO] testing n1rna/teev against 1.98.0-beta.1 for beta-1.98-2
[INFO] running `Command { std: "git" "clone" "/workspace/cache/git-repos/https%3A%2F%2Fgithub.com%2Fn1rna%2Fteev" "/workspace/builds/worker-7-tc2/source", kill_on_drop: false }`
[INFO] [stderr] Cloning into '/workspace/builds/worker-7-tc2/source'...
[INFO] [stderr] done.
[INFO] started tweaking git repo https://github.com/n1rna/teev
[INFO] finished tweaking git repo https://github.com/n1rna/teev
[INFO] tweaked toml for git repo https://github.com/n1rna/teev written to /workspace/builds/worker-7-tc2/source/Cargo.toml
[INFO] validating manifest of git repo https://github.com/n1rna/teev on toolchain 1.98.0-beta.1
[INFO] running `Command { std: CARGO_HOME="/workspace/cargo-home" RUSTUP_HOME="/workspace/rustup-home" "/workspace/cargo-home/bin/cargo" "+1.98.0-beta.1" "metadata" "--manifest-path" "Cargo.toml" "--no-deps", kill_on_drop: false }`
[INFO] crate git repo https://github.com/n1rna/teev already has a lockfile, it will not be regenerated
[INFO] running `Command { std: CARGO_HOME="/workspace/cargo-home" RUSTUP_HOME="/workspace/rustup-home" "/workspace/cargo-home/bin/cargo" "+1.98.0-beta.1" "fetch" "--manifest-path" "Cargo.toml", kill_on_drop: false }`
[INFO] [stderr]     Blocking waiting for file lock on package cache
[INFO] [stderr]     Blocking waiting for file lock on package cache
[INFO] [stderr]  Downloading crates ...
[INFO] [stderr]   Downloaded wio v0.2.2
[INFO] [stderr]   Downloaded app_units v0.7.8
[INFO] [stderr]   Downloaded wr_malloc_size_of v0.2.2
[INFO] [stderr]   Downloaded webrender_api v0.68.0
[INFO] [stderr]   Downloaded cc v1.2.56
[INFO] [stderr]   Downloaded svg_fmt v0.4.5
[INFO] [stderr]   Downloaded build-parallel v0.1.2
[INFO] [stderr]   Downloaded malloc_size_of_derive v0.1.3
[INFO] [stderr]   Downloaded tracy-rs v0.1.2
[INFO] [stderr]   Downloaded unic-ucd-ident v0.9.0
[INFO] [stderr]   Downloaded topological-sort v0.1.0
[INFO] [stderr]   Downloaded getrandom v0.4.1
[INFO] [stderr]   Downloaded smallbitvec v2.6.0
[INFO] [stderr]   Downloaded peek-poke v0.3.0
[INFO] [stderr]   Downloaded zeitstempel v0.1.2
[INFO] [stderr]   Downloaded dwrote v0.11.5
[INFO] [stderr]   Downloaded plane-split v0.18.0
[INFO] [stderr]   Downloaded grid v1.0.0
[INFO] [stderr]   Downloaded core-text v20.1.0
[INFO] [stderr]   Downloaded webrender_build v0.68.0
[INFO] [stderr]   Downloaded gleam v0.15.1
[INFO] [stderr]   Downloaded core_maths v0.1.1
[INFO] [stderr]   Downloaded peek-poke-derive v0.3.0
[INFO] [stderr]   Downloaded web_atoms v0.2.3
[INFO] [stderr]   Downloaded freetype v0.7.2
[INFO] [stderr]   Downloaded uluru v3.1.0
[INFO] [stderr]   Downloaded unicode-ccc v0.4.0
[INFO] [stderr]   Downloaded urlpattern v0.3.0
[INFO] [stderr]   Downloaded icu_locale v2.1.1
[INFO] [stderr]   Downloaded unicode-bidi-mirroring v0.4.0
[INFO] [stderr]   Downloaded imagesize v0.13.0
[INFO] [stderr]   Downloaded uuid v1.21.0
[INFO] [stderr]   Downloaded thin-vec v0.2.14
[INFO] [stderr]   Downloaded markup5ever v0.38.0
[INFO] [stderr]   Downloaded accountable-refcell v0.2.2
[INFO] [stderr]   Downloaded wr_glyph_rasterizer v0.68.0
[INFO] [stderr]   Downloaded zune-jpeg v0.4.21
[INFO] [stderr]   Downloaded resvg v0.45.1
[INFO] [stderr]   Downloaded ron v0.10.1
[INFO] [stderr]   Downloaded image-webp v0.2.4
[INFO] [stderr]   Downloaded content-security-policy v0.6.0
[INFO] [stderr]   Downloaded mach2 v0.6.0
[INFO] [stderr]   Downloaded profiling-procmacros v1.0.17
[INFO] [stderr]   Downloaded tempfile v3.26.0
[INFO] [stderr]   Downloaded webdriver v0.53.0
[INFO] [stderr]   Downloaded ravif v0.12.0
[INFO] [stderr]   Downloaded v_frame v0.3.9
[INFO] [stderr]   Downloaded icu_locale_data v2.1.2
[INFO] [stderr]   Downloaded fontdb v0.23.0
[INFO] [stderr]   Downloaded profiling v1.0.17
[INFO] [stderr]   Downloaded taffy v0.9.2
[INFO] [stderr]   Downloaded zune-core v0.5.1
[INFO] [stderr]   Downloaded built v0.8.0
[INFO] [stderr]   Downloaded av1-grain v0.2.5
[INFO] [stderr]   Downloaded y4m v0.8.0
[INFO] [stderr]   Downloaded pastey v0.1.1
[INFO] [stderr]   Downloaded as-slice v0.2.1
[INFO] [stderr]   Downloaded bit_field v0.10.3
[INFO] [stderr]   Downloaded wayland-sys v0.31.8
[INFO] [stderr]   Downloaded usvg v0.45.1
[INFO] [stderr]   Downloaded keyboard-types v0.8.3
[INFO] [stderr]   Downloaded zerocopy-derive v0.8.40
[INFO] [stderr]   Downloaded zune-jpeg v0.5.12
[INFO] [stderr]   Downloaded bitstream-io v4.9.0
[INFO] [stderr]   Downloaded avif-serialize v0.8.8
[INFO] [stderr]   Downloaded lebe v0.5.3
[INFO] [stderr]   Downloaded accesskit v0.21.1
[INFO] [stderr]   Downloaded warp v0.3.7
[INFO] [stderr]   Downloaded aligned v0.4.3
[INFO] [stderr]   Downloaded enumn v0.1.14
[INFO] [stderr]   Downloaded range-alloc v0.1.5
[INFO] [stderr]   Downloaded ipc-channel v0.20.2
[INFO] [stderr]   Downloaded libfuzzer-sys v0.4.12
[INFO] [stderr]   Downloaded imgref v1.12.0
[INFO] [stderr]   Downloaded gif v0.14.1
[INFO] [stderr]   Downloaded objc2-core-video v0.3.2
[INFO] [stderr]   Downloaded core-graphics-types v0.2.0
[INFO] [stderr]   Downloaded gpu-descriptor v0.3.2
[INFO] [stderr]   Downloaded wgpu-core-deps-windows-linux-android v26.0.0
[INFO] [stderr]   Downloaded wgpu-core-deps-emscripten v26.0.0
[INFO] [stderr]   Downloaded wgpu-core-deps-apple v26.0.0
[INFO] [stderr]   Downloaded font-types v0.10.1
[INFO] [stderr]   Downloaded sea-query-rusqlite v0.8.0-rc.15
[INFO] [stderr]   Downloaded sea-query-derive v1.0.0-rc.12
[INFO] [stderr]   Downloaded rustybuzz v0.20.1
[INFO] [stderr]   Downloaded zerocopy v0.8.40
[INFO] [stderr]   Downloaded png v0.18.1
[INFO] [stderr]   Downloaded ordered-float v5.0.0
[INFO] [stderr]   Downloaded codespan-reporting v0.12.0
[INFO] [stderr]   Downloaded image v0.25.9
[INFO] [stderr]   Downloaded moxcms v0.7.11
[INFO] [stderr]   Downloaded openxr v0.20.0
[INFO] [stderr]   Downloaded wgpu-types v26.0.0
[INFO] [stderr]   Downloaded fixedbitset v0.1.9
[INFO] [stderr]   Downloaded surfman v0.11.0
[INFO] [stderr]   Downloaded objc2-metal v0.3.2
[INFO] [stderr]   Downloaded kurbo v0.12.0
[INFO] [stderr]   Downloaded rusqlite v0.37.0
[INFO] [stderr]   Downloaded speexdsp-resampler v0.1.0
[INFO] [stderr]   Downloaded ordermap v0.3.5
[INFO] [stderr]   Downloaded num-complex v0.2.4
[INFO] [stderr]   Downloaded xml5ever v0.38.0
[INFO] [stderr]   Downloaded swapper v0.1.0
[INFO] [stderr]   Downloaded exr v1.74.0
[INFO] [stderr]   Downloaded wgpu-core v26.0.1
[INFO] [stderr]   Downloaded icu_timezone v1.5.0
[INFO] [stderr]   Downloaded icu_timezone_data v1.5.1
[INFO] [stderr]   Downloaded icu_calendar_data v1.5.1
[INFO] [stderr]   Downloaded calendrical_calculations v0.1.3
[INFO] [stderr]   Downloaded icu_provider_adapters v1.5.0
[INFO] [stderr]   Downloaded av-scenechange v0.14.1
[INFO] [stderr]   Downloaded wgpu-hal v26.0.6
[INFO] [stderr]   Downloaded sea-query v1.0.0-rc.31
[INFO] [stderr]   Downloaded petgraph v0.4.13
[INFO] [stderr]   Downloaded mozjs v0.14.8
[INFO] [stderr]   Downloaded tar v0.4.44
[INFO] [stderr]   Downloaded zerotrie v0.1.3
[INFO] [stderr]   Downloaded icu_calendar v1.5.2
[INFO] [stderr]   Downloaded icu_plurals v1.5.0
[INFO] [stderr]   Downloaded icu_plurals_data v1.5.1
[INFO] [stderr]   Downloaded fixed_decimal v0.5.6
[INFO] [stderr]   Downloaded icu_list v1.5.0
[INFO] [stderr]   Downloaded icu_list_data v1.5.1
[INFO] [stderr]   Downloaded icu_pattern v0.2.0
[INFO] [stderr]   Downloaded icu_decimal v1.5.0
[INFO] [stderr]   Downloaded icu_decimal_data v1.5.1
[INFO] [stderr]   Downloaded diplomat-runtime v0.8.3
[INFO] [stderr]   Downloaded diplomat v0.8.0
[INFO] [stderr]   Downloaded strck_ident v0.1.2
[INFO] [stderr]   Downloaded strck v0.1.2
[INFO] [stderr]   Downloaded encoding_c v0.9.8
[INFO] [stderr]   Downloaded icu_casemap v1.5.1
[INFO] [stderr]   Downloaded icu_casemap_data v1.5.1
[INFO] [stderr]   Downloaded encoding_c_mem v0.2.6
[INFO] [stderr]   Downloaded ocb3 v0.1.0
[INFO] [stderr]   Downloaded nom-rfc8288 v0.4.0
[INFO] [stderr]   Downloaded ml-kem v0.2.3
[INFO] [stderr]   Downloaded kem v0.3.0-pre.0
[INFO] [stderr]   Downloaded hybrid-array v0.2.3
[INFO] [stderr]   Downloaded yeslogic-fontconfig-sys v6.0.0
[INFO] [stderr]   Downloaded read-fonts v0.35.0
[INFO] [stderr]   Downloaded diplomat_core v0.8.1
[INFO] [stderr]   Downloaded ml-dsa v0.0.4
[INFO] [stderr]   Downloaded hybrid-array v0.3.1
[INFO] [stderr]   Downloaded fontsan-woff2 v0.1.1
[INFO] [stderr]   Downloaded chardetng v0.1.17
[INFO] [stderr]   Downloaded aes-kw v0.2.1
[INFO] [stderr]   Downloaded imsz v0.4.1
[INFO] [stderr]   Downloaded async-tungstenite v0.32.1
[INFO] [stderr]   Downloaded compression-core v0.4.31
[INFO] [stderr]   Downloaded compression-codecs v0.4.37
[INFO] [stderr]   Downloaded gaol v0.2.1
[INFO] [stderr]   Downloaded env_logger v0.11.9
[INFO] [stderr]   Downloaded icu_segmenter v1.5.0
[INFO] [stderr]   Downloaded icu_capi v1.5.0
[INFO] [stderr]   Downloaded html5ever v0.38.0
[INFO] [stderr]   Downloaded tungstenite v0.28.0
[INFO] [stderr]   Downloaded quick_cache v0.6.18
[INFO] [stderr]   Downloaded icu_datetime v1.5.1
[INFO] [stderr]   Downloaded icu_experimental v0.1.0
[INFO] [stderr]   Downloaded async-compression v0.4.41
[INFO] [stderr]   Downloaded peniko v0.5.0
[INFO] [stderr]   Downloaded gstreamer-webrtc v0.23.5
[INFO] [stderr]   Downloaded webrender v0.68.0
[INFO] [stderr]   Downloaded color v0.3.2
[INFO] [stderr]   Downloaded regex-automata v0.2.0
[INFO] [stderr]   Downloaded fontsan v0.6.1
[INFO] [stderr]   Downloaded linebender_resource_handle v0.1.1
[INFO] [stderr]   Downloaded toml v0.9.12+spec-1.1.0
[INFO] [stderr]   Downloaded skrifa v0.37.0
[INFO] [stderr]   Downloaded vello_cpu v0.0.4
[INFO] [stderr]   Downloaded vello_common v0.0.4
[INFO] [stderr]   Downloaded gstreamer-webrtc-sys v0.23.5
[INFO] [stderr]   Downloaded fearless_simd v0.3.0
[INFO] [stderr]   Downloaded openxr-sys v0.12.0
[INFO] [stderr]   Downloaded naga v26.0.0
[INFO] [stderr]   Downloaded pxfm v0.1.28
[INFO] [stderr]   Downloaded gio-sys v0.20.10
[INFO] [stderr]   Downloaded icu_collator_data v1.5.1
[INFO] [stderr]   Downloaded muldiv v1.0.1
[INFO] [stderr]   Downloaded glib-macros v0.20.12
[INFO] [stderr]   Downloaded gobject-sys v0.20.10
[INFO] [stderr]   Downloaded gstreamer-sdp-sys v0.23.5
[INFO] [stderr]   Downloaded option-operations v0.5.0
[INFO] [stderr]   Downloaded gstreamer-base-sys v0.23.6
[INFO] [stderr]   Downloaded gstreamer-app-sys v0.23.5
[INFO] [stderr]   Downloaded tokio-tungstenite v0.28.0
[INFO] [stderr]   Downloaded gstreamer-sdp v0.23.5
[INFO] [stderr]   Downloaded gstreamer-app v0.23.5
[INFO] [stderr]   Downloaded glslopt v0.1.12
[INFO] [stderr]   Downloaded glib-sys v0.20.10
[INFO] [stderr]   Downloaded gstreamer-video-sys v0.23.6
[INFO] [stderr]   Downloaded gstreamer-base v0.23.6
[INFO] [stderr]   Downloaded gstreamer-sys v0.23.6
[INFO] [stderr]   Downloaded sha3 v0.10.8
[INFO] [stderr]   Downloaded gstreamer-video v0.23.6
[INFO] [stderr]   Downloaded clap_derive v4.5.55
[INFO] [stderr]   Downloaded glib v0.20.12
[INFO] [stderr]   Downloaded clap v4.5.60
[INFO] [stderr]   Downloaded gstreamer v0.23.7
[INFO] [stderr]   Downloaded rav1e v0.8.1
[INFO] [stderr]   Downloaded clap_builder v4.5.60
[INFO] [stderr]   Downloaded icu_segmenter v2.1.2
[INFO] [stderr]   Downloaded icu_collator v1.5.0
[INFO] [stderr]   Downloaded icu_experimental_data v0.1.1
[INFO] [stderr]   Downloaded harfbuzz-sys v0.6.1
[INFO] [stderr]   Downloaded metal v0.32.0
[INFO] [stderr]   Downloaded icu_segmenter_data v2.1.1
[INFO] [stderr]   Downloaded icu_segmenter_data v1.5.1
[INFO] [stderr]   Downloaded mozangle v0.5.4
[INFO] [stderr]   Downloaded freetype-sys v0.20.1
[INFO] [stderr]   Downloaded icu_datetime_data v1.5.1
[INFO] [stderr]   Downloaded libsqlite3-sys v0.35.0
[INFO] [stderr]   Downloaded mozjs_sys v0.140.5-10
[INFO] running `Command { std: "docker" "create" "-v" "/var/lib/crater-agent-workspace/builds/worker-7-tc2/source:/opt/rustwide/workdir:ro,Z" "-v" "/var/lib/crater-agent-workspace/builds/worker-7-tc2/target:/opt/rustwide/target:rw,Z" "-v" "/var/lib/crater-agent-workspace/cargo-home:/opt/rustwide/cargo-home:ro,Z" "-v" "/var/lib/crater-agent-workspace/rustup-home:/opt/rustwide/rustup-home:ro,Z" "-m" "1610612736" "--network" "none" "ghcr.io/rust-lang/crates-build-env/linux@sha256:3d5ced03c013a94a2f102a4510f48a6e9184255caf5fd8244f58017bde7f5210" "sleep" "infinity", kill_on_drop: false }`
[INFO] [stdout] 1e71a8a8e4da763e43d4d826eff9ecd959976672b217b4321693f8efb06a8186
[INFO] running `Command { std: "docker" "start" "1e71a8a8e4da763e43d4d826eff9ecd959976672b217b4321693f8efb06a8186", kill_on_drop: false }`
[INFO] running `Command { std: "docker" "inspect" "1e71a8a8e4da763e43d4d826eff9ecd959976672b217b4321693f8efb06a8186", kill_on_drop: false }`
[INFO] running `Command { std: "docker" "exec" "-e" "SOURCE_DIR=/opt/rustwide/workdir" "-e" "CARGO_HOME=/opt/rustwide/cargo-home" "-e" "RUSTUP_HOME=/opt/rustwide/rustup-home" "-e" "CARGO_TARGET_DIR=/opt/rustwide/target" "-w" "/opt/rustwide/workdir" "--user" "0:0" "1e71a8a8e4da763e43d4d826eff9ecd959976672b217b4321693f8efb06a8186" "/opt/rustwide/cargo-home/bin/cargo" "+1.98.0-beta.1" "metadata" "--no-deps" "--format-version=1", kill_on_drop: false }`
[INFO] running `Command { std: "docker" "inspect" "1e71a8a8e4da763e43d4d826eff9ecd959976672b217b4321693f8efb06a8186", kill_on_drop: false }`
[INFO] running `Command { std: "docker" "exec" "-e" "SOURCE_DIR=/opt/rustwide/workdir" "-e" "CARGO_HOME=/opt/rustwide/cargo-home" "-e" "RUSTUP_HOME=/opt/rustwide/rustup-home" "-e" "CARGO_TARGET_DIR=/opt/rustwide/target" "-e" "CARGO_INCREMENTAL=0" "-e" "RUST_BACKTRACE=full" "-e" "RUSTFLAGS=--cap-lints=warn" "-e" "RUSTDOCFLAGS=--cap-lints=warn" "-w" "/opt/rustwide/workdir" "--user" "0:0" "1e71a8a8e4da763e43d4d826eff9ecd959976672b217b4321693f8efb06a8186" "/opt/rustwide/cargo-home/bin/cargo" "+1.98.0-beta.1" "build" "--frozen" "--message-format=json", kill_on_drop: false }`
[INFO] [stderr]    Compiling unicode-ident v1.0.24
[INFO] [stderr]    Compiling quote v1.0.44
[INFO] [stderr]    Compiling libc v0.2.182
[INFO] [stderr]    Compiling serde_core v1.0.228
[INFO] [stderr]    Compiling serde v1.0.228
[INFO] [stderr]    Compiling typenum v1.19.0
[INFO] [stderr]    Compiling stable_deref_trait v1.2.1
[INFO] [stderr]    Compiling itoa v1.0.17
[INFO] [stderr]    Compiling libm v0.2.16
[INFO] [stderr]    Compiling num-traits v0.2.19
[INFO] [stderr]    Compiling generic-array v0.14.7
[INFO] [stderr]    Compiling const-oid v0.9.6
[INFO] [stderr]    Compiling siphasher v1.0.2
[INFO] [stderr]    Compiling fastrand v2.3.0
[INFO] [stderr]    Compiling proc-macro2 v1.0.106
[INFO] [stderr]    Compiling hashbrown v0.16.1
[INFO] [stderr]    Compiling writeable v0.6.2
[INFO] [stderr]    Compiling litemap v0.8.1
[INFO] [stderr]    Compiling new_debug_unreachable v1.0.6
[INFO] [stderr]    Compiling http v1.4.0
[INFO] [stderr]    Compiling simd-adler32 v0.3.8
[INFO] [stderr]    Compiling same-file v1.0.6
[INFO] [stderr]    Compiling bitflags v2.11.0
[INFO] [stderr]    Compiling rustc-hash v2.1.1
[INFO] [stderr]    Compiling phf_shared v0.13.1
[INFO] [stderr]    Compiling icu_properties_data v2.1.2
[INFO] [stderr]    Compiling icu_normalizer_data v2.1.1
[INFO] [stderr]    Compiling itertools v0.14.0
[INFO] [stderr]    Compiling walkdir v2.5.0
[INFO] [stderr]    Compiling miniz_oxide v0.8.9
[INFO] [stderr]    Compiling precomputed-hash v0.1.1
[INFO] [stderr]    Compiling slab v0.4.12
[INFO] [stderr]    Compiling crossbeam-channel v0.5.15
[INFO] [stderr]    Compiling getrandom v0.4.1
[INFO] [stderr]    Compiling phf_generator v0.13.1
[INFO] [stderr]    Compiling khronos_api v3.1.0
[INFO] [stderr]    Compiling utf-8 v0.7.6
[INFO] [stderr]    Compiling rayon v1.11.0
[INFO] [stderr]    Compiling aho-corasick v1.1.4
[INFO] [stderr]    Compiling syn v2.0.117
[INFO] [stderr]    Compiling phf_codegen v0.13.1
[INFO] [stderr]    Compiling string_cache_codegen v0.6.1
[INFO] [stderr]    Compiling indexmap v2.13.0
[INFO] [stderr]    Compiling flate2 v1.1.9
[INFO] [stderr]    Compiling regex-syntax v0.8.10
[INFO] [stderr]    Compiling xml-rs v0.8.28
[INFO] [stderr]    Compiling spin v0.9.8
[INFO] [stderr]    Compiling core_maths v0.1.1
[INFO] [stderr]    Compiling sha1_smol v1.0.1
[INFO] [stderr]    Compiling rustix v1.1.4
[INFO] [stderr]    Compiling jobserver v0.1.34
[INFO] [stderr]    Compiling getrandom v0.2.17
[INFO] [stderr]    Compiling mio v1.1.1
[INFO] [stderr]    Compiling errno v0.3.14
[INFO] [stderr]    Compiling signal-hook-registry v1.4.8
[INFO] [stderr]    Compiling rand_core v0.6.4
[INFO] [stderr]    Compiling socket2 v0.6.2
[INFO] [stderr]    Compiling cc v1.2.56
[INFO] [stderr]    Compiling dtoa v1.0.11
[INFO] [stderr]    Compiling lazy_static v1.5.0
[INFO] [stderr]    Compiling fdeflate v0.3.7
[INFO] [stderr]    Compiling smallvec v1.15.1
[INFO] [stderr]    Compiling num-integer v0.1.46
[INFO] [stderr]    Compiling web_atoms v0.2.3
[INFO] [stderr]    Compiling selectors v0.35.0 (https://github.com/servo/stylo?rev=fce45cfa72008327d714575913bc9c968fa1446c#fce45cfa)
[INFO] [stderr]    Compiling stylo v0.11.0 (https://github.com/servo/stylo?rev=fce45cfa72008327d714575913bc9c968fa1446c#fce45cfa)
[INFO] [stderr]    Compiling unicode-bidi v0.3.18
[INFO] [stderr]    Compiling gl_generator v0.14.0
[INFO] [stderr]    Compiling dtoa-short v0.3.5
[INFO] [stderr]    Compiling atomic_refcell v0.1.13
[INFO] [stderr]    Compiling thin-vec v0.2.14
[INFO] [stderr]    Compiling smallbitvec v2.6.0
[INFO] [stderr]    Compiling num_cpus v1.17.0
[INFO] [stderr]    Compiling slotmap v1.1.1
[INFO] [stderr]    Compiling winnow v0.7.14
[INFO] [stderr]    Compiling icu_locale_data v2.1.2
[INFO] [stderr]    Compiling float-cmp v0.9.0
[INFO] [stderr]    Compiling png v0.17.16
[INFO] [stderr]    Compiling strict-num v0.1.1
[INFO] [stderr]    Compiling stylo_atoms v0.11.0 (https://github.com/servo/stylo?rev=fce45cfa72008327d714575913bc9c968fa1446c#fce45cfa)
[INFO] [stderr]    Compiling ttf-parser v0.25.1
[INFO] [stderr]    Compiling tracing-core v0.1.36
[INFO] [stderr]    Compiling roxmltree v0.20.0
[INFO] [stderr]    Compiling uuid v1.21.0
[INFO] [stderr]    Compiling serde_bytes v0.11.19
[INFO] [stderr]    Compiling byteorder v1.5.0
[INFO] [stderr]    Compiling tinyvec_macros v0.1.1
[INFO] [stderr]    Compiling icu_segmenter_data v2.1.1
[INFO] [stderr]    Compiling color_quant v1.1.0
[INFO] [stderr]    Compiling void v1.0.2
[INFO] [stderr]    Compiling quick-error v2.0.1
[INFO] [stderr]    Compiling arrayref v0.3.9
[INFO] [stderr]    Compiling object v0.37.3
[INFO] [stderr]    Compiling weezl v0.1.12
[INFO] [stderr]    Compiling tinyvec v1.10.0
[INFO] [stderr]    Compiling build-parallel v0.1.2
[INFO] [stderr]    Compiling fontconfig-parser v0.5.8
[INFO] [stderr]    Compiling gleam v0.15.1
[INFO] [stderr]    Compiling zeitstempel v0.1.2
[INFO] [stderr]    Compiling memmap2 v0.9.10
[INFO] [stderr]    Compiling webrender_build v0.68.0
[INFO] [stderr]    Compiling regex-automata v0.4.14
[INFO] [stderr]    Compiling unic-common v0.9.0
[INFO] [stderr]    Compiling unicode-bidi-mirroring v0.4.0
[INFO] [stderr]    Compiling gimli v0.32.3
[INFO] [stderr]    Compiling unicode-script v0.5.8
[INFO] [stderr]    Compiling unicode-properties v0.1.4
[INFO] [stderr]    Compiling unic-char-range v0.9.0
[INFO] [stderr]    Compiling freetype-sys v0.20.1
[INFO] [stderr]    Compiling glslopt v0.1.12
[INFO] [stderr]    Compiling tikv-jemalloc-sys v0.6.1+5.3.0-1-ge13ca993e8ccb9ba9847cc330696e02839f328f7
[INFO] [stderr]    Compiling byteorder-lite v0.1.0
[INFO] [stderr]    Compiling unicode-ccc v0.4.0
[INFO] [stderr]    Compiling serde_json v1.0.149
[INFO] [stderr]    Compiling freetype v0.7.2
[INFO] [stderr]    Compiling unic-char-property v0.9.0
[INFO] [stderr]    Compiling image-webp v0.2.4
[INFO] [stderr]    Compiling unic-ucd-version v0.9.0
[INFO] [stderr]    Compiling simplecss v0.2.2
[INFO] [stderr]    Compiling zune-core v0.4.12
[INFO] [stderr]    Compiling rustc-demangle v0.1.27
[INFO] [stderr]    Compiling data-url v0.3.2
[INFO] [stderr]    Compiling pico-args v0.5.0
[INFO] [stderr]    Compiling xmlwriter v0.1.0
[INFO] [stderr]    Compiling tempfile v3.26.0
[INFO] [stderr]    Compiling svg_fmt v0.4.5
[INFO] [stderr]    Compiling tracy-rs v0.1.2
[INFO] [stderr]    Compiling imagesize v0.13.0
[INFO] [stderr]    Compiling unicode-vo v0.1.0
[INFO] [stderr]    Compiling zune-jpeg v0.4.21
[INFO] [stderr]    Compiling unic-ucd-ident v0.9.0
[INFO] [stderr]    Compiling fontdb v0.23.0
[INFO] [stderr]    Compiling gif v0.13.3
[INFO] [stderr]    Compiling libloading v0.8.9
[INFO] [stderr]    Compiling synstructure v0.13.2
[INFO] [stderr]    Compiling darling_core v0.20.11
[INFO] [stderr]    Compiling unicode-segmentation v1.12.0
[INFO] [stderr]    Compiling stylo_static_prefs v0.11.0 (https://github.com/servo/stylo?rev=fce45cfa72008327d714575913bc9c968fa1446c#fce45cfa)
[INFO] [stderr]    Compiling grid v1.0.0
[INFO] [stderr]    Compiling stylo_config v0.11.0 (https://github.com/servo/stylo?rev=fce45cfa72008327d714575913bc9c968fa1446c#fce45cfa)
[INFO] [stderr]    Compiling topological-sort v0.1.0
[INFO] [stderr]    Compiling toml_parser v1.0.9+spec-1.1.0
[INFO] [stderr]    Compiling num-bigint v0.4.6
[INFO] [stderr]    Compiling num-conv v0.2.0
[INFO] [stderr]    Compiling addr2line v0.25.1
[INFO] [stderr]    Compiling toml_datetime v0.7.5+spec-1.1.0
[INFO] [stderr]    Compiling time-core v0.1.8
[INFO] [stderr]    Compiling zerocopy v0.8.40
[INFO] [stderr]    Compiling deranged v0.5.8
[INFO] [stderr]    Compiling time-macros v0.2.27
[INFO] [stderr]    Compiling target-lexicon v0.13.3
[INFO] [stderr]    Compiling serde_spanned v1.0.4
[INFO] [stderr]    Compiling http-body v1.0.1
[INFO] [stderr]    Compiling toml v0.9.12+spec-1.1.0
[INFO] [stderr]    Compiling writeable v0.5.5
[INFO] [stderr]    Compiling version-compare v0.2.1
[INFO] [stderr]    Compiling litemap v0.7.5
[INFO] [stderr]    Compiling cfg_aliases v0.2.1
[INFO] [stderr]    Compiling icu_segmenter_data v1.5.1
[INFO] [stderr]    Compiling http v0.2.12
[INFO] [stderr]    Compiling as-slice v0.2.1
[INFO] [stderr]    Compiling av-scenechange v0.14.1
[INFO] [stderr]    Compiling built v0.8.0
[INFO] [stderr]    Compiling aligned v0.4.3
[INFO] [stderr]    Compiling num-rational v0.4.2
[INFO] [stderr]    Compiling core2 v0.4.0
[INFO] [stderr]    Compiling cfg-expr v0.20.6
[INFO] [stderr]    Compiling y4m v0.8.0
[INFO] [stderr]    Compiling serde_derive v1.0.228
[INFO] [stderr]    Compiling zeroize_derive v1.4.3
[INFO] [stderr]    Compiling zerofrom-derive v0.1.6
[INFO] [stderr]    Compiling displaydoc v0.2.5
[INFO] [stderr]    Compiling tokio-macros v2.6.1
[INFO] [stderr]    Compiling yoke-derive v0.8.1
[INFO] [stderr]    Compiling zerovec-derive v0.11.2
[INFO] [stderr]    Compiling bytemuck_derive v1.10.2
[INFO] [stderr]    Compiling thiserror-impl v2.0.18
[INFO] [stderr]    Compiling zeroize v1.8.2
[INFO] [stderr]    Compiling phf_macros v0.13.1
[INFO] [stderr]    Compiling futures-macro v0.3.32
[INFO] [stderr]    Compiling cssparser-macros v0.6.1
[INFO] [stderr]    Compiling tokio v1.49.0
[INFO] [stderr]    Compiling derive_more-impl v2.1.1
[INFO] [stderr]    Compiling futures-util v0.3.32
[INFO] [stderr]    Compiling zerofrom v0.1.6
[INFO] [stderr]    Compiling malloc_size_of_derive v0.1.3
[INFO] [stderr]    Compiling phf v0.13.1
[INFO] [stderr]    Compiling yoke v0.8.1
[INFO] [stderr]    Compiling crypto-common v0.1.7
[INFO] [stderr]    Compiling block-buffer v0.10.4
[INFO] [stderr]    Compiling darling_macro v0.20.11
[INFO] [stderr]    Compiling regex v1.12.3
[INFO] [stderr]    Compiling peek-poke-derive v0.3.0
[INFO] [stderr]    Compiling zerovec v0.11.5
[INFO] [stderr]    Compiling zerotrie v0.2.3
[INFO] [stderr]    Compiling digest v0.10.7
[INFO] [stderr]    Compiling bytemuck v1.25.0
[INFO] [stderr]    Compiling sha2 v0.10.9
[INFO] [stderr]    Compiling darling v0.20.11
[INFO] [stderr]    Compiling to_shmem_derive v0.1.0 (https://github.com/servo/stylo?rev=fce45cfa72008327d714575913bc9c968fa1446c#fce45cfa)
[INFO] [stderr]    Compiling num-derive v0.4.2
[INFO] [stderr]    Compiling tiny-skia-path v0.11.4
[INFO] [stderr]    Compiling rgb v0.8.53
[INFO] [stderr]    Compiling tinystr v0.8.2
[INFO] [stderr]    Compiling potential_utf v0.1.4
[INFO] [stderr]    Compiling tracing-attributes v0.1.31
[INFO] [stderr]    Compiling stylo_derive v0.11.0 (https://github.com/servo/stylo?rev=fce45cfa72008327d714575913bc9c968fa1446c#fce45cfa)
[INFO] [stderr]    Compiling icu_locale_core v2.1.1
[INFO] [stderr]    Compiling icu_collections v2.1.1
[INFO] [stderr]    Compiling thiserror v2.0.18
[INFO] [stderr]    Compiling backtrace v0.3.76
[INFO] [stderr]    Compiling yoke-derive v0.7.5
[INFO] [stderr]    Compiling zerocopy-derive v0.8.40
[INFO] [stderr]    Compiling zerovec-derive v0.10.3
[INFO] [stderr]    Compiling time v0.3.47
[INFO] [stderr]    Compiling icu_provider v2.1.1
[INFO] [stderr]    Compiling derive_more v2.1.1
[INFO] [stderr]    Compiling accountable-refcell v0.2.2
[INFO] [stderr]    Compiling sha1 v0.10.6
[INFO] [stderr]    Compiling system-deps v7.0.7
[INFO] [stderr]    Compiling icu_properties v2.1.2
[INFO] [stderr]    Compiling icu_locale v2.1.1
[INFO] [stderr]    Compiling yoke v0.7.5
[INFO] [stderr]    Compiling zerovec v0.10.4
[INFO] [stderr]    Compiling icu_provider_macros v1.5.0
[INFO] [stderr]    Compiling tracing v0.1.44
[INFO] [stderr]    Compiling servo_config_macro v0.0.1 (https://github.com/servo/servo.git?tag=v0.0.5#301f7da5)
[INFO] [stderr]    Compiling equator-macro v0.4.2
[INFO] [stderr]    Compiling profiling-procmacros v1.0.17
[INFO] [stderr]    Compiling rustls-pki-types v1.14.0
[INFO] [stderr]    Compiling rav1e v0.8.1
[INFO] [stderr]    Compiling profiling v1.0.17
[INFO] [stderr]    Compiling arg_enum_proc_macro v0.3.4
[INFO] [stderr]    Compiling pastey v0.1.1
[INFO] [stderr]    Compiling bitstream-io v4.9.0
[INFO] [stderr]    Compiling arrayvec v0.7.6
[INFO] [stderr]    Compiling euclid v0.22.13
[INFO] [stderr]    Compiling lock_api v0.4.14
[INFO] [stderr]    Compiling parking_lot_core v0.9.12
[INFO] [stderr]    Compiling encoding_rs v0.8.35
[INFO] [stderr]    Compiling allocator-api2 v0.2.21
[INFO] [stderr]    Compiling icu_normalizer v2.1.1
[INFO] [stderr]    Compiling app_units v0.7.8
[INFO] [stderr]    Compiling cssparser v0.36.0
[INFO] [stderr]    Compiling servo_arc v0.4.3 (https://github.com/servo/stylo?rev=fce45cfa72008327d714575913bc9c968fa1446c#fce45cfa)
[INFO] [stderr]    Compiling bincode v1.3.3
[INFO] [stderr]    Compiling parking_lot v0.12.5
[INFO] [stderr]    Compiling kurbo v0.11.3
[INFO] [stderr]    Compiling idna_adapter v1.2.1
[INFO] [stderr]    Compiling string_cache v0.9.0
[INFO] [stderr]    Compiling idna v1.1.0
[INFO] [stderr]    Compiling rustybuzz v0.20.1
[INFO] [stderr]    Compiling uluru v3.1.0
[INFO] [stderr]    Compiling tiny-skia v0.11.4
[INFO] [stderr]    Compiling icu_segmenter v2.1.2
[INFO] [stderr]    Compiling ipc-channel v0.20.2
[INFO] [stderr]    Compiling peek-poke v0.3.0
[INFO] [stderr]    Compiling wr_malloc_size_of v0.2.2
[INFO] [stderr]    Compiling to_shmem v0.3.0 (https://github.com/servo/stylo?rev=fce45cfa72008327d714575913bc9c968fa1446c#fce45cfa)
[INFO] [stderr]    Compiling plane-split v0.18.0
[INFO] [stderr]    Compiling url v2.5.8
[INFO] [stderr]    Compiling tendril v0.5.0
[INFO] [stderr]    Compiling webrender_api v0.68.0
[INFO] [stderr] error: could not compile `tokio` (lib)
[INFO] [stderr] 
[INFO] [stderr] Caused by:
[INFO] [stderr]   process didn't exit successfully: `/opt/rustwide/rustup-home/toolchains/1.98.0-beta.1-x86_64-unknown-linux-gnu/bin/rustc --crate-name tokio --edition=2021 /opt/rustwide/cargo-home/registry/src/index.crates.io-1949cf8c6b5b557f/tokio-1.49.0/src/lib.rs --error-format=json --json=diagnostic-rendered-ansi,artifacts,future-incompat --crate-type lib --emit=dep-info,metadata,link -C embed-bitcode=no -C debuginfo=2 --warn=unexpected_cfgs --check-cfg 'cfg(fuzzing)' --check-cfg 'cfg(loom)' --check-cfg 'cfg(mio_unsupported_force_poll_poll)' --check-cfg 'cfg(tokio_allow_from_blocking_fd)' --check-cfg 'cfg(tokio_internal_mt_counters)' --check-cfg 'cfg(tokio_no_parking_lot)' --check-cfg 'cfg(tokio_no_tuning_tests)' --check-cfg 'cfg(tokio_unstable)' --check-cfg 'cfg(target_os, values("cygwin"))' --cfg 'feature="bytes"' --cfg 'feature="default"' --cfg 'feature="fs"' --cfg 'feature="io-util"' --cfg 'feature="libc"' --cfg 'feature="macros"' --cfg 'feature="mio"' --cfg 'feature="net"' --cfg 'feature="rt"' --cfg 'feature="rt-multi-thread"' --cfg 'feature="signal"' --cfg 'feature="signal-hook-registry"' --cfg 'feature="socket2"' --cfg 'feature="sync"' --cfg 'feature="time"' --cfg 'feature="tokio-macros"' --check-cfg 'cfg(docsrs,test)' --check-cfg 'cfg(feature, values("bytes", "default", "fs", "full", "io-std", "io-uring", "io-util", "libc", "macros", "mio", "net", "parking_lot", "process", "rt", "rt-multi-thread", "signal", "signal-hook-registry", "socket2", "sync", "taskdump", "test-util", "time", "tokio-macros", "tracing", "windows-sys"))' -C metadata=c5fd41842a1c3e68 -C extra-filename=-9e63b2b05f63a22e --out-dir /opt/rustwide/target/debug/deps -L dependency=/opt/rustwide/target/debug/deps --extern bytes=/opt/rustwide/target/debug/deps/libbytes-2ed9460101f17bbf.rmeta --extern libc=/opt/rustwide/target/debug/deps/liblibc-4fc9a7ee991d175f.rmeta --extern mio=/opt/rustwide/target/debug/deps/libmio-252d475348d71f5e.rmeta --extern pin_project_lite=/opt/rustwide/target/debug/deps/libpin_project_lite-0a15d51c77964692.rmeta --extern signal_hook_registry=/opt/rustwide/target/debug/deps/libsignal_hook_registry-00eb75f3c9e86bec.rmeta --extern socket2=/opt/rustwide/target/debug/deps/libsocket2-14341f75d99011d9.rmeta --extern tokio_macros=/opt/rustwide/target/debug/deps/libtokio_macros-fd53de1b22620b2a.so --cap-lints allow --cap-lints=warn` (signal: 9, SIGKILL: kill)
[INFO] [stderr] warning: build failed, waiting for other jobs to finish...
[INFO] running `Command { std: "docker" "inspect" "1e71a8a8e4da763e43d4d826eff9ecd959976672b217b4321693f8efb06a8186", kill_on_drop: false }`
[INFO] running `Command { std: "docker" "rm" "-f" "1e71a8a8e4da763e43d4d826eff9ecd959976672b217b4321693f8efb06a8186", kill_on_drop: false }`
[INFO] [stdout] 1e71a8a8e4da763e43d4d826eff9ecd959976672b217b4321693f8efb06a8186
