[INFO] cloning repository https://github.com/TheCoder1232/RTunes
[INFO] running `Command { std: "git" "-c" "credential.helper=" "-c" "credential.helper=/workspace/cargo-home/bin/git-credential-null" "clone" "--bare" "https://github.com/TheCoder1232/RTunes" "/workspace/cache/git-repos/https%3A%2F%2Fgithub.com%2FTheCoder1232%2FRTunes", kill_on_drop: false }`
[INFO] [stderr] Cloning into bare repository '/workspace/cache/git-repos/https%3A%2F%2Fgithub.com%2FTheCoder1232%2FRTunes'...
[INFO] running `Command { std: "git" "rev-parse" "HEAD", kill_on_drop: false }`
[INFO] [stdout] e93bedbf07d4a8771bc5f528745e167aedc500bd
[INFO] testing TheCoder1232/RTunes/e93bedbf07d4a8771bc5f528745e167aedc500bd against 1.97.0-beta.6 for beta-1.98-2
[INFO] running `Command { std: "git" "clone" "/workspace/cache/git-repos/https%3A%2F%2Fgithub.com%2FTheCoder1232%2FRTunes" "/workspace/builds/worker-5-tc1/source", kill_on_drop: false }`
[INFO] [stderr] Cloning into '/workspace/builds/worker-5-tc1/source'...
[INFO] [stderr] done.
[INFO] started tweaking git repo https://github.com/TheCoder1232/RTunes
[INFO] removed 0 missing tests
[INFO] finished tweaking git repo https://github.com/TheCoder1232/RTunes
[INFO] tweaked toml for git repo https://github.com/TheCoder1232/RTunes written to /workspace/builds/worker-5-tc1/source/Cargo.toml
[INFO] validating manifest of git repo https://github.com/TheCoder1232/RTunes on toolchain 1.97.0-beta.6
[INFO] running `Command { std: CARGO_HOME="/workspace/cargo-home" RUSTUP_HOME="/workspace/rustup-home" "/workspace/cargo-home/bin/cargo" "+1.97.0-beta.6" "metadata" "--manifest-path" "Cargo.toml" "--no-deps", kill_on_drop: false }`
[INFO] crate git repo https://github.com/TheCoder1232/RTunes already has a lockfile, it will not be regenerated
[INFO] running `Command { std: CARGO_HOME="/workspace/cargo-home" RUSTUP_HOME="/workspace/rustup-home" "/workspace/cargo-home/bin/cargo" "+1.97.0-beta.6" "fetch" "--manifest-path" "Cargo.toml", kill_on_drop: false }`
[INFO] [stderr]     Updating crates.io index
[INFO] [stderr]  Downloading crates ...
[INFO] [stderr]   Downloaded zerofrom v0.1.7
[INFO] [stderr]   Downloaded symlink v0.1.0
[INFO] [stderr]   Downloaded shellexpand v3.1.2
[INFO] [stderr]   Downloaded tracing-appender v0.2.5
[INFO] [stderr]   Downloaded ureq v2.12.1
[INFO] [stderr]   Downloaded extended v0.1.0
[INFO] [stderr]   Downloaded libredox v0.1.16
[INFO] [stderr]   Downloaded symphonia-utils-xiph v0.5.5
[INFO] [stderr]   Downloaded symphonia-codec-pcm v0.5.5
[INFO] [stderr]   Downloaded symphonia-codec-adpcm v0.5.5
[INFO] [stderr]   Downloaded proc-macro-crate v3.5.0
[INFO] [stderr]   Downloaded symphonia v0.5.5
[INFO] [stderr]   Downloaded dlib v0.5.3
[INFO] [stderr]   Downloaded symphonia-codec-vorbis v0.5.5
[INFO] [stderr]   Downloaded jni-sys v0.3.1
[INFO] [stderr]   Downloaded pollster v0.4.0
[INFO] [stderr]   Downloaded wayland-sys v0.31.11
[INFO] [stderr]   Downloaded symphonia-metadata v0.5.5
[INFO] [stderr]   Downloaded by_address v1.2.1
[INFO] [stderr]   Downloaded strum v0.28.0
[INFO] [stderr]   Downloaded siphasher v1.0.3
[INFO] [stderr]   Downloaded symphonia-bundle-flac v0.5.5
[INFO] [stderr]   Downloaded symphonia-codec-aac v0.5.5
[INFO] [stderr]   Downloaded num_enum_derive v0.7.6
[INFO] [stderr]   Downloaded symphonia-format-riff v0.5.5
[INFO] [stderr]   Downloaded hound v3.5.1
[INFO] [stderr]   Downloaded num_enum v0.7.6
[INFO] [stderr]   Downloaded lru v0.18.0
[INFO] [stderr]   Downloaded ratatui-termwiz v0.1.2
[INFO] [stderr]   Downloaded ratatui-termina v0.1.0
[INFO] [stderr]   Downloaded palette_derive v0.7.6
[INFO] [stderr]   Downloaded ogg_pager v0.7.1
[INFO] [stderr]   Downloaded ratatui-macros v0.7.2
[INFO] [stderr]   Downloaded wayland-scanner v0.31.10
[INFO] [stderr]   Downloaded fast-srgb8 v1.0.0
[INFO] [stderr]   Downloaded symphonia-format-isomp4 v0.5.5
[INFO] [stderr]   Downloaded unsafe-libyaml v0.2.11
[INFO] [stderr]   Downloaded strum_macros v0.28.0
[INFO] [stderr]   Downloaded lofty_attr v0.11.1
[INFO] [stderr]   Downloaded ratatui-crossterm v0.1.2
[INFO] [stderr]   Downloaded cargo-husky v1.5.0
[INFO] [stderr]   Downloaded rfd v0.17.2
[INFO] [stderr]   Downloaded dispatch2 v0.3.1
[INFO] [stderr]   Downloaded symphonia-bundle-mp3 v0.5.5
[INFO] [stderr]   Downloaded wayland-client v0.31.14
[INFO] [stderr]   Downloaded rodio v0.19.0
[INFO] [stderr]   Downloaded toml_edit v0.25.11+spec-1.1.0
[INFO] [stderr]   Downloaded serde_yaml v0.9.34+deprecated
[INFO] [stderr]   Downloaded ratatui v0.30.2
[INFO] [stderr]   Downloaded claxon v0.4.3
[INFO] [stderr]   Downloaded wayland-backend v0.3.15
[INFO] [stderr]   Downloaded symphonia-core v0.5.5
[INFO] [stderr]   Downloaded termina v0.3.3
[INFO] [stderr]   Downloaded noise v0.9.0
[INFO] [stderr]   Downloaded wayland-protocols v0.32.12
[INFO] [stderr]   Downloaded winnow v1.0.2
[INFO] [stderr]   Downloaded ratatui-core v0.1.2
[INFO] [stderr]   Downloaded ratatui-widgets v0.3.2
[INFO] [stderr]   Downloaded palette v0.7.6
[INFO] [stderr]   Downloaded objc2 v0.6.4
[INFO] [stderr]   Downloaded lofty v0.22.4
[INFO] [stderr]   Downloaded quick-xml v0.39.4
[INFO] [stderr]   Downloaded rustix v1.1.3
[INFO] running `Command { std: "docker" "create" "-v" "/var/lib/crater-agent-workspace/builds/worker-5-tc1/source:/opt/rustwide/workdir:ro,Z" "-v" "/var/lib/crater-agent-workspace/builds/worker-5-tc1/target:/opt/rustwide/target:rw,Z" "-v" "/var/lib/crater-agent-workspace/cargo-home:/opt/rustwide/cargo-home:ro,Z" "-v" "/var/lib/crater-agent-workspace/rustup-home:/opt/rustwide/rustup-home:ro,Z" "-m" "1610612736" "--network" "none" "ghcr.io/rust-lang/crates-build-env/linux@sha256:3d5ced03c013a94a2f102a4510f48a6e9184255caf5fd8244f58017bde7f5210" "sleep" "infinity", kill_on_drop: false }`
[INFO] [stdout] b9d5351a89e3312ee00712fa6b34172b2b417a7ee3e83a7745247de0f3c4748c
[INFO] running `Command { std: "docker" "start" "b9d5351a89e3312ee00712fa6b34172b2b417a7ee3e83a7745247de0f3c4748c", kill_on_drop: false }`
[INFO] running `Command { std: "docker" "inspect" "b9d5351a89e3312ee00712fa6b34172b2b417a7ee3e83a7745247de0f3c4748c", kill_on_drop: false }`
[INFO] running `Command { std: "docker" "exec" "-e" "SOURCE_DIR=/opt/rustwide/workdir" "-e" "CARGO_HOME=/opt/rustwide/cargo-home" "-e" "RUSTUP_HOME=/opt/rustwide/rustup-home" "-e" "CARGO_TARGET_DIR=/opt/rustwide/target" "-w" "/opt/rustwide/workdir" "--user" "0:0" "b9d5351a89e3312ee00712fa6b34172b2b417a7ee3e83a7745247de0f3c4748c" "/opt/rustwide/cargo-home/bin/cargo" "+1.97.0-beta.6" "metadata" "--no-deps" "--format-version=1", kill_on_drop: false }`
[INFO] running `Command { std: "docker" "inspect" "b9d5351a89e3312ee00712fa6b34172b2b417a7ee3e83a7745247de0f3c4748c", kill_on_drop: false }`
[INFO] running `Command { std: "docker" "exec" "-e" "SOURCE_DIR=/opt/rustwide/workdir" "-e" "CARGO_HOME=/opt/rustwide/cargo-home" "-e" "RUSTUP_HOME=/opt/rustwide/rustup-home" "-e" "CARGO_TARGET_DIR=/opt/rustwide/target" "-e" "CARGO_INCREMENTAL=0" "-e" "RUST_BACKTRACE=full" "-e" "RUSTFLAGS=--cap-lints=warn" "-e" "RUSTDOCFLAGS=--cap-lints=warn" "-w" "/opt/rustwide/workdir" "--user" "0:0" "b9d5351a89e3312ee00712fa6b34172b2b417a7ee3e83a7745247de0f3c4748c" "/opt/rustwide/cargo-home/bin/cargo" "+1.97.0-beta.6" "build" "--frozen" "--message-format=json", kill_on_drop: false }`
[INFO] [stderr]    Compiling proc-macro2 v1.0.106
[INFO] [stderr]    Compiling quote v1.0.45
[INFO] [stderr]    Compiling unicode-ident v1.0.24
[INFO] [stderr]    Compiling log v0.4.29
[INFO] [stderr]    Compiling libc v0.2.178
[INFO] [stderr]    Compiling bitflags v2.13.0
[INFO] [stderr]    Compiling smallvec v1.15.1
[INFO] [stderr]    Compiling find-msvc-tools v0.1.9
[INFO] [stderr]    Compiling arrayvec v0.7.6
[INFO] [stderr]    Compiling bytemuck v1.25.0
[INFO] [stderr]    Compiling foldhash v0.2.0
[INFO] [stderr]    Compiling unicode-segmentation v1.13.2
[INFO] [stderr]    Compiling strsim v0.11.1
[INFO] [stderr]    Compiling encoding_rs v0.8.35
[INFO] [stderr]    Compiling itoa v1.0.18
[INFO] [stderr]    Compiling thiserror v2.0.18
[INFO] [stderr]    Compiling rustix v1.1.3
[INFO] [stderr]    Compiling hashbrown v0.17.1
[INFO] [stderr]    Compiling writeable v0.6.3
[INFO] [stderr]    Compiling linux-raw-sys v0.11.0
[INFO] [stderr]    Compiling litemap v0.8.2
[INFO] [stderr]    Compiling icu_normalizer_data v2.2.0
[INFO] [stderr]    Compiling cc v1.2.62
[INFO] [stderr]    Compiling symphonia-core v0.5.5
[INFO] [stderr]    Compiling icu_properties_data v2.2.0
[INFO] [stderr]    Compiling once_cell v1.21.4
[INFO] [stderr]    Compiling ryu v1.0.23
[INFO] [stderr]    Compiling itertools v0.14.0
[INFO] [stderr]    Compiling hashbrown v0.16.1
[INFO] [stderr]    Compiling libloading v0.8.9
[INFO] [stderr]    Compiling wayland-sys v0.31.11
[INFO] [stderr]    Compiling powerfmt v0.2.0
[INFO] [stderr]    Compiling zeroize v1.8.2
[INFO] [stderr]    Compiling instability v0.3.12
[INFO] [stderr]    Compiling dlib v0.5.3
[INFO] [stderr]    Compiling rustls-pki-types v1.14.1
[INFO] [stderr]    Compiling compact_str v0.9.0
[INFO] [stderr]    Compiling convert_case v0.10.0
[INFO] [stderr]    Compiling lru v0.18.0
[INFO] [stderr]    Compiling deranged v0.5.8
[INFO] [stderr]    Compiling num_threads v0.1.7
[INFO] [stderr]    Compiling critical-section v1.2.0
[INFO] [stderr]    Compiling num-conv v0.2.1
[INFO] [stderr]    Compiling time-core v0.1.8
[INFO] [stderr]    Compiling crossbeam-utils v0.8.21
[INFO] [stderr]    Compiling memchr v2.8.0
[INFO] [stderr]    Compiling typenum v1.20.0
[INFO] [stderr]    Compiling tracing-core v0.1.36
[INFO] [stderr]    Compiling utf8parse v0.2.2
[INFO] [stderr]    Compiling simd-adler32 v0.3.9
[INFO] [stderr]    Compiling downcast-rs v1.2.1
[INFO] [stderr]    Compiling wayland-client v0.31.14
[INFO] [stderr]    Compiling regex-syntax v0.8.10
[INFO] [stderr]    Compiling miniz_oxide v0.8.9
[INFO] [stderr]    Compiling syn v2.0.117
[INFO] [stderr]    Compiling errno v0.3.14
[INFO] [stderr]    Compiling mio v1.1.1
[INFO] [stderr]    Compiling signal-hook-registry v1.4.8
[INFO] [stderr]    Compiling parking_lot_core v0.9.12
[INFO] [stderr]    Compiling quick-xml v0.39.4
[INFO] [stderr]    Compiling parking_lot v0.12.5
[INFO] [stderr]    Compiling signal-hook v0.3.18
[INFO] [stderr]    Compiling time v0.3.47
[INFO] [stderr]    Compiling generic-array v0.14.7
[INFO] [stderr]    Compiling unicode-truncate v2.0.1
[INFO] [stderr]    Compiling ring v0.17.14
[INFO] [stderr]    Compiling wayland-backend v0.3.15
[INFO] [stderr]    Compiling signal-hook-mio v0.2.5
[INFO] [stderr]    Compiling getrandom v0.2.17
[INFO] [stderr]    Compiling alsa-sys v0.3.1
[INFO] [stderr]    Compiling anstyle-parse v1.0.0
[INFO] [stderr]    Compiling line-clipping v0.3.7
[INFO] [stderr]    Compiling anstyle v1.0.14
[INFO] [stderr]    Compiling pin-project-lite v0.2.17
[INFO] [stderr]    Compiling cpal v0.15.3
[INFO] [stderr]    Compiling extended v0.1.0
[INFO] [stderr]    Compiling symphonia-metadata v0.5.5
[INFO] [stderr]    Compiling option-ext v0.2.0
[INFO] [stderr]    Compiling rand_core v0.6.4
[INFO] [stderr]    Compiling anstyle-query v1.1.5
[INFO] [stderr]    Compiling rustls v0.23.40
[INFO] [stderr]    Compiling colorchoice v1.0.5
[INFO] [stderr]    Compiling is_terminal_polyfill v1.70.2
[INFO] [stderr]    Compiling dirs-sys v0.5.0
[INFO] [stderr]    Compiling alsa v0.9.1
[INFO] [stderr]    Compiling tinyvec v1.11.0
[INFO] [stderr]    Compiling anstream v1.0.0
[INFO] [stderr]    Compiling symphonia-codec-pcm v0.5.5
[INFO] [stderr]    Compiling symphonia-codec-adpcm v0.5.5
[INFO] [stderr]    Compiling symphonia-codec-aac v0.5.5
[INFO] [stderr]    Compiling flate2 v1.1.9
[INFO] [stderr]    Compiling tracing-log v0.2.0
[INFO] [stderr]    Compiling symphonia-utils-xiph v0.5.5
[INFO] [stderr]    Compiling wayland-scanner v0.31.10
[INFO] [stderr]    Compiling crypto-common v0.1.7
[INFO] [stderr]    Compiling block-buffer v0.10.4
[INFO] [stderr]    Compiling symphonia-format-riff v0.5.5
[INFO] [stderr]    Compiling symphonia-bundle-flac v0.5.5
[INFO] [stderr]    Compiling regex-automata v0.4.14
[INFO] [stderr]    Compiling symphonia-format-isomp4 v0.5.5
[INFO] [stderr]    Compiling symphonia-codec-vorbis v0.5.5
[INFO] [stderr]    Compiling symphonia-bundle-mp3 v0.5.5
[INFO] [stderr]    Compiling webpki-roots v1.0.7
[INFO] [stderr]    Compiling ogg v0.8.0
[INFO] [stderr]    Compiling sharded-slab v0.1.7
[INFO] [stderr]    Compiling thread_local v1.1.9
[INFO] [stderr]    Compiling nu-ansi-term v0.50.3
[INFO] [stderr]    Compiling subtle v2.6.1
[INFO] [stderr]    Compiling anyhow v1.0.102
[INFO] [stderr]    Compiling clap_lex v1.1.0
[INFO] [stderr]    Compiling rfd v0.17.2
[INFO] [stderr]    Compiling clap_builder v4.6.0
[INFO] [stderr]    Compiling symphonia v0.5.5
[INFO] [stderr]    Compiling rustix v0.38.44
[INFO] [stderr]    Compiling lewton v0.10.2
[INFO] [stderr]    Compiling webpki-roots v0.26.11
[INFO] [stderr]    Compiling digest v0.10.7
[INFO] [stderr]    Compiling crossbeam-channel v0.5.15
[INFO] [stderr]    Compiling dirs v6.0.0
[INFO] [stderr]    Compiling rand v0.8.6
[INFO] [stderr]    Compiling rand_xorshift v0.3.0
[INFO] [stderr]    Compiling ogg_pager v0.7.1
[INFO] [stderr]    Compiling indexmap v2.14.0
[INFO] [stderr]    Compiling hound v3.5.1
[INFO] [stderr]    Compiling unsafe-libyaml v0.2.11
[INFO] [stderr]    Compiling claxon v0.4.3
[INFO] [stderr]    Compiling data-encoding v2.11.0
[INFO] [stderr]    Compiling pollster v0.4.0
[INFO] [stderr]    Compiling raw-window-handle v0.6.2
[INFO] [stderr]    Compiling symlink v0.1.0
[INFO] [stderr]    Compiling noise v0.9.0
[INFO] [stderr]    Compiling crossterm v0.28.1
[INFO] [stderr]    Compiling sha2 v0.10.9
[INFO] [stderr]    Compiling shellexpand v3.1.2
[INFO] [stderr]    Compiling crossbeam-queue v0.3.12
[INFO] [stderr]    Compiling dunce v1.0.5
[INFO] [stderr]    Compiling matchers v0.2.0
[INFO] [stderr]    Compiling rustls-webpki v0.103.13
[INFO] [stderr]    Compiling synstructure v0.13.2
[INFO] [stderr]    Compiling darling_core v0.23.0
[INFO] [stderr]    Compiling zerovec-derive v0.11.3
[INFO] [stderr]    Compiling displaydoc v0.2.5
[INFO] [stderr]    Compiling thiserror-impl v2.0.18
[INFO] [stderr]    Compiling strum_macros v0.28.0
[INFO] [stderr]    Compiling derive_more-impl v2.1.1
[INFO] [stderr]    Compiling tracing-attributes v0.1.31
[INFO] [stderr]    Compiling serde_derive v1.0.228
[INFO] [stderr]    Compiling thiserror-impl v1.0.69
[INFO] [stderr]    Compiling clap_derive v4.6.1
[INFO] [stderr]    Compiling lofty_attr v0.11.1
[INFO] [stderr]    Compiling zerofrom-derive v0.1.7
[INFO] [stderr]    Compiling yoke-derive v0.8.2
[INFO] [stderr]    Compiling derive_more v2.1.1
[INFO] [stderr]    Compiling crossterm v0.29.0
[INFO] [stderr]    Compiling lofty v0.22.4
[INFO] [stderr]    Compiling tracing v0.1.44
[INFO] [stderr]    Compiling zerofrom v0.1.7
[INFO] [stderr]    Compiling yoke v0.8.2
[INFO] [stderr]    Compiling kasuari v0.4.12
[INFO] [stderr]    Compiling tracing-subscriber v0.3.23
[INFO] [stderr]    Compiling thiserror v1.0.69
[INFO] [stderr]    Compiling rodio v0.19.0
[INFO] [stderr]    Compiling zerovec v0.11.6
[INFO] [stderr]    Compiling zerotrie v0.2.4
[INFO] [stderr]    Compiling strum v0.28.0
[INFO] [stderr]    Compiling clap v4.6.1
[INFO] [stderr]    Compiling wayland-protocols v0.32.12
[INFO] [stderr]    Compiling ratatui-core v0.1.2
[INFO] [stderr]    Compiling darling_macro v0.23.0
[INFO] [stderr]    Compiling tinystr v0.8.3
[INFO] [stderr]    Compiling potential_utf v0.1.5
[INFO] [stderr]    Compiling icu_collections v2.2.0
[INFO] [stderr]    Compiling icu_locale_core v2.2.0
[INFO] [stderr]    Compiling darling v0.23.0
[INFO] [stderr]    Compiling icu_provider v2.2.0
[INFO] [stderr]    Compiling icu_normalizer v2.2.0
[INFO] [stderr]    Compiling icu_properties v2.2.0
[INFO] [stderr]    Compiling serde v1.0.228
[INFO] [stderr]    Compiling tracing-appender v0.2.5
[INFO] [stderr]    Compiling serde_yaml v0.9.34+deprecated
[INFO] [stderr]    Compiling ratatui-widgets v0.3.2
[INFO] [stderr]    Compiling ratatui-crossterm v0.1.2
[INFO] [stderr]    Compiling idna_adapter v1.2.2
[INFO] [stderr]    Compiling idna v1.1.0
[INFO] [stderr]    Compiling url v2.5.8
[INFO] [stderr]    Compiling ratatui-macros v0.7.2
[INFO] [stderr]    Compiling ratatui v0.30.2
[INFO] [stderr]    Compiling ureq v2.12.1
[INFO] [stderr]    Compiling rtunes v0.2.0 (/opt/rustwide/workdir)
[INFO] [stderr]     Finished `dev` profile [unoptimized + debuginfo] target(s) in 1m 41s
[INFO] running `Command { std: "docker" "inspect" "b9d5351a89e3312ee00712fa6b34172b2b417a7ee3e83a7745247de0f3c4748c", kill_on_drop: false }`
[INFO] running `Command { std: "docker" "exec" "-e" "SOURCE_DIR=/opt/rustwide/workdir" "-e" "CARGO_HOME=/opt/rustwide/cargo-home" "-e" "RUSTUP_HOME=/opt/rustwide/rustup-home" "-e" "CARGO_TARGET_DIR=/opt/rustwide/target" "-e" "CARGO_INCREMENTAL=0" "-e" "RUST_BACKTRACE=full" "-e" "RUSTFLAGS=--cap-lints=warn" "-e" "RUSTDOCFLAGS=--cap-lints=warn" "-w" "/opt/rustwide/workdir" "--user" "0:0" "b9d5351a89e3312ee00712fa6b34172b2b417a7ee3e83a7745247de0f3c4748c" "/opt/rustwide/cargo-home/bin/cargo" "+1.97.0-beta.6" "test" "--frozen" "--no-run" "--message-format=json", kill_on_drop: false }`
[INFO] [stderr]    Compiling cargo-husky v1.5.0
[INFO] [stderr]    Compiling rtunes v0.2.0 (/opt/rustwide/workdir)
[INFO] [stderr]     Finished `test` profile [unoptimized + debuginfo] target(s) in 21.97s
[INFO] running `Command { std: "docker" "inspect" "b9d5351a89e3312ee00712fa6b34172b2b417a7ee3e83a7745247de0f3c4748c", kill_on_drop: false }`
[INFO] running `Command { std: "docker" "exec" "-e" "SOURCE_DIR=/opt/rustwide/workdir" "-e" "CARGO_HOME=/opt/rustwide/cargo-home" "-e" "RUSTUP_HOME=/opt/rustwide/rustup-home" "-e" "CARGO_TARGET_DIR=/opt/rustwide/target" "-e" "CARGO_INCREMENTAL=0" "-e" "RUST_BACKTRACE=full" "-e" "RUSTFLAGS=--cap-lints=warn" "-e" "RUSTDOCFLAGS=--cap-lints=warn" "-w" "/opt/rustwide/workdir" "--user" "0:0" "b9d5351a89e3312ee00712fa6b34172b2b417a7ee3e83a7745247de0f3c4748c" "/opt/rustwide/cargo-home/bin/cargo" "+1.97.0-beta.6" "test" "--frozen", kill_on_drop: false }`
[INFO] [stderr]     Finished `test` profile [unoptimized + debuginfo] target(s) in 0.49s
[INFO] [stderr]      Running unittests src/lib.rs (/opt/rustwide/target/debug/deps/rtunes-06a614e20e662718)
[INFO] [stdout] 
[INFO] [stdout] running 124 tests
[INFO] [stdout] test audio::backend::tests::silent_volume_clamps ... ok
[INFO] [stdout] test audio::backend::tests::silent_mute_preserves_prior_volume ... ok
[INFO] [stdout] test app::state::tests::track_id_stable_for_same_file ... ok
[INFO] [stdout] test audio::backend::tests::silent_seek_clamps ... ok
[INFO] [stdout] test audio::backend::tests::silent_play_pause_resume ... ok
[INFO] [stdout] test audio::backend::tests::silent_finishes_at_duration ... ok
[INFO] [stdout] test audio::player::tests::clamp_volume_extremes ... ok
[INFO] [stdout] test audio::tap_source::tests::force_push_drops_oldest_when_full ... ok
[INFO] [stdout] test audio::tap_source::tests::stereo_pairs_consecutive_samples ... ok
[INFO] [stdout] test audio::tap_source::tests::position_secs_arithmetic ... ok
[INFO] [stdout] test audio::player::tests::auto_advance_repeat_all_wraps ... ok
[INFO] [stdout] test audio::player::tests::auto_advance_repeat_one_reseeks ... ok
[INFO] [stdout] test audio::tap_source::tests::mono_duplicates_to_stereo_pair ... ok
[INFO] [stdout] test audio::player::tests::auto_advance_repeat_off_stops_at_last ... ok
[INFO] [stdout] test config::tests::config_path_default_is_config_yaml_beside_exe ... ok
[INFO] [stdout] test cli::tests::cli_with_no_args_parses_to_none_command ... ok
[INFO] [stdout] test config::tests::config_invalid_yaml_returns_error_not_panic ... ok
[INFO] [stdout] test config::theme::tests::builtin_names_resolve ... ok
[INFO] [stdout] test cli::tests::cli_with_top_level_theme_flag_parses ... ok
[INFO] [stdout] test config::tests::legacy_config_loads_with_defaults_for_new_fields ... ok
[INFO] [stdout] test audio::player::tests::shuffle_next_avoids_current ... ok
[INFO] [stdout] test config::theme::tests::custom_overrides_builtin_same_key ... ok
[INFO] [stdout] test config::theme::tests::unknown_theme_falls_back_to_synthwave ... ok
[INFO] [stdout] test fetcher::downloader::tests::validate_url_accepts_youtube_with_amp_query ... ok
[INFO] [stdout] test fetcher::downloader::tests::validate_url_accepts_https_with_query ... ok
[INFO] [stdout] test fetcher::downloader::tests::mock_fetcher_emits_done ... ok
[INFO] [stdout] test fetcher::downloader::tests::try_resolve_tools_ok_when_both_present ... ok
[INFO] [stdout] test fetcher::downloader::tests::try_resolve_tools_reports_missing_when_both_absent ... ok
[INFO] [stdout] test library::scanner::tests::clean_filename_strips_topic_suffix ... ok
[INFO] [stdout] test fetcher::downloader::tests::validate_url_rejects_ftp ... ok
[INFO] [stdout] test library::scanner::tests::scan_finds_files_and_dedupes ... ok
[INFO] [stdout] test fetcher::downloader::tests::validate_url_rejects_semicolon ... ok
[INFO] [stdout] test fetcher::downloader::tests::validate_url_rejects_file_scheme ... ok
[INFO] [stdout] test config::tests::config_round_trip ... ok
[INFO] [stdout] test library::scanner::tests::metadata_fallback_for_unparseable ... ok
[INFO] [stdout] test library::scanner::tests::clean_filename_strips_yt_dlp_brackets ... ok
[INFO] [stdout] test fetcher::downloader::tests::validate_url_rejects_pipe ... ok
[INFO] [stdout] test library::scanner::tests::clean_filename_keeps_plain_title ... ok
[INFO] [stdout] test library::scanner::tests::extension_filter ... ok
[INFO] [stdout] test tui::color::tests::gradient_at_endpoints ... ok
[INFO] [stdout] test tui::color::tests::parse_hex_basic ... ok
[INFO] [stdout] test tui::events::tests::add_library_path_rejects_non_directory ... ok
[INFO] [stdout] test tui::events::tests::escape_closes_help_then_quits ... ok
[INFO] [stdout] test tui::events::tests::download_prompt_rejects_invalid_url ... ok
[INFO] [stdout] test fetcher::downloader::tests::resolve_tool_path_accepts_directory ... ok
[INFO] [stdout] test tui::events::tests::library_manager_remove_clears_config_path ... ok
[INFO] [stdout] test tui::events::tests::cycle_repeat_off_to_one ... ok
[INFO] [stdout] test tui::events::tests::pressing_plus_persists_volume_to_disk ... ok
[INFO] [stdout] test tui::events::tests::pressing_s_persists_shuffle_to_disk ... ok
[INFO] [stdout] test tui::color::tests::gradient_at_midpoint_lerps ... ok
[INFO] [stdout] test tui::events::tests::seek_relative_clamps ... ok
[INFO] [stdout] test tui::events::tests::recompute_filter_matches_substring_case_insensitive ... ok
[INFO] [stdout] test tui::events::tests::volume_clamps_per_keystroke ... ok
[INFO] [stdout] test tui::ui::tests::fullscreen_overlay_alpha_uses_elapsed ... ok
[INFO] [stdout] test tui::events::tests::tab_cycles_panel_focus_in_normal_mode ... ok
[INFO] [stdout] test tui::events::tests::pressing_v_persists_visualizer_to_disk ... ok
[INFO] [stdout] test tui::events::tests::shift_m_cycles_spectrogram_mode_only_when_spectrogram_active ... ok
[INFO] [stdout] test tui::events::tests::pressing_shift_m_persists_spectrogram_mode_to_disk ... ok
[INFO] [stdout] test tui::events::tests::pressing_t_persists_theme_to_disk ... ok
[INFO] [stdout] test library::scanner::tests::scan_async_event_sequence ... ok
[INFO] [stdout] test tui::events::tests::pressing_g_persists_neon_to_disk ... ok
[INFO] [stdout] test tui::events::tests::recompute_filter_empty_query_clears ... ok
[INFO] [stdout] test tui::ui::tests::fullscreen_overlay_elapsed_hold_then_fade ... ok
[INFO] [stdout] test visualizer::fft::tests::fft_silence_floor_collapses_to_zero ... ok
[INFO] [stdout] test visualizer::fft::tests::loudness_silence_zero_full_scale_square ... ok
[INFO] [stdout] test utils::tests::safe_path_resolves_file_under_root ... ok
[INFO] [stdout] test utils::tests::safe_path_rejects_parent_dir ... ok
[INFO] [stdout] test utils::tests::safe_path_rejects_symlink_outside_root ... ok
[INFO] [stdout] test visualizer::fft::tests::fft_per_frame_normalization_makes_peak_band_reach_one ... ok
[INFO] [stdout] test utils::tests::safe_path_rejects_absolute_rel ... ok
[INFO] [stdout] test visualizer::fft::tests::hann_window_endpoints_near_zero ... ok
[INFO] [stdout] test visualizer::renderers::canvas::tests::gradient_color_endpoints ... ok
[INFO] [stdout] test visualizer::renderers::oscilloscope::tests::oscilloscope_phosphor_decays_between_frames ... ok
[INFO] [stdout] test tui::ui::tests::library_card_fills_full_height_with_surface_bg ... ok
[INFO] [stdout] test visualizer::renderers::particles::tests::particles_beat_spawns_burst ... ok
[INFO] [stdout] test visualizer::fft::tests::peak_bin_440hz_at_48k ... ok
[INFO] [stdout] test visualizer::renderers::oscilloscope::tests::oscilloscope_no_panic_with_empty_pcm ... ok
[INFO] [stdout] test visualizer::renderers::phosphor::tests::phosphor_decay_multiplies ... ok
[INFO] [stdout] test visualizer::renderers::particles::tests::particles_no_panic_with_zeroed_data ... ok
[INFO] [stdout] test visualizer::fft::tests::peak_bin_880hz_shifts_up ... ok
[INFO] [stdout] test tui::events::tests::theme_cycle_wraps ... ok
[INFO] [stdout] test visualizer::renderers::pulse_rings::tests::pulse_rings_no_panic_with_zeroed_data ... ok
[INFO] [stdout] test visualizer::renderers::band_meter::tests::band_meter_no_panic_with_zeroed_data ... ok
[INFO] [stdout] test visualizer::renderers::oscilloscope::tests::oscilloscope_zero_crossing_finds_rising_edge ... ok
[INFO] [stdout] test visualizer::renderers::canvas::tests::catmull_rom_endpoints_match_input ... ok
[INFO] [stdout] test visualizer::renderers::pulse_rings::tests::pulse_rings_beat_spawns_ring ... ok
[INFO] [stdout] test tui::ui::tests::status_strip_truncates_gracefully_on_narrow_terminal ... ok
[INFO] [stdout] test visualizer::renderers::particles::tests::particles_pool_capacity_stable_after_warmup ... ok
[INFO] [stdout] test tui::ui::tests::progress_row_renders_unfilled_cells_visibly ... ok
[INFO] [stdout] test visualizer::renderers::spectrogram::tests::spectrogram_top_row_lerp ... ok
[INFO] [stdout] test visualizer::renderers::spectrogram::tests::spectrogram_bin_mapping_modes ... ok
[INFO] [stdout] test tui::ui::tests::transport_band_uses_surface_background ... ok
[INFO] [stdout] test tui::ui::tests::viz_renders_only_into_right_pane_in_normal_mode ... ok
[INFO] [stdout] test visualizer::renderers::pulse_rings::tests::pulse_rings_silence_renders_empty_buffer ... ok
[INFO] [stdout] test tui::ui::tests::transport_row_playhead_inside_fill ... ok
[INFO] [stdout] test visualizer::renderers::spectrogram::tests::spectrogram_no_panic_empty_rows ... ok
[INFO] [stdout] test visualizer::renderers::supernova::tests::supernova_inner_radius_grows_with_bass ... ok
[INFO] [stdout] test visualizer::renderers::supernova::tests::supernova_no_panic_with_zeroed_data ... ok
[INFO] [stdout] test visualizer::renderers::supernova::tests::supernova_quiet_bins_produce_visible_spokes ... ok
[INFO] [stdout] test visualizer::renderers::vectorscope::tests::vectorscope_beat_enables_thick_pen ... ok
[INFO] [stdout] test visualizer::renderers::spectrum::tests::spectrum_decimates_64_to_32_on_narrow_terminal ... ok
[INFO] [stdout] test visualizer::smoothing::tests::asymmetric_ema_attack_faster_than_release ... ok
[INFO] [stdout] test visualizer::renderers::spectrum::tests::viz_intensity_zero_renders_only_bg_cells ... ok
[INFO] [stdout] test visualizer::renderers::vectorscope::tests::vectorscope_no_panic_empty_stereo ... ok
[INFO] [stdout] test visualizer::smoothing::tests::auto_gain_amplifies_quiet_to_target ... ok
[INFO] [stdout] test visualizer::smoothing::tests::auto_gain_attenuates_when_peak_exceeds_target ... ok
[INFO] [stdout] test visualizer::smoothing::tests::auto_gain_releases_faster_after_loud_transient ... ok
[INFO] [stdout] test visualizer::smoothing::tests::beat_detector_respects_250ms_min_interval ... ok
[INFO] [stdout] test visualizer::renderers::vectorscope::tests::vectorscope_mono_vertical_line_centered ... ok
[INFO] [stdout] test visualizer::smoothing::tests::one_euro_reduces_step_jitter ... ok
[INFO] [stdout] test visualizer::smoothing::tests::auto_gain_clamps_to_max ... ok
[INFO] [stdout] test visualizer::smoothing::tests::treble_tilt_lifts_high_bins_more_than_low_bins ... ok
[INFO] [stdout] test visualizer::smoothing::tests::sub_frame_t_clamps ... ok
[INFO] [stdout] test visualizer::smoothing::tests::beat_detector_double_impulse_within_window_only_fires_once ... ok
[INFO] [stdout] test visualizer::smoothing::tests::peak_hold_drift_decays ... ok
[INFO] [stdout] test visualizer::smoothing::tests::beat_detector_fires_on_impulse ... ok
[INFO] [stdout] test visualizer::renderers::spectrum::tests::spectrum_no_panic_with_zeroed_data ... ok
[INFO] [stdout] test visualizer::renderers::band_meter::tests::band_meter_columns_track_bass_mid_high ... ok
[INFO] [stdout] test visualizer::renderers::spectrogram::tests::spectrogram_wide_terminal_glow_no_panic ... ok
[INFO] [stdout] test visualizer::renderers::spectrum::tests::spectrum_bar_height_responds_to_bin_value ... ok
[INFO] [stdout] test visualizer::thread::tests::spawn_emits_frame_when_ring_filled ... ok
[INFO] [stdout] test library::scanner::tests::single_flight_second_spawn_returns_none ... FAILED
[INFO] [stdout] test visualizer::renderers::band_meter::tests::band_meter_normalizes_quiet_levels ... ok
[INFO] [stdout] test visualizer::renderers::spectrum::tests::spectrum_quiet_input_reaches_above_half_height ... ok
[INFO] [stdout] 
[INFO] [stdout] failures:
[INFO] [stdout] 
[INFO] [stdout] ---- library::scanner::tests::single_flight_second_spawn_returns_none stdout ----
[INFO] [stdout] 
[INFO] [stdout] thread 'library::scanner::tests::single_flight_second_spawn_returns_none' (3380) panicked at src/library/scanner.rs:440:54:
[INFO] [stdout] first scan
[INFO] [stdout] stack backtrace:
[INFO] [stdout]    0:     0x602098ee2c68 - std[10d71ac2c42b111e]::backtrace_rs::backtrace::libunwind::trace
[INFO] [stdout]                                at /rustc/b2282dd5646a57d570fc86fbe8df0e8826665ef6/library/std/src/../../backtrace/src/backtrace/libunwind.rs:117:9
[INFO] [stdout]    1:     0x602098ee2c68 - std[10d71ac2c42b111e]::backtrace_rs::backtrace::trace_unsynchronized::<std[10d71ac2c42b111e]::sys::backtrace::_print_fmt::{closure#1}>
[INFO] [stdout]                                at /rustc/b2282dd5646a57d570fc86fbe8df0e8826665ef6/library/std/src/../../backtrace/src/backtrace/mod.rs:66:14
[INFO] [stdout]    2:     0x602098ee2c68 - std[10d71ac2c42b111e]::sys::backtrace::_print_fmt
[INFO] [stdout]                                at /rustc/b2282dd5646a57d570fc86fbe8df0e8826665ef6/library/std/src/sys/backtrace.rs:74:9
[INFO] [stdout]    3:     0x602098ee2c68 - <<std[10d71ac2c42b111e]::sys::backtrace::BacktraceLock>::print::DisplayBacktrace as core[8fb95b77d25ab6c8]::fmt::Display>::fmt
[INFO] [stdout]                                at /rustc/b2282dd5646a57d570fc86fbe8df0e8826665ef6/library/std/src/sys/backtrace.rs:44:26
[INFO] [stdout]    4:     0x602098efd0da - <core[8fb95b77d25ab6c8]::fmt::rt::Argument>::fmt
[INFO] [stdout]                                at /rustc/b2282dd5646a57d570fc86fbe8df0e8826665ef6/library/core/src/fmt/rt.rs:152:76
[INFO] [stdout]    5:     0x602098efd0da - core[8fb95b77d25ab6c8]::fmt::write
[INFO] [stdout]    6:     0x602098ee86a2 - std[10d71ac2c42b111e]::io::default_write_fmt::<alloc[a7ee25936407c584]::vec::Vec<u8>>
[INFO] [stdout]                                at /rustc/b2282dd5646a57d570fc86fbe8df0e8826665ef6/library/std/src/io/mod.rs:622:11
[INFO] [stdout]    7:     0x602098ee86a2 - <alloc[a7ee25936407c584]::vec::Vec<u8> as std[10d71ac2c42b111e]::io::Write>::write_fmt
[INFO] [stdout]                                at /rustc/b2282dd5646a57d570fc86fbe8df0e8826665ef6/library/std/src/io/mod.rs:1977:13
[INFO] [stdout]    8:     0x602098ebc5e6 - <std[10d71ac2c42b111e]::sys::backtrace::BacktraceLock>::print
[INFO] [stdout]                                at /rustc/b2282dd5646a57d570fc86fbe8df0e8826665ef6/library/std/src/sys/backtrace.rs:47:9
[INFO] [stdout]    9:     0x602098ebc5e6 - std[10d71ac2c42b111e]::panicking::default_hook::{closure#0}
[INFO] [stdout]                                at /rustc/b2282dd5646a57d570fc86fbe8df0e8826665ef6/library/std/src/panicking.rs:292:27
[INFO] [stdout]   10:     0x602098ed8bb9 - std[10d71ac2c42b111e]::panicking::default_hook
[INFO] [stdout]                                at /rustc/b2282dd5646a57d570fc86fbe8df0e8826665ef6/library/std/src/panicking.rs:316:9
[INFO] [stdout]   11:     0x602098ac101c - <alloc[a7ee25936407c584]::boxed::Box<dyn for<'a, 'b> core[8fb95b77d25ab6c8]::ops::function::Fn<(&'a std[10d71ac2c42b111e]::panic::PanicHookInfo<'b>,), Output = ()> + core[8fb95b77d25ab6c8]::marker::Sync + core[8fb95b77d25ab6c8]::marker::Send> as core[8fb95b77d25ab6c8]::ops::function::Fn<(&std[10d71ac2c42b111e]::panic::PanicHookInfo,)>>::call
[INFO] [stdout]                                at /rustc/b2282dd5646a57d570fc86fbe8df0e8826665ef6/library/alloc/src/boxed.rs:2289:9
[INFO] [stdout]   12:     0x602098ac101c - test[213991da798b1c03]::test_main_inner::<test[213991da798b1c03]::test_main_static::{closure#0}>::{closure#0}
[INFO] [stdout]                                at /rustc/b2282dd5646a57d570fc86fbe8df0e8826665ef6/library/test/src/lib.rs:155:21
[INFO] [stdout]   13:     0x602098ed8d72 - <alloc[a7ee25936407c584]::boxed::Box<dyn for<'a, 'b> core[8fb95b77d25ab6c8]::ops::function::Fn<(&'a std[10d71ac2c42b111e]::panic::PanicHookInfo<'b>,), Output = ()> + core[8fb95b77d25ab6c8]::marker::Sync + core[8fb95b77d25ab6c8]::marker::Send> as core[8fb95b77d25ab6c8]::ops::function::Fn<(&std[10d71ac2c42b111e]::panic::PanicHookInfo,)>>::call
[INFO] [stdout]                                at /rustc/b2282dd5646a57d570fc86fbe8df0e8826665ef6/library/alloc/src/boxed.rs:2289:9
[INFO] [stdout]   14:     0x602098ed8d72 - std[10d71ac2c42b111e]::panicking::panic_with_hook
[INFO] [stdout]                                at /rustc/b2282dd5646a57d570fc86fbe8df0e8826665ef6/library/std/src/panicking.rs:833:13
[INFO] [stdout]   15:     0x602098ebc6a2 - std[10d71ac2c42b111e]::panicking::panic_handler::{closure#0}
[INFO] [stdout]                                at /rustc/b2282dd5646a57d570fc86fbe8df0e8826665ef6/library/std/src/panicking.rs:698:13
[INFO] [stdout]   16:     0x602098eb0f39 - std[10d71ac2c42b111e]::sys::backtrace::__rust_end_short_backtrace::<std[10d71ac2c42b111e]::panicking::panic_handler::{closure#0}, !>
[INFO] [stdout]                                at /rustc/b2282dd5646a57d570fc86fbe8df0e8826665ef6/library/std/src/sys/backtrace.rs:182:18
[INFO] [stdout]   17:     0x602098ebd87d - __rustc[3be9ba60078d4c86]::rust_begin_unwind
[INFO] [stdout]                                at /rustc/b2282dd5646a57d570fc86fbe8df0e8826665ef6/library/std/src/panicking.rs:689:5
[INFO] [stdout]   18:     0x602098efd8cc - core[8fb95b77d25ab6c8]::panicking::panic_fmt
[INFO] [stdout]                                at /rustc/b2282dd5646a57d570fc86fbe8df0e8826665ef6/library/core/src/panicking.rs:80:14
[INFO] [stdout]   19:     0x602098efd594 - core[8fb95b77d25ab6c8]::panicking::panic_display::<&str>
[INFO] [stdout]                                at /rustc/b2282dd5646a57d570fc86fbe8df0e8826665ef6/library/core/src/panicking.rs:259:5
[INFO] [stdout]   20:     0x602098efd594 - core[8fb95b77d25ab6c8]::option::expect_failed
[INFO] [stdout]                                at /rustc/b2282dd5646a57d570fc86fbe8df0e8826665ef6/library/core/src/option.rs:2257:5
[INFO] [stdout]   21:     0x602098767555 - <core[8fb95b77d25ab6c8]::option::Option<std[10d71ac2c42b111e]::thread::join_handle::JoinHandle<()>>>::expect
[INFO] [stdout]                                at /rustc/b2282dd5646a57d570fc86fbe8df0e8826665ef6/library/core/src/option.rs:968:21
[INFO] [stdout]   22:     0x6020981c33c9 - rtunes[84a21efd15507f26]::library::scanner::tests::single_flight_second_spawn_returns_none
[INFO] [stdout]                                at /opt/rustwide/workdir/src/library/scanner.rs:440:54
[INFO] [stdout]   23:     0x6020981a9b47 - rtunes[84a21efd15507f26]::library::scanner::tests::single_flight_second_spawn_returns_none::{closure#0}
[INFO] [stdout]                                at /opt/rustwide/workdir/src/library/scanner.rs:427:49
[INFO] [stdout]   24:     0x6020985c16b6 - <rtunes[84a21efd15507f26]::library::scanner::tests::single_flight_second_spawn_returns_none::{closure#0} as core[8fb95b77d25ab6c8]::ops::function::FnOnce<()>>::call_once
[INFO] [stdout]                                at /rustc/b2282dd5646a57d570fc86fbe8df0e8826665ef6/library/core/src/ops/function.rs:250:5
[INFO] [stdout]   25:     0x602098ab40fb - <fn() -> core[8fb95b77d25ab6c8]::result::Result<(), alloc[a7ee25936407c584]::string::String> as core[8fb95b77d25ab6c8]::ops::function::FnOnce<()>>::call_once
[INFO] [stdout]                                at /rustc/b2282dd5646a57d570fc86fbe8df0e8826665ef6/library/core/src/ops/function.rs:250:5
[INFO] [stdout]   26:     0x602098ab40fb - test[213991da798b1c03]::__rust_begin_short_backtrace::<core[8fb95b77d25ab6c8]::result::Result<(), alloc[a7ee25936407c584]::string::String>, fn() -> core[8fb95b77d25ab6c8]::result::Result<(), alloc[a7ee25936407c584]::string::String>>
[INFO] [stdout]                                at /rustc/b2282dd5646a57d570fc86fbe8df0e8826665ef6/library/test/src/lib.rs:724:18
[INFO] [stdout]   27:     0x602098ac1975 - test[213991da798b1c03]::run_test_in_process::{closure#0}
[INFO] [stdout]                                at /rustc/b2282dd5646a57d570fc86fbe8df0e8826665ef6/library/test/src/lib.rs:747:74
[INFO] [stdout]   28:     0x602098ac1975 - <core[8fb95b77d25ab6c8]::panic::unwind_safe::AssertUnwindSafe<test[213991da798b1c03]::run_test_in_process::{closure#0}> as core[8fb95b77d25ab6c8]::ops::function::FnOnce<()>>::call_once
[INFO] [stdout]                                at /rustc/b2282dd5646a57d570fc86fbe8df0e8826665ef6/library/core/src/panic/unwind_safe.rs:275:9
[INFO] [stdout]   29:     0x602098ac1975 - std[10d71ac2c42b111e]::panicking::catch_unwind::do_call::<core[8fb95b77d25ab6c8]::panic::unwind_safe::AssertUnwindSafe<test[213991da798b1c03]::run_test_in_process::{closure#0}>, core[8fb95b77d25ab6c8]::result::Result<(), alloc[a7ee25936407c584]::string::String>>
[INFO] [stdout]                                at /rustc/b2282dd5646a57d570fc86fbe8df0e8826665ef6/library/std/src/panicking.rs:581:40
[INFO] [stdout]   30:     0x602098ac1975 - std[10d71ac2c42b111e]::panicking::catch_unwind::<core[8fb95b77d25ab6c8]::result::Result<(), alloc[a7ee25936407c584]::string::String>, core[8fb95b77d25ab6c8]::panic::unwind_safe::AssertUnwindSafe<test[213991da798b1c03]::run_test_in_process::{closure#0}>>
[INFO] [stdout]                                at /rustc/b2282dd5646a57d570fc86fbe8df0e8826665ef6/library/std/src/panicking.rs:544:19
[INFO] [stdout]   31:     0x602098ac1975 - std[10d71ac2c42b111e]::panic::catch_unwind::<core[8fb95b77d25ab6c8]::panic::unwind_safe::AssertUnwindSafe<test[213991da798b1c03]::run_test_in_process::{closure#0}>, core[8fb95b77d25ab6c8]::result::Result<(), alloc[a7ee25936407c584]::string::String>>
[INFO] [stdout]                                at /rustc/b2282dd5646a57d570fc86fbe8df0e8826665ef6/library/std/src/panic.rs:359:14
[INFO] [stdout]   32:     0x602098ac1975 - test[213991da798b1c03]::run_test_in_process
[INFO] [stdout]                                at /rustc/b2282dd5646a57d570fc86fbe8df0e8826665ef6/library/test/src/lib.rs:747:27
[INFO] [stdout]   33:     0x602098ac1975 - test[213991da798b1c03]::run_test::{closure#0}
[INFO] [stdout]                                at /rustc/b2282dd5646a57d570fc86fbe8df0e8826665ef6/library/test/src/lib.rs:668:43
[INFO] [stdout]   34:     0x602098abb284 - test[213991da798b1c03]::run_test::{closure#1}
[INFO] [stdout]                                at /rustc/b2282dd5646a57d570fc86fbe8df0e8826665ef6/library/test/src/lib.rs:698:41
[INFO] [stdout]   35:     0x602098abb284 - std[10d71ac2c42b111e]::sys::backtrace::__rust_begin_short_backtrace::<test[213991da798b1c03]::run_test::{closure#1}, ()>
[INFO] [stdout]                                at /rustc/b2282dd5646a57d570fc86fbe8df0e8826665ef6/library/std/src/sys/backtrace.rs:166:18
[INFO] [stdout]   36:     0x602098ac49f2 - std[10d71ac2c42b111e]::thread::lifecycle::spawn_unchecked::<test[213991da798b1c03]::run_test::{closure#1}, ()>::{closure#1}::{closure#0}
[INFO] [stdout]                                at /rustc/b2282dd5646a57d570fc86fbe8df0e8826665ef6/library/std/src/thread/lifecycle.rs:70:13
[INFO] [stdout]   37:     0x602098ac49f2 - <core[8fb95b77d25ab6c8]::panic::unwind_safe::AssertUnwindSafe<std[10d71ac2c42b111e]::thread::lifecycle::spawn_unchecked<test[213991da798b1c03]::run_test::{closure#1}, ()>::{closure#1}::{closure#0}> as core[8fb95b77d25ab6c8]::ops::function::FnOnce<()>>::call_once
[INFO] [stdout]                                at /rustc/b2282dd5646a57d570fc86fbe8df0e8826665ef6/library/core/src/panic/unwind_safe.rs:275:9
[INFO] [stdout]   38:     0x602098ac49f2 - std[10d71ac2c42b111e]::panicking::catch_unwind::do_call::<core[8fb95b77d25ab6c8]::panic::unwind_safe::AssertUnwindSafe<std[10d71ac2c42b111e]::thread::lifecycle::spawn_unchecked<test[213991da798b1c03]::run_test::{closure#1}, ()>::{closure#1}::{closure#0}>, ()>
[INFO] [stdout]                                at /rustc/b2282dd5646a57d570fc86fbe8df0e8826665ef6/library/std/src/panicking.rs:581:40
[INFO] [stdout]   39:     0x602098ac49f2 - std[10d71ac2c42b111e]::panicking::catch_unwind::<(), core[8fb95b77d25ab6c8]::panic::unwind_safe::AssertUnwindSafe<std[10d71ac2c42b111e]::thread::lifecycle::spawn_unchecked<test[213991da798b1c03]::run_test::{closure#1}, ()>::{closure#1}::{closure#0}>>
[INFO] [stdout]                                at /rustc/b2282dd5646a57d570fc86fbe8df0e8826665ef6/library/std/src/panicking.rs:544:19
[INFO] [stdout]   40:     0x602098ac49f2 - std[10d71ac2c42b111e]::panic::catch_unwind::<core[8fb95b77d25ab6c8]::panic::unwind_safe::AssertUnwindSafe<std[10d71ac2c42b111e]::thread::lifecycle::spawn_unchecked<test[213991da798b1c03]::run_test::{closure#1}, ()>::{closure#1}::{closure#0}>, ()>
[INFO] [stdout]                                at /rustc/b2282dd5646a57d570fc86fbe8df0e8826665ef6/library/std/src/panic.rs:359:14
[INFO] [stdout]   41:     0x602098ac49f2 - std[10d71ac2c42b111e]::thread::lifecycle::spawn_unchecked::<test[213991da798b1c03]::run_test::{closure#1}, ()>::{closure#1}
[INFO] [stdout]                                at /rustc/b2282dd5646a57d570fc86fbe8df0e8826665ef6/library/std/src/thread/lifecycle.rs:68:26
[INFO] [stdout]   42:     0x602098ac49f2 - <std[10d71ac2c42b111e]::thread::lifecycle::spawn_unchecked<test[213991da798b1c03]::run_test::{closure#1}, ()>::{closure#1} as core[8fb95b77d25ab6c8]::ops::function::FnOnce<()>>::call_once::{shim:vtable#0}
[INFO] [stdout]                                at /rustc/b2282dd5646a57d570fc86fbe8df0e8826665ef6/library/core/src/ops/function.rs:250:5
[INFO] [stdout]   43:     0x602098ee1b4f - <alloc[a7ee25936407c584]::boxed::Box<dyn core[8fb95b77d25ab6c8]::ops::function::FnOnce<(), Output = ()> + core[8fb95b77d25ab6c8]::marker::Send> as core[8fb95b77d25ab6c8]::ops::function::FnOnce<()>>::call_once
[INFO] [stdout]                                at /rustc/b2282dd5646a57d570fc86fbe8df0e8826665ef6/library/alloc/src/boxed.rs:2275:9
[INFO] [stdout]   44:     0x602098ee1b4f - <std[10d71ac2c42b111e]::sys::thread::unix::Thread>::new::thread_start
[INFO] [stdout]                                at /rustc/b2282dd5646a57d570fc86fbe8df0e8826665ef6/library/std/src/sys/thread/unix.rs:118:17
[INFO] [stdout]   45:     0x7847d55a5aa4 - <unknown>
[INFO] [stdout]   46:     0x7847d5632a64 - clone
[INFO] [stdout]   47:                0x0 - <unknown>
[INFO] [stdout] 
[INFO] [stdout] 
[INFO] [stdout] failures:
[INFO] [stdout]     library::scanner::tests::single_flight_second_spawn_returns_none
[INFO] [stdout] 
[INFO] [stdout] test result: FAILED. 123 passed; 1 failed; 0 ignored; 0 measured; 0 filtered out; finished in 0.64s
[INFO] [stdout] 
[INFO] [stderr] error: test failed, to rerun pass `--lib`
[INFO] running `Command { std: "docker" "inspect" "b9d5351a89e3312ee00712fa6b34172b2b417a7ee3e83a7745247de0f3c4748c", kill_on_drop: false }`
[INFO] running `Command { std: "docker" "rm" "-f" "b9d5351a89e3312ee00712fa6b34172b2b417a7ee3e83a7745247de0f3c4748c", kill_on_drop: false }`
[INFO] [stdout] b9d5351a89e3312ee00712fa6b34172b2b417a7ee3e83a7745247de0f3c4748c
