[INFO] fetching crate celers-broker-sql 0.2.0...
[INFO] testing celers-broker-sql-0.2.0 against 1.97.0-beta.6 for beta-1.98-2
[INFO] extracting crate celers-broker-sql 0.2.0 into /workspace/builds/worker-5-tc1/source
[INFO] started tweaking crates.io crate celers-broker-sql 0.2.0
[INFO] removed 0 missing examples
[INFO] finished tweaking crates.io crate celers-broker-sql 0.2.0
[INFO] tweaked toml for crates.io crate celers-broker-sql 0.2.0 written to /workspace/builds/worker-5-tc1/source/Cargo.toml
[INFO] validating manifest of crates.io crate celers-broker-sql 0.2.0 on toolchain 1.97.0-beta.6
[INFO] running `Command { std: CARGO_HOME="/workspace/cargo-home" RUSTUP_HOME="/workspace/rustup-home" "/workspace/cargo-home/bin/cargo" "+1.97.0-beta.6" "metadata" "--manifest-path" "Cargo.toml" "--no-deps", kill_on_drop: false }`
[INFO] crate crates.io crate celers-broker-sql 0.2.0 already has a lockfile, it will not be regenerated
[INFO] running `Command { std: CARGO_HOME="/workspace/cargo-home" RUSTUP_HOME="/workspace/rustup-home" "/workspace/cargo-home/bin/cargo" "+1.97.0-beta.6" "fetch" "--manifest-path" "Cargo.toml", kill_on_drop: false }`
[INFO] [stderr]     Blocking waiting for file lock on package cache
[INFO] [stderr]     Updating crates.io index
[INFO] [stderr]  Downloading crates ...
[INFO] [stderr]   Downloaded oxiarc-deflate v0.2.6
[INFO] [stderr]   Downloaded oxiarc-core v0.2.6
[INFO] [stderr]   Downloaded oxicode_derive v0.2.1
[INFO] [stderr]   Downloaded prometheus v0.14.0
[INFO] [stderr]   Downloaded celers-metrics v0.2.0
[INFO] [stderr]   Downloaded celers-core v0.2.0
[INFO] [stderr]   Downloaded oxicode v0.2.1
[INFO] running `Command { std: "docker" "create" "-v" "/var/lib/crater-agent-workspace/builds/worker-5-tc1/source:/opt/rustwide/workdir:ro,Z" "-v" "/var/lib/crater-agent-workspace/builds/worker-5-tc1/target:/opt/rustwide/target:rw,Z" "-v" "/var/lib/crater-agent-workspace/cargo-home:/opt/rustwide/cargo-home:ro,Z" "-v" "/var/lib/crater-agent-workspace/rustup-home:/opt/rustwide/rustup-home:ro,Z" "-m" "1610612736" "--network" "none" "ghcr.io/rust-lang/crates-build-env/linux@sha256:3d5ced03c013a94a2f102a4510f48a6e9184255caf5fd8244f58017bde7f5210" "sleep" "infinity", kill_on_drop: false }`
[INFO] [stdout] f91009437b52a73001976f78be5d03dd04a09096d50597c8023c4748bdb4bd7b
[INFO] running `Command { std: "docker" "start" "f91009437b52a73001976f78be5d03dd04a09096d50597c8023c4748bdb4bd7b", kill_on_drop: false }`
[INFO] running `Command { std: "docker" "inspect" "f91009437b52a73001976f78be5d03dd04a09096d50597c8023c4748bdb4bd7b", kill_on_drop: false }`
[INFO] running `Command { std: "docker" "exec" "-e" "SOURCE_DIR=/opt/rustwide/workdir" "-e" "CARGO_HOME=/opt/rustwide/cargo-home" "-e" "RUSTUP_HOME=/opt/rustwide/rustup-home" "-e" "CARGO_TARGET_DIR=/opt/rustwide/target" "-w" "/opt/rustwide/workdir" "--user" "0:0" "f91009437b52a73001976f78be5d03dd04a09096d50597c8023c4748bdb4bd7b" "/opt/rustwide/cargo-home/bin/cargo" "+1.97.0-beta.6" "metadata" "--no-deps" "--format-version=1", kill_on_drop: false }`
[INFO] running `Command { std: "docker" "inspect" "f91009437b52a73001976f78be5d03dd04a09096d50597c8023c4748bdb4bd7b", kill_on_drop: false }`
[INFO] running `Command { std: "docker" "exec" "-e" "SOURCE_DIR=/opt/rustwide/workdir" "-e" "CARGO_HOME=/opt/rustwide/cargo-home" "-e" "RUSTUP_HOME=/opt/rustwide/rustup-home" "-e" "CARGO_TARGET_DIR=/opt/rustwide/target" "-e" "CARGO_INCREMENTAL=0" "-e" "RUST_BACKTRACE=full" "-e" "RUSTFLAGS=--cap-lints=warn" "-e" "RUSTDOCFLAGS=--cap-lints=warn" "-w" "/opt/rustwide/workdir" "--user" "0:0" "f91009437b52a73001976f78be5d03dd04a09096d50597c8023c4748bdb4bd7b" "/opt/rustwide/cargo-home/bin/cargo" "+1.97.0-beta.6" "build" "--frozen" "--message-format=json", kill_on_drop: false }`
[INFO] [stderr]    Compiling libc v0.2.183
[INFO] [stderr]    Compiling num-traits v0.2.19
[INFO] [stderr]    Compiling cc v1.2.58
[INFO] [stderr]    Compiling zerocopy v0.8.47
[INFO] [stderr]    Compiling serde_derive v1.0.228
[INFO] [stderr]    Compiling synstructure v0.13.2
[INFO] [stderr]    Compiling zerovec-derive v0.11.2
[INFO] [stderr]    Compiling displaydoc v0.2.5
[INFO] [stderr]    Compiling thiserror-impl v2.0.18
[INFO] [stderr]    Compiling digest v0.10.7
[INFO] [stderr]    Compiling tracing-attributes v0.1.31
[INFO] [stderr]    Compiling arrayvec v0.7.6
[INFO] [stderr]    Compiling pem-rfc7468 v0.7.0
[INFO] [stderr]    Compiling serde_json v1.0.149
[INFO] [stderr]    Compiling futures-util v0.3.32
[INFO] [stderr]    Compiling crc v3.4.0
[INFO] [stderr]    Compiling tinyvec v1.11.0
[INFO] [stderr]    Compiling event-listener v5.4.1
[INFO] [stderr]    Compiling der v0.7.10
[INFO] [stderr]    Compiling webpki-roots v0.26.11
[INFO] [stderr]    Compiling getrandom v0.4.2
[INFO] [stderr]    Compiling hmac v0.12.1
[INFO] [stderr]    Compiling rust_decimal v1.41.0
[INFO] [stderr]    Compiling num-bigint-dig v0.8.6
[INFO] [stderr]    Compiling unicode-normalization v0.1.25
[INFO] [stderr]    Compiling num-integer v0.1.46
[INFO] [stderr]    Compiling atoi v2.0.0
[INFO] [stderr]    Compiling zerofrom-derive v0.1.6
[INFO] [stderr]    Compiling yoke-derive v0.8.1
[INFO] [stderr]    Compiling lazy_static v1.5.0
[INFO] [stderr]    Compiling hkdf v0.12.4
[INFO] [stderr]    Compiling num-iter v0.1.45
[INFO] [stderr]    Compiling md-5 v0.10.6
[INFO] [stderr]    Compiling futures-channel v0.3.32
[INFO] [stderr]    Compiling tokio-macros v2.6.1
[INFO] [stderr]    Compiling ring v0.17.14
[INFO] [stderr]    Compiling stringprep v0.1.5
[INFO] [stderr]    Compiling spki v0.7.3
[INFO] [stderr]    Compiling bitflags v2.11.0
[INFO] [stderr]    Compiling thiserror v2.0.18
[INFO] [stderr]    Compiling tracing v0.1.44
[INFO] [stderr]    Compiling getrandom v0.2.17
[INFO] [stderr]    Compiling mio v1.2.0
[INFO] [stderr]    Compiling socket2 v0.6.3
[INFO] [stderr]    Compiling errno v0.3.14
[INFO] [stderr]    Compiling rand_core v0.6.4
[INFO] [stderr]    Compiling signal-hook-registry v1.4.8
[INFO] [stderr]    Compiling pkcs8 v0.10.2
[INFO] [stderr]    Compiling pkcs1 v0.7.5
[INFO] [stderr]    Compiling signature v2.2.0
[INFO] [stderr]    Compiling chrono v0.4.44
[INFO] [stderr]    Compiling sha2 v0.10.9
[INFO] [stderr]    Compiling tokio v1.50.0
[INFO] [stderr]    Compiling uuid v1.23.0
[INFO] [stderr]    Compiling zerofrom v0.1.6
[INFO] [stderr]    Compiling yoke v0.8.1
[INFO] [stderr]    Compiling sha1 v0.10.6
[INFO] [stderr]    Compiling regex-syntax v0.8.10
[INFO] [stderr]    Compiling oxicode_derive v0.2.1
[INFO] [stderr]    Compiling rand v0.10.0
[INFO] [stderr]    Compiling zerovec v0.11.5
[INFO] [stderr]    Compiling zerotrie v0.2.3
[INFO] [stderr]    Compiling oxiarc-core v0.2.6
[INFO] [stderr]    Compiling num_cpus v1.17.0
[INFO] [stderr]    Compiling async-trait v0.1.89
[INFO] [stderr]    Compiling oxiarc-deflate v0.2.6
[INFO] [stderr]    Compiling tinystr v0.8.2
[INFO] [stderr]    Compiling potential_utf v0.1.4
[INFO] [stderr]    Compiling serde v1.0.228
[INFO] [stderr]    Compiling icu_collections v2.1.1
[INFO] [stderr]    Compiling icu_locale_core v2.1.1
[INFO] [stderr]    Compiling regex-automata v0.4.14
[INFO] [stderr]    Compiling ppv-lite86 v0.2.21
[INFO] [stderr]    Compiling smallvec v1.15.1
[INFO] [stderr]    Compiling either v1.15.0
[INFO] [stderr]    Compiling oxicode v0.2.1
[INFO] [stderr]    Compiling rand_chacha v0.3.1
[INFO] [stderr]    Compiling icu_provider v2.1.1
[INFO] [stderr]    Compiling parking_lot_core v0.9.12
[INFO] [stderr]    Compiling rand v0.8.5
[INFO] [stderr]    Compiling parking_lot v0.12.5
[INFO] [stderr]    Compiling icu_normalizer v2.1.1
[INFO] [stderr]    Compiling icu_properties v2.1.2
[INFO] [stderr]    Compiling rustls v0.23.37
[INFO] [stderr]    Compiling futures-intrusive v0.5.0
[INFO] [stderr]    Compiling idna_adapter v1.2.1
[INFO] [stderr]    Compiling idna v1.1.0
[INFO] [stderr]    Compiling regex v1.12.3
[INFO] [stderr]    Compiling rsa v0.9.10
[INFO] [stderr]    Compiling url v2.5.8
[INFO] [stderr]    Compiling tokio-stream v0.1.18
[INFO] [stderr]    Compiling rustls-webpki v0.103.10
[INFO] [stderr]    Compiling celers-core v0.2.0
[INFO] [stderr]    Compiling sqlx-core v0.8.6
[INFO] [stderr]    Compiling sqlx-postgres v0.8.6
[INFO] [stderr]    Compiling sqlx-mysql v0.8.6
[INFO] [stderr]    Compiling sqlx-macros-core v0.8.6
[INFO] [stderr]    Compiling sqlx-macros v0.8.6
[INFO] [stderr]    Compiling sqlx v0.8.6
[INFO] [stderr]    Compiling celers-broker-sql v0.2.0 (/opt/rustwide/workdir)
[INFO] [stderr]     Finished `dev` profile [unoptimized + debuginfo] target(s) in 1m 02s
[INFO] running `Command { std: "docker" "inspect" "f91009437b52a73001976f78be5d03dd04a09096d50597c8023c4748bdb4bd7b", kill_on_drop: false }`
[INFO] running `Command { std: "docker" "exec" "-e" "SOURCE_DIR=/opt/rustwide/workdir" "-e" "CARGO_HOME=/opt/rustwide/cargo-home" "-e" "RUSTUP_HOME=/opt/rustwide/rustup-home" "-e" "CARGO_TARGET_DIR=/opt/rustwide/target" "-e" "CARGO_INCREMENTAL=0" "-e" "RUST_BACKTRACE=full" "-e" "RUSTFLAGS=--cap-lints=warn" "-e" "RUSTDOCFLAGS=--cap-lints=warn" "-w" "/opt/rustwide/workdir" "--user" "0:0" "f91009437b52a73001976f78be5d03dd04a09096d50597c8023c4748bdb4bd7b" "/opt/rustwide/cargo-home/bin/cargo" "+1.97.0-beta.6" "test" "--frozen" "--no-run" "--message-format=json", kill_on_drop: false }`
[INFO] [stderr]    Compiling zerocopy v0.8.47
[INFO] [stderr]    Compiling zerocopy-derive v0.8.47
[INFO] [stderr]    Compiling crossbeam-utils v0.8.21
[INFO] [stderr]    Compiling either v1.15.0
[INFO] [stderr]    Compiling tokio v1.50.0
[INFO] [stderr]    Compiling futures-sink v0.3.32
[INFO] [stderr]    Compiling num-integer v0.1.46
[INFO] [stderr]    Compiling futures-macro v0.3.32
[INFO] [stderr]    Compiling tracing-core v0.1.36
[INFO] [stderr]    Compiling rust_decimal v1.41.0
[INFO] [stderr]    Compiling futures-util v0.3.32
[INFO] [stderr]    Compiling tracing v0.1.44
[INFO] [stderr]    Compiling chrono v0.4.44
[INFO] [stderr]    Compiling regex-automata v0.4.14
[INFO] [stderr]    Compiling futures-channel v0.3.32
[INFO] [stderr]    Compiling num-iter v0.1.45
[INFO] [stderr]    Compiling atoi v2.0.0
[INFO] [stderr]    Compiling bitflags v2.11.0
[INFO] [stderr]    Compiling event-listener v5.4.1
[INFO] [stderr]    Compiling concurrent-queue v2.5.0
[INFO] [stderr]    Compiling crossbeam-queue v0.3.12
[INFO] [stderr]    Compiling alloca v0.4.0
[INFO] [stderr]    Compiling plotters-backend v0.3.7
[INFO] [stderr]    Compiling clap_builder v4.6.0
[INFO] [stderr]    Compiling itertools v0.13.0
[INFO] [stderr]    Compiling cast v0.3.0
[INFO] [stderr]    Compiling plotters-svg v0.3.7
[INFO] [stderr]    Compiling rustix v1.1.4
[INFO] [stderr]    Compiling rayon v1.11.0
[INFO] [stderr]    Compiling tracing-log v0.2.0
[INFO] [stderr]    Compiling tinytemplate v1.2.1
[INFO] [stderr]    Compiling plotters v0.3.7
[INFO] [stderr]    Compiling sharded-slab v0.1.7
[INFO] [stderr]    Compiling page_size v0.6.0
[INFO] [stderr]    Compiling oorandom v11.1.5
[INFO] [stderr]    Compiling anes v0.1.6
[INFO] [stderr]    Compiling criterion-plot v0.8.2
[INFO] [stderr]    Compiling tempfile v3.27.0
[INFO] [stderr]    Compiling sqlx-core v0.8.6
[INFO] [stderr]    Compiling clap v4.6.0
[INFO] [stderr]    Compiling regex v1.12.3
[INFO] [stderr]    Compiling matchers v0.2.0
[INFO] [stderr]    Compiling tracing-subscriber v0.3.23
[INFO] [stderr]    Compiling futures-executor v0.3.32
[INFO] [stderr]    Compiling futures v0.3.32
[INFO] [stderr]    Compiling tokio-stream v0.1.18
[INFO] [stderr]    Compiling celers-core v0.2.0
[INFO] [stderr]    Compiling tokio-test v0.4.5
[INFO] [stderr]    Compiling ppv-lite86 v0.2.21
[INFO] [stderr]    Compiling rand_chacha v0.3.1
[INFO] [stderr]    Compiling rand v0.8.5
[INFO] [stderr]    Compiling half v2.7.1
[INFO] [stderr]    Compiling ciborium-ll v0.2.2
[INFO] [stderr]    Compiling ciborium v0.2.2
[INFO] [stderr]    Compiling num-bigint-dig v0.8.6
[INFO] [stderr]    Compiling sqlx-postgres v0.8.6
[INFO] [stderr]    Compiling criterion v0.8.2
[INFO] [stderr]    Compiling rsa v0.9.10
[INFO] [stderr]    Compiling sqlx-mysql v0.8.6
[INFO] [stderr]    Compiling sqlx-macros-core v0.8.6
[INFO] [stderr]    Compiling sqlx-macros v0.8.6
[INFO] [stderr]    Compiling sqlx v0.8.6
[INFO] [stderr]    Compiling celers-broker-sql v0.2.0 (/opt/rustwide/workdir)
[INFO] [stderr] error: could not compile `celers-broker-sql` (lib test)
[INFO] [stderr] 
[INFO] [stderr] Caused by:
[INFO] [stderr]   process didn't exit successfully: `/opt/rustwide/rustup-home/toolchains/1.97.0-beta.6-x86_64-unknown-linux-gnu/bin/rustc --crate-name celers_broker_sql --edition=2021 src/lib.rs --error-format=json --json=diagnostic-rendered-ansi,artifacts,future-incompat --emit=dep-info,link -C embed-bitcode=no -C debuginfo=2 --test --cfg 'feature="default"' --check-cfg 'cfg(docsrs,test)' --check-cfg 'cfg(feature, values("celers-metrics", "default", "metrics"))' -C metadata=4c777d3401e6e97c -C extra-filename=-b0802b679f6c547e --out-dir /opt/rustwide/target/debug/deps -L dependency=/opt/rustwide/target/debug/deps --extern async_trait=/opt/rustwide/target/debug/deps/libasync_trait-3453bb6e76f3ba47.so --extern celers_core=/opt/rustwide/target/debug/deps/libcelers_core-12fb137ffbeda13c.rlib --extern chrono=/opt/rustwide/target/debug/deps/libchrono-3de54763e43dd7ba.rlib --extern criterion=/opt/rustwide/target/debug/deps/libcriterion-fff3ec2f3f28f029.rlib --extern futures=/opt/rustwide/target/debug/deps/libfutures-2edabfcbc03ed66f.rlib --extern oxiarc_deflate=/opt/rustwide/target/debug/deps/liboxiarc_deflate-1c7f60169d703e16.rlib --extern rand=/opt/rustwide/target/debug/deps/librand-2855c165c68048a9.rlib --extern rust_decimal=/opt/rustwide/target/debug/deps/librust_decimal-f450af80485176d9.rlib --extern serde=/opt/rustwide/target/debug/deps/libserde-5888ac5c23c18421.rlib --extern serde_json=/opt/rustwide/target/debug/deps/libserde_json-ac8da3a9c779f800.rlib --extern sqlx=/opt/rustwide/target/debug/deps/libsqlx-6be1c1e7a0f24814.rlib --extern tempfile=/opt/rustwide/target/debug/deps/libtempfile-6bef0b6b7080282a.rlib --extern thiserror=/opt/rustwide/target/debug/deps/libthiserror-5e90adc18491a337.rlib --extern tokio=/opt/rustwide/target/debug/deps/libtokio-6f7786d6e263c1a1.rlib --extern tokio_test=/opt/rustwide/target/debug/deps/libtokio_test-eb54bfecc68dea87.rlib --extern tracing=/opt/rustwide/target/debug/deps/libtracing-4cef0f2badfdb422.rlib --extern tracing_subscriber=/opt/rustwide/target/debug/deps/libtracing_subscriber-5138e804d94dd731.rlib --extern uuid=/opt/rustwide/target/debug/deps/libuuid-c0d6f20709b6da2a.rlib --cap-lints=warn -L native=/opt/rustwide/target/debug/build/alloca-9efc0fb0a4393ff9/out -L native=/opt/rustwide/target/debug/build/ring-ea03809487cf0396/out` (signal: 9, SIGKILL: kill)
[INFO] [stderr] warning: build failed, waiting for other jobs to finish...
[INFO] [stderr] error: could not compile `celers-broker-sql` (example "worker_pool")
[INFO] [stderr] 
[INFO] [stderr] Caused by:
[INFO] [stderr]   process didn't exit successfully: `/opt/rustwide/rustup-home/toolchains/1.97.0-beta.6-x86_64-unknown-linux-gnu/bin/rustc --crate-name worker_pool --edition=2021 examples/worker_pool.rs --error-format=json --json=diagnostic-rendered-ansi,artifacts,future-incompat --crate-type bin --emit=dep-info,link -C embed-bitcode=no -C debuginfo=2 --cfg 'feature="default"' --check-cfg 'cfg(docsrs,test)' --check-cfg 'cfg(feature, values("celers-metrics", "default", "metrics"))' -C metadata=d06939b4f4d8732c -C extra-filename=-04b03f40c70a96b1 --out-dir /opt/rustwide/target/debug/examples -L dependency=/opt/rustwide/target/debug/deps --extern async_trait=/opt/rustwide/target/debug/deps/libasync_trait-3453bb6e76f3ba47.so --extern celers_broker_sql=/opt/rustwide/target/debug/deps/libcelers_broker_sql-b84307a390b9bbd9.rlib --extern celers_core=/opt/rustwide/target/debug/deps/libcelers_core-12fb137ffbeda13c.rlib --extern chrono=/opt/rustwide/target/debug/deps/libchrono-3de54763e43dd7ba.rlib --extern criterion=/opt/rustwide/target/debug/deps/libcriterion-fff3ec2f3f28f029.rlib --extern futures=/opt/rustwide/target/debug/deps/libfutures-2edabfcbc03ed66f.rlib --extern oxiarc_deflate=/opt/rustwide/target/debug/deps/liboxiarc_deflate-1c7f60169d703e16.rlib --extern rand=/opt/rustwide/target/debug/deps/librand-2855c165c68048a9.rlib --extern rust_decimal=/opt/rustwide/target/debug/deps/librust_decimal-f450af80485176d9.rlib --extern serde=/opt/rustwide/target/debug/deps/libserde-5888ac5c23c18421.rlib --extern serde_json=/opt/rustwide/target/debug/deps/libserde_json-ac8da3a9c779f800.rlib --extern sqlx=/opt/rustwide/target/debug/deps/libsqlx-6be1c1e7a0f24814.rlib --extern tempfile=/opt/rustwide/target/debug/deps/libtempfile-6bef0b6b7080282a.rlib --extern thiserror=/opt/rustwide/target/debug/deps/libthiserror-5e90adc18491a337.rlib --extern tokio=/opt/rustwide/target/debug/deps/libtokio-6f7786d6e263c1a1.rlib --extern tokio_test=/opt/rustwide/target/debug/deps/libtokio_test-eb54bfecc68dea87.rlib --extern tracing=/opt/rustwide/target/debug/deps/libtracing-4cef0f2badfdb422.rlib --extern tracing_subscriber=/opt/rustwide/target/debug/deps/libtracing_subscriber-5138e804d94dd731.rlib --extern uuid=/opt/rustwide/target/debug/deps/libuuid-c0d6f20709b6da2a.rlib --cap-lints=warn -L native=/opt/rustwide/target/debug/build/ring-ea03809487cf0396/out -L native=/opt/rustwide/target/debug/build/alloca-9efc0fb0a4393ff9/out` (signal: 9, SIGKILL: kill)
[INFO] [stdout] error: linking with `cc` failed: exit status: 1
[INFO] [stdout]   |
[INFO] [stdout]   = note:  "cc" "-m64" "/opt/rustwide/target/debug/examples/rustcfFnvfh/symbols.o" "<2 object files omitted>" "-Wl,--as-needed" "-Wl,-Bstatic" "/opt/rustwide/target/debug/deps/{libcelers_broker_sql-b84307a390b9bbd9,liboxiarc_deflate-1c7f60169d703e16,liboxiarc_core-f8d7f4120fb6e261,libsqlx-6be1c1e7a0f24814,libsqlx_postgres-a3c5332465215378,libhex-13e08b3b00984ab7,libwhoami-679b18861a32e944,libhome-2459c00c573c2c5a,libmd5-e9cc4a853d997d7a,libatoi-4470b33703759cad,libstringprep-4d35882c7579d9cf,libunicode_properties-d98df78cf9438258,libunicode_normalization-38897611c04e14d9,libtinyvec-aaac35e3e185f648,libtinyvec_macros-7b77ea21c73594ca,libunicode_bidi-a9d2c96e849c6f3c,libhkdf-4cf321b0f608d56c,libhmac-cf9f1ac488bb0e8d,libsqlx_mysql-5072ab234a453c25,libdotenvy-6d8015f91495fe74,libcrc-25688e51664257b1,libcrc_catalog-5af10f2bf5720cb5,libbyteorder-7fb216e967c6a54f,libbitflags-4e2320b9b80e470f,libsha1-9336ab8fb70d39b6,librsa-eb0c1cba96916cae,libpkcs1-9134e8fbf9bc43da,libpkcs8-470b58cefc9cdf9f,libspki-bc92a942e2b17e04,libder-12e39d39dee0011c,libpem_rfc7468-68a26afe4db4273c,libbase64ct-050420b1c69ac317,libsignature-e6635b4f261918a1,libnum_bigint_dig-377d5f0640110114,liblibm-24398d5f7d3c709c,libnum_iter-13bde6416c602887,libnum_integer-bef138e9a3b7c38e,liblazy_static-c8a1c7184ffedcfe,libspin-77da57a1b47d23a3,librand-bcb1542a8593568d,librand_chacha-1309db18ffe19358,libppv_lite86-b51feb17b1c43d37,libzerocopy-52affe309776b055,librand_core-d3604a144f1290be,libsqlx_core-3f5b82ccb75594a8,libwebpki_roots-c3e1a746a4f82007,libwebpki_roots-d9cc86348a7593ab,libindexmap-f006485b143d2676,libhashbrown-25abce2d85979e8d,libbase64-faebe21c393c2ed7,libsha2-ad852eda99af68e4,libcpufeatures-e04321643d03190d,libdigest-931b7a7ff7ccd9a6,libconst_oid-2aadc73a32842898,libblock_buffer-ceb5bfb4b62e5dc4,libcrypto_common-56b940ef3ee0385e,libgeneric_array-3399f74876fb1fa9,libtypenum-973adb5204d6e560,librustls-327e99e11a980f55,libsubtle-2ae6a7038b9a0630,libwebpki-85b95495efd5f143,libring-16b17ccd0d2cc312,libgetrandom-23d8bf2e7269f879,libuntrusted-b2f816886faf2178,librustls_pki_types-a1ff9279e609de76,libzeroize-7f213bea776ca5b6,libhashlink-f007fbd3ee912335,libhashbrown-621f4a290160b487,libfoldhash-07f233db1c671507,libequivalent-6a754676e6af62ae,liballocator_api2-8d9c1e895dea53bd,librust_decimal-f450af80485176d9,libarrayvec-9d0aa62fa88910b3,liburl-872641f50130b5f9,libidna-9dea0c60b7a15271,libutf8_iter-51566bbad89f3a68,libidna_adapter-2299b48d6e6a59ad,libicu_properties-82ff42289bb7499c,libicu_properties_data-b217809bf575558a,libicu_normalizer-92449c21b4ac0cde,libicu_normalizer_data-ab8997d7cbbb3306,libicu_collections-f0026b89614cd57d,libpotential_utf-1a624fe73bbd467a,libicu_provider-0397860365ebade6,libicu_locale_core-816fe88e71ee8167,libtinystr-a70de79dd32ef62f,liblitemap-cd9b5b2aa04e2018,libwriteable-4f74a67d38fff78e,libzerovec-d945614e18b562f6,libzerotrie-ebf521f2ef5efadc,libyoke-da17f70501a25c31,libstable_deref_trait-63cbf3f3d3f94e56,libzerofrom-9cf902e0d855375e,libform_urlencoded-98cc7da289c29f13,libpercent_encoding-fa055ecaa1e57cfa,libcrossbeam_queue-7daa350311a600b8,libcrossbeam_utils-f696a08ab1e94e7a,libeither-71ff50dd978a9518,libevent_listener-63c7a54bfdcdbf3a,libparking-a9ae72c6c16ee980,libfutures_util-86154ff1ea85ba6d,libfutures_io-3814ffd654d7040e,libslab-ed301aba3460fb05,libfutures_channel-bd7c0550db5745e8,libfutures_sink-2422b5cc970bfebd,libfutures_task-36f327cfab86eddc,libfutures_core-1121ff913ed87f93,libcelers_core-12fb137ffbeda13c,libnum_cpus-c95b51094520aa2a,libtracing-4cef0f2badfdb422,liblog-b262261d47bd2eba,libtracing_core-d26029c784af5925,libonce_cell-b5bdc597ed9676b3,libregex-1342197ac76a7579,libregex_automata-e4e8d49138828df4,libaho_corasick-fa94425a423a79cf,libregex_syntax-6d6ee545e2ffad72,librand-2855c165c68048a9,libchacha20-82fd443d327e1971,libcpufeatures-6c1f78f4142e3013,libserde_json-ac8da3a9c779f800,libmemchr-5cfa70d22cb32987,libitoa-5de11b3b23bfe572,libzmij-ef63f1da73704b4c,libtokio-6f7786d6e263c1a1,libsignal_hook_registry-0370c074c4bef323,liberrno-1d9457f3d77a0a23,libsocket2-050091baf38e5996,libbytes-2ed9460101f17bbf,libmio-ed53eae200549b32,libparking_lot-2df207b194fe1b11,libparking_lot_core-cfef0ff7c5eb037a,libsmallvec-172cf739dfffd960,liblock_api-16d46fed645f7bff,libscopeguard-7ec2214574194454,libpin_project_lite-0a15d51c77964692,libchrono-3de54763e43dd7ba,libiana_time_zone-bcd81aefedc374a6,libnum_traits-5f5f7eaedd5abb87,libthiserror-5e90adc18491a337,libuuid-c0d6f20709b6da2a,libgetrandom-78f21951e69058a1,liblibc-585253b8e2aa2651,librand_core-0c7241369648ce5c,libcfg_if-83060ec5685761ae,libserde-5888ac5c23c18421,libserde_core-49c5f0449f9ff544}.rlib" "<sysroot>/lib/rustlib/x86_64-unknown-linux-gnu/lib/{libstd-*,libpanic_unwind-*,libobject-*,libmemchr-*,libaddr2line-*,libgimli-*,libcfg_if-*,librustc_demangle-*,libstd_detect-*,libhashbrown-*,librustc_std_workspace_alloc-*,libminiz_oxide-*,libadler2-*,libunwind-*,liblibc-*,librustc_std_workspace_core-*,liballoc-*,libcore-*,libcompiler_builtins-*}.rlib" "-Wl,-Bdynamic" "-lgcc_s" "-lutil" "-lrt" "-lpthread" "-lm" "-ldl" "-lc" "-L" "/opt/rustwide/target/debug/examples/rustcfFnvfh/raw-dylibs" "-B<sysroot>/lib/rustlib/x86_64-unknown-linux-gnu/bin/gcc-ld" "-fuse-ld=lld" "-Wl,--eh-frame-hdr" "-Wl,-z,noexecstack" "-L" "/opt/rustwide/target/debug/build/ring-ea03809487cf0396/out" "-L" "/opt/rustwide/target/debug/build/alloca-9efc0fb0a4393ff9/out" "-L" "<sysroot>/lib/rustlib/x86_64-unknown-linux-gnu/lib" "-o" "/opt/rustwide/target/debug/examples/sql_monitoring_utilities-5cc8dd114c0e68a3" "-Wl,--gc-sections" "-pie" "-Wl,-z,relro,-z,now" "-nodefaultlibs"
[INFO] [stdout]   = note: some arguments are omitted. use `--verbose` to show all linker arguments
[INFO] [stdout]   = note: collect2: fatal error: ld terminated with signal 9 [Killed]
[INFO] [stdout]           compilation terminated.
[INFO] [stdout]           
[INFO] [stdout] 
[INFO] [stdout] 
[INFO] [stderr] error: could not compile `celers-broker-sql` (example "sql_monitoring_utilities") due to 1 previous error
[INFO] [stderr] error: could not compile `celers-broker-sql` (example "bulk_import_export")
[INFO] [stderr] 
[INFO] [stderr] Caused by:
[INFO] [stderr]   process didn't exit successfully: `/opt/rustwide/rustup-home/toolchains/1.97.0-beta.6-x86_64-unknown-linux-gnu/bin/rustc --crate-name bulk_import_export --edition=2021 examples/bulk_import_export.rs --error-format=json --json=diagnostic-rendered-ansi,artifacts,future-incompat --crate-type bin --emit=dep-info,link -C embed-bitcode=no -C debuginfo=2 --cfg 'feature="default"' --check-cfg 'cfg(docsrs,test)' --check-cfg 'cfg(feature, values("celers-metrics", "default", "metrics"))' -C metadata=e5adcb8e6e1272dc -C extra-filename=-511e717ecc021b19 --out-dir /opt/rustwide/target/debug/examples -L dependency=/opt/rustwide/target/debug/deps --extern async_trait=/opt/rustwide/target/debug/deps/libasync_trait-3453bb6e76f3ba47.so --extern celers_broker_sql=/opt/rustwide/target/debug/deps/libcelers_broker_sql-b84307a390b9bbd9.rlib --extern celers_core=/opt/rustwide/target/debug/deps/libcelers_core-12fb137ffbeda13c.rlib --extern chrono=/opt/rustwide/target/debug/deps/libchrono-3de54763e43dd7ba.rlib --extern criterion=/opt/rustwide/target/debug/deps/libcriterion-fff3ec2f3f28f029.rlib --extern futures=/opt/rustwide/target/debug/deps/libfutures-2edabfcbc03ed66f.rlib --extern oxiarc_deflate=/opt/rustwide/target/debug/deps/liboxiarc_deflate-1c7f60169d703e16.rlib --extern rand=/opt/rustwide/target/debug/deps/librand-2855c165c68048a9.rlib --extern rust_decimal=/opt/rustwide/target/debug/deps/librust_decimal-f450af80485176d9.rlib --extern serde=/opt/rustwide/target/debug/deps/libserde-5888ac5c23c18421.rlib --extern serde_json=/opt/rustwide/target/debug/deps/libserde_json-ac8da3a9c779f800.rlib --extern sqlx=/opt/rustwide/target/debug/deps/libsqlx-6be1c1e7a0f24814.rlib --extern tempfile=/opt/rustwide/target/debug/deps/libtempfile-6bef0b6b7080282a.rlib --extern thiserror=/opt/rustwide/target/debug/deps/libthiserror-5e90adc18491a337.rlib --extern tokio=/opt/rustwide/target/debug/deps/libtokio-6f7786d6e263c1a1.rlib --extern tokio_test=/opt/rustwide/target/debug/deps/libtokio_test-eb54bfecc68dea87.rlib --extern tracing=/opt/rustwide/target/debug/deps/libtracing-4cef0f2badfdb422.rlib --extern tracing_subscriber=/opt/rustwide/target/debug/deps/libtracing_subscriber-5138e804d94dd731.rlib --extern uuid=/opt/rustwide/target/debug/deps/libuuid-c0d6f20709b6da2a.rlib --cap-lints=warn -L native=/opt/rustwide/target/debug/build/ring-ea03809487cf0396/out -L native=/opt/rustwide/target/debug/build/alloca-9efc0fb0a4393ff9/out` (signal: 9, SIGKILL: kill)
[INFO] [stdout] error: linking with `cc` failed: exit status: 1
[INFO] [stdout]   |
[INFO] [stdout]   = note:  "cc" "-m64" "/opt/rustwide/target/debug/examples/rustcuS2M4a/symbols.o" "<3 object files omitted>" "-Wl,--as-needed" "-Wl,-Bstatic" "/opt/rustwide/target/debug/deps/{libcelers_broker_sql-b84307a390b9bbd9,liboxiarc_deflate-1c7f60169d703e16,liboxiarc_core-f8d7f4120fb6e261,libsqlx-6be1c1e7a0f24814,libsqlx_postgres-a3c5332465215378,libhex-13e08b3b00984ab7,libwhoami-679b18861a32e944,libhome-2459c00c573c2c5a,libmd5-e9cc4a853d997d7a,libatoi-4470b33703759cad,libstringprep-4d35882c7579d9cf,libunicode_properties-d98df78cf9438258,libunicode_normalization-38897611c04e14d9,libtinyvec-aaac35e3e185f648,libtinyvec_macros-7b77ea21c73594ca,libunicode_bidi-a9d2c96e849c6f3c,libhkdf-4cf321b0f608d56c,libhmac-cf9f1ac488bb0e8d,libsqlx_mysql-5072ab234a453c25,libdotenvy-6d8015f91495fe74,libcrc-25688e51664257b1,libcrc_catalog-5af10f2bf5720cb5,libbyteorder-7fb216e967c6a54f,libbitflags-4e2320b9b80e470f,libsha1-9336ab8fb70d39b6,librsa-eb0c1cba96916cae,libpkcs1-9134e8fbf9bc43da,libpkcs8-470b58cefc9cdf9f,libspki-bc92a942e2b17e04,libder-12e39d39dee0011c,libpem_rfc7468-68a26afe4db4273c,libbase64ct-050420b1c69ac317,libsignature-e6635b4f261918a1,libnum_bigint_dig-377d5f0640110114,liblibm-24398d5f7d3c709c,libnum_iter-13bde6416c602887,libnum_integer-bef138e9a3b7c38e,liblazy_static-c8a1c7184ffedcfe,libspin-77da57a1b47d23a3,librand-bcb1542a8593568d,librand_chacha-1309db18ffe19358,libppv_lite86-b51feb17b1c43d37,libzerocopy-52affe309776b055,librand_core-d3604a144f1290be,libsqlx_core-3f5b82ccb75594a8,libwebpki_roots-c3e1a746a4f82007,libwebpki_roots-d9cc86348a7593ab,libindexmap-f006485b143d2676,libhashbrown-25abce2d85979e8d,libbase64-faebe21c393c2ed7,libsha2-ad852eda99af68e4,libcpufeatures-e04321643d03190d,libdigest-931b7a7ff7ccd9a6,libconst_oid-2aadc73a32842898,libblock_buffer-ceb5bfb4b62e5dc4,libcrypto_common-56b940ef3ee0385e,libgeneric_array-3399f74876fb1fa9,libtypenum-973adb5204d6e560,librustls-327e99e11a980f55,libsubtle-2ae6a7038b9a0630,libwebpki-85b95495efd5f143,libring-16b17ccd0d2cc312,libgetrandom-23d8bf2e7269f879,libuntrusted-b2f816886faf2178,librustls_pki_types-a1ff9279e609de76,libzeroize-7f213bea776ca5b6,libhashlink-f007fbd3ee912335,libhashbrown-621f4a290160b487,libfoldhash-07f233db1c671507,libequivalent-6a754676e6af62ae,liballocator_api2-8d9c1e895dea53bd,librust_decimal-f450af80485176d9,libarrayvec-9d0aa62fa88910b3,liburl-872641f50130b5f9,libidna-9dea0c60b7a15271,libutf8_iter-51566bbad89f3a68,libidna_adapter-2299b48d6e6a59ad,libicu_properties-82ff42289bb7499c,libicu_properties_data-b217809bf575558a,libicu_normalizer-92449c21b4ac0cde,libicu_normalizer_data-ab8997d7cbbb3306,libicu_collections-f0026b89614cd57d,libpotential_utf-1a624fe73bbd467a,libicu_provider-0397860365ebade6,libicu_locale_core-816fe88e71ee8167,libtinystr-a70de79dd32ef62f,liblitemap-cd9b5b2aa04e2018,libwriteable-4f74a67d38fff78e,libzerovec-d945614e18b562f6,libzerotrie-ebf521f2ef5efadc,libyoke-da17f70501a25c31,libstable_deref_trait-63cbf3f3d3f94e56,libzerofrom-9cf902e0d855375e,libform_urlencoded-98cc7da289c29f13,libpercent_encoding-fa055ecaa1e57cfa,libcrossbeam_queue-7daa350311a600b8,libcrossbeam_utils-f696a08ab1e94e7a,libeither-71ff50dd978a9518,libevent_listener-63c7a54bfdcdbf3a,libparking-a9ae72c6c16ee980,libfutures_util-86154ff1ea85ba6d,libfutures_io-3814ffd654d7040e,libslab-ed301aba3460fb05,libfutures_channel-bd7c0550db5745e8,libfutures_sink-2422b5cc970bfebd,libfutures_task-36f327cfab86eddc,libfutures_core-1121ff913ed87f93,libcelers_core-12fb137ffbeda13c,libnum_cpus-c95b51094520aa2a,libtracing-4cef0f2badfdb422,liblog-b262261d47bd2eba,libtracing_core-d26029c784af5925,libonce_cell-b5bdc597ed9676b3,libregex-1342197ac76a7579,libregex_automata-e4e8d49138828df4,libaho_corasick-fa94425a423a79cf,libregex_syntax-6d6ee545e2ffad72,librand-2855c165c68048a9,libchacha20-82fd443d327e1971,libcpufeatures-6c1f78f4142e3013,libserde_json-ac8da3a9c779f800,libmemchr-5cfa70d22cb32987,libitoa-5de11b3b23bfe572,libzmij-ef63f1da73704b4c,libtokio-6f7786d6e263c1a1,libsignal_hook_registry-0370c074c4bef323,liberrno-1d9457f3d77a0a23,libsocket2-050091baf38e5996,libbytes-2ed9460101f17bbf,libmio-ed53eae200549b32,libparking_lot-2df207b194fe1b11,libparking_lot_core-cfef0ff7c5eb037a,libsmallvec-172cf739dfffd960,liblock_api-16d46fed645f7bff,libscopeguard-7ec2214574194454,libpin_project_lite-0a15d51c77964692,libchrono-3de54763e43dd7ba,libiana_time_zone-bcd81aefedc374a6,libnum_traits-5f5f7eaedd5abb87,libthiserror-5e90adc18491a337,libuuid-c0d6f20709b6da2a,libgetrandom-78f21951e69058a1,liblibc-585253b8e2aa2651,librand_core-0c7241369648ce5c,libcfg_if-83060ec5685761ae,libserde-5888ac5c23c18421,libserde_core-49c5f0449f9ff544}.rlib" "<sysroot>/lib/rustlib/x86_64-unknown-linux-gnu/lib/{libstd-*,libpanic_unwind-*,libobject-*,libmemchr-*,libaddr2line-*,libgimli-*,libcfg_if-*,librustc_demangle-*,libstd_detect-*,libhashbrown-*,librustc_std_workspace_alloc-*,libminiz_oxide-*,libadler2-*,libunwind-*,liblibc-*,librustc_std_workspace_core-*,liballoc-*,libcore-*,libcompiler_builtins-*}.rlib" "-Wl,-Bdynamic" "-lgcc_s" "-lutil" "-lrt" "-lpthread" "-lm" "-ldl" "-lc" "-L" "/opt/rustwide/target/debug/examples/rustcuS2M4a/raw-dylibs" "-B<sysroot>/lib/rustlib/x86_64-unknown-linux-gnu/bin/gcc-ld" "-fuse-ld=lld" "-Wl,--eh-frame-hdr" "-Wl,-z,noexecstack" "-L" "/opt/rustwide/target/debug/build/ring-ea03809487cf0396/out" "-L" "/opt/rustwide/target/debug/build/alloca-9efc0fb0a4393ff9/out" "-L" "<sysroot>/lib/rustlib/x86_64-unknown-linux-gnu/lib" "-o" "/opt/rustwide/target/debug/examples/sql_monitoring_performance-b46ecd6c30e28bdd" "-Wl,--gc-sections" "-pie" "-Wl,-z,relro,-z,now" "-nodefaultlibs"
[INFO] [stdout]   = note: some arguments are omitted. use `--verbose` to show all linker arguments
[INFO] [stdout]   = note: collect2: fatal error: ld terminated with signal 9 [Killed]
[INFO] [stdout]           compilation terminated.
[INFO] [stdout]           
[INFO] [stdout] 
[INFO] [stdout] 
[INFO] [stderr] error: could not compile `celers-broker-sql` (example "sql_monitoring_performance") due to 1 previous error
[INFO] [stderr] error: could not compile `celers-broker-sql` (example "recurring_tasks")
[INFO] [stderr] 
[INFO] [stderr] Caused by:
[INFO] [stderr]   process didn't exit successfully: `/opt/rustwide/rustup-home/toolchains/1.97.0-beta.6-x86_64-unknown-linux-gnu/bin/rustc --crate-name recurring_tasks --edition=2021 examples/recurring_tasks.rs --error-format=json --json=diagnostic-rendered-ansi,artifacts,future-incompat --crate-type bin --emit=dep-info,link -C embed-bitcode=no -C debuginfo=2 --cfg 'feature="default"' --check-cfg 'cfg(docsrs,test)' --check-cfg 'cfg(feature, values("celers-metrics", "default", "metrics"))' -C metadata=221354fe201c95df -C extra-filename=-611e5b4283861c97 --out-dir /opt/rustwide/target/debug/examples -L dependency=/opt/rustwide/target/debug/deps --extern async_trait=/opt/rustwide/target/debug/deps/libasync_trait-3453bb6e76f3ba47.so --extern celers_broker_sql=/opt/rustwide/target/debug/deps/libcelers_broker_sql-b84307a390b9bbd9.rlib --extern celers_core=/opt/rustwide/target/debug/deps/libcelers_core-12fb137ffbeda13c.rlib --extern chrono=/opt/rustwide/target/debug/deps/libchrono-3de54763e43dd7ba.rlib --extern criterion=/opt/rustwide/target/debug/deps/libcriterion-fff3ec2f3f28f029.rlib --extern futures=/opt/rustwide/target/debug/deps/libfutures-2edabfcbc03ed66f.rlib --extern oxiarc_deflate=/opt/rustwide/target/debug/deps/liboxiarc_deflate-1c7f60169d703e16.rlib --extern rand=/opt/rustwide/target/debug/deps/librand-2855c165c68048a9.rlib --extern rust_decimal=/opt/rustwide/target/debug/deps/librust_decimal-f450af80485176d9.rlib --extern serde=/opt/rustwide/target/debug/deps/libserde-5888ac5c23c18421.rlib --extern serde_json=/opt/rustwide/target/debug/deps/libserde_json-ac8da3a9c779f800.rlib --extern sqlx=/opt/rustwide/target/debug/deps/libsqlx-6be1c1e7a0f24814.rlib --extern tempfile=/opt/rustwide/target/debug/deps/libtempfile-6bef0b6b7080282a.rlib --extern thiserror=/opt/rustwide/target/debug/deps/libthiserror-5e90adc18491a337.rlib --extern tokio=/opt/rustwide/target/debug/deps/libtokio-6f7786d6e263c1a1.rlib --extern tokio_test=/opt/rustwide/target/debug/deps/libtokio_test-eb54bfecc68dea87.rlib --extern tracing=/opt/rustwide/target/debug/deps/libtracing-4cef0f2badfdb422.rlib --extern tracing_subscriber=/opt/rustwide/target/debug/deps/libtracing_subscriber-5138e804d94dd731.rlib --extern uuid=/opt/rustwide/target/debug/deps/libuuid-c0d6f20709b6da2a.rlib --cap-lints=warn -L native=/opt/rustwide/target/debug/build/ring-ea03809487cf0396/out -L native=/opt/rustwide/target/debug/build/alloca-9efc0fb0a4393ff9/out` (signal: 9, SIGKILL: kill)
[INFO] [stderr] error: could not compile `celers-broker-sql` (example "production_operations")
[INFO] [stderr] 
[INFO] [stderr] Caused by:
[INFO] [stderr]   process didn't exit successfully: `/opt/rustwide/rustup-home/toolchains/1.97.0-beta.6-x86_64-unknown-linux-gnu/bin/rustc --crate-name production_operations --edition=2021 examples/production_operations.rs --error-format=json --json=diagnostic-rendered-ansi,artifacts,future-incompat --crate-type bin --emit=dep-info,link -C embed-bitcode=no -C debuginfo=2 --cfg 'feature="default"' --check-cfg 'cfg(docsrs,test)' --check-cfg 'cfg(feature, values("celers-metrics", "default", "metrics"))' -C metadata=93ef96f2c4db5b36 -C extra-filename=-f08f1f28ecf0a484 --out-dir /opt/rustwide/target/debug/examples -L dependency=/opt/rustwide/target/debug/deps --extern async_trait=/opt/rustwide/target/debug/deps/libasync_trait-3453bb6e76f3ba47.so --extern celers_broker_sql=/opt/rustwide/target/debug/deps/libcelers_broker_sql-b84307a390b9bbd9.rlib --extern celers_core=/opt/rustwide/target/debug/deps/libcelers_core-12fb137ffbeda13c.rlib --extern chrono=/opt/rustwide/target/debug/deps/libchrono-3de54763e43dd7ba.rlib --extern criterion=/opt/rustwide/target/debug/deps/libcriterion-fff3ec2f3f28f029.rlib --extern futures=/opt/rustwide/target/debug/deps/libfutures-2edabfcbc03ed66f.rlib --extern oxiarc_deflate=/opt/rustwide/target/debug/deps/liboxiarc_deflate-1c7f60169d703e16.rlib --extern rand=/opt/rustwide/target/debug/deps/librand-2855c165c68048a9.rlib --extern rust_decimal=/opt/rustwide/target/debug/deps/librust_decimal-f450af80485176d9.rlib --extern serde=/opt/rustwide/target/debug/deps/libserde-5888ac5c23c18421.rlib --extern serde_json=/opt/rustwide/target/debug/deps/libserde_json-ac8da3a9c779f800.rlib --extern sqlx=/opt/rustwide/target/debug/deps/libsqlx-6be1c1e7a0f24814.rlib --extern tempfile=/opt/rustwide/target/debug/deps/libtempfile-6bef0b6b7080282a.rlib --extern thiserror=/opt/rustwide/target/debug/deps/libthiserror-5e90adc18491a337.rlib --extern tokio=/opt/rustwide/target/debug/deps/libtokio-6f7786d6e263c1a1.rlib --extern tokio_test=/opt/rustwide/target/debug/deps/libtokio_test-eb54bfecc68dea87.rlib --extern tracing=/opt/rustwide/target/debug/deps/libtracing-4cef0f2badfdb422.rlib --extern tracing_subscriber=/opt/rustwide/target/debug/deps/libtracing_subscriber-5138e804d94dd731.rlib --extern uuid=/opt/rustwide/target/debug/deps/libuuid-c0d6f20709b6da2a.rlib --cap-lints=warn -L native=/opt/rustwide/target/debug/build/ring-ea03809487cf0396/out -L native=/opt/rustwide/target/debug/build/alloca-9efc0fb0a4393ff9/out` (signal: 9, SIGKILL: kill)
[INFO] [stdout] error: linking with `cc` failed: exit status: 1
[INFO] [stdout]   |
[INFO] [stdout]   = note:  "cc" "-m64" "/opt/rustwide/target/debug/examples/rustcHvEj6U/symbols.o" "<4 object files omitted>" "-Wl,--as-needed" "-Wl,-Bstatic" "/opt/rustwide/target/debug/deps/{libtracing_subscriber-5138e804d94dd731,libsharded_slab-f7bec1e9188c8446,libmatchers-657b767e2e15aeb8,libnu_ansi_term-745c727bb3e87c52,libthread_local-b4f6fe44d641c0b1,libtracing_log-510f2bf8b9768cfe,libcelers_broker_sql-b84307a390b9bbd9,liboxiarc_deflate-1c7f60169d703e16,liboxiarc_core-f8d7f4120fb6e261,libsqlx-6be1c1e7a0f24814,libsqlx_postgres-a3c5332465215378,libhex-13e08b3b00984ab7,libwhoami-679b18861a32e944,libhome-2459c00c573c2c5a,libmd5-e9cc4a853d997d7a,libatoi-4470b33703759cad,libstringprep-4d35882c7579d9cf,libunicode_properties-d98df78cf9438258,libunicode_normalization-38897611c04e14d9,libtinyvec-aaac35e3e185f648,libtinyvec_macros-7b77ea21c73594ca,libunicode_bidi-a9d2c96e849c6f3c,libhkdf-4cf321b0f608d56c,libhmac-cf9f1ac488bb0e8d,libsqlx_mysql-5072ab234a453c25,libdotenvy-6d8015f91495fe74,libcrc-25688e51664257b1,libcrc_catalog-5af10f2bf5720cb5,libbyteorder-7fb216e967c6a54f,libbitflags-4e2320b9b80e470f,libsha1-9336ab8fb70d39b6,librsa-eb0c1cba96916cae,libpkcs1-9134e8fbf9bc43da,libpkcs8-470b58cefc9cdf9f,libspki-bc92a942e2b17e04,libder-12e39d39dee0011c,libpem_rfc7468-68a26afe4db4273c,libbase64ct-050420b1c69ac317,libsignature-e6635b4f261918a1,libnum_bigint_dig-377d5f0640110114,liblibm-24398d5f7d3c709c,libnum_iter-13bde6416c602887,libnum_integer-bef138e9a3b7c38e,liblazy_static-c8a1c7184ffedcfe,libspin-77da57a1b47d23a3,librand-bcb1542a8593568d,librand_chacha-1309db18ffe19358,libppv_lite86-b51feb17b1c43d37,libzerocopy-52affe309776b055,librand_core-d3604a144f1290be,libsqlx_core-3f5b82ccb75594a8,libwebpki_roots-c3e1a746a4f82007,libwebpki_roots-d9cc86348a7593ab,libindexmap-f006485b143d2676,libhashbrown-25abce2d85979e8d,libbase64-faebe21c393c2ed7,libsha2-ad852eda99af68e4,libcpufeatures-e04321643d03190d,libdigest-931b7a7ff7ccd9a6,libconst_oid-2aadc73a32842898,libblock_buffer-ceb5bfb4b62e5dc4,libcrypto_common-56b940ef3ee0385e,libgeneric_array-3399f74876fb1fa9,libtypenum-973adb5204d6e560,librustls-327e99e11a980f55,libsubtle-2ae6a7038b9a0630,libwebpki-85b95495efd5f143,libring-16b17ccd0d2cc312,libgetrandom-23d8bf2e7269f879,libuntrusted-b2f816886faf2178,librustls_pki_types-a1ff9279e609de76,libzeroize-7f213bea776ca5b6,libhashlink-f007fbd3ee912335,libhashbrown-621f4a290160b487,libfoldhash-07f233db1c671507,libequivalent-6a754676e6af62ae,liballocator_api2-8d9c1e895dea53bd,librust_decimal-f450af80485176d9,libarrayvec-9d0aa62fa88910b3,liburl-872641f50130b5f9,libidna-9dea0c60b7a15271,libutf8_iter-51566bbad89f3a68,libidna_adapter-2299b48d6e6a59ad,libicu_properties-82ff42289bb7499c,libicu_properties_data-b217809bf575558a,libicu_normalizer-92449c21b4ac0cde,libicu_normalizer_data-ab8997d7cbbb3306,libicu_collections-f0026b89614cd57d,libpotential_utf-1a624fe73bbd467a,libicu_provider-0397860365ebade6,libicu_locale_core-816fe88e71ee8167,libtinystr-a70de79dd32ef62f,liblitemap-cd9b5b2aa04e2018,libwriteable-4f74a67d38fff78e,libzerovec-d945614e18b562f6,libzerotrie-ebf521f2ef5efadc,libyoke-da17f70501a25c31,libstable_deref_trait-63cbf3f3d3f94e56,libzerofrom-9cf902e0d855375e,libform_urlencoded-98cc7da289c29f13,libpercent_encoding-fa055ecaa1e57cfa,libcrossbeam_queue-7daa350311a600b8,libcrossbeam_utils-f696a08ab1e94e7a,libeither-71ff50dd978a9518,libevent_listener-63c7a54bfdcdbf3a,libparking-a9ae72c6c16ee980,libfutures_util-86154ff1ea85ba6d,libfutures_io-3814ffd654d7040e,libslab-ed301aba3460fb05,libfutures_channel-bd7c0550db5745e8,libfutures_sink-2422b5cc970bfebd,libfutures_task-36f327cfab86eddc,libfutures_core-1121ff913ed87f93,libcelers_core-12fb137ffbeda13c,libnum_cpus-c95b51094520aa2a,libtracing-4cef0f2badfdb422,liblog-b262261d47bd2eba,libtracing_core-d26029c784af5925,libonce_cell-b5bdc597ed9676b3,libregex-1342197ac76a7579,libregex_automata-e4e8d49138828df4,libaho_corasick-fa94425a423a79cf,libregex_syntax-6d6ee545e2ffad72,librand-2855c165c68048a9,libchacha20-82fd443d327e1971,libcpufeatures-6c1f78f4142e3013,libserde_json-ac8da3a9c779f800,libmemchr-5cfa70d22cb32987,libitoa-5de11b3b23bfe572,libzmij-ef63f1da73704b4c,libtokio-6f7786d6e263c1a1,libsignal_hook_registry-0370c074c4bef323,liberrno-1d9457f3d77a0a23,libsocket2-050091baf38e5996,libbytes-2ed9460101f17bbf,libmio-ed53eae200549b32,libparking_lot-2df207b194fe1b11,libparking_lot_core-cfef0ff7c5eb037a,libsmallvec-172cf739dfffd960,liblock_api-16d46fed645f7bff,libscopeguard-7ec2214574194454,libpin_project_lite-0a15d51c77964692,libchrono-3de54763e43dd7ba,libiana_time_zone-bcd81aefedc374a6,libnum_traits-5f5f7eaedd5abb87,libthiserror-5e90adc18491a337,libuuid-c0d6f20709b6da2a,libgetrandom-78f21951e69058a1,liblibc-585253b8e2aa2651,librand_core-0c7241369648ce5c,libcfg_if-83060ec5685761ae,libserde-5888ac5c23c18421,libserde_core-49c5f0449f9ff544}.rlib" "<sysroot>/lib/rustlib/x86_64-unknown-linux-gnu/lib/{libstd-*,libpanic_unwind-*,libobject-*,libmemchr-*,libaddr2line-*,libgimli-*,libcfg_if-*,librustc_demangle-*,libstd_detect-*,libhashbrown-*,librustc_std_workspace_alloc-*,libminiz_oxide-*,libadler2-*,libunwind-*,liblibc-*,librustc_std_workspace_core-*,liballoc-*,libcore-*,libcompiler_builtins-*}.rlib" "-Wl,-Bdynamic" "-lgcc_s" "-lutil" "-lrt" "-lpthread" "-lm" "-ldl" "-lc" "-L" "/opt/rustwide/target/debug/examples/rustcHvEj6U/raw-dylibs" "-B<sysroot>/lib/rustlib/x86_64-unknown-linux-gnu/bin/gcc-ld" "-fuse-ld=lld" "-Wl,--eh-frame-hdr" "-Wl,-z,noexecstack" "-L" "/opt/rustwide/target/debug/build/ring-ea03809487cf0396/out" "-L" "/opt/rustwide/target/debug/build/alloca-9efc0fb0a4393ff9/out" "-L" "<sysroot>/lib/rustlib/x86_64-unknown-linux-gnu/lib" "-o" "/opt/rustwide/target/debug/examples/sql_circuit_breaker-3422f3945e28f512" "-Wl,--gc-sections" "-pie" "-Wl,-z,relro,-z,now" "-nodefaultlibs"
[INFO] [stdout]   = note: some arguments are omitted. use `--verbose` to show all linker arguments
[INFO] [stdout]   = note: collect2: fatal error: ld terminated with signal 9 [Killed]
[INFO] [stdout]           compilation terminated.
[INFO] [stdout]           
[INFO] [stdout] 
[INFO] [stdout] 
[INFO] [stderr] error: could not compile `celers-broker-sql` (example "sql_circuit_breaker") due to 1 previous error
[INFO] [stdout] error: linking with `cc` failed: exit status: 1
[INFO] [stdout]   |
[INFO] [stdout]   = note:  "cc" "-m64" "/opt/rustwide/target/debug/examples/rustcSAs2md/symbols.o" "<5 object files omitted>" "-Wl,--as-needed" "-Wl,-Bstatic" "/opt/rustwide/target/debug/deps/{libtracing_subscriber-5138e804d94dd731,libsharded_slab-f7bec1e9188c8446,libmatchers-657b767e2e15aeb8,libnu_ansi_term-745c727bb3e87c52,libthread_local-b4f6fe44d641c0b1,libtracing_log-510f2bf8b9768cfe,libcelers_broker_sql-b84307a390b9bbd9,liboxiarc_deflate-1c7f60169d703e16,liboxiarc_core-f8d7f4120fb6e261,libsqlx-6be1c1e7a0f24814,libsqlx_postgres-a3c5332465215378,libhex-13e08b3b00984ab7,libwhoami-679b18861a32e944,libhome-2459c00c573c2c5a,libmd5-e9cc4a853d997d7a,libatoi-4470b33703759cad,libstringprep-4d35882c7579d9cf,libunicode_properties-d98df78cf9438258,libunicode_normalization-38897611c04e14d9,libtinyvec-aaac35e3e185f648,libtinyvec_macros-7b77ea21c73594ca,libunicode_bidi-a9d2c96e849c6f3c,libhkdf-4cf321b0f608d56c,libhmac-cf9f1ac488bb0e8d,libsqlx_mysql-5072ab234a453c25,libdotenvy-6d8015f91495fe74,libcrc-25688e51664257b1,libcrc_catalog-5af10f2bf5720cb5,libbyteorder-7fb216e967c6a54f,libbitflags-4e2320b9b80e470f,libsha1-9336ab8fb70d39b6,librsa-eb0c1cba96916cae,libpkcs1-9134e8fbf9bc43da,libpkcs8-470b58cefc9cdf9f,libspki-bc92a942e2b17e04,libder-12e39d39dee0011c,libpem_rfc7468-68a26afe4db4273c,libbase64ct-050420b1c69ac317,libsignature-e6635b4f261918a1,libnum_bigint_dig-377d5f0640110114,liblibm-24398d5f7d3c709c,libnum_iter-13bde6416c602887,libnum_integer-bef138e9a3b7c38e,liblazy_static-c8a1c7184ffedcfe,libspin-77da57a1b47d23a3,librand-bcb1542a8593568d,librand_chacha-1309db18ffe19358,libppv_lite86-b51feb17b1c43d37,libzerocopy-52affe309776b055,librand_core-d3604a144f1290be,libsqlx_core-3f5b82ccb75594a8,libwebpki_roots-c3e1a746a4f82007,libwebpki_roots-d9cc86348a7593ab,libindexmap-f006485b143d2676,libhashbrown-25abce2d85979e8d,libbase64-faebe21c393c2ed7,libsha2-ad852eda99af68e4,libcpufeatures-e04321643d03190d,libdigest-931b7a7ff7ccd9a6,libconst_oid-2aadc73a32842898,libblock_buffer-ceb5bfb4b62e5dc4,libcrypto_common-56b940ef3ee0385e,libgeneric_array-3399f74876fb1fa9,libtypenum-973adb5204d6e560,librustls-327e99e11a980f55,libsubtle-2ae6a7038b9a0630,libwebpki-85b95495efd5f143,libring-16b17ccd0d2cc312,libgetrandom-23d8bf2e7269f879,libuntrusted-b2f816886faf2178,librustls_pki_types-a1ff9279e609de76,libzeroize-7f213bea776ca5b6,libhashlink-f007fbd3ee912335,libhashbrown-621f4a290160b487,libfoldhash-07f233db1c671507,libequivalent-6a754676e6af62ae,liballocator_api2-8d9c1e895dea53bd,librust_decimal-f450af80485176d9,libarrayvec-9d0aa62fa88910b3,liburl-872641f50130b5f9,libidna-9dea0c60b7a15271,libutf8_iter-51566bbad89f3a68,libidna_adapter-2299b48d6e6a59ad,libicu_properties-82ff42289bb7499c,libicu_properties_data-b217809bf575558a,libicu_normalizer-92449c21b4ac0cde,libicu_normalizer_data-ab8997d7cbbb3306,libicu_collections-f0026b89614cd57d,libpotential_utf-1a624fe73bbd467a,libicu_provider-0397860365ebade6,libicu_locale_core-816fe88e71ee8167,libtinystr-a70de79dd32ef62f,liblitemap-cd9b5b2aa04e2018,libwriteable-4f74a67d38fff78e,libzerovec-d945614e18b562f6,libzerotrie-ebf521f2ef5efadc,libyoke-da17f70501a25c31,libstable_deref_trait-63cbf3f3d3f94e56,libzerofrom-9cf902e0d855375e,libform_urlencoded-98cc7da289c29f13,libpercent_encoding-fa055ecaa1e57cfa,libcrossbeam_queue-7daa350311a600b8,libcrossbeam_utils-f696a08ab1e94e7a,libeither-71ff50dd978a9518,libevent_listener-63c7a54bfdcdbf3a,libparking-a9ae72c6c16ee980,libfutures_util-86154ff1ea85ba6d,libfutures_io-3814ffd654d7040e,libslab-ed301aba3460fb05,libfutures_channel-bd7c0550db5745e8,libfutures_sink-2422b5cc970bfebd,libfutures_task-36f327cfab86eddc,libfutures_core-1121ff913ed87f93,libcelers_core-12fb137ffbeda13c,libnum_cpus-c95b51094520aa2a,libtracing-4cef0f2badfdb422,liblog-b262261d47bd2eba,libtracing_core-d26029c784af5925,libonce_cell-b5bdc597ed9676b3,libregex-1342197ac76a7579,libregex_automata-e4e8d49138828df4,libaho_corasick-fa94425a423a79cf,libregex_syntax-6d6ee545e2ffad72,librand-2855c165c68048a9,libchacha20-82fd443d327e1971,libcpufeatures-6c1f78f4142e3013,libserde_json-ac8da3a9c779f800,libmemchr-5cfa70d22cb32987,libitoa-5de11b3b23bfe572,libzmij-ef63f1da73704b4c,libtokio-6f7786d6e263c1a1,libsignal_hook_registry-0370c074c4bef323,liberrno-1d9457f3d77a0a23,libsocket2-050091baf38e5996,libbytes-2ed9460101f17bbf,libmio-ed53eae200549b32,libparking_lot-2df207b194fe1b11,libparking_lot_core-cfef0ff7c5eb037a,libsmallvec-172cf739dfffd960,liblock_api-16d46fed645f7bff,libscopeguard-7ec2214574194454,libpin_project_lite-0a15d51c77964692,libchrono-3de54763e43dd7ba,libiana_time_zone-bcd81aefedc374a6,libnum_traits-5f5f7eaedd5abb87,libthiserror-5e90adc18491a337,libuuid-c0d6f20709b6da2a,libgetrandom-78f21951e69058a1,liblibc-585253b8e2aa2651,librand_core-0c7241369648ce5c,libcfg_if-83060ec5685761ae,libserde-5888ac5c23c18421,libserde_core-49c5f0449f9ff544}.rlib" "<sysroot>/lib/rustlib/x86_64-unknown-linux-gnu/lib/{libstd-*,libpanic_unwind-*,libobject-*,libmemchr-*,libaddr2line-*,libgimli-*,libcfg_if-*,librustc_demangle-*,libstd_detect-*,libhashbrown-*,librustc_std_workspace_alloc-*,libminiz_oxide-*,libadler2-*,libunwind-*,liblibc-*,librustc_std_workspace_core-*,liballoc-*,libcore-*,libcompiler_builtins-*}.rlib" "-Wl,-Bdynamic" "-lgcc_s" "-lutil" "-lrt" "-lpthread" "-lm" "-ldl" "-lc" "-L" "/opt/rustwide/target/debug/examples/rustcSAs2md/raw-dylibs" "-B<sysroot>/lib/rustlib/x86_64-unknown-linux-gnu/bin/gcc-ld" "-fuse-ld=lld" "-Wl,--eh-frame-hdr" "-Wl,-z,noexecstack" "-L" "/opt/rustwide/target/debug/build/ring-ea03809487cf0396/out" "-L" "/opt/rustwide/target/debug/build/alloca-9efc0fb0a4393ff9/out" "-L" "<sysroot>/lib/rustlib/x86_64-unknown-linux-gnu/lib" "-o" "/opt/rustwide/target/debug/examples/worker_heartbeat-15baf78ef75f5594" "-Wl,--gc-sections" "-pie" "-Wl,-z,relro,-z,now" "-nodefaultlibs"
[INFO] [stdout]   = note: some arguments are omitted. use `--verbose` to show all linker arguments
[INFO] [stdout]   = note: collect2: fatal error: ld terminated with signal 9 [Killed]
[INFO] [stdout]           compilation terminated.
[INFO] [stdout]           
[INFO] [stdout] 
[INFO] [stdout] 
[INFO] [stderr] error: could not compile `celers-broker-sql` (example "worker_heartbeat") due to 1 previous error
[INFO] [stdout] error: linking with `cc` failed: exit status: 1
[INFO] [stdout]   |
[INFO] [stdout]   = note:  "cc" "-m64" "/opt/rustwide/target/debug/examples/rustcWf4OPG/symbols.o" "<6 object files omitted>" "-Wl,--as-needed" "-Wl,-Bstatic" "/opt/rustwide/target/debug/deps/{libtracing_subscriber-5138e804d94dd731,libsharded_slab-f7bec1e9188c8446,libmatchers-657b767e2e15aeb8,libnu_ansi_term-745c727bb3e87c52,libthread_local-b4f6fe44d641c0b1,libtracing_log-510f2bf8b9768cfe,libcelers_broker_sql-b84307a390b9bbd9,liboxiarc_deflate-1c7f60169d703e16,liboxiarc_core-f8d7f4120fb6e261,libsqlx-6be1c1e7a0f24814,libsqlx_postgres-a3c5332465215378,libhex-13e08b3b00984ab7,libwhoami-679b18861a32e944,libhome-2459c00c573c2c5a,libmd5-e9cc4a853d997d7a,libatoi-4470b33703759cad,libstringprep-4d35882c7579d9cf,libunicode_properties-d98df78cf9438258,libunicode_normalization-38897611c04e14d9,libtinyvec-aaac35e3e185f648,libtinyvec_macros-7b77ea21c73594ca,libunicode_bidi-a9d2c96e849c6f3c,libhkdf-4cf321b0f608d56c,libhmac-cf9f1ac488bb0e8d,libsqlx_mysql-5072ab234a453c25,libdotenvy-6d8015f91495fe74,libcrc-25688e51664257b1,libcrc_catalog-5af10f2bf5720cb5,libbyteorder-7fb216e967c6a54f,libbitflags-4e2320b9b80e470f,libsha1-9336ab8fb70d39b6,librsa-eb0c1cba96916cae,libpkcs1-9134e8fbf9bc43da,libpkcs8-470b58cefc9cdf9f,libspki-bc92a942e2b17e04,libder-12e39d39dee0011c,libpem_rfc7468-68a26afe4db4273c,libbase64ct-050420b1c69ac317,libsignature-e6635b4f261918a1,libnum_bigint_dig-377d5f0640110114,liblibm-24398d5f7d3c709c,libnum_iter-13bde6416c602887,libnum_integer-bef138e9a3b7c38e,liblazy_static-c8a1c7184ffedcfe,libspin-77da57a1b47d23a3,librand-bcb1542a8593568d,librand_chacha-1309db18ffe19358,libppv_lite86-b51feb17b1c43d37,libzerocopy-52affe309776b055,librand_core-d3604a144f1290be,libsqlx_core-3f5b82ccb75594a8,libwebpki_roots-c3e1a746a4f82007,libwebpki_roots-d9cc86348a7593ab,libindexmap-f006485b143d2676,libhashbrown-25abce2d85979e8d,libbase64-faebe21c393c2ed7,libsha2-ad852eda99af68e4,libcpufeatures-e04321643d03190d,libdigest-931b7a7ff7ccd9a6,libconst_oid-2aadc73a32842898,libblock_buffer-ceb5bfb4b62e5dc4,libcrypto_common-56b940ef3ee0385e,libgeneric_array-3399f74876fb1fa9,libtypenum-973adb5204d6e560,librustls-327e99e11a980f55,libsubtle-2ae6a7038b9a0630,libwebpki-85b95495efd5f143,libring-16b17ccd0d2cc312,libgetrandom-23d8bf2e7269f879,libuntrusted-b2f816886faf2178,librustls_pki_types-a1ff9279e609de76,libzeroize-7f213bea776ca5b6,libhashlink-f007fbd3ee912335,libhashbrown-621f4a290160b487,libfoldhash-07f233db1c671507,libequivalent-6a754676e6af62ae,liballocator_api2-8d9c1e895dea53bd,librust_decimal-f450af80485176d9,libarrayvec-9d0aa62fa88910b3,liburl-872641f50130b5f9,libidna-9dea0c60b7a15271,libutf8_iter-51566bbad89f3a68,libidna_adapter-2299b48d6e6a59ad,libicu_properties-82ff42289bb7499c,libicu_properties_data-b217809bf575558a,libicu_normalizer-92449c21b4ac0cde,libicu_normalizer_data-ab8997d7cbbb3306,libicu_collections-f0026b89614cd57d,libpotential_utf-1a624fe73bbd467a,libicu_provider-0397860365ebade6,libicu_locale_core-816fe88e71ee8167,libtinystr-a70de79dd32ef62f,liblitemap-cd9b5b2aa04e2018,libwriteable-4f74a67d38fff78e,libzerovec-d945614e18b562f6,libzerotrie-ebf521f2ef5efadc,libyoke-da17f70501a25c31,libstable_deref_trait-63cbf3f3d3f94e56,libzerofrom-9cf902e0d855375e,libform_urlencoded-98cc7da289c29f13,libpercent_encoding-fa055ecaa1e57cfa,libcrossbeam_queue-7daa350311a600b8,libcrossbeam_utils-f696a08ab1e94e7a,libeither-71ff50dd978a9518,libevent_listener-63c7a54bfdcdbf3a,libparking-a9ae72c6c16ee980,libfutures_util-86154ff1ea85ba6d,libfutures_io-3814ffd654d7040e,libslab-ed301aba3460fb05,libfutures_channel-bd7c0550db5745e8,libfutures_sink-2422b5cc970bfebd,libfutures_task-36f327cfab86eddc,libfutures_core-1121ff913ed87f93,libcelers_core-12fb137ffbeda13c,libnum_cpus-c95b51094520aa2a,libtracing-4cef0f2badfdb422,liblog-b262261d47bd2eba,libtracing_core-d26029c784af5925,libonce_cell-b5bdc597ed9676b3,libregex-1342197ac76a7579,libregex_automata-e4e8d49138828df4,libaho_corasick-fa94425a423a79cf,libregex_syntax-6d6ee545e2ffad72,librand-2855c165c68048a9,libchacha20-82fd443d327e1971,libcpufeatures-6c1f78f4142e3013,libserde_json-ac8da3a9c779f800,libmemchr-5cfa70d22cb32987,libitoa-5de11b3b23bfe572,libzmij-ef63f1da73704b4c,libtokio-6f7786d6e263c1a1,libsignal_hook_registry-0370c074c4bef323,liberrno-1d9457f3d77a0a23,libsocket2-050091baf38e5996,libbytes-2ed9460101f17bbf,libmio-ed53eae200549b32,libparking_lot-2df207b194fe1b11,libparking_lot_core-cfef0ff7c5eb037a,libsmallvec-172cf739dfffd960,liblock_api-16d46fed645f7bff,libscopeguard-7ec2214574194454,libpin_project_lite-0a15d51c77964692,libchrono-3de54763e43dd7ba,libiana_time_zone-bcd81aefedc374a6,libnum_traits-5f5f7eaedd5abb87,libthiserror-5e90adc18491a337,libuuid-c0d6f20709b6da2a,libgetrandom-78f21951e69058a1,liblibc-585253b8e2aa2651,librand_core-0c7241369648ce5c,libcfg_if-83060ec5685761ae,libserde-5888ac5c23c18421,libserde_core-49c5f0449f9ff544}.rlib" "<sysroot>/lib/rustlib/x86_64-unknown-linux-gnu/lib/{libstd-*,libpanic_unwind-*,libobject-*,libmemchr-*,libaddr2line-*,libgimli-*,libcfg_if-*,librustc_demangle-*,libstd_detect-*,libhashbrown-*,librustc_std_workspace_alloc-*,libminiz_oxide-*,libadler2-*,libunwind-*,liblibc-*,librustc_std_workspace_core-*,liballoc-*,libcore-*,libcompiler_builtins-*}.rlib" "-Wl,-Bdynamic" "-lgcc_s" "-lutil" "-lrt" "-lpthread" "-lm" "-ldl" "-lc" "-L" "/opt/rustwide/target/debug/examples/rustcWf4OPG/raw-dylibs" "-B<sysroot>/lib/rustlib/x86_64-unknown-linux-gnu/bin/gcc-ld" "-fuse-ld=lld" "-Wl,--eh-frame-hdr" "-Wl,-z,noexecstack" "-L" "/opt/rustwide/target/debug/build/ring-ea03809487cf0396/out" "-L" "/opt/rustwide/target/debug/build/alloca-9efc0fb0a4393ff9/out" "-L" "<sysroot>/lib/rustlib/x86_64-unknown-linux-gnu/lib" "-o" "/opt/rustwide/target/debug/examples/sql_distributed_tracing-aaa13a740b562282" "-Wl,--gc-sections" "-pie" "-Wl,-z,relro,-z,now" "-nodefaultlibs"
[INFO] [stdout]   = note: some arguments are omitted. use `--verbose` to show all linker arguments
[INFO] [stdout]   = note: collect2: fatal error: ld terminated with signal 9 [Killed]
[INFO] [stdout]           compilation terminated.
[INFO] [stdout]           
[INFO] [stdout] 
[INFO] [stdout] 
[INFO] [stderr] error: could not compile `celers-broker-sql` (example "sql_distributed_tracing") due to 1 previous error
[INFO] running `Command { std: "docker" "inspect" "f91009437b52a73001976f78be5d03dd04a09096d50597c8023c4748bdb4bd7b", kill_on_drop: false }`
[INFO] running `Command { std: "docker" "rm" "-f" "f91009437b52a73001976f78be5d03dd04a09096d50597c8023c4748bdb4bd7b", kill_on_drop: false }`
[INFO] [stdout] f91009437b52a73001976f78be5d03dd04a09096d50597c8023c4748bdb4bd7b
