[INFO] cloning repository https://github.com/kl4rk/rust-bmi-tue
[INFO] running `Command { std: "git" "-c" "credential.helper=" "-c" "credential.helper=/workspace/cargo-home/bin/git-credential-null" "clone" "--bare" "https://github.com/kl4rk/rust-bmi-tue" "/workspace/cache/git-repos/https%3A%2F%2Fgithub.com%2Fkl4rk%2Frust-bmi-tue", kill_on_drop: false }`
[INFO] [stderr] Cloning into bare repository '/workspace/cache/git-repos/https%3A%2F%2Fgithub.com%2Fkl4rk%2Frust-bmi-tue'...
[INFO] running `Command { std: "git" "rev-parse" "HEAD", kill_on_drop: false }`
[INFO] [stdout] 376801008a1c73f6d91420994c14f40b092f3bd9
[INFO] testing kl4rk/rust-bmi-tue against 1.97.0-beta.6 for beta-1.98-2
[INFO] running `Command { std: "git" "clone" "/workspace/cache/git-repos/https%3A%2F%2Fgithub.com%2Fkl4rk%2Frust-bmi-tue" "/workspace/builds/worker-0-tc1/source", kill_on_drop: false }`
[INFO] [stderr] Cloning into '/workspace/builds/worker-0-tc1/source'...
[INFO] [stderr] done.
[INFO] started tweaking git repo https://github.com/kl4rk/rust-bmi-tue
[INFO] finished tweaking git repo https://github.com/kl4rk/rust-bmi-tue
[INFO] tweaked toml for git repo https://github.com/kl4rk/rust-bmi-tue written to /workspace/builds/worker-0-tc1/source/Cargo.toml
[INFO] validating manifest of git repo https://github.com/kl4rk/rust-bmi-tue on toolchain 1.97.0-beta.6
[INFO] running `Command { std: CARGO_HOME="/workspace/cargo-home" RUSTUP_HOME="/workspace/rustup-home" "/workspace/cargo-home/bin/cargo" "+1.97.0-beta.6" "metadata" "--manifest-path" "Cargo.toml" "--no-deps", kill_on_drop: false }`
[INFO] crate git repo https://github.com/kl4rk/rust-bmi-tue already has a lockfile, it will not be regenerated
[INFO] running `Command { std: CARGO_HOME="/workspace/cargo-home" RUSTUP_HOME="/workspace/rustup-home" "/workspace/cargo-home/bin/cargo" "+1.97.0-beta.6" "fetch" "--manifest-path" "Cargo.toml", kill_on_drop: false }`
[INFO] [stderr]     Updating crates.io index
[INFO] [stderr]  Downloading crates ...
[INFO] [stderr]   Downloaded time v0.3.21
[INFO] [stderr]   Downloaded clap_lex v0.4.1
[INFO] [stderr]   Downloaded anstyle v1.0.0
[INFO] [stderr]   Downloaded is-terminal v0.4.7
[INFO] [stderr]   Downloaded newline-converter v0.2.2
[INFO] [stderr]   Downloaded dyn-clone v1.0.11
[INFO] [stderr]   Downloaded clap_derive v4.2.0
[INFO] [stderr]   Downloaded float_eq v1.0.1
[INFO] [stderr]   Downloaded clap v4.2.7
[INFO] [stderr]   Downloaded serde_derive v1.0.162
[INFO] [stderr]   Downloaded inquire v0.6.1
[INFO] [stderr]   Downloaded anstyle-parse v0.2.0
[INFO] [stderr]   Downloaded serde v1.0.162
[INFO] [stderr]   Downloaded clap_builder v4.2.7
[INFO] [stderr]   Downloaded libc v0.2.143
[INFO] [stderr]   Downloaded linux-raw-sys v0.3.7
[INFO] running `Command { std: "docker" "create" "-v" "/var/lib/crater-agent-workspace/builds/worker-0-tc1/source:/opt/rustwide/workdir:ro,Z" "-v" "/var/lib/crater-agent-workspace/builds/worker-0-tc1/target:/opt/rustwide/target:rw,Z" "-v" "/var/lib/crater-agent-workspace/cargo-home:/opt/rustwide/cargo-home:ro,Z" "-v" "/var/lib/crater-agent-workspace/rustup-home:/opt/rustwide/rustup-home:ro,Z" "-m" "1610612736" "--network" "none" "ghcr.io/rust-lang/crates-build-env/linux@sha256:3d5ced03c013a94a2f102a4510f48a6e9184255caf5fd8244f58017bde7f5210" "sleep" "infinity", kill_on_drop: false }`
[INFO] [stdout] 48d8383a8c182b1a0870c26781c57255e8fe68d0a2f7c10c3cfc2aaf7a80d875
[INFO] running `Command { std: "docker" "start" "48d8383a8c182b1a0870c26781c57255e8fe68d0a2f7c10c3cfc2aaf7a80d875", kill_on_drop: false }`
[INFO] running `Command { std: "docker" "inspect" "48d8383a8c182b1a0870c26781c57255e8fe68d0a2f7c10c3cfc2aaf7a80d875", kill_on_drop: false }`
[INFO] running `Command { std: "docker" "exec" "-e" "SOURCE_DIR=/opt/rustwide/workdir" "-e" "CARGO_HOME=/opt/rustwide/cargo-home" "-e" "RUSTUP_HOME=/opt/rustwide/rustup-home" "-e" "CARGO_TARGET_DIR=/opt/rustwide/target" "-w" "/opt/rustwide/workdir" "--user" "0:0" "48d8383a8c182b1a0870c26781c57255e8fe68d0a2f7c10c3cfc2aaf7a80d875" "/opt/rustwide/cargo-home/bin/cargo" "+1.97.0-beta.6" "metadata" "--no-deps" "--format-version=1", kill_on_drop: false }`
[INFO] running `Command { std: "docker" "inspect" "48d8383a8c182b1a0870c26781c57255e8fe68d0a2f7c10c3cfc2aaf7a80d875", kill_on_drop: false }`
[INFO] running `Command { std: "docker" "exec" "-e" "SOURCE_DIR=/opt/rustwide/workdir" "-e" "CARGO_HOME=/opt/rustwide/cargo-home" "-e" "RUSTUP_HOME=/opt/rustwide/rustup-home" "-e" "CARGO_TARGET_DIR=/opt/rustwide/target" "-e" "CARGO_INCREMENTAL=0" "-e" "RUST_BACKTRACE=full" "-e" "RUSTFLAGS=--cap-lints=warn" "-e" "RUSTDOCFLAGS=--cap-lints=warn" "-w" "/opt/rustwide/workdir" "--user" "0:0" "48d8383a8c182b1a0870c26781c57255e8fe68d0a2f7c10c3cfc2aaf7a80d875" "/opt/rustwide/cargo-home/bin/cargo" "+1.97.0-beta.6" "build" "--frozen" "--message-format=json", kill_on_drop: false }`
[INFO] [stderr]    Compiling libc v0.2.143
[INFO] [stderr]    Compiling io-lifetimes v1.0.10
[INFO] [stderr]    Compiling rustix v0.37.19
[INFO] [stderr]    Compiling parking_lot_core v0.9.7
[INFO] [stderr]    Compiling serde_derive v1.0.162
[INFO] [stderr]    Compiling linux-raw-sys v0.3.7
[INFO] [stderr]    Compiling signal-hook v0.3.15
[INFO] [stderr]    Compiling serde v1.0.162
[INFO] [stderr]    Compiling lock_api v0.4.9
[INFO] [stderr]    Compiling utf8parse v0.2.1
[INFO] [stderr]    Compiling anstyle v1.0.0
[INFO] [stderr]    Compiling anstyle-query v1.0.0
[INFO] [stderr]    Compiling colorchoice v1.0.0
[INFO] [stderr]    Compiling serde_json v1.0.96
[INFO] [stderr]    Compiling syn v2.0.15
[INFO] [stderr]    Compiling unicode-segmentation v1.10.1
[INFO] [stderr]    Compiling anstyle-parse v0.2.0
[INFO] [stderr]    Compiling clap_lex v0.4.1
[INFO] [stderr]    Compiling num_threads v0.1.6
[INFO] [stderr]    Compiling time-core v0.1.1
[INFO] [stderr]    Compiling dyn-clone v1.0.11
[INFO] [stderr]    Compiling float_eq v1.0.1
[INFO] [stderr]    Compiling newline-converter v0.2.2
[INFO] [stderr]    Compiling signal-hook-registry v1.4.1
[INFO] [stderr]    Compiling mio v0.8.6
[INFO] [stderr]    Compiling parking_lot v0.12.1
[INFO] [stderr]    Compiling signal-hook-mio v0.2.3
[INFO] [stderr]    Compiling crossterm v0.25.0
[INFO] [stderr]    Compiling is-terminal v0.4.7
[INFO] [stderr]    Compiling anstream v0.3.2
[INFO] [stderr]    Compiling clap_builder v4.2.7
[INFO] [stderr]    Compiling thiserror-impl v1.0.40
[INFO] [stderr]    Compiling clap_derive v4.2.0
[INFO] [stderr]    Compiling thiserror v1.0.40
[INFO] [stderr]    Compiling inquire v0.6.1
[INFO] [stderr]    Compiling clap v4.2.7
[INFO] [stderr]    Compiling time v0.3.21
[INFO] [stderr]    Compiling rust-bmi-tue v0.1.0 (/opt/rustwide/workdir)
[INFO] [stderr]     Finished `dev` profile [unoptimized + debuginfo] target(s) in 20.06s
[INFO] running `Command { std: "docker" "inspect" "48d8383a8c182b1a0870c26781c57255e8fe68d0a2f7c10c3cfc2aaf7a80d875", kill_on_drop: false }`
[INFO] running `Command { std: "docker" "exec" "-e" "SOURCE_DIR=/opt/rustwide/workdir" "-e" "CARGO_HOME=/opt/rustwide/cargo-home" "-e" "RUSTUP_HOME=/opt/rustwide/rustup-home" "-e" "CARGO_TARGET_DIR=/opt/rustwide/target" "-e" "CARGO_INCREMENTAL=0" "-e" "RUST_BACKTRACE=full" "-e" "RUSTFLAGS=--cap-lints=warn" "-e" "RUSTDOCFLAGS=--cap-lints=warn" "-w" "/opt/rustwide/workdir" "--user" "0:0" "48d8383a8c182b1a0870c26781c57255e8fe68d0a2f7c10c3cfc2aaf7a80d875" "/opt/rustwide/cargo-home/bin/cargo" "+1.97.0-beta.6" "test" "--frozen" "--no-run" "--message-format=json", kill_on_drop: false }`
[INFO] [stderr]    Compiling rust-bmi-tue v0.1.0 (/opt/rustwide/workdir)
[INFO] [stdout] error[E0308]: arguments to this function are incorrect
[INFO] [stdout]    --> src/tests.rs:7:23
[INFO] [stdout]     |
[INFO] [stdout]   7 |         let bmi_err = calculate_bmi(Height(0.0), Weight(78.0)).unwrap_err();
[INFO] [stdout]     |                       ^^^^^^^^^^^^^ -----------  ------------ expected `&Weight`, found `Weight`
[INFO] [stdout]     |                                     |
[INFO] [stdout]     |                                     expected `&Height`, found `Height`
[INFO] [stdout]     |
[INFO] [stdout] note: function defined here
[INFO] [stdout]    --> src/main.rs:131:8
[INFO] [stdout]     |
[INFO] [stdout] 131 | pub fn calculate_bmi(height: &Height, weight: &Weight) -> Result<Bmi, BmiError> {
[INFO] [stdout]     |        ^^^^^^^^^^^^^ ---------------  ---------------
[INFO] [stdout] help: consider borrowing here
[INFO] [stdout]     |
[INFO] [stdout]   7 |         let bmi_err = calculate_bmi(&Height(0.0), Weight(78.0)).unwrap_err();
[INFO] [stdout]     |                                     +
[INFO] [stdout] help: consider borrowing here
[INFO] [stdout]     |
[INFO] [stdout]   7 |         let bmi_err = calculate_bmi(Height(0.0), &Weight(78.0)).unwrap_err();
[INFO] [stdout]     |                                                  +
[INFO] [stdout] 
[INFO] [stdout] 
[INFO] [stdout] error[E0308]: arguments to this function are incorrect
[INFO] [stdout]    --> src/tests.rs:12:23
[INFO] [stdout]     |
[INFO] [stdout]  12 |         let bmi_err = calculate_bmi(Height(1.0), Weight(0.0)).unwrap_err();
[INFO] [stdout]     |                       ^^^^^^^^^^^^^ -----------  ----------- expected `&Weight`, found `Weight`
[INFO] [stdout]     |                                     |
[INFO] [stdout]     |                                     expected `&Height`, found `Height`
[INFO] [stdout]     |
[INFO] [stdout] note: function defined here
[INFO] [stdout]    --> src/main.rs:131:8
[INFO] [stdout]     |
[INFO] [stdout] 131 | pub fn calculate_bmi(height: &Height, weight: &Weight) -> Result<Bmi, BmiError> {
[INFO] [stdout]     |        ^^^^^^^^^^^^^ ---------------  ---------------
[INFO] [stdout] help: consider borrowing here
[INFO] [stdout]     |
[INFO] [stdout]  12 |         let bmi_err = calculate_bmi(&Height(1.0), Weight(0.0)).unwrap_err();
[INFO] [stdout]     |                                     +
[INFO] [stdout] help: consider borrowing here
[INFO] [stdout]     |
[INFO] [stdout]  12 |         let bmi_err = calculate_bmi(Height(1.0), &Weight(0.0)).unwrap_err();
[INFO] [stdout]     |                                                  +
[INFO] [stdout] 
[INFO] [stdout] 
[INFO] [stdout] error[E0308]: arguments to this function are incorrect
[INFO] [stdout]    --> src/tests.rs:18:19
[INFO] [stdout]     |
[INFO] [stdout]  18 |         let bmi = calculate_bmi(Height(1.84), Weight(78.0)).unwrap();
[INFO] [stdout]     |                   ^^^^^^^^^^^^^ ------------  ------------ expected `&Weight`, found `Weight`
[INFO] [stdout]     |                                 |
[INFO] [stdout]     |                                 expected `&Height`, found `Height`
[INFO] [stdout]     |
[INFO] [stdout] note: function defined here
[INFO] [stdout]    --> src/main.rs:131:8
[INFO] [stdout]     |
[INFO] [stdout] 131 | pub fn calculate_bmi(height: &Height, weight: &Weight) -> Result<Bmi, BmiError> {
[INFO] [stdout]     |        ^^^^^^^^^^^^^ ---------------  ---------------
[INFO] [stdout] help: consider borrowing here
[INFO] [stdout]     |
[INFO] [stdout]  18 |         let bmi = calculate_bmi(&Height(1.84), Weight(78.0)).unwrap();
[INFO] [stdout]     |                                 +
[INFO] [stdout] help: consider borrowing here
[INFO] [stdout]     |
[INFO] [stdout]  18 |         let bmi = calculate_bmi(Height(1.84), &Weight(78.0)).unwrap();
[INFO] [stdout]     |                                               +
[INFO] [stdout] 
[INFO] [stdout] 
[INFO] [stdout] For more information about this error, try `rustc --explain E0308`.
[INFO] [stdout] 
[INFO] [stderr] error: could not compile `rust-bmi-tue` (bin "rust-bmi-tue" test) due to 3 previous errors
[INFO] running `Command { std: "docker" "inspect" "48d8383a8c182b1a0870c26781c57255e8fe68d0a2f7c10c3cfc2aaf7a80d875", kill_on_drop: false }`
[INFO] running `Command { std: "docker" "rm" "-f" "48d8383a8c182b1a0870c26781c57255e8fe68d0a2f7c10c3cfc2aaf7a80d875", kill_on_drop: false }`
[INFO] [stdout] 48d8383a8c182b1a0870c26781c57255e8fe68d0a2f7c10c3cfc2aaf7a80d875
