[INFO] cloning repository https://github.com/jtianling/net-use
[INFO] running `Command { std: "git" "-c" "credential.helper=" "-c" "credential.helper=/workspace/cargo-home/bin/git-credential-null" "clone" "--bare" "https://github.com/jtianling/net-use" "/workspace/cache/git-repos/https%3A%2F%2Fgithub.com%2Fjtianling%2Fnet-use", kill_on_drop: false }`
[INFO] [stderr] Cloning into bare repository '/workspace/cache/git-repos/https%3A%2F%2Fgithub.com%2Fjtianling%2Fnet-use'...
[INFO] running `Command { std: "git" "rev-parse" "HEAD", kill_on_drop: false }`
[INFO] [stdout] f1aa1cc86fb0a4ad2b6cda943673672a9aa48a74
[INFO] testing jtianling/net-use against 1.98.0-beta.1 for beta-1.98-2
[INFO] running `Command { std: "git" "clone" "/workspace/cache/git-repos/https%3A%2F%2Fgithub.com%2Fjtianling%2Fnet-use" "/workspace/builds/worker-3-tc2/source", kill_on_drop: false }`
[INFO] [stderr] Cloning into '/workspace/builds/worker-3-tc2/source'...
[INFO] [stderr] done.
[INFO] started tweaking git repo https://github.com/jtianling/net-use
[INFO] finished tweaking git repo https://github.com/jtianling/net-use
[INFO] tweaked toml for git repo https://github.com/jtianling/net-use written to /workspace/builds/worker-3-tc2/source/Cargo.toml
[INFO] validating manifest of git repo https://github.com/jtianling/net-use on toolchain 1.98.0-beta.1
[INFO] running `Command { std: CARGO_HOME="/workspace/cargo-home" RUSTUP_HOME="/workspace/rustup-home" "/workspace/cargo-home/bin/cargo" "+1.98.0-beta.1" "metadata" "--manifest-path" "Cargo.toml" "--no-deps", kill_on_drop: false }`
[INFO] crate git repo https://github.com/jtianling/net-use already has a lockfile, it will not be regenerated
[INFO] running `Command { std: CARGO_HOME="/workspace/cargo-home" RUSTUP_HOME="/workspace/rustup-home" "/workspace/cargo-home/bin/cargo" "+1.98.0-beta.1" "fetch" "--manifest-path" "Cargo.toml", kill_on_drop: false }`
[INFO] running `Command { std: "docker" "create" "-v" "/var/lib/crater-agent-workspace/builds/worker-3-tc2/source:/opt/rustwide/workdir:ro,Z" "-v" "/var/lib/crater-agent-workspace/builds/worker-3-tc2/target:/opt/rustwide/target:rw,Z" "-v" "/var/lib/crater-agent-workspace/cargo-home:/opt/rustwide/cargo-home:ro,Z" "-v" "/var/lib/crater-agent-workspace/rustup-home:/opt/rustwide/rustup-home:ro,Z" "-m" "1610612736" "--network" "none" "ghcr.io/rust-lang/crates-build-env/linux@sha256:3d5ced03c013a94a2f102a4510f48a6e9184255caf5fd8244f58017bde7f5210" "sleep" "infinity", kill_on_drop: false }`
[INFO] [stdout] a30832085a8e65c4b5f13f2db9de41c919468d2f003f7020e6b0226785123d9e
[INFO] running `Command { std: "docker" "start" "a30832085a8e65c4b5f13f2db9de41c919468d2f003f7020e6b0226785123d9e", kill_on_drop: false }`
[INFO] running `Command { std: "docker" "inspect" "a30832085a8e65c4b5f13f2db9de41c919468d2f003f7020e6b0226785123d9e", kill_on_drop: false }`
[INFO] running `Command { std: "docker" "exec" "-e" "SOURCE_DIR=/opt/rustwide/workdir" "-e" "CARGO_HOME=/opt/rustwide/cargo-home" "-e" "RUSTUP_HOME=/opt/rustwide/rustup-home" "-e" "CARGO_TARGET_DIR=/opt/rustwide/target" "-w" "/opt/rustwide/workdir" "--user" "0:0" "a30832085a8e65c4b5f13f2db9de41c919468d2f003f7020e6b0226785123d9e" "/opt/rustwide/cargo-home/bin/cargo" "+1.98.0-beta.1" "metadata" "--no-deps" "--format-version=1", kill_on_drop: false }`
[INFO] running `Command { std: "docker" "inspect" "a30832085a8e65c4b5f13f2db9de41c919468d2f003f7020e6b0226785123d9e", kill_on_drop: false }`
[INFO] running `Command { std: "docker" "exec" "-e" "SOURCE_DIR=/opt/rustwide/workdir" "-e" "CARGO_HOME=/opt/rustwide/cargo-home" "-e" "RUSTUP_HOME=/opt/rustwide/rustup-home" "-e" "CARGO_TARGET_DIR=/opt/rustwide/target" "-e" "CARGO_INCREMENTAL=0" "-e" "RUST_BACKTRACE=full" "-e" "RUSTFLAGS=--cap-lints=warn" "-e" "RUSTDOCFLAGS=--cap-lints=warn" "-w" "/opt/rustwide/workdir" "--user" "0:0" "a30832085a8e65c4b5f13f2db9de41c919468d2f003f7020e6b0226785123d9e" "/opt/rustwide/cargo-home/bin/cargo" "+1.98.0-beta.1" "build" "--frozen" "--message-format=json", kill_on_drop: false }`
[INFO] [stderr]    Compiling proc-macro2 v1.0.106
[INFO] [stderr]    Compiling unicode-ident v1.0.24
[INFO] [stderr]    Compiling quote v1.0.44
[INFO] [stderr]    Compiling libc v0.2.182
[INFO] [stderr]    Compiling rustversion v1.0.22
[INFO] [stderr]    Compiling strsim v0.11.1
[INFO] [stderr]    Compiling log v0.4.29
[INFO] [stderr]    Compiling heck v0.5.0
[INFO] [stderr]    Compiling signal-hook v0.3.18
[INFO] [stderr]    Compiling serde_core v1.0.228
[INFO] [stderr]    Compiling equivalent v1.0.2
[INFO] [stderr]    Compiling itoa v1.0.17
[INFO] [stderr]    Compiling rustix v0.38.44
[INFO] [stderr]    Compiling instability v0.3.11
[INFO] [stderr]    Compiling bitflags v2.11.0
[INFO] [stderr]    Compiling paste v1.0.15
[INFO] [stderr]    Compiling either v1.15.0
[INFO] [stderr]    Compiling zmij v1.0.21
[INFO] [stderr]    Compiling linux-raw-sys v0.4.15
[INFO] [stderr]    Compiling allocator-api2 v0.2.21
[INFO] [stderr]    Compiling memchr v2.8.0
[INFO] [stderr]    Compiling foldhash v0.1.5
[INFO] [stderr]    Compiling deranged v0.5.8
[INFO] [stderr]    Compiling itertools v0.13.0
[INFO] [stderr]    Compiling anstream v0.6.21
[INFO] [stderr]    Compiling static_assertions v1.1.0
[INFO] [stderr]    Compiling ryu v1.0.23
[INFO] [stderr]    Compiling unicode-segmentation v1.12.0
[INFO] [stderr]    Compiling hashbrown v0.16.1
[INFO] [stderr]    Compiling num-conv v0.2.0
[INFO] [stderr]    Compiling serde_json v1.0.149
[INFO] [stderr]    Compiling time-core v0.1.8
[INFO] [stderr]    Compiling hashbrown v0.15.5
[INFO] [stderr]    Compiling thiserror v2.0.18
[INFO] [stderr]    Compiling unicode-width v0.1.14
[INFO] [stderr]    Compiling clap_lex v1.0.0
[INFO] [stderr]    Compiling anyhow v1.0.102
[INFO] [stderr]    Compiling indoc v2.0.7
[INFO] [stderr]    Compiling clap_builder v4.5.60
[INFO] [stderr]    Compiling indexmap v2.13.0
[INFO] [stderr]    Compiling syn v2.0.117
[INFO] [stderr]    Compiling castaway v0.2.4
[INFO] [stderr]    Compiling unicode-width v0.2.0
[INFO] [stderr]    Compiling quick-xml v0.38.4
[INFO] [stderr]    Compiling lru v0.12.5
[INFO] [stderr]    Compiling bytes v1.11.1
[INFO] [stderr]    Compiling compact_str v0.8.1
[INFO] [stderr]    Compiling cassowary v0.3.0
[INFO] [stderr]    Compiling errno v0.3.14
[INFO] [stderr]    Compiling mio v1.1.1
[INFO] [stderr]    Compiling parking_lot_core v0.9.12
[INFO] [stderr]    Compiling socket2 v0.6.2
[INFO] [stderr]    Compiling signal-hook-registry v1.4.8
[INFO] [stderr]    Compiling parking_lot v0.12.5
[INFO] [stderr]    Compiling signal-hook-mio v0.2.5
[INFO] [stderr]    Compiling crossterm v0.28.1
[INFO] [stderr]    Compiling unicode-truncate v1.1.0
[INFO] [stderr]    Compiling time v0.3.47
[INFO] [stderr]    Compiling darling_core v0.23.0
[INFO] [stderr]    Compiling serde_derive v1.0.228
[INFO] [stderr]    Compiling strum_macros v0.26.4
[INFO] [stderr]    Compiling tokio-macros v2.6.0
[INFO] [stderr]    Compiling clap_derive v4.5.55
[INFO] [stderr]    Compiling thiserror-impl v2.0.18
[INFO] [stderr]    Compiling tokio v1.49.0
[INFO] [stderr]    Compiling clap v4.5.60
[INFO] [stderr]    Compiling strum v0.26.3
[INFO] [stderr]    Compiling darling_macro v0.23.0
[INFO] [stderr]    Compiling darling v0.23.0
[INFO] [stderr]    Compiling serde v1.0.228
[INFO] [stderr]    Compiling ratatui v0.29.0
[INFO] [stderr]    Compiling plist v1.8.0
[INFO] [stderr]    Compiling net-use v0.1.3 (/opt/rustwide/workdir)
[INFO] [stdout] error: linking with `cc` failed: exit status: 1
[INFO] [stdout]   |
[INFO] [stdout]   = note:  "cc" "-m64" "/opt/rustwide/target/debug/deps/rustct9tj6b/symbols.o" "<17 object files omitted>" "-Wl,--as-needed" "-Wl,-Bstatic" "/opt/rustwide/target/debug/deps/{libserde_json-1dcb03f1e808e3b8,libzmij-ef63f1da73704b4c,libplist-0297b42c44649120,libtime-fe0ec27c3fa27e74,libtime_core-031b6ab885a7634b,libnum_conv-9ace8b7f2a214982,libderanged-d0114085ae3b02c5,libpowerfmt-f6019a2766e431f7,libquick_xml-c32afb1e6ed0d9a0,libmemchr-5cfa70d22cb32987,libbase64-32787b0325ea6df8,libindexmap-f006485b143d2676,libhashbrown-25abce2d85979e8d,libclap-065a9fcff9ebf539,libclap_builder-95e89f1adb0ffcfb,libstrsim-4d1ed08a123238dc,libanstream-8abea42649d55d0c,libanstyle_query-635080b1d6343734,libis_terminal_polyfill-3ca4268cb2568267,libcolorchoice-8e2615b3451b028d,libanstyle_parse-2b179629a907e4e4,libutf8parse-92d0158219063202,libclap_lex-98116f9ed4bc0185,libanstyle-fe219cdab7346aa5,libthiserror-774f23b806f38393,libserde-7da73b92f32a3843,libserde_core-2c928ee17a7447a4,libratatui-9c3eebca5430b393,libunicode_truncate-aeedf296c5daf06c,libunicode_width-b1bc0d6c10c00ecc,liblru-3af40d5519ef5719,libhashbrown-621f4a290160b487,libfoldhash-07f233db1c671507,libequivalent-6a754676e6af62ae,liballocator_api2-8d9c1e895dea53bd,libitertools-45fb07187528ca00,libeither-e5ea87bd27ac73a9,libcassowary-12d00e585f48d567,libcompact_str-2a137a4ae2bda1fc,libryu-1f4f40e4352371e5,libitoa-f3a70a1441f7f89b,libstatic_assertions-f0217ecdd817a834,libcastaway-e04a9b7886ef0139,libunicode_segmentation-421de088ab714999,libunicode_width-0122813f2549e4e9,libstrum-2fc489bd51192e48,libcrossterm-7e887c20965c1db7,librustix-b821135247f1b02f,liblinux_raw_sys-e0d87a58652c2b0b,libbitflags-19bd3a07fb167555,libsignal_hook_mio-1180704d2d4b9fac,libsignal_hook-9b9b118876064d70,libanyhow-9e4c44ac98d8e4ea,libtokio-144d1186febaa816,libsignal_hook_registry-00eb75f3c9e86bec,liberrno-345ad5fbce0e89b6,libsocket2-14341f75d99011d9,libbytes-2ed9460101f17bbf,libmio-cc2f43962b9b9829,liblog-f16ce4b64309590f,libparking_lot-a9d740181bbc1a55,libparking_lot_core-65c2497be8506a99,liblibc-4fc9a7ee991d175f,libcfg_if-83060ec5685761ae,libsmallvec-c4b0763233bab5f9,liblock_api-16d46fed645f7bff,libscopeguard-7ec2214574194454,libpin_project_lite-72bf04572caa1c84}.rlib" "<sysroot>/lib/rustlib/x86_64-unknown-linux-gnu/lib/{libstd-*,libpanic_unwind-*,libobject-*,libmemchr-*,libaddr2line-*,libgimli-*,libcfg_if-*,librustc_demangle-*,libstd_detect-*,libhashbrown-*,librustc_std_workspace_alloc-*,libminiz_oxide-*,libadler2-*,libunwind-*,liblibc-*,librustc_std_workspace_core-*,liballoc-*,libcore-*,libcompiler_builtins-*}.rlib" "-Wl,-Bdynamic" "-lgcc_s" "-lutil" "-lrt" "-lpthread" "-lm" "-ldl" "-lc" "-L" "/opt/rustwide/target/debug/deps/rustct9tj6b/raw-dylibs" "-B<sysroot>/lib/rustlib/x86_64-unknown-linux-gnu/bin/gcc-ld" "-fuse-ld=lld" "-Wl,--eh-frame-hdr" "-Wl,-z,noexecstack" "-L" "<sysroot>/lib/rustlib/x86_64-unknown-linux-gnu/lib" "-o" "/opt/rustwide/target/debug/deps/net_use-4aef0b8940f33b95" "-Wl,--gc-sections" "-pie" "-Wl,-z,relro,-z,now" "-nodefaultlibs"
[INFO] [stdout]   = note: some arguments are omitted. use `--verbose` to show all linker arguments
[INFO] [stdout]   = note: rust-lld: error: undefined symbol: proc_pidfdinfo
[INFO] [stdout]           >>> referenced by connection.rs:210 (src/monitor/connection.rs:210)
[INFO] [stdout]           >>>               /opt/rustwide/target/debug/deps/net_use-4aef0b8940f33b95.net_use.db569ce5d9f401df-cgu.04.rcgu.o:(net_use::monitor::connection::get_socket_remote_addr)
[INFO] [stdout]           
[INFO] [stdout]           rust-lld: error: undefined symbol: proc_pidinfo
[INFO] [stdout]           >>> referenced by connection.rs:171 (src/monitor/connection.rs:171)
[INFO] [stdout]           >>>               /opt/rustwide/target/debug/deps/net_use-4aef0b8940f33b95.net_use.db569ce5d9f401df-cgu.04.rcgu.o:(net_use::monitor::connection::list_fds)
[INFO] [stdout]           >>> referenced by connection.rs:186 (src/monitor/connection.rs:186)
[INFO] [stdout]           >>>               /opt/rustwide/target/debug/deps/net_use-4aef0b8940f33b95.net_use.db569ce5d9f401df-cgu.04.rcgu.o:(net_use::monitor::connection::list_fds)
[INFO] [stdout]           
[INFO] [stdout]           rust-lld: error: undefined symbol: proc_name
[INFO] [stdout]           >>> referenced by process_tree.rs:50 (src/monitor/process_tree.rs:50)
[INFO] [stdout]           >>>               /opt/rustwide/target/debug/deps/net_use-4aef0b8940f33b95.net_use.db569ce5d9f401df-cgu.12.rcgu.o:(net_use::monitor::process_tree::get_pid_name)
[INFO] [stdout]           
[INFO] [stdout]           rust-lld: error: undefined symbol: proc_pidpath
[INFO] [stdout]           >>> referenced by process_tree.rs:40 (src/monitor/process_tree.rs:40)
[INFO] [stdout]           >>>               /opt/rustwide/target/debug/deps/net_use-4aef0b8940f33b95.net_use.db569ce5d9f401df-cgu.12.rcgu.o:(net_use::monitor::process_tree::get_pid_path)
[INFO] [stdout]           
[INFO] [stdout]           rust-lld: error: undefined symbol: proc_listallpids
[INFO] [stdout]           >>> referenced by process_tree.rs:18 (src/monitor/process_tree.rs:18)
[INFO] [stdout]           >>>               /opt/rustwide/target/debug/deps/net_use-4aef0b8940f33b95.net_use.db569ce5d9f401df-cgu.12.rcgu.o:(net_use::monitor::process_tree::list_all_pids)
[INFO] [stdout]           >>> referenced by process_tree.rs:25 (src/monitor/process_tree.rs:25)
[INFO] [stdout]           >>>               /opt/rustwide/target/debug/deps/net_use-4aef0b8940f33b95.net_use.db569ce5d9f401df-cgu.12.rcgu.o:(net_use::monitor::process_tree::list_all_pids)
[INFO] [stdout]           
[INFO] [stdout]           rust-lld: error: undefined symbol: proc_listchildpids
[INFO] [stdout]           >>> referenced by process_tree.rs:59 (src/monitor/process_tree.rs:59)
[INFO] [stdout]           >>>               /opt/rustwide/target/debug/deps/net_use-4aef0b8940f33b95.net_use.db569ce5d9f401df-cgu.12.rcgu.o:(net_use::monitor::process_tree::list_child_pids)
[INFO] [stdout]           >>> referenced by process_tree.rs:66 (src/monitor/process_tree.rs:66)
[INFO] [stdout]           >>>               /opt/rustwide/target/debug/deps/net_use-4aef0b8940f33b95.net_use.db569ce5d9f401df-cgu.12.rcgu.o:(net_use::monitor::process_tree::list_child_pids)
[INFO] [stdout]           collect2: error: ld returned 1 exit status
[INFO] [stdout]           
[INFO] [stdout] 
[INFO] [stdout] 
[INFO] [stderr] error: could not compile `net-use` (bin "net-use") due to 1 previous error
[INFO] running `Command { std: "docker" "inspect" "a30832085a8e65c4b5f13f2db9de41c919468d2f003f7020e6b0226785123d9e", kill_on_drop: false }`
[INFO] running `Command { std: "docker" "rm" "-f" "a30832085a8e65c4b5f13f2db9de41c919468d2f003f7020e6b0226785123d9e", kill_on_drop: false }`
[INFO] [stdout] a30832085a8e65c4b5f13f2db9de41c919468d2f003f7020e6b0226785123d9e
