[INFO] cloning repository https://github.com/jpsilvashy/radius-ng
[INFO] running `Command { std: "git" "-c" "credential.helper=" "-c" "credential.helper=/workspace/cargo-home/bin/git-credential-null" "clone" "--bare" "https://github.com/jpsilvashy/radius-ng" "/workspace/cache/git-repos/https%3A%2F%2Fgithub.com%2Fjpsilvashy%2Fradius-ng", kill_on_drop: false }`
[INFO] [stderr] Cloning into bare repository '/workspace/cache/git-repos/https%3A%2F%2Fgithub.com%2Fjpsilvashy%2Fradius-ng'...
[INFO] running `Command { std: "git" "rev-parse" "HEAD", kill_on_drop: false }`
[INFO] [stdout] efcfd4cefc029aa390ebeac0c5750079f3a3b55a
[INFO] testing jpsilvashy/radius-ng against 1.98.0-beta.1 for beta-1.98-2
[INFO] running `Command { std: "git" "clone" "/workspace/cache/git-repos/https%3A%2F%2Fgithub.com%2Fjpsilvashy%2Fradius-ng" "/workspace/builds/worker-0-tc2/source", kill_on_drop: false }`
[INFO] [stderr] Cloning into '/workspace/builds/worker-0-tc2/source'...
[INFO] [stderr] done.
[INFO] started tweaking git repo https://github.com/jpsilvashy/radius-ng
[INFO] finished tweaking git repo https://github.com/jpsilvashy/radius-ng
[INFO] tweaked toml for git repo https://github.com/jpsilvashy/radius-ng written to /workspace/builds/worker-0-tc2/source/Cargo.toml
[INFO] validating manifest of git repo https://github.com/jpsilvashy/radius-ng on toolchain 1.98.0-beta.1
[INFO] running `Command { std: CARGO_HOME="/workspace/cargo-home" RUSTUP_HOME="/workspace/rustup-home" "/workspace/cargo-home/bin/cargo" "+1.98.0-beta.1" "metadata" "--manifest-path" "Cargo.toml" "--no-deps", kill_on_drop: false }`
[INFO] crate git repo https://github.com/jpsilvashy/radius-ng already has a lockfile, it will not be regenerated
[INFO] running `Command { std: CARGO_HOME="/workspace/cargo-home" RUSTUP_HOME="/workspace/rustup-home" "/workspace/cargo-home/bin/cargo" "+1.98.0-beta.1" "fetch" "--manifest-path" "Cargo.toml", kill_on_drop: false }`
[INFO] running `Command { std: "docker" "create" "-v" "/var/lib/crater-agent-workspace/builds/worker-0-tc2/source:/opt/rustwide/workdir:ro,Z" "-v" "/var/lib/crater-agent-workspace/builds/worker-0-tc2/target:/opt/rustwide/target:rw,Z" "-v" "/var/lib/crater-agent-workspace/cargo-home:/opt/rustwide/cargo-home:ro,Z" "-v" "/var/lib/crater-agent-workspace/rustup-home:/opt/rustwide/rustup-home:ro,Z" "-m" "1610612736" "--network" "none" "ghcr.io/rust-lang/crates-build-env/linux@sha256:3d5ced03c013a94a2f102a4510f48a6e9184255caf5fd8244f58017bde7f5210" "sleep" "infinity", kill_on_drop: false }`
[INFO] [stdout] b04e4f9e17f56b10487f7c9b6f13b5459c9edfc29c5ca3186009190919953057
[INFO] running `Command { std: "docker" "start" "b04e4f9e17f56b10487f7c9b6f13b5459c9edfc29c5ca3186009190919953057", kill_on_drop: false }`
[INFO] running `Command { std: "docker" "inspect" "b04e4f9e17f56b10487f7c9b6f13b5459c9edfc29c5ca3186009190919953057", kill_on_drop: false }`
[INFO] running `Command { std: "docker" "exec" "-e" "SOURCE_DIR=/opt/rustwide/workdir" "-e" "CARGO_HOME=/opt/rustwide/cargo-home" "-e" "RUSTUP_HOME=/opt/rustwide/rustup-home" "-e" "CARGO_TARGET_DIR=/opt/rustwide/target" "-w" "/opt/rustwide/workdir" "--user" "0:0" "b04e4f9e17f56b10487f7c9b6f13b5459c9edfc29c5ca3186009190919953057" "/opt/rustwide/cargo-home/bin/cargo" "+1.98.0-beta.1" "metadata" "--no-deps" "--format-version=1", kill_on_drop: false }`
[INFO] running `Command { std: "docker" "inspect" "b04e4f9e17f56b10487f7c9b6f13b5459c9edfc29c5ca3186009190919953057", kill_on_drop: false }`
[INFO] running `Command { std: "docker" "exec" "-e" "SOURCE_DIR=/opt/rustwide/workdir" "-e" "CARGO_HOME=/opt/rustwide/cargo-home" "-e" "RUSTUP_HOME=/opt/rustwide/rustup-home" "-e" "CARGO_TARGET_DIR=/opt/rustwide/target" "-e" "CARGO_INCREMENTAL=0" "-e" "RUST_BACKTRACE=full" "-e" "RUSTFLAGS=--cap-lints=warn" "-e" "RUSTDOCFLAGS=--cap-lints=warn" "-w" "/opt/rustwide/workdir" "--user" "0:0" "b04e4f9e17f56b10487f7c9b6f13b5459c9edfc29c5ca3186009190919953057" "/opt/rustwide/cargo-home/bin/cargo" "+1.98.0-beta.1" "build" "--frozen" "--message-format=json", kill_on_drop: false }`
[INFO] [stderr]    Compiling libc v0.2.172
[INFO] [stderr]    Compiling smallvec v1.15.0
[INFO] [stderr]    Compiling syn v2.0.101
[INFO] [stderr]    Compiling tracing-core v0.1.33
[INFO] [stderr]    Compiling phf_shared v0.11.3
[INFO] [stderr]    Compiling regex-syntax v0.8.5
[INFO] [stderr]    Compiling rand_core v0.6.4
[INFO] [stderr]    Compiling aho-corasick v1.1.3
[INFO] [stderr]    Compiling rand v0.8.5
[INFO] [stderr]    Compiling ucd-trie v0.1.7
[INFO] [stderr]    Compiling http v1.3.1
[INFO] [stderr]    Compiling serde_json v1.0.140
[INFO] [stderr]    Compiling zerocopy v0.8.25
[INFO] [stderr]    Compiling phf_generator v0.11.3
[INFO] [stderr]    Compiling http-body v1.0.1
[INFO] [stderr]    Compiling regex-automata v0.4.9
[INFO] [stderr]    Compiling jobserver v0.1.33
[INFO] [stderr]    Compiling getrandom v0.2.16
[INFO] [stderr]    Compiling parking_lot_core v0.9.10
[INFO] [stderr]    Compiling signal-hook-registry v1.4.5
[INFO] [stderr]    Compiling cc v1.2.24
[INFO] [stderr]    Compiling parking_lot v0.12.3
[INFO] [stderr]    Compiling socket2 v0.5.10
[INFO] [stderr]    Compiling mio v1.0.4
[INFO] [stderr]    Compiling phf_codegen v0.11.3
[INFO] [stderr]    Compiling phf v0.11.3
[INFO] [stderr]    Compiling num-traits v0.2.19
[INFO] [stderr]    Compiling zstd-safe v7.2.4
[INFO] [stderr]    Compiling ahash v0.7.8
[INFO] [stderr]    Compiling bstr v1.12.0
[INFO] [stderr]    Compiling libm v0.2.15
[INFO] [stderr]    Compiling hashbrown v0.15.3
[INFO] [stderr]    Compiling unic-common v0.9.0
[INFO] [stderr]    Compiling unic-char-range v0.9.0
[INFO] [stderr]    Compiling zstd-sys v2.0.15+zstd.1.5.7
[INFO] [stderr]    Compiling unic-char-property v0.9.0
[INFO] [stderr]    Compiling anstyle-parse v0.2.6
[INFO] [stderr]    Compiling unic-ucd-version v0.9.0
[INFO] [stderr]    Compiling miniz_oxide v0.8.8
[INFO] [stderr]    Compiling regex v1.11.1
[INFO] [stderr]    Compiling indexmap v2.9.0
[INFO] [stderr]    Compiling parse-zoneinfo v0.3.1
[INFO] [stderr]    Compiling globset v0.4.16
[INFO] [stderr]    Compiling hashbrown v0.12.3
[INFO] [stderr]    Compiling ppv-lite86 v0.2.21
[INFO] [stderr]    Compiling chrono-tz-build v0.3.0
[INFO] [stderr]    Compiling crossbeam-deque v0.8.6
[INFO] [stderr]    Compiling chrono-tz v0.9.0
[INFO] [stderr]    Compiling dlv-list v0.3.0
[INFO] [stderr]    Compiling sync_wrapper v1.0.2
[INFO] [stderr]    Compiling colorchoice v1.0.3
[INFO] [stderr]    Compiling anstyle v1.0.10
[INFO] [stderr]    Compiling anstyle-query v1.1.2
[INFO] [stderr]    Compiling is_terminal_polyfill v1.70.1
[INFO] [stderr]    Compiling ordered-multimap v0.4.3
[INFO] [stderr]    Compiling getrandom v0.3.3
[INFO] [stderr]    Compiling rand_chacha v0.3.1
[INFO] [stderr]    Compiling anstream v0.6.18
[INFO] [stderr]    Compiling flate2 v1.1.1
[INFO] [stderr]    Compiling chrono v0.4.41
[INFO] [stderr]    Compiling ignore v0.4.23
[INFO] [stderr]    Compiling serde_derive v1.0.219
[INFO] [stderr]    Compiling futures-macro v0.3.31
[INFO] [stderr]    Compiling tokio-macros v2.5.0
[INFO] [stderr]    Compiling thiserror-impl v2.0.12
[INFO] [stderr]    Compiling futures-util v0.3.31
[INFO] [stderr]    Compiling tokio v1.45.1
[INFO] [stderr]    Compiling tracing-attributes v0.1.28
[INFO] [stderr]    Compiling async-trait v0.1.88
[INFO] [stderr]    Compiling unic-ucd-segment v0.9.0
[INFO] [stderr]    Compiling thiserror v2.0.12
[INFO] [stderr]    Compiling pest v2.8.0
[INFO] [stderr]    Compiling http-body-util v0.1.3
[INFO] [stderr]    Compiling clap_lex v0.7.4
[INFO] [stderr]    Compiling linked-hash-map v0.5.6
[INFO] [stderr]    Compiling tracing v0.1.41
[INFO] [stderr]    Compiling toml_write v0.1.1
[INFO] [stderr]    Compiling deunicode v1.6.2
[INFO] [stderr]    Compiling winnow v0.7.10
[INFO] [stderr]    Compiling nom v7.1.3
[INFO] [stderr]    Compiling slug v0.1.6
[INFO] [stderr]    Compiling clap_derive v4.5.32
[INFO] [stderr]    Compiling serde v1.0.219
[INFO] [stderr]    Compiling pest_meta v2.8.0
[INFO] [stderr]    Compiling futures-executor v0.3.31
[INFO] [stderr]    Compiling pest_generator v2.8.0
[INFO] [stderr]    Compiling axum-core v0.4.5
[INFO] [stderr]    Compiling yaml-rust v0.4.5
[INFO] [stderr]    Compiling clap_builder v4.5.38
[INFO] [stderr]    Compiling unic-segment v0.9.0
[INFO] [stderr]    Compiling pest_derive v2.8.0
[INFO] [stderr]    Compiling humansize v2.1.3
[INFO] [stderr]    Compiling globwalk v0.9.1
[INFO] [stderr]    Compiling axum-macros v0.4.2
[INFO] [stderr]    Compiling thiserror-impl v1.0.69
[INFO] [stderr]    Compiling toml_datetime v0.6.9
[INFO] [stderr]    Compiling serde_spanned v0.6.8
[INFO] [stderr]    Compiling hyper v1.6.0
[INFO] [stderr]    Compiling toml_edit v0.22.26
[INFO] [stderr]    Compiling tracing-serde v0.2.0
[INFO] [stderr]    Compiling ron v0.7.1
[INFO] [stderr]    Compiling hyper-util v0.1.13
[INFO] [stderr]    Compiling serde_urlencoded v0.7.1
[INFO] [stderr]    Compiling zstd v0.13.3
[INFO] [stderr]    Compiling json5 v0.4.1
[INFO] [stderr]    Compiling toml v0.5.11
[INFO] [stderr]    Compiling async-compression v0.4.23
[INFO] [stderr]    Compiling serde_path_to_error v0.1.17
[INFO] [stderr]    Compiling tokio-util v0.7.15
[INFO] [stderr]    Compiling tower v0.5.2
[INFO] [stderr]    Compiling rust-ini v0.18.0
[INFO] [stderr]    Compiling tracing-log v0.2.0
[INFO] [stderr]    Compiling thread_local v1.1.8
[INFO] [stderr]    Compiling http-range-header v0.3.1
[INFO] [stderr]    Compiling unsafe-libyaml v0.2.11
[INFO] [stderr]    Compiling pathdiff v0.2.3
[INFO] [stderr]    Compiling config v0.13.4
[INFO] [stderr]    Compiling tracing-subscriber v0.3.19
[INFO] [stderr]    Compiling tower-http v0.4.4
[INFO] [stderr]    Compiling toml v0.8.22
[INFO] [stderr]    Compiling tera v1.20.0
[INFO] [stderr]    Compiling axum v0.7.9
[INFO] [stderr]    Compiling serde_yaml v0.9.34+deprecated
[INFO] [stderr]    Compiling uuid v1.17.0
[INFO] [stderr]    Compiling clap v4.5.38
[INFO] [stderr]    Compiling thiserror v1.0.69
[INFO] [stderr]    Compiling futures v0.3.31
[INFO] [stderr]    Compiling tower v0.4.13
[INFO] [stderr]    Compiling num_cpus v1.16.0
[INFO] [stderr]    Compiling rust-radius v0.1.0 (/opt/rustwide/workdir)
[INFO] [stdout] warning: unused import: `std::sync::Arc`
[INFO] [stdout]   --> src/config.rs:10:5
[INFO] [stdout]    |
[INFO] [stdout] 10 | use std::sync::Arc;
[INFO] [stdout]    |     ^^^^^^^^^^^^^^
[INFO] [stdout]    |
[INFO] [stdout]    = note: `#[warn(unused_imports)]` (part of `#[warn(unused)]`) on by default
[INFO] [stdout] 
[INFO] [stdout] 
[INFO] [stdout] warning: variable does not need to be mutable
[INFO] [stdout]    --> src/config.rs:245:13
[INFO] [stdout]     |
[INFO] [stdout] 245 |         let mut config: Self = toml::from_str(&content)
[INFO] [stdout]     |             ----^^^^^^
[INFO] [stdout]     |             |
[INFO] [stdout]     |             help: remove this `mut`
[INFO] [stdout]     |
[INFO] [stdout]     = note: `#[warn(unused_mut)]` (part of `#[warn(unused)]`) on by default
[INFO] [stdout] 
[INFO] [stdout] 
[INFO] [stdout] warning: field `vendor_attributes` is never read
[INFO] [stdout]    --> src/protocol.rs:272:5
[INFO] [stdout]     |
[INFO] [stdout] 264 | struct RadiusDictionary {
[INFO] [stdout]     |        ---------------- field in this struct
[INFO] [stdout] ...
[INFO] [stdout] 272 |     vendor_attributes: HashMap<u32, HashMap<u8, String>>,
[INFO] [stdout]     |     ^^^^^^^^^^^^^^^^^
[INFO] [stdout]     |
[INFO] [stdout]     = note: `#[warn(dead_code)]` (part of `#[warn(unused)]`) on by default
[INFO] [stdout] 
[INFO] [stdout] 
[INFO] [stdout] warning: unused import: `rust_radius::config::Config`
[INFO] [stdout]   --> src/main.rs:11:5
[INFO] [stdout]    |
[INFO] [stdout] 11 | use rust_radius::config::Config;
[INFO] [stdout]    |     ^^^^^^^^^^^^^^^^^^^^^^^^^^^
[INFO] [stdout]    |
[INFO] [stdout]    = note: `#[warn(unused_imports)]` (part of `#[warn(unused)]`) on by default
[INFO] [stdout] 
[INFO] [stdout] 
[INFO] [stdout] error[E0277]: `?` couldn't convert the error: `dyn std::error::Error: Send` is not satisfied
[INFO] [stdout]    --> src/main.rs:125:27
[INFO] [stdout]     |
[INFO] [stdout] 125 |             start_server()?;
[INFO] [stdout]     |             --------------^ `dyn std::error::Error` cannot be sent between threads safely
[INFO] [stdout]     |             |
[INFO] [stdout]     |             this can't be annotated with `?` because it has type `Result<_, Box<(dyn std::error::Error + 'static)>>`
[INFO] [stdout]     |
[INFO] [stdout]     = help: the trait `Send` is not implemented for `dyn std::error::Error`
[INFO] [stdout]     = note: the question mark operation (`?`) implicitly performs a conversion on the error value using the `From` trait
[INFO] [stdout]     = note: required for `std::ptr::Unique<dyn std::error::Error>` to implement `Send`
[INFO] [stdout] note: required because it appears within the type `Box<dyn std::error::Error>`
[INFO] [stdout]    --> /rustc/6b3fa26749ab40e159b2dd5cf577acaaf5902772/library/alloc/src/boxed.rs:234:11
[INFO] [stdout]     = note: required for `Box<dyn std::error::Error + Send + Sync>` to implement `From<Box<dyn std::error::Error>>`
[INFO] [stdout] 
[INFO] [stdout] 
[INFO] [stdout] error[E0277]: `?` couldn't convert the error: `dyn std::error::Error: Sync` is not satisfied
[INFO] [stdout]    --> src/main.rs:125:27
[INFO] [stdout]     |
[INFO] [stdout] 125 |             start_server()?;
[INFO] [stdout]     |             --------------^ `dyn std::error::Error` cannot be shared between threads safely
[INFO] [stdout]     |             |
[INFO] [stdout]     |             this can't be annotated with `?` because it has type `Result<_, Box<(dyn std::error::Error + 'static)>>`
[INFO] [stdout]     |
[INFO] [stdout]     = help: the trait `Sync` is not implemented for `dyn std::error::Error`
[INFO] [stdout]     = note: the question mark operation (`?`) implicitly performs a conversion on the error value using the `From` trait
[INFO] [stdout]     = note: required for `std::ptr::Unique<dyn std::error::Error>` to implement `Sync`
[INFO] [stdout] note: required because it appears within the type `Box<dyn std::error::Error>`
[INFO] [stdout]    --> /rustc/6b3fa26749ab40e159b2dd5cf577acaaf5902772/library/alloc/src/boxed.rs:234:11
[INFO] [stdout]     = note: required for `Box<dyn std::error::Error + Send + Sync>` to implement `From<Box<dyn std::error::Error>>`
[INFO] [stdout] 
[INFO] [stdout] 
[INFO] [stdout] error[E0277]: `?` couldn't convert the error: `dyn std::error::Error: Sized` is not satisfied
[INFO] [stdout]    --> src/main.rs:125:27
[INFO] [stdout]     |
[INFO] [stdout] 125 |             start_server()?;
[INFO] [stdout]     |             --------------^ doesn't have a size known at compile-time
[INFO] [stdout]     |             |
[INFO] [stdout]     |             this can't be annotated with `?` because it has type `Result<_, Box<(dyn std::error::Error + 'static)>>`
[INFO] [stdout]     |
[INFO] [stdout]     = help: the trait `Sized` is not implemented for `dyn std::error::Error`
[INFO] [stdout]     = note: the question mark operation (`?`) implicitly performs a conversion on the error value using the `From` trait
[INFO] [stdout]     = note: required for `Box<dyn std::error::Error>` to implement `std::error::Error`
[INFO] [stdout]     = note: required for `Box<dyn std::error::Error + Send + Sync>` to implement `From<Box<dyn std::error::Error>>`
[INFO] [stdout] 
[INFO] [stdout] 
[INFO] [stdout] For more information about this error, try `rustc --explain E0277`.
[INFO] [stdout] 
[INFO] [stderr] error: could not compile `rust-radius` (bin "rust-radius") due to 3 previous errors; 1 warning emitted
[INFO] running `Command { std: "docker" "inspect" "b04e4f9e17f56b10487f7c9b6f13b5459c9edfc29c5ca3186009190919953057", kill_on_drop: false }`
[INFO] running `Command { std: "docker" "rm" "-f" "b04e4f9e17f56b10487f7c9b6f13b5459c9edfc29c5ca3186009190919953057", kill_on_drop: false }`
[INFO] [stdout] b04e4f9e17f56b10487f7c9b6f13b5459c9edfc29c5ca3186009190919953057
