[INFO] cloning repository https://github.com/jonkgrimes/lox
[INFO] running `Command { std: "git" "-c" "credential.helper=" "-c" "credential.helper=/workspace/cargo-home/bin/git-credential-null" "clone" "--bare" "https://github.com/jonkgrimes/lox" "/workspace/cache/git-repos/https%3A%2F%2Fgithub.com%2Fjonkgrimes%2Flox", kill_on_drop: false }`
[INFO] [stderr] Cloning into bare repository '/workspace/cache/git-repos/https%3A%2F%2Fgithub.com%2Fjonkgrimes%2Flox'...
[INFO] running `Command { std: "git" "rev-parse" "HEAD", kill_on_drop: false }`
[INFO] [stdout] 6dcd8cff02d95dff48953968e6a3e1a9c97d7dd6
[INFO] testing jonkgrimes/lox against 1.97.0-beta.6 for beta-1.98-2
[INFO] running `Command { std: "git" "clone" "/workspace/cache/git-repos/https%3A%2F%2Fgithub.com%2Fjonkgrimes%2Flox" "/workspace/builds/worker-0-tc1/source", kill_on_drop: false }`
[INFO] [stderr] Cloning into '/workspace/builds/worker-0-tc1/source'...
[INFO] [stderr] done.
[INFO] started tweaking git repo https://github.com/jonkgrimes/lox
[INFO] finished tweaking git repo https://github.com/jonkgrimes/lox
[INFO] tweaked toml for git repo https://github.com/jonkgrimes/lox written to /workspace/builds/worker-0-tc1/source/Cargo.toml
[INFO] validating manifest of git repo https://github.com/jonkgrimes/lox on toolchain 1.97.0-beta.6
[INFO] running `Command { std: CARGO_HOME="/workspace/cargo-home" RUSTUP_HOME="/workspace/rustup-home" "/workspace/cargo-home/bin/cargo" "+1.97.0-beta.6" "metadata" "--manifest-path" "Cargo.toml" "--no-deps", kill_on_drop: false }`
[INFO] crate git repo https://github.com/jonkgrimes/lox already has a lockfile, it will not be regenerated
[INFO] running `Command { std: CARGO_HOME="/workspace/cargo-home" RUSTUP_HOME="/workspace/rustup-home" "/workspace/cargo-home/bin/cargo" "+1.97.0-beta.6" "fetch" "--manifest-path" "Cargo.toml", kill_on_drop: false }`
[INFO] [stderr]     Updating crates.io index
[INFO] [stderr]  Downloading crates ...
[INFO] [stderr]   Downloaded uuid v0.7.4
[INFO] [stderr]   Downloaded utf8parse v0.1.1
[INFO] [stderr]   Downloaded rustyline v3.0.0
[INFO] [stderr]   Downloaded unicode-width v0.1.5
[INFO] [stderr]   Downloaded memchr v2.2.0
[INFO] [stderr]   Downloaded redox_syscall v0.1.52
[INFO] [stderr]   Downloaded quote v0.6.11
[INFO] [stderr]   Downloaded rustc-demangle v0.1.13
[INFO] [stderr]   Downloaded proc-macro2 v0.4.27
[INFO] [stderr]   Downloaded backtrace v0.3.14
[INFO] [stderr]   Downloaded cc v1.0.32
[INFO] [stderr]   Downloaded log v0.4.6
[INFO] [stderr]   Downloaded unicode-segmentation v1.2.1
[INFO] [stderr]   Downloaded syn v0.15.29
[INFO] [stderr]   Downloaded nix v0.11.0
[INFO] [stderr]   Downloaded libc v0.2.51
[INFO] [stderr]   Downloaded winapi v0.3.6
[INFO] running `Command { std: "docker" "create" "-v" "/var/lib/crater-agent-workspace/builds/worker-0-tc1/source:/opt/rustwide/workdir:ro,Z" "-v" "/var/lib/crater-agent-workspace/builds/worker-0-tc1/target:/opt/rustwide/target:rw,Z" "-v" "/var/lib/crater-agent-workspace/cargo-home:/opt/rustwide/cargo-home:ro,Z" "-v" "/var/lib/crater-agent-workspace/rustup-home:/opt/rustwide/rustup-home:ro,Z" "-m" "1610612736" "--network" "none" "ghcr.io/rust-lang/crates-build-env/linux@sha256:3d5ced03c013a94a2f102a4510f48a6e9184255caf5fd8244f58017bde7f5210" "sleep" "infinity", kill_on_drop: false }`
[INFO] [stdout] e9aea9367260ee98369845e41af2e94ecd140293c111fc1f1c4ab387301513e0
[INFO] running `Command { std: "docker" "start" "e9aea9367260ee98369845e41af2e94ecd140293c111fc1f1c4ab387301513e0", kill_on_drop: false }`
[INFO] running `Command { std: "docker" "inspect" "e9aea9367260ee98369845e41af2e94ecd140293c111fc1f1c4ab387301513e0", kill_on_drop: false }`
[INFO] running `Command { std: "docker" "exec" "-e" "SOURCE_DIR=/opt/rustwide/workdir" "-e" "CARGO_HOME=/opt/rustwide/cargo-home" "-e" "RUSTUP_HOME=/opt/rustwide/rustup-home" "-e" "CARGO_TARGET_DIR=/opt/rustwide/target" "-w" "/opt/rustwide/workdir" "--user" "0:0" "e9aea9367260ee98369845e41af2e94ecd140293c111fc1f1c4ab387301513e0" "/opt/rustwide/cargo-home/bin/cargo" "+1.97.0-beta.6" "metadata" "--no-deps" "--format-version=1", kill_on_drop: false }`
[INFO] running `Command { std: "docker" "inspect" "e9aea9367260ee98369845e41af2e94ecd140293c111fc1f1c4ab387301513e0", kill_on_drop: false }`
[INFO] running `Command { std: "docker" "exec" "-e" "SOURCE_DIR=/opt/rustwide/workdir" "-e" "CARGO_HOME=/opt/rustwide/cargo-home" "-e" "RUSTUP_HOME=/opt/rustwide/rustup-home" "-e" "CARGO_TARGET_DIR=/opt/rustwide/target" "-e" "CARGO_INCREMENTAL=0" "-e" "RUST_BACKTRACE=full" "-e" "RUSTFLAGS=--cap-lints=warn" "-e" "RUSTDOCFLAGS=--cap-lints=warn" "-w" "/opt/rustwide/workdir" "--user" "0:0" "e9aea9367260ee98369845e41af2e94ecd140293c111fc1f1c4ab387301513e0" "/opt/rustwide/cargo-home/bin/cargo" "+1.97.0-beta.6" "build" "--frozen" "--message-format=json", kill_on_drop: false }`
[INFO] [stderr]    Compiling autocfg v0.1.2
[INFO] [stderr]    Compiling rand_core v0.4.0
[INFO] [stderr]    Compiling libc v0.2.51
[INFO] [stderr]    Compiling nix v0.11.0
[INFO] [stderr]    Compiling memchr v2.2.0
[INFO] [stderr]    Compiling cfg-if v0.1.7
[INFO] [stderr]    Compiling void v1.0.2
[INFO] [stderr]    Compiling bitflags v1.0.4
[INFO] [stderr]    Compiling log v0.4.6
[INFO] [stderr]    Compiling unicode-width v0.1.5
[INFO] [stderr]    Compiling utf8parse v0.1.1
[INFO] [stderr]    Compiling unicode-segmentation v1.2.1
[INFO] [stderr]    Compiling lazy_static v1.3.0
[INFO] [stderr]    Compiling rand_core v0.3.1
[INFO] [stderr]    Compiling rand_jitter v0.1.4
[INFO] [stderr]    Compiling rand_isaac v0.1.1
[INFO] [stderr]    Compiling rand_hc v0.1.0
[INFO] [stderr]    Compiling rand_chacha v0.1.1
[INFO] [stderr]    Compiling rand_pcg v0.1.2
[INFO] [stderr]    Compiling rand v0.6.5
[INFO] [stderr]    Compiling rand_xorshift v0.1.1
[INFO] [stderr]    Compiling rand_os v0.1.3
[INFO] [stderr]    Compiling dirs v1.0.5
[INFO] [stderr]    Compiling uuid v0.7.4
[INFO] [stderr]    Compiling rustyline v3.0.0
[INFO] [stdout] error[E0283]: type annotations needed
[INFO] [stdout]    --> /opt/rustwide/cargo-home/registry/src/index.crates.io-1949cf8c6b5b557f/rustyline-3.0.0/src/history.rs:151:18
[INFO] [stdout]     |
[INFO] [stdout] 151 |             self.add(line?.as_ref()); // TODO truncate to MAX_LINE
[INFO] [stdout]     |                  ^^^       ------ type must be known at this point
[INFO] [stdout]     |                  |
[INFO] [stdout]     |                  cannot infer type of the type parameter `S` declared on the method `add`
[INFO] [stdout]     |
[INFO] [stdout]     = note: multiple `impl`s satisfying `String: AsRef<_>` found in the following crates: `alloc`, `std`:
[INFO] [stdout]             - impl AsRef<OsStr> for String;
[INFO] [stdout]             - impl AsRef<Path> for String;
[INFO] [stdout]             - impl AsRef<[u8]> for String;
[INFO] [stdout]             - impl AsRef<str> for String;
[INFO] [stdout] help: consider specifying a concrete type for the type parameter `S`
[INFO] [stdout]     |
[INFO] [stdout] 151 |             self.add::</* Type */>(line?.as_ref()); // TODO truncate to MAX_LINE
[INFO] [stdout]     |                     ++++++++++++++
[INFO] [stdout] 
[INFO] [stdout] 
[INFO] [stdout] error[E0283]: type annotations needed
[INFO] [stdout]    --> /opt/rustwide/cargo-home/registry/src/index.crates.io-1949cf8c6b5b557f/rustyline-3.0.0/src/history.rs:151:18
[INFO] [stdout]     |
[INFO] [stdout] 151 |             self.add(line?.as_ref()); // TODO truncate to MAX_LINE
[INFO] [stdout]     |                  ^^^ cannot infer type of the type parameter `S` declared on the method `add`
[INFO] [stdout]     |
[INFO] [stdout]     = note: multiple `impl`s satisfying `_: AsRef<str>` found in the following crates: `alloc`, `core`:
[INFO] [stdout]             - impl AsRef<str> for String;
[INFO] [stdout]             - impl AsRef<str> for str;
[INFO] [stdout]     = note: required for `&P` to implement `AsRef<str>`
[INFO] [stdout] note: required by a bound in `History::add`
[INFO] [stdout]    --> /opt/rustwide/cargo-home/registry/src/index.crates.io-1949cf8c6b5b557f/rustyline-3.0.0/src/history.rs:56:19
[INFO] [stdout]     |
[INFO] [stdout]  56 |     pub fn add<S: AsRef<str> + Into<String>>(&mut self, line: S) -> bool {
[INFO] [stdout]     |                   ^^^^^^^^^^ required by this bound in `History::add`
[INFO] [stdout] help: consider specifying a concrete type for the type parameter `S`
[INFO] [stdout]     |
[INFO] [stdout] 151 |             self.add::</* Type */>(line?.as_ref()); // TODO truncate to MAX_LINE
[INFO] [stdout]     |                     ++++++++++++++
[INFO] [stdout] 
[INFO] [stdout] 
[INFO] [stdout] error[E0283]: type annotations needed
[INFO] [stdout]    --> /opt/rustwide/cargo-home/registry/src/index.crates.io-1949cf8c6b5b557f/rustyline-3.0.0/src/lib.rs:655:20
[INFO] [stdout]     |
[INFO] [stdout] 655 |             editor.add_history_entry(line.as_ref());
[INFO] [stdout]     |                    ^^^^^^^^^^^^^^^^^      ------ type must be known at this point
[INFO] [stdout]     |                    |
[INFO] [stdout]     |                    cannot infer type of the type parameter `S` declared on the method `add_history_entry`
[INFO] [stdout]     |
[INFO] [stdout]     = note: multiple `impl`s satisfying `String: AsRef<_>` found in the following crates: `alloc`, `std`:
[INFO] [stdout]             - impl AsRef<OsStr> for String;
[INFO] [stdout]             - impl AsRef<Path> for String;
[INFO] [stdout]             - impl AsRef<[u8]> for String;
[INFO] [stdout]             - impl AsRef<str> for String;
[INFO] [stdout] help: consider specifying a concrete type for the type parameter `S`
[INFO] [stdout]     |
[INFO] [stdout] 655 |             editor.add_history_entry::</* Type */>(line.as_ref());
[INFO] [stdout]     |                                     ++++++++++++++
[INFO] [stdout] 
[INFO] [stdout] 
[INFO] [stdout] error[E0283]: type annotations needed
[INFO] [stdout]    --> /opt/rustwide/cargo-home/registry/src/index.crates.io-1949cf8c6b5b557f/rustyline-3.0.0/src/lib.rs:655:20
[INFO] [stdout]     |
[INFO] [stdout] 655 |             editor.add_history_entry(line.as_ref());
[INFO] [stdout]     |                    ^^^^^^^^^^^^^^^^^ cannot infer type of the type parameter `S` declared on the method `add_history_entry`
[INFO] [stdout]     |
[INFO] [stdout]     = note: multiple `impl`s satisfying `_: AsRef<str>` found in the following crates: `alloc`, `core`:
[INFO] [stdout]             - impl AsRef<str> for String;
[INFO] [stdout]             - impl AsRef<str> for str;
[INFO] [stdout]     = note: required for `&_` to implement `AsRef<str>`
[INFO] [stdout] note: required by a bound in `Editor::<H>::add_history_entry`
[INFO] [stdout]    --> /opt/rustwide/cargo-home/registry/src/index.crates.io-1949cf8c6b5b557f/rustyline-3.0.0/src/lib.rs:769:33
[INFO] [stdout]     |
[INFO] [stdout] 769 |     pub fn add_history_entry<S: AsRef<str> + Into<String>>(&mut self, line: S) -> bool {
[INFO] [stdout]     |                                 ^^^^^^^^^^ required by this bound in `Editor::<H>::add_history_entry`
[INFO] [stdout] help: consider specifying a concrete type for the type parameter `S`
[INFO] [stdout]     |
[INFO] [stdout] 655 |             editor.add_history_entry::</* Type */>(line.as_ref());
[INFO] [stdout]     |                                     ++++++++++++++
[INFO] [stdout] 
[INFO] [stdout] 
[INFO] [stdout] For more information about this error, try `rustc --explain E0283`.
[INFO] [stdout] 
[INFO] [stderr] error: could not compile `rustyline` (lib) due to 4 previous errors
[INFO] running `Command { std: "docker" "inspect" "e9aea9367260ee98369845e41af2e94ecd140293c111fc1f1c4ab387301513e0", kill_on_drop: false }`
[INFO] running `Command { std: "docker" "rm" "-f" "e9aea9367260ee98369845e41af2e94ecd140293c111fc1f1c4ab387301513e0", kill_on_drop: false }`
[INFO] [stdout] e9aea9367260ee98369845e41af2e94ecd140293c111fc1f1c4ab387301513e0
