[INFO] cloning repository https://github.com/jakub-jedrzejczyk/sudoku-rust
[INFO] running `Command { std: "git" "-c" "credential.helper=" "-c" "credential.helper=/workspace/cargo-home/bin/git-credential-null" "clone" "--bare" "https://github.com/jakub-jedrzejczyk/sudoku-rust" "/workspace/cache/git-repos/https%3A%2F%2Fgithub.com%2Fjakub-jedrzejczyk%2Fsudoku-rust", kill_on_drop: false }`
[INFO] [stderr] Cloning into bare repository '/workspace/cache/git-repos/https%3A%2F%2Fgithub.com%2Fjakub-jedrzejczyk%2Fsudoku-rust'...
[INFO] running `Command { std: "git" "rev-parse" "HEAD", kill_on_drop: false }`
[INFO] [stdout] a2d767337d165887e4cc67fe8bad0c208609c8a2
[INFO] testing jakub-jedrzejczyk/sudoku-rust against 1.98.0-beta.1 for beta-1.98-2
[INFO] running `Command { std: "git" "clone" "/workspace/cache/git-repos/https%3A%2F%2Fgithub.com%2Fjakub-jedrzejczyk%2Fsudoku-rust" "/workspace/builds/worker-4-tc2/source", kill_on_drop: false }`
[INFO] [stderr] Cloning into '/workspace/builds/worker-4-tc2/source'...
[INFO] [stderr] done.
[INFO] started tweaking git repo https://github.com/jakub-jedrzejczyk/sudoku-rust
[INFO] finished tweaking git repo https://github.com/jakub-jedrzejczyk/sudoku-rust
[INFO] tweaked toml for git repo https://github.com/jakub-jedrzejczyk/sudoku-rust written to /workspace/builds/worker-4-tc2/source/Cargo.toml
[INFO] validating manifest of git repo https://github.com/jakub-jedrzejczyk/sudoku-rust on toolchain 1.98.0-beta.1
[INFO] running `Command { std: CARGO_HOME="/workspace/cargo-home" RUSTUP_HOME="/workspace/rustup-home" "/workspace/cargo-home/bin/cargo" "+1.98.0-beta.1" "metadata" "--manifest-path" "Cargo.toml" "--no-deps", kill_on_drop: false }`
[INFO] crate git repo https://github.com/jakub-jedrzejczyk/sudoku-rust already has a lockfile, it will not be regenerated
[INFO] running `Command { std: CARGO_HOME="/workspace/cargo-home" RUSTUP_HOME="/workspace/rustup-home" "/workspace/cargo-home/bin/cargo" "+1.98.0-beta.1" "fetch" "--manifest-path" "Cargo.toml", kill_on_drop: false }`
[INFO] running `Command { std: "docker" "create" "-v" "/var/lib/crater-agent-workspace/builds/worker-4-tc2/source:/opt/rustwide/workdir:ro,Z" "-v" "/var/lib/crater-agent-workspace/builds/worker-4-tc2/target:/opt/rustwide/target:rw,Z" "-v" "/var/lib/crater-agent-workspace/cargo-home:/opt/rustwide/cargo-home:ro,Z" "-v" "/var/lib/crater-agent-workspace/rustup-home:/opt/rustwide/rustup-home:ro,Z" "-m" "1610612736" "--network" "none" "ghcr.io/rust-lang/crates-build-env/linux@sha256:3d5ced03c013a94a2f102a4510f48a6e9184255caf5fd8244f58017bde7f5210" "sleep" "infinity", kill_on_drop: false }`
[INFO] [stdout] a37c6d893e6bc4c9f4ba6290582d328531fb49408beeeec81d83f94c493dd787
[INFO] running `Command { std: "docker" "start" "a37c6d893e6bc4c9f4ba6290582d328531fb49408beeeec81d83f94c493dd787", kill_on_drop: false }`
[INFO] running `Command { std: "docker" "inspect" "a37c6d893e6bc4c9f4ba6290582d328531fb49408beeeec81d83f94c493dd787", kill_on_drop: false }`
[INFO] running `Command { std: "docker" "exec" "-e" "SOURCE_DIR=/opt/rustwide/workdir" "-e" "CARGO_HOME=/opt/rustwide/cargo-home" "-e" "RUSTUP_HOME=/opt/rustwide/rustup-home" "-e" "CARGO_TARGET_DIR=/opt/rustwide/target" "-w" "/opt/rustwide/workdir" "--user" "0:0" "a37c6d893e6bc4c9f4ba6290582d328531fb49408beeeec81d83f94c493dd787" "/opt/rustwide/cargo-home/bin/cargo" "+1.98.0-beta.1" "metadata" "--no-deps" "--format-version=1", kill_on_drop: false }`
[INFO] running `Command { std: "docker" "inspect" "a37c6d893e6bc4c9f4ba6290582d328531fb49408beeeec81d83f94c493dd787", kill_on_drop: false }`
[INFO] running `Command { std: "docker" "exec" "-e" "SOURCE_DIR=/opt/rustwide/workdir" "-e" "CARGO_HOME=/opt/rustwide/cargo-home" "-e" "RUSTUP_HOME=/opt/rustwide/rustup-home" "-e" "CARGO_TARGET_DIR=/opt/rustwide/target" "-e" "CARGO_INCREMENTAL=0" "-e" "RUST_BACKTRACE=full" "-e" "RUSTFLAGS=--cap-lints=warn" "-e" "RUSTDOCFLAGS=--cap-lints=warn" "-w" "/opt/rustwide/workdir" "--user" "0:0" "a37c6d893e6bc4c9f4ba6290582d328531fb49408beeeec81d83f94c493dd787" "/opt/rustwide/cargo-home/bin/cargo" "+1.98.0-beta.1" "build" "--frozen" "--message-format=json", kill_on_drop: false }`
[INFO] [stderr]    Compiling pin-project-lite v0.2.15
[INFO] [stderr]    Compiling autocfg v1.4.0
[INFO] [stderr]    Compiling futures-core v0.3.31
[INFO] [stderr]    Compiling crossbeam-utils v0.8.20
[INFO] [stderr]    Compiling futures-io v0.3.31
[INFO] [stderr]    Compiling parking v2.2.1
[INFO] [stderr]    Compiling libc v0.2.162
[INFO] [stderr]    Compiling proc-macro2 v1.0.89
[INFO] [stderr]    Compiling unicode-ident v1.0.13
[INFO] [stderr]    Compiling fastrand v2.2.0
[INFO] [stderr]    Compiling cfg-if v1.0.0
[INFO] [stderr]    Compiling rustix v0.38.40
[INFO] [stderr]    Compiling linux-raw-sys v0.4.14
[INFO] [stderr]    Compiling value-bag v1.10.0
[INFO] [stderr]    Compiling bitflags v2.6.0
[INFO] [stderr]    Compiling slab v0.4.9
[INFO] [stderr]    Compiling quote v1.0.37
[INFO] [stderr]    Compiling futures-lite v2.5.0
[INFO] [stderr]    Compiling tracing-core v0.1.32
[INFO] [stderr]    Compiling log v0.4.22
[INFO] [stderr]    Compiling syn v2.0.87
[INFO] [stderr]    Compiling lock_api v0.4.12
[INFO] [stderr]    Compiling concurrent-queue v2.5.0
[INFO] [stderr]    Compiling tracing v0.1.40
[INFO] [stderr]    Compiling event-listener v5.3.1
[INFO] [stderr]    Compiling parking_lot_core v0.9.10
[INFO] [stderr]    Compiling pin-utils v0.1.0
[INFO] [stderr]    Compiling signal-hook v0.3.17
[INFO] [stderr]    Compiling memchr v2.7.4
[INFO] [stderr]    Compiling futures-sink v0.3.31
[INFO] [stderr]    Compiling async-task v4.7.1
[INFO] [stderr]    Compiling event-listener-strategy v0.5.2
[INFO] [stderr]    Compiling futures-channel v0.3.31
[INFO] [stderr]    Compiling async-lock v3.4.0
[INFO] [stderr]    Compiling async-channel v2.3.1
[INFO] [stderr]    Compiling piper v0.2.4
[INFO] [stderr]    Compiling signal-hook-registry v1.4.2
[INFO] [stderr]    Compiling smallvec v1.13.2
[INFO] [stderr]    Compiling futures-task v0.3.31
[INFO] [stderr]    Compiling blocking v1.6.1
[INFO] [stderr]    Compiling async-executor v1.13.1
[INFO] [stderr]    Compiling mio v1.0.2
[INFO] [stderr]    Compiling once_cell v1.20.2
[INFO] [stderr]    Compiling event-listener v2.5.3
[INFO] [stderr]    Compiling parking_lot v0.12.3
[INFO] [stderr]    Compiling kv-log-macro v1.0.7
[INFO] [stderr]    Compiling futures-timer v3.0.3
[INFO] [stderr]    Compiling async-channel v1.9.0
[INFO] [stderr]    Compiling signal-hook-mio v0.2.4
[INFO] [stderr]    Compiling futures-macro v0.3.31
[INFO] [stderr]    Compiling futures-util v0.3.31
[INFO] [stderr]    Compiling polling v3.7.4
[INFO] [stderr]    Compiling crossterm v0.28.1
[INFO] [stderr]    Compiling async-io v2.4.0
[INFO] [stderr]    Compiling async-global-executor v2.4.1
[INFO] [stderr]    Compiling async-std v1.13.0
[INFO] [stderr]    Compiling futures-executor v0.3.31
[INFO] [stderr]    Compiling futures v0.3.31
[INFO] [stderr]    Compiling sudoku v0.1.0 (/opt/rustwide/workdir)
[INFO] [stdout] error[E0425]: cannot find type `Settings` in this scope
[INFO] [stdout]    --> src/tui/terminal.rs:142:62
[INFO] [stdout]     |
[INFO] [stdout] 142 |     pub fn draw_outer_bound_horizontal(&mut self, settings: &Settings, y: u16, x_offset: u16, y_offset: u16) -> io::Result<()> {
[INFO] [stdout]     |                                                              ^^^^^^^^ not found in this scope
[INFO] [stdout] 
[INFO] [stdout] 
[INFO] [stdout] error[E0425]: cannot find value `stdout` in this scope
[INFO] [stdout]    --> src/tui/terminal.rs:152:35
[INFO] [stdout]     |
[INFO] [stdout] 152 | ...   self.draw_horizontal(&stdout, i + x_offset, y_pos + y_offset, settings.get_outer_border_vertical(), settings.get_outer_inters...
[INFO] [stdout]     |                             ^^^^^^
[INFO] [stdout]     |
[INFO] [stdout] help: you might have meant to use the available field
[INFO] [stdout]     |
[INFO] [stdout] 152 |             self.draw_horizontal(&self.stdout, i + x_offset, y_pos + y_offset, settings.get_outer_border_vertical(), settings.get_outer_intersection_char()).unwrap();
[INFO] [stdout]     |                                   +++++
[INFO] [stdout] help: consider importing one of these functions
[INFO] [stdout]     |
[INFO] [stdout]   1 + use crate::tui::terminal::io::stdout;
[INFO] [stdout]     |
[INFO] [stdout]   1 + use std::io::stdout;
[INFO] [stdout]     |
[INFO] [stdout] 
[INFO] [stdout] 
[INFO] [stdout] error[E0425]: cannot find type `Settings` in this scope
[INFO] [stdout]    --> src/tui/terminal.rs:158:51
[INFO] [stdout]     |
[INFO] [stdout] 158 |     pub fn draw_outer_bound(&mut self, settings: &Settings, x: u16, y: u16) -> io::Result<()> {
[INFO] [stdout]     |                                                   ^^^^^^^^ not found in this scope
[INFO] [stdout] 
[INFO] [stdout] 
[INFO] [stdout] error[E0425]: cannot find type `Settings` in this scope
[INFO] [stdout]    --> src/tui/terminal.rs:169:60
[INFO] [stdout]     |
[INFO] [stdout] 169 |     pub fn draw_inner_bound_vertical(&mut self, settings: &Settings, x: u16, x_offset: u16, y_offset: u16) -> io::Result<()> {
[INFO] [stdout]     |                                                            ^^^^^^^^ not found in this scope
[INFO] [stdout] 
[INFO] [stdout] 
[INFO] [stdout] error[E0425]: cannot find type `Settings` in this scope
[INFO] [stdout]    --> src/tui/terminal.rs:184:62
[INFO] [stdout]     |
[INFO] [stdout] 184 |     pub fn draw_inner_bound_horizontal(&mut self, settings: &Settings, y: u16, x_offset: u16, y_offset: u16) -> io::Result<()> {
[INFO] [stdout]     |                                                              ^^^^^^^^ not found in this scope
[INFO] [stdout] 
[INFO] [stdout] 
[INFO] [stdout] error[E0425]: cannot find type `Settings` in this scope
[INFO] [stdout]    --> src/tui/terminal.rs:199:51
[INFO] [stdout]     |
[INFO] [stdout] 199 |     pub fn draw_inner_bound(&mut self, settings: &Settings, x: u16, y: u16) -> io::Result<()> {
[INFO] [stdout]     |                                                   ^^^^^^^^ not found in this scope
[INFO] [stdout] 
[INFO] [stdout] 
[INFO] [stdout] error[E0425]: cannot find type `Settings` in this scope
[INFO] [stdout]    --> src/tui/terminal.rs:227:94
[INFO] [stdout]     |
[INFO] [stdout] 227 |     pub fn calculate_cell_offset(&self, size_x: u16, size_y: u16, x: u16, y: u16, settings: &Settings) -> (u16, u16) {
[INFO] [stdout]     |                                                                                              ^^^^^^^^ not found in this scope
[INFO] [stdout] 
[INFO] [stdout] 
[INFO] [stdout] warning: unused import: `self`
[INFO] [stdout]  --> src/tui/terminal.rs:9:39
[INFO] [stdout]   |
[INFO] [stdout] 9 | use crate::{logic, options::display::{self, DisplayOptions}};
[INFO] [stdout]   |                                       ^^^^
[INFO] [stdout]   |
[INFO] [stdout]   = note: `#[warn(unused_imports)]` (part of `#[warn(unused)]`) on by default
[INFO] [stdout] 
[INFO] [stdout] 
[INFO] [stdout] error[E0599]: no method named `get_field_width` found for reference `&DisplayOptions` in the current scope
[INFO] [stdout]    --> src/tui/terminal.rs:133:84
[INFO] [stdout]     |
[INFO] [stdout] 133 | ...   self.draw_vertical(x_pos + x_offset, i + y_offset, display_options.get_field_width(), display_options.get_outer_horizontal_ch...
[INFO] [stdout]     |                                                                          ^^^^^^^^^^^^^^^ method not found in `&DisplayOptions`
[INFO] [stdout] 
[INFO] [stdout] 
[INFO] [stdout] error[E0599]: no method named `get_field_width` found for reference `&DisplayOptions` in the current scope
[INFO] [stdout]    --> src/tui/terminal.rs:134:42
[INFO] [stdout]     |
[INFO] [stdout] 134 |                 x_pos += display_options.get_field_width();
[INFO] [stdout]     |                                          ^^^^^^^^^^^^^^^ method not found in `&DisplayOptions`
[INFO] [stdout] 
[INFO] [stdout] 
[INFO] [stdout] error[E0061]: this method takes 4 arguments but 5 arguments were supplied
[INFO] [stdout]    --> src/tui/terminal.rs:152:18
[INFO] [stdout]     |
[INFO] [stdout] 152 | ...lf.draw_horizontal(&stdout, i + x_offset, y_pos + y_offset, settings.get_outer_border_vertical(), settings.get_outer_intersection_char()).u...
[INFO] [stdout]     |       ^^^^^^^^^^^^^^^                                                                                -------------------------------------- unexpected argument #5
[INFO] [stdout]     |
[INFO] [stdout] note: method defined here
[INFO] [stdout]    --> src/tui/terminal.rs:117:12
[INFO] [stdout]     |
[INFO] [stdout] 117 |     pub fn draw_horizontal(&mut self, x_pos: u16, y_pos: u16, length: u16, c: char) -> io::Result<()> {
[INFO] [stdout]     |            ^^^^^^^^^^^^^^^
[INFO] [stdout] help: remove the extra argument
[INFO] [stdout]     |
[INFO] [stdout] 152 -             self.draw_horizontal(&stdout, i + x_offset, y_pos + y_offset, settings.get_outer_border_vertical(), settings.get_outer_intersection_char()).unwrap();
[INFO] [stdout] 152 +             self.draw_horizontal(&stdout, i + x_offset, y_pos + y_offset, settings.get_outer_border_vertical()).unwrap();
[INFO] [stdout]     |
[INFO] [stdout] 
[INFO] [stdout] 
[INFO] [stdout] error[E0599]: no method named `get_settings` found for reference `&Game` in the current scope
[INFO] [stdout]    --> src/tui/terminal.rs:221:29
[INFO] [stdout]     |
[INFO] [stdout] 221 |         let settings = game.get_settings();
[INFO] [stdout]     |                             ^^^^^^^^^^^^ method not found in `&Game`
[INFO] [stdout] 
[INFO] [stdout] 
[INFO] [stdout] error[E0599]: no method named `get_settings` found for reference `&Game` in the current scope
[INFO] [stdout]    --> src/tui/terminal.rs:236:112
[INFO] [stdout]     |
[INFO] [stdout] 236 |         let (x_offset, y_offset) = self.calculate_cell_offset(game.get_size_x(), game.get_size_y(), x, y, game.get_settings());
[INFO] [stdout]     |                                                                                                                ^^^^^^^^^^^^ method not found in `&Game`
[INFO] [stdout] 
[INFO] [stdout] 
[INFO] [stdout] error[E0599]: no method named `get_cell` found for reference `&Game` in the current scope
[INFO] [stdout]    --> src/tui/terminal.rs:237:22
[INFO] [stdout]     |
[INFO] [stdout] 237 |         let c = game.get_cell(x, y).get_char();
[INFO] [stdout]     |                      ^^^^^^^^ method not found in `&Game`
[INFO] [stdout] 
[INFO] [stdout] 
[INFO] [stdout] error[E0599]: no method named `get_settings` found for reference `&Game` in the current scope
[INFO] [stdout]    --> src/tui/terminal.rs:262:112
[INFO] [stdout]     |
[INFO] [stdout] 262 |         let (x_offset, y_offset) = self.calculate_cell_offset(game.get_size_x(), game.get_size_y(), x, y, game.get_settings());
[INFO] [stdout]     |                                                                                                                ^^^^^^^^^^^^ method not found in `&Game`
[INFO] [stdout] 
[INFO] [stdout] 
[INFO] [stdout] error[E0061]: this function takes 4 arguments but 0 arguments were supplied
[INFO] [stdout]   --> src/main.rs:12:22
[INFO] [stdout]    |
[INFO] [stdout] 12 |     let rudoku_app = App::new();
[INFO] [stdout]    |                      ^^^^^^^^-- multiple arguments are missing
[INFO] [stdout]    |
[INFO] [stdout] note: associated function defined here
[INFO] [stdout]   --> src/app/app.rs:22:12
[INFO] [stdout]    |
[INFO] [stdout] 22 |     pub fn new(game: Game, settings: Options, terminal: Terminal, stdout: Stdout) -> App {
[INFO] [stdout]    |            ^^^ ----------  -----------------  ------------------  --------------
[INFO] [stdout] help: provide the arguments
[INFO] [stdout]    |
[INFO] [stdout] 12 |     let rudoku_app = App::new(/* Game */, /* Options */, /* Terminal */, /* std::io::Stdout */);
[INFO] [stdout]    |                               ++++++++++++++++++++++++++++++++++++++++++++++++++++++++++++++++
[INFO] [stdout] 
[INFO] [stdout] 
[INFO] [stdout] warning: unused variable: `modifiers`
[INFO] [stdout]   --> src/app/app.rs:31:48
[INFO] [stdout]    |
[INFO] [stdout] 31 |     fn handle_keycode(&self, keycode: KeyCode, modifiers: KeyModifiers) -> bool {
[INFO] [stdout]    |                                                ^^^^^^^^^ help: if this is intentional, prefix it with an underscore: `_modifiers`
[INFO] [stdout]    |
[INFO] [stdout]    = note: `#[warn(unused_variables)]` (part of `#[warn(unused)]`) on by default
[INFO] [stdout] 
[INFO] [stdout] 
[INFO] [stdout] warning: unused variable: `width`
[INFO] [stdout]   --> src/app/app.rs:63:47
[INFO] [stdout]    |
[INFO] [stdout] 63 | ...                   Event::Resize(width, height) => {
[INFO] [stdout]    |                                     ^^^^^ help: if this is intentional, prefix it with an underscore: `_width`
[INFO] [stdout] 
[INFO] [stdout] 
[INFO] [stdout] warning: unused variable: `height`
[INFO] [stdout]   --> src/app/app.rs:63:54
[INFO] [stdout]    |
[INFO] [stdout] 63 | ...                   Event::Resize(width, height) => {
[INFO] [stdout]    |                                            ^^^^^^ help: if this is intentional, prefix it with an underscore: `_height`
[INFO] [stdout] 
[INFO] [stdout] 
[INFO] [stdout] Some errors have detailed explanations: E0061, E0425, E0599.
[INFO] [stdout] 
[INFO] [stdout] For more information about an error, try `rustc --explain E0061`.
[INFO] [stdout] 
[INFO] [stderr] error: could not compile `sudoku` (bin "sudoku") due to 15 previous errors; 4 warnings emitted
[INFO] running `Command { std: "docker" "inspect" "a37c6d893e6bc4c9f4ba6290582d328531fb49408beeeec81d83f94c493dd787", kill_on_drop: false }`
[INFO] running `Command { std: "docker" "rm" "-f" "a37c6d893e6bc4c9f4ba6290582d328531fb49408beeeec81d83f94c493dd787", kill_on_drop: false }`
[INFO] [stdout] a37c6d893e6bc4c9f4ba6290582d328531fb49408beeeec81d83f94c493dd787
