[INFO] cloning repository https://github.com/iloveyouexe/network_sniffer
[INFO] running `Command { std: "git" "-c" "credential.helper=" "-c" "credential.helper=/workspace/cargo-home/bin/git-credential-null" "clone" "--bare" "https://github.com/iloveyouexe/network_sniffer" "/workspace/cache/git-repos/https%3A%2F%2Fgithub.com%2Filoveyouexe%2Fnetwork_sniffer", kill_on_drop: false }`
[INFO] [stderr] Cloning into bare repository '/workspace/cache/git-repos/https%3A%2F%2Fgithub.com%2Filoveyouexe%2Fnetwork_sniffer'...
[INFO] running `Command { std: "git" "rev-parse" "HEAD", kill_on_drop: false }`
[INFO] [stdout] fee31c2559ae7bb9445ebc88470425522bc9132a
[INFO] testing iloveyouexe/network_sniffer against 1.97.0-beta.6 for beta-1.98-2
[INFO] running `Command { std: "git" "clone" "/workspace/cache/git-repos/https%3A%2F%2Fgithub.com%2Filoveyouexe%2Fnetwork_sniffer" "/workspace/builds/worker-4-tc1/source", kill_on_drop: false }`
[INFO] [stderr] Cloning into '/workspace/builds/worker-4-tc1/source'...
[INFO] [stderr] done.
[INFO] started tweaking git repo https://github.com/iloveyouexe/network_sniffer
[INFO] finished tweaking git repo https://github.com/iloveyouexe/network_sniffer
[INFO] tweaked toml for git repo https://github.com/iloveyouexe/network_sniffer written to /workspace/builds/worker-4-tc1/source/Cargo.toml
[INFO] validating manifest of git repo https://github.com/iloveyouexe/network_sniffer on toolchain 1.97.0-beta.6
[INFO] running `Command { std: CARGO_HOME="/workspace/cargo-home" RUSTUP_HOME="/workspace/rustup-home" "/workspace/cargo-home/bin/cargo" "+1.97.0-beta.6" "metadata" "--manifest-path" "Cargo.toml" "--no-deps", kill_on_drop: false }`
[INFO] crate git repo https://github.com/iloveyouexe/network_sniffer already has a lockfile, it will not be regenerated
[INFO] running `Command { std: CARGO_HOME="/workspace/cargo-home" RUSTUP_HOME="/workspace/rustup-home" "/workspace/cargo-home/bin/cargo" "+1.97.0-beta.6" "fetch" "--manifest-path" "Cargo.toml", kill_on_drop: false }`
[INFO] [stderr]     Updating crates.io index
[INFO] [stderr]     Blocking waiting for file lock on package cache
[INFO] [stderr]  Downloading crates ...
[INFO] [stderr]   Downloaded pnet_sys v0.34.0
[INFO] [stderr]   Downloaded pnet_transport v0.34.0
[INFO] [stderr]   Downloaded pnet v0.34.0
[INFO] [stderr]   Downloaded pnet_packet v0.34.0
[INFO] [stderr]   Downloaded anstyle-wincon v3.0.2
[INFO] [stderr]   Downloaded strsim v0.11.0
[INFO] [stderr]   Downloaded clap_lex v0.7.0
[INFO] [stderr]   Downloaded pnet_macros_support v0.34.0
[INFO] [stderr]   Downloaded windows-targets v0.52.4
[INFO] [stderr]   Downloaded anstyle-query v1.0.2
[INFO] [stderr]   Downloaded colorchoice v1.0.0
[INFO] [stderr]   Downloaded pnet_base v0.34.0
[INFO] [stderr]   Downloaded anstyle v1.0.6
[INFO] [stderr]   Downloaded utf8parse v0.2.1
[INFO] [stderr]   Downloaded pnet_macros v0.34.0
[INFO] [stderr]   Downloaded glob v0.3.1
[INFO] [stderr]   Downloaded pnet_datalink v0.34.0
[INFO] [stderr]   Downloaded ipnetwork v0.20.0
[INFO] [stderr]   Downloaded env_logger v0.11.3
[INFO] [stderr]   Downloaded humantime v2.1.0
[INFO] [stderr]   Downloaded env_filter v0.1.0
[INFO] [stderr]   Downloaded anstyle-parse v0.2.3
[INFO] [stderr]   Downloaded no-std-net v0.6.0
[INFO] [stderr]   Downloaded anstream v0.6.13
[INFO] [stderr]   Downloaded clap v4.5.3
[INFO] [stderr]   Downloaded memchr v2.7.1
[INFO] [stderr]   Downloaded clap_builder v4.5.2
[INFO] [stderr]   Downloaded aho-corasick v1.1.2
[INFO] [stderr]   Downloaded syn v2.0.53
[INFO] [stderr]   Downloaded regex v1.10.3
[INFO] [stderr]   Downloaded regex-syntax v0.8.2
[INFO] [stderr]   Downloaded windows_x86_64_gnullvm v0.52.4
[INFO] [stderr]   Downloaded windows_aarch64_gnullvm v0.52.4
[INFO] [stderr]   Downloaded regex-automata v0.4.6
[INFO] [stderr]   Downloaded libc v0.2.153
[INFO] [stderr]   Downloaded windows_x86_64_msvc v0.52.4
[INFO] [stderr]   Downloaded windows_aarch64_msvc v0.52.4
[INFO] [stderr]   Downloaded windows_x86_64_gnu v0.52.4
[INFO] [stderr]   Downloaded windows_i686_msvc v0.52.4
[INFO] [stderr]   Downloaded windows_i686_gnu v0.52.4
[INFO] running `Command { std: "docker" "create" "-v" "/var/lib/crater-agent-workspace/builds/worker-4-tc1/source:/opt/rustwide/workdir:ro,Z" "-v" "/var/lib/crater-agent-workspace/builds/worker-4-tc1/target:/opt/rustwide/target:rw,Z" "-v" "/var/lib/crater-agent-workspace/cargo-home:/opt/rustwide/cargo-home:ro,Z" "-v" "/var/lib/crater-agent-workspace/rustup-home:/opt/rustwide/rustup-home:ro,Z" "-m" "1610612736" "--network" "none" "ghcr.io/rust-lang/crates-build-env/linux@sha256:3d5ced03c013a94a2f102a4510f48a6e9184255caf5fd8244f58017bde7f5210" "sleep" "infinity", kill_on_drop: false }`
[INFO] [stdout] f5e3af6a56db406ab39076ece6e1a2c97c10bfb897dfa42f085b86036a410f4a
[INFO] running `Command { std: "docker" "start" "f5e3af6a56db406ab39076ece6e1a2c97c10bfb897dfa42f085b86036a410f4a", kill_on_drop: false }`
[INFO] running `Command { std: "docker" "inspect" "f5e3af6a56db406ab39076ece6e1a2c97c10bfb897dfa42f085b86036a410f4a", kill_on_drop: false }`
[INFO] running `Command { std: "docker" "exec" "-e" "SOURCE_DIR=/opt/rustwide/workdir" "-e" "CARGO_HOME=/opt/rustwide/cargo-home" "-e" "RUSTUP_HOME=/opt/rustwide/rustup-home" "-e" "CARGO_TARGET_DIR=/opt/rustwide/target" "-w" "/opt/rustwide/workdir" "--user" "0:0" "f5e3af6a56db406ab39076ece6e1a2c97c10bfb897dfa42f085b86036a410f4a" "/opt/rustwide/cargo-home/bin/cargo" "+1.97.0-beta.6" "metadata" "--no-deps" "--format-version=1", kill_on_drop: false }`
[INFO] running `Command { std: "docker" "inspect" "f5e3af6a56db406ab39076ece6e1a2c97c10bfb897dfa42f085b86036a410f4a", kill_on_drop: false }`
[INFO] running `Command { std: "docker" "exec" "-e" "SOURCE_DIR=/opt/rustwide/workdir" "-e" "CARGO_HOME=/opt/rustwide/cargo-home" "-e" "RUSTUP_HOME=/opt/rustwide/rustup-home" "-e" "CARGO_TARGET_DIR=/opt/rustwide/target" "-e" "CARGO_INCREMENTAL=0" "-e" "RUST_BACKTRACE=full" "-e" "RUSTFLAGS=--cap-lints=warn" "-e" "RUSTDOCFLAGS=--cap-lints=warn" "-w" "/opt/rustwide/workdir" "--user" "0:0" "f5e3af6a56db406ab39076ece6e1a2c97c10bfb897dfa42f085b86036a410f4a" "/opt/rustwide/cargo-home/bin/cargo" "+1.97.0-beta.6" "build" "--frozen" "--message-format=json", kill_on_drop: false }`
[INFO] [stderr]    Compiling memchr v2.7.1
[INFO] [stderr]    Compiling libc v0.2.153
[INFO] [stderr]    Compiling regex-syntax v0.8.2
[INFO] [stderr]    Compiling no-std-net v0.6.0
[INFO] [stderr]    Compiling utf8parse v0.2.1
[INFO] [stderr]    Compiling serde v1.0.197
[INFO] [stderr]    Compiling colorchoice v1.0.0
[INFO] [stderr]    Compiling anstyle-query v1.0.2
[INFO] [stderr]    Compiling anstyle v1.0.6
[INFO] [stderr]    Compiling clap_lex v0.7.0
[INFO] [stderr]    Compiling log v0.4.21
[INFO] [stderr]    Compiling strsim v0.11.0
[INFO] [stderr]    Compiling pnet v0.34.0
[INFO] [stderr]    Compiling humantime v2.1.0
[INFO] [stderr]    Compiling syn v2.0.53
[INFO] [stderr]    Compiling pnet_base v0.34.0
[INFO] [stderr]    Compiling anstyle-parse v0.2.3
[INFO] [stderr]    Compiling pnet_macros_support v0.34.0
[INFO] [stderr]    Compiling anstream v0.6.13
[INFO] [stderr]    Compiling clap_builder v4.5.2
[INFO] [stderr]    Compiling aho-corasick v1.1.2
[INFO] [stderr]    Compiling pnet_sys v0.34.0
[INFO] [stderr]    Compiling regex-automata v0.4.6
[INFO] [stderr]    Compiling ipnetwork v0.20.0
[INFO] [stderr]    Compiling clap v4.5.3
[INFO] [stderr]    Compiling pnet_datalink v0.34.0
[INFO] [stderr]    Compiling regex v1.10.3
[INFO] [stderr]    Compiling pnet_macros v0.34.0
[INFO] [stderr]    Compiling env_filter v0.1.0
[INFO] [stderr]    Compiling env_logger v0.11.3
[INFO] [stderr]    Compiling pnet_packet v0.34.0
[INFO] [stderr]    Compiling pnet_transport v0.34.0
[INFO] [stderr]    Compiling network_sniffer v0.1.0 (/opt/rustwide/workdir)
[INFO] [stdout] error[E0432]: unresolved import `clap::App`
[INFO] [stdout]  --> src/main.rs:1:12
[INFO] [stdout]   |
[INFO] [stdout] 1 | use clap::{App, Arg};
[INFO] [stdout]   |            ^^^ no `App` in the root
[INFO] [stdout] 
[INFO] [stdout] 
[INFO] [stdout] error[E0599]: no associated function or constant named `with_name` found for struct `Arg` in the current scope
[INFO] [stdout]    --> src/main.rs:14:18
[INFO] [stdout]     |
[INFO] [stdout]  14 |             Arg::with_name("interface")
[INFO] [stdout]     |                  ^^^^^^^^^ associated function or constant not found in `Arg`
[INFO] [stdout]     |
[INFO] [stdout] note: if you're trying to build a new `Arg`, consider using `Arg::new` which returns `Arg`
[INFO] [stdout]    --> /opt/rustwide/cargo-home/registry/src/index.crates.io-1949cf8c6b5b557f/clap_builder-4.5.2/src/builder/arg.rs:111:5
[INFO] [stdout]     |
[INFO] [stdout] 111 |     pub fn new(id: impl Into<Id>) -> Self {
[INFO] [stdout]     |     ^^^^^^^^^^^^^^^^^^^^^^^^^^^^^^^^^^^^^
[INFO] [stdout] 
[INFO] [stdout] 
[INFO] [stdout] error[E0599]: no associated function or constant named `with_name` found for struct `Arg` in the current scope
[INFO] [stdout]    --> src/main.rs:22:18
[INFO] [stdout]     |
[INFO] [stdout]  22 |             Arg::with_name("filter")
[INFO] [stdout]     |                  ^^^^^^^^^ associated function or constant not found in `Arg`
[INFO] [stdout]     |
[INFO] [stdout] note: if you're trying to build a new `Arg`, consider using `Arg::new` which returns `Arg`
[INFO] [stdout]    --> /opt/rustwide/cargo-home/registry/src/index.crates.io-1949cf8c6b5b557f/clap_builder-4.5.2/src/builder/arg.rs:111:5
[INFO] [stdout]     |
[INFO] [stdout] 111 |     pub fn new(id: impl Into<Id>) -> Self {
[INFO] [stdout]     |     ^^^^^^^^^^^^^^^^^^^^^^^^^^^^^^^^^^^^^
[INFO] [stdout] 
[INFO] [stdout] 
[INFO] [stdout] error[E0599]: no associated function or constant named `with_name` found for struct `Arg` in the current scope
[INFO] [stdout]    --> src/main.rs:30:18
[INFO] [stdout]     |
[INFO] [stdout]  30 |             Arg::with_name("count")
[INFO] [stdout]     |                  ^^^^^^^^^ associated function or constant not found in `Arg`
[INFO] [stdout]     |
[INFO] [stdout] note: if you're trying to build a new `Arg`, consider using `Arg::new` which returns `Arg`
[INFO] [stdout]    --> /opt/rustwide/cargo-home/registry/src/index.crates.io-1949cf8c6b5b557f/clap_builder-4.5.2/src/builder/arg.rs:111:5
[INFO] [stdout]     |
[INFO] [stdout] 111 |     pub fn new(id: impl Into<Id>) -> Self {
[INFO] [stdout]     |     ^^^^^^^^^^^^^^^^^^^^^^^^^^^^^^^^^^^^^
[INFO] [stdout] 
[INFO] [stdout] 
[INFO] [stdout] error[E0433]: cannot find type `EthernetPacket` in this scope
[INFO] [stdout]   --> src/main.rs:58:30
[INFO] [stdout]    |
[INFO] [stdout] 58 |                 let packet = EthernetPacket::new(packet).unwrap();
[INFO] [stdout]    |                              ^^^^^^^^^^^^^^ use of undeclared type `EthernetPacket`
[INFO] [stdout] 
[INFO] [stdout] 
[INFO] [stdout] Some errors have detailed explanations: E0432, E0433, E0599.
[INFO] [stdout] 
[INFO] [stdout] For more information about an error, try `rustc --explain E0432`.
[INFO] [stdout] 
[INFO] [stderr] error: could not compile `network_sniffer` (bin "network_sniffer") due to 5 previous errors
[INFO] running `Command { std: "docker" "inspect" "f5e3af6a56db406ab39076ece6e1a2c97c10bfb897dfa42f085b86036a410f4a", kill_on_drop: false }`
[INFO] running `Command { std: "docker" "rm" "-f" "f5e3af6a56db406ab39076ece6e1a2c97c10bfb897dfa42f085b86036a410f4a", kill_on_drop: false }`
[INFO] [stdout] f5e3af6a56db406ab39076ece6e1a2c97c10bfb897dfa42f085b86036a410f4a
