[INFO] cloning repository https://github.com/hor1zon777/Portcullis
[INFO] running `Command { std: "git" "-c" "credential.helper=" "-c" "credential.helper=/workspace/cargo-home/bin/git-credential-null" "clone" "--bare" "https://github.com/hor1zon777/Portcullis" "/workspace/cache/git-repos/https%3A%2F%2Fgithub.com%2Fhor1zon777%2FPortcullis", kill_on_drop: false }`
[INFO] [stderr] Cloning into bare repository '/workspace/cache/git-repos/https%3A%2F%2Fgithub.com%2Fhor1zon777%2FPortcullis'...
[INFO] running `Command { std: "git" "rev-parse" "HEAD", kill_on_drop: false }`
[INFO] [stdout] 96eea749909e2890b9159110b6b8e2dca7343294
[INFO] testing hor1zon777/Portcullis against 1.98.0-beta.1 for beta-1.98-2
[INFO] running `Command { std: "git" "clone" "/workspace/cache/git-repos/https%3A%2F%2Fgithub.com%2Fhor1zon777%2FPortcullis" "/workspace/builds/worker-4-tc2/source", kill_on_drop: false }`
[INFO] [stderr] Cloning into '/workspace/builds/worker-4-tc2/source'...
[INFO] [stderr] done.
[INFO] removed /workspace/builds/worker-4-tc2/source/.cargo/config.toml
[INFO] started tweaking git repo https://github.com/hor1zon777/Portcullis
[INFO] finished tweaking git repo https://github.com/hor1zon777/Portcullis
[INFO] tweaked toml for git repo https://github.com/hor1zon777/Portcullis written to /workspace/builds/worker-4-tc2/source/Cargo.toml
[INFO] validating manifest of git repo https://github.com/hor1zon777/Portcullis on toolchain 1.98.0-beta.1
[INFO] running `Command { std: CARGO_HOME="/workspace/cargo-home" RUSTUP_HOME="/workspace/rustup-home" "/workspace/cargo-home/bin/cargo" "+1.98.0-beta.1" "metadata" "--manifest-path" "Cargo.toml" "--no-deps", kill_on_drop: false }`
[INFO] crate git repo https://github.com/hor1zon777/Portcullis already has a lockfile, it will not be regenerated
[INFO] running `Command { std: CARGO_HOME="/workspace/cargo-home" RUSTUP_HOME="/workspace/rustup-home" "/workspace/cargo-home/bin/cargo" "+1.98.0-beta.1" "fetch" "--manifest-path" "Cargo.toml", kill_on_drop: false }`
[INFO] running `Command { std: "docker" "create" "-v" "/var/lib/crater-agent-workspace/builds/worker-4-tc2/source:/opt/rustwide/workdir:ro,Z" "-v" "/var/lib/crater-agent-workspace/builds/worker-4-tc2/target:/opt/rustwide/target:rw,Z" "-v" "/var/lib/crater-agent-workspace/cargo-home:/opt/rustwide/cargo-home:ro,Z" "-v" "/var/lib/crater-agent-workspace/rustup-home:/opt/rustwide/rustup-home:ro,Z" "-m" "1610612736" "--network" "none" "ghcr.io/rust-lang/crates-build-env/linux@sha256:3d5ced03c013a94a2f102a4510f48a6e9184255caf5fd8244f58017bde7f5210" "sleep" "infinity", kill_on_drop: false }`
[INFO] [stdout] 879fe374a9e20fee910333a5eb8b124dfdf61979398684366ef9c64a40c568fc
[INFO] running `Command { std: "docker" "start" "879fe374a9e20fee910333a5eb8b124dfdf61979398684366ef9c64a40c568fc", kill_on_drop: false }`
[INFO] running `Command { std: "docker" "inspect" "879fe374a9e20fee910333a5eb8b124dfdf61979398684366ef9c64a40c568fc", kill_on_drop: false }`
[INFO] running `Command { std: "docker" "exec" "-e" "SOURCE_DIR=/opt/rustwide/workdir" "-e" "CARGO_HOME=/opt/rustwide/cargo-home" "-e" "RUSTUP_HOME=/opt/rustwide/rustup-home" "-e" "CARGO_TARGET_DIR=/opt/rustwide/target" "-w" "/opt/rustwide/workdir" "--user" "0:0" "879fe374a9e20fee910333a5eb8b124dfdf61979398684366ef9c64a40c568fc" "/opt/rustwide/cargo-home/bin/cargo" "+1.98.0-beta.1" "metadata" "--no-deps" "--format-version=1", kill_on_drop: false }`
[INFO] running `Command { std: "docker" "inspect" "879fe374a9e20fee910333a5eb8b124dfdf61979398684366ef9c64a40c568fc", kill_on_drop: false }`
[INFO] running `Command { std: "docker" "exec" "-e" "SOURCE_DIR=/opt/rustwide/workdir" "-e" "CARGO_HOME=/opt/rustwide/cargo-home" "-e" "RUSTUP_HOME=/opt/rustwide/rustup-home" "-e" "CARGO_TARGET_DIR=/opt/rustwide/target" "-e" "CARGO_INCREMENTAL=0" "-e" "RUST_BACKTRACE=full" "-e" "RUSTFLAGS=--cap-lints=warn" "-e" "RUSTDOCFLAGS=--cap-lints=warn" "-w" "/opt/rustwide/workdir" "--user" "0:0" "879fe374a9e20fee910333a5eb8b124dfdf61979398684366ef9c64a40c568fc" "/opt/rustwide/cargo-home/bin/cargo" "+1.98.0-beta.1" "build" "--frozen" "--message-format=json", kill_on_drop: false }`
[INFO] [stderr]    Compiling unicode-ident v1.0.24
[INFO] [stderr]    Compiling proc-macro2 v1.0.106
[INFO] [stderr]    Compiling quote v1.0.45
[INFO] [stderr]    Compiling libc v0.2.185
[INFO] [stderr]    Compiling cfg-if v1.0.4
[INFO] [stderr]    Compiling once_cell v1.21.4
[INFO] [stderr]    Compiling version_check v0.9.5
[INFO] [stderr]    Compiling smallvec v1.15.1
[INFO] [stderr]    Compiling shlex v1.3.0
[INFO] [stderr]    Compiling pin-project-lite v0.2.17
[INFO] [stderr]    Compiling find-msvc-tools v0.1.9
[INFO] [stderr]    Compiling itoa v1.0.18
[INFO] [stderr]    Compiling parking_lot_core v0.9.12
[INFO] [stderr]    Compiling scopeguard v1.2.0
[INFO] [stderr]    Compiling serde_core v1.0.228
[INFO] [stderr]    Compiling lock_api v0.4.14
[INFO] [stderr]    Compiling generic-array v0.14.7
[INFO] [stderr]    Compiling typenum v1.20.0
[INFO] [stderr]    Compiling bytes v1.11.1
[INFO] [stderr]    Compiling futures-core v0.3.32
[INFO] [stderr]    Compiling subtle v2.6.1
[INFO] [stderr]    Compiling tracing-core v0.1.36
[INFO] [stderr]    Compiling serde v1.0.228
[INFO] [stderr]    Compiling log v0.4.29
[INFO] [stderr]    Compiling zerocopy v0.8.48
[INFO] [stderr]    Compiling stable_deref_trait v1.2.1
[INFO] [stderr]    Compiling futures-sink v0.3.32
[INFO] [stderr]    Compiling zeroize v1.8.2
[INFO] [stderr]    Compiling syn v2.0.117
[INFO] [stderr]    Compiling http v1.4.0
[INFO] [stderr]    Compiling fs_extra v1.3.0
[INFO] [stderr]    Compiling equivalent v1.0.2
[INFO] [stderr]    Compiling dunce v1.0.5
[INFO] [stderr]    Compiling slab v0.4.12
[INFO] [stderr]    Compiling jobserver v0.1.34
[INFO] [stderr]    Compiling errno v0.3.14
[INFO] [stderr]    Compiling signal-hook-registry v1.4.8
[INFO] [stderr]    Compiling cc v1.2.60
[INFO] [stderr]    Compiling parking_lot v0.12.5
[INFO] [stderr]    Compiling socket2 v0.6.3
[INFO] [stderr]    Compiling crypto-common v0.1.7
[INFO] [stderr]    Compiling block-buffer v0.10.4
[INFO] [stderr]    Compiling mio v1.2.0
[INFO] [stderr]    Compiling rustversion v1.0.22
[INFO] [stderr]    Compiling cpufeatures v0.2.17
[INFO] [stderr]    Compiling digest v0.10.7
[INFO] [stderr]    Compiling http-body v1.0.1
[INFO] [stderr]    Compiling cmake v0.1.58
[INFO] [stderr]    Compiling ahash v0.8.12
[INFO] [stderr]    Compiling hashbrown v0.17.0
[INFO] [stderr]    Compiling crossbeam-utils v0.8.21
[INFO] [stderr]    Compiling futures-task v0.3.32
[INFO] [stderr]    Compiling futures-util v0.3.32
[INFO] [stderr]    Compiling getrandom v0.3.4
[INFO] [stderr]    Compiling memchr v2.8.0
[INFO] [stderr]    Compiling aws-lc-rs v1.16.3
[INFO] [stderr]    Compiling bitflags v2.11.1
[INFO] [stderr]    Compiling indexmap v2.14.0
[INFO] [stderr]    Compiling tower-service v0.3.3
[INFO] [stderr]    Compiling rustls-pki-types v1.14.0
[INFO] [stderr]    Compiling aws-lc-sys v0.40.0
[INFO] [stderr]    Compiling ring v0.17.14
[INFO] [stderr]    Compiling litemap v0.8.2
[INFO] [stderr]    Compiling percent-encoding v2.3.2
[INFO] [stderr]    Compiling wasm-bindgen-shared v0.2.118
[INFO] [stderr]    Compiling zmij v1.0.21
[INFO] [stderr]    Compiling httparse v1.10.1
[INFO] [stderr]    Compiling writeable v0.6.3
[INFO] [stderr]    Compiling getrandom v0.2.17
[INFO] [stderr]    Compiling fnv v1.0.7
[INFO] [stderr]    Compiling try-lock v0.2.5
[INFO] [stderr]    Compiling icu_normalizer_data v2.2.0
[INFO] [stderr]    Compiling unicase v2.9.0
[INFO] [stderr]    Compiling untrusted v0.9.0
[INFO] [stderr]    Compiling serde_json v1.0.149
[INFO] [stderr]    Compiling mime v0.3.17
[INFO] [stderr]    Compiling atomic-waker v1.1.2
[INFO] [stderr]    Compiling base64 v0.22.1
[INFO] [stderr]    Compiling icu_properties_data v2.2.0
[INFO] [stderr]    Compiling utf8_iter v1.0.4
[INFO] [stderr]    Compiling mime_guess v2.0.5
[INFO] [stderr]    Compiling want v0.3.1
[INFO] [stderr]    Compiling rand_core v0.9.5
[INFO] [stderr]    Compiling futures-channel v0.3.32
[INFO] [stderr]    Compiling rustls v0.23.38
[INFO] [stderr]    Compiling httpdate v1.0.3
[INFO] [stderr]    Compiling crc32fast v1.5.0
[INFO] [stderr]    Compiling tower-layer v0.3.3
[INFO] [stderr]    Compiling synstructure v0.13.2
[INFO] [stderr]    Compiling alloc-no-stdlib v2.0.4
[INFO] [stderr]    Compiling ppv-lite86 v0.2.21
[INFO] [stderr]    Compiling alloc-stdlib v0.2.2
[INFO] [stderr]    Compiling sha2 v0.10.9
[INFO] [stderr]    Compiling http-body-util v0.1.3
[INFO] [stderr]    Compiling sync_wrapper v1.0.2
[INFO] [stderr]    Compiling ipnet v2.12.0
[INFO] [stderr]    Compiling adler2 v2.0.1
[INFO] [stderr]    Compiling bumpalo v3.20.2
[INFO] [stderr]    Compiling semver v1.0.28
[INFO] [stderr]    Compiling same-file v1.0.6
[INFO] [stderr]    Compiling simd-adler32 v0.3.9
[INFO] [stderr]    Compiling option-ext v0.2.0
[INFO] [stderr]    Compiling walkdir v2.5.0
[INFO] [stderr]    Compiling dirs-sys v0.5.0
[INFO] [stderr]    Compiling miniz_oxide v0.8.9
[INFO] [stderr]    Compiling wasm-bindgen-macro-support v0.2.118
[INFO] [stderr]    Compiling rustc_version v0.4.1
[INFO] [stderr]    Compiling rand_chacha v0.9.0
[INFO] [stderr]    Compiling zerofrom-derive v0.1.7
[INFO] [stderr]    Compiling tracing-attributes v0.1.31
[INFO] [stderr]    Compiling yoke-derive v0.8.2
[INFO] [stderr]    Compiling serde_derive v1.0.228
[INFO] [stderr]    Compiling tokio-macros v2.7.0
[INFO] [stderr]    Compiling zerovec-derive v0.11.3
[INFO] [stderr]    Compiling tokio v1.52.1
[INFO] [stderr]    Compiling displaydoc v0.2.5
[INFO] [stderr]    Compiling tracing v0.1.44
[INFO] [stderr]    Compiling zerofrom v0.1.7
[INFO] [stderr]    Compiling yoke v0.8.2
[INFO] [stderr]    Compiling zerovec v0.11.6
[INFO] [stderr]    Compiling brotli-decompressor v5.0.0
[INFO] [stderr]    Compiling zerotrie v0.2.4
[INFO] [stderr]    Compiling tinystr v0.8.3
[INFO] [stderr]    Compiling icu_locale_core v2.2.0
[INFO] [stderr]    Compiling potential_utf v0.1.5
[INFO] [stderr]    Compiling icu_collections v2.2.0
[INFO] [stderr]    Compiling hashbrown v0.14.5
[INFO] [stderr]    Compiling form_urlencoded v1.2.2
[INFO] [stderr]    Compiling raw-cpuid v11.6.0
[INFO] [stderr]    Compiling wasm-bindgen v0.2.118
[INFO] [stderr]    Compiling icu_provider v2.2.0
[INFO] [stderr]    Compiling openssl-probe v0.2.1
[INFO] [stderr]    Compiling icu_normalizer v2.2.0
[INFO] [stderr]    Compiling icu_properties v2.2.0
[INFO] [stderr]    Compiling regex-syntax v0.8.10
[INFO] [stderr]    Compiling rand_core v0.6.4
[INFO] [stderr]    Compiling utf8parse v0.2.2
[INFO] [stderr]    Compiling base64ct v1.8.3
[INFO] [stderr]    Compiling pkg-config v0.3.33
[INFO] [stderr]    Compiling vcpkg v0.2.15
[INFO] [stderr]    Compiling password-hash v0.5.0
[INFO] [stderr]    Compiling anstyle-parse v1.0.0
[INFO] [stderr]    Compiling rustls-native-certs v0.8.3
[INFO] [stderr]    Compiling quanta v0.12.6
[INFO] [stderr]    Compiling libsqlite3-sys v0.28.0
[INFO] [stderr]    Compiling idna_adapter v1.2.1
[INFO] [stderr]    Compiling wasm-bindgen-macro v0.2.118
[INFO] [stderr]    Compiling regex-automata v0.4.14
[INFO] [stderr]    Compiling brotli v8.0.2
[INFO] [stderr]    Compiling flate2 v1.1.9
[INFO] [stderr]    Compiling rand v0.9.4
[INFO] [stderr]    Compiling curve25519-dalek v4.1.3
[INFO] [stderr]    Compiling dirs v6.0.0
[INFO] [stderr]    Compiling webpki-roots v1.0.7
[INFO] [stderr]    Compiling blake2 v0.10.6
[INFO] [stderr]    Compiling colorchoice v1.0.5
[INFO] [stderr]    Compiling is_terminal_polyfill v1.70.2
[INFO] [stderr]    Compiling portable-atomic v1.13.1
[INFO] [stderr]    Compiling anstyle-query v1.1.5
[INFO] [stderr]    Compiling thiserror v1.0.69
[INFO] [stderr]    Compiling thiserror v2.0.18
[INFO] [stderr]    Compiling ryu v1.0.23
[INFO] [stderr]    Compiling getrandom v0.4.2
[INFO] [stderr]    Compiling anstyle v1.0.14
[INFO] [stderr]    Compiling powerfmt v0.2.0
[INFO] [stderr]    Compiling foldhash v0.1.5
[INFO] [stderr]    Compiling lazy_static v1.5.0
[INFO] [stderr]    Compiling compression-core v0.4.31
[INFO] [stderr]    Compiling sharded-slab v0.1.7
[INFO] [stderr]    Compiling hashbrown v0.15.5
[INFO] [stderr]    Compiling deranged v0.5.8
[INFO] [stderr]    Compiling tokio-util v0.7.18
[INFO] [stderr]    Compiling tower v0.5.3
[INFO] [stderr]    Compiling anstream v1.0.0
[INFO] [stderr]    Compiling h2 v0.4.13
[INFO] [stderr]    Compiling matchers v0.2.0
[INFO] [stderr]    Compiling serde_urlencoded v0.7.1
[INFO] [stderr]    Compiling argon2 v0.5.3
[INFO] [stderr]    Compiling shellexpand v3.1.2
[INFO] [stderr]    Compiling rust-embed-utils v8.11.0
[INFO] [stderr]    Compiling idna v1.1.0
[INFO] [stderr]    Compiling compression-codecs v0.4.37
[INFO] [stderr]    Compiling serde_spanned v0.6.9
[INFO] [stderr]    Compiling toml_datetime v0.6.11
[INFO] [stderr]    Compiling tracing-serde v0.2.0
[INFO] [stderr]    Compiling async-trait v0.1.89
[INFO] [stderr]    Compiling thiserror-impl v2.0.18
[INFO] [stderr]    Compiling curve25519-dalek-derive v0.1.1
[INFO] [stderr]    Compiling thiserror-impl v1.0.69
[INFO] [stderr]    Compiling metrics v0.24.3
[INFO] [stderr]    Compiling rand_xoshiro v0.7.0
[INFO] [stderr]    Compiling crossbeam-epoch v0.9.18
[INFO] [stderr]    Compiling hmac v0.12.1
[INFO] [stderr]    Compiling tracing-log v0.2.0
[INFO] [stderr]    Compiling thread_local v1.1.9
[INFO] [stderr]    Compiling allocator-api2 v0.2.21
[INFO] [stderr]    Compiling time-core v0.1.8
[INFO] [stderr]    Compiling nu-ansi-term v0.50.3
[INFO] [stderr]    Compiling toml_write v0.1.2
[INFO] [stderr]    Compiling num-conv v0.2.1
[INFO] [stderr]    Compiling heck v0.5.0
[INFO] [stderr]    Compiling winnow v0.7.15
[INFO] [stderr]    Compiling clap_lex v1.1.0
[INFO] [stderr]    Compiling signature v2.2.0
[INFO] [stderr]    Compiling iri-string v0.7.12
[INFO] [stderr]    Compiling strsim v0.11.1
[INFO] [stderr]    Compiling foldhash v0.2.0
[INFO] [stderr]    Compiling sketches-ddsketch v0.3.1
[INFO] [stderr]    Compiling hashbrown v0.16.1
[INFO] [stderr]    Compiling metrics-util v0.19.1
[INFO] [stderr]    Compiling clap_builder v4.6.0
[INFO] [stderr]    Compiling clap_derive v4.6.1
[INFO] [stderr]    Compiling hyper v1.9.0
[INFO] [stderr]    Compiling toml_edit v0.22.27
[INFO] [stderr]    Compiling tower-http v0.6.8
[INFO] [stderr]    Compiling hyper-util v0.1.20
[INFO] [stderr]    Compiling ed25519 v2.2.3
[INFO] [stderr]    Compiling time v0.3.47
[INFO] [stderr]    Compiling tracing-subscriber v0.3.23
[INFO] [stderr]    Compiling captcha-core v1.5.0 (/opt/rustwide/workdir/crates/captcha-core)
[INFO] [stderr]    Compiling axum-core v0.4.5
[INFO] [stderr]    Compiling async-compression v0.4.41
[INFO] [stderr]    Compiling url v2.5.8
[INFO] [stderr]    Compiling rust-embed-impl v8.11.0
[INFO] [stderr]    Compiling hashlink v0.9.1
[INFO] [stderr]    Compiling dashmap v6.1.0
[INFO] [stderr]    Compiling crossbeam-channel v0.5.15
[INFO] [stderr]    Compiling serde_path_to_error v0.1.20
[INFO] [stderr]    Compiling spinning_top v0.3.0
[INFO] [stderr]    Compiling futures-timer v3.0.3
[INFO] [stderr]    Compiling fallible-streaming-iterator v0.1.9
[INFO] [stderr]    Compiling symlink v0.1.0
[INFO] [stderr]    Compiling fallible-iterator v0.3.0
[INFO] [stderr]    Compiling web-time v1.1.0
[INFO] [stderr]    Compiling matchit v0.7.3
[INFO] [stderr]    Compiling nonzero_ext v0.3.0
[INFO] [stderr]    Compiling captcha-server v1.5.0 (/opt/rustwide/workdir/crates/captcha-server)
[INFO] [stderr]    Compiling governor v0.10.4
[INFO] [stderr]    Compiling rusqlite v0.31.0
[INFO] [stderr] warning: captcha-server@1.5.0: 静态资源目录不存在。请先运行构建脚本：
[INFO] [stderr] warning: captcha-server@1.5.0:   bash scripts/build-all.sh
[INFO] [stderr] warning: captcha-server@1.5.0:   或手动: wasm-pack build + cd sdk && pnpm build
[INFO] [stderr]    Compiling rust-embed v8.11.0
[INFO] [stderr]    Compiling uuid v1.23.1
[INFO] [stderr]    Compiling ed25519-dalek v2.2.0
[INFO] [stderr]    Compiling tracing-appender v0.2.5
[INFO] [stderr]    Compiling axum v0.7.9
[INFO] [stderr]    Compiling tower-http v0.5.2
[INFO] [stderr]    Compiling toml v0.8.23
[INFO] [stderr]    Compiling clap v4.6.1
[INFO] [stderr]    Compiling js-sys v0.3.95
[INFO] [stderr]    Compiling arc-swap v1.9.1
[INFO] [stderr]    Compiling dotenvy v0.15.7
[INFO] [stderr]    Compiling console_error_panic_hook v0.1.7
[INFO] [stderr]    Compiling serde-wasm-bindgen v0.6.5
[INFO] [stderr]    Compiling rustls-webpki v0.103.13
[INFO] [stderr]    Compiling captcha-wasm v1.5.0 (/opt/rustwide/workdir/crates/captcha-wasm)
[INFO] [stderr]    Compiling tokio-rustls v0.26.4
[INFO] [stderr]    Compiling hyper-rustls v0.27.9
[INFO] [stderr]    Compiling reqwest v0.12.28
[INFO] [stderr]    Compiling metrics-exporter-prometheus v0.16.2
[INFO] [stdout] error: #[derive(RustEmbed)] folder '/opt/rustwide/workdir/crates/captcha-server/../../sdk/dist/' does not exist. cwd: '/opt/rustwide/workdir'
[INFO] [stdout]   --> crates/captcha-server/src/static_assets.rs:17:1
[INFO] [stdout]    |
[INFO] [stdout] 17 | / #[folder = "$CARGO_MANIFEST_DIR/../../sdk/dist/"]
[INFO] [stdout] 18 | | #[prefix = ""]
[INFO] [stdout] 19 | | struct SdkDist;
[INFO] [stdout]    | |_______________^
[INFO] [stdout] 
[INFO] [stdout] 
[INFO] [stdout] error: #[derive(RustEmbed)] folder '/opt/rustwide/workdir/crates/captcha-server/../../sdk/pkg/' does not exist. cwd: '/opt/rustwide/workdir'
[INFO] [stdout]   --> crates/captcha-server/src/static_assets.rs:22:1
[INFO] [stdout]    |
[INFO] [stdout] 22 | / #[folder = "$CARGO_MANIFEST_DIR/../../sdk/pkg/"]
[INFO] [stdout] 23 | | #[prefix = ""]
[INFO] [stdout] 24 | | struct SdkPkg;
[INFO] [stdout]    | |______________^
[INFO] [stdout] 
[INFO] [stdout] 
[INFO] [stdout] error[E0599]: no associated function or constant named `iter` found for struct `SdkDist` in the current scope
[INFO] [stdout]   --> crates/captcha-server/src/static_assets.rs:58:30
[INFO] [stdout]    |
[INFO] [stdout] 19 | struct SdkDist;
[INFO] [stdout]    | -------------- associated function or constant `iter` not found for this struct
[INFO] [stdout] ...
[INFO] [stdout] 58 |         for name in SdkDist::iter() {
[INFO] [stdout]    |                              ^^^^ associated function or constant not found in `SdkDist`
[INFO] [stdout]    |
[INFO] [stdout]    = help: items from traits can only be used if the trait is implemented and in scope
[INFO] [stdout]    = note: the following traits define an item `iter`, perhaps you need to implement one of them:
[INFO] [stdout]            candidate #1: `Embed`
[INFO] [stdout]            candidate #2: `bitflags::traits::Flags`
[INFO] [stdout]            candidate #3: `toml_edit::table::TableLike`
[INFO] [stdout] 
[INFO] [stdout] 
[INFO] [stdout] error[E0599]: no associated function or constant named `get` found for struct `SdkDist` in the current scope
[INFO] [stdout]   --> crates/captcha-server/src/static_assets.rs:59:39
[INFO] [stdout]    |
[INFO] [stdout] 19 | struct SdkDist;
[INFO] [stdout]    | -------------- associated function or constant `get` not found for this struct
[INFO] [stdout] ...
[INFO] [stdout] 59 |             if let Some(f) = SdkDist::get(&name) {
[INFO] [stdout]    |                                       ^^^ associated function or constant not found in `SdkDist`
[INFO] [stdout]    |
[INFO] [stdout]    = help: items from traits can only be used if the trait is implemented and in scope
[INFO] [stdout]    = note: the following traits define an item `get`, perhaps you need to implement one of them:
[INFO] [stdout]            candidate #1: `Embed`
[INFO] [stdout]            candidate #2: `SliceIndex`
[INFO] [stdout]            candidate #3: `fallible_streaming_iterator::FallibleStreamingIterator`
[INFO] [stdout]            candidate #4: `icu_collections::codepointtrie::cptrie::TypedCodePointTrie`
[INFO] [stdout]            candidate #5: `icu_properties::names::PropertyEnumToValueNameLookup`
[INFO] [stdout]            candidate #6: `icu_provider::baked::DataStore`
[INFO] [stdout]            candidate #7: `nonzero_ext::NonZero`
[INFO] [stdout]            candidate #8: `rustls::server::server_conn::StoresServerSessions`
[INFO] [stdout]            candidate #9: `toml_edit::table::TableLike`
[INFO] [stdout] 
[INFO] [stdout] 
[INFO] [stdout] error[E0599]: no associated function or constant named `iter` found for struct `SdkPkg` in the current scope
[INFO] [stdout]   --> crates/captcha-server/src/static_assets.rs:63:29
[INFO] [stdout]    |
[INFO] [stdout] 24 | struct SdkPkg;
[INFO] [stdout]    | ------------- associated function or constant `iter` not found for this struct
[INFO] [stdout] ...
[INFO] [stdout] 63 |         for name in SdkPkg::iter() {
[INFO] [stdout]    |                             ^^^^ associated function or constant not found in `SdkPkg`
[INFO] [stdout]    |
[INFO] [stdout]    = help: items from traits can only be used if the trait is implemented and in scope
[INFO] [stdout]    = note: the following traits define an item `iter`, perhaps you need to implement one of them:
[INFO] [stdout]            candidate #1: `Embed`
[INFO] [stdout]            candidate #2: `bitflags::traits::Flags`
[INFO] [stdout]            candidate #3: `toml_edit::table::TableLike`
[INFO] [stdout] 
[INFO] [stdout] 
[INFO] [stdout] error[E0599]: no associated function or constant named `get` found for struct `SdkPkg` in the current scope
[INFO] [stdout]   --> crates/captcha-server/src/static_assets.rs:65:42
[INFO] [stdout]    |
[INFO] [stdout] 24 | struct SdkPkg;
[INFO] [stdout]    | ------------- associated function or constant `get` not found for this struct
[INFO] [stdout] ...
[INFO] [stdout] 65 |                 if let Some(f) = SdkPkg::get(&name) {
[INFO] [stdout]    |                                          ^^^ associated function or constant not found in `SdkPkg`
[INFO] [stdout]    |
[INFO] [stdout]    = help: items from traits can only be used if the trait is implemented and in scope
[INFO] [stdout]    = note: the following traits define an item `get`, perhaps you need to implement one of them:
[INFO] [stdout]            candidate #1: `Embed`
[INFO] [stdout]            candidate #2: `SliceIndex`
[INFO] [stdout]            candidate #3: `fallible_streaming_iterator::FallibleStreamingIterator`
[INFO] [stdout]            candidate #4: `icu_collections::codepointtrie::cptrie::TypedCodePointTrie`
[INFO] [stdout]            candidate #5: `icu_properties::names::PropertyEnumToValueNameLookup`
[INFO] [stdout]            candidate #6: `icu_provider::baked::DataStore`
[INFO] [stdout]            candidate #7: `nonzero_ext::NonZero`
[INFO] [stdout]            candidate #8: `rustls::server::server_conn::StoresServerSessions`
[INFO] [stdout]            candidate #9: `toml_edit::table::TableLike`
[INFO] [stdout] 
[INFO] [stdout] 
[INFO] [stdout] error[E0599]: no associated function or constant named `get` found for struct `SdkDist` in the current scope
[INFO] [stdout]   --> crates/captcha-server/src/static_assets.rs:87:14
[INFO] [stdout]    |
[INFO] [stdout] 19 | struct SdkDist;
[INFO] [stdout]    | -------------- associated function or constant `get` not found for this struct
[INFO] [stdout] ...
[INFO] [stdout] 87 |     SdkDist::get(file)
[INFO] [stdout]    |              ^^^ associated function or constant not found in `SdkDist`
[INFO] [stdout]    |
[INFO] [stdout]    = help: items from traits can only be used if the trait is implemented and in scope
[INFO] [stdout]    = note: the following traits define an item `get`, perhaps you need to implement one of them:
[INFO] [stdout]            candidate #1: `Embed`
[INFO] [stdout]            candidate #2: `SliceIndex`
[INFO] [stdout]            candidate #3: `fallible_streaming_iterator::FallibleStreamingIterator`
[INFO] [stdout]            candidate #4: `icu_collections::codepointtrie::cptrie::TypedCodePointTrie`
[INFO] [stdout]            candidate #5: `icu_properties::names::PropertyEnumToValueNameLookup`
[INFO] [stdout]            candidate #6: `icu_provider::baked::DataStore`
[INFO] [stdout]            candidate #7: `nonzero_ext::NonZero`
[INFO] [stdout]            candidate #8: `rustls::server::server_conn::StoresServerSessions`
[INFO] [stdout]            candidate #9: `toml_edit::table::TableLike`
[INFO] [stdout] 
[INFO] [stdout] 
[INFO] [stdout] error[E0599]: no associated function or constant named `get` found for struct `SdkPkg` in the current scope
[INFO] [stdout]   --> crates/captcha-server/src/static_assets.rs:89:29
[INFO] [stdout]    |
[INFO] [stdout] 24 | struct SdkPkg;
[INFO] [stdout]    | ------------- associated function or constant `get` not found for this struct
[INFO] [stdout] ...
[INFO] [stdout] 89 |         .or_else(|| SdkPkg::get(file).map(|c| c.data.into_owned()))
[INFO] [stdout]    |                             ^^^ associated function or constant not found in `SdkPkg`
[INFO] [stdout]    |
[INFO] [stdout]    = help: items from traits can only be used if the trait is implemented and in scope
[INFO] [stdout]    = note: the following traits define an item `get`, perhaps you need to implement one of them:
[INFO] [stdout]            candidate #1: `Embed`
[INFO] [stdout]            candidate #2: `SliceIndex`
[INFO] [stdout]            candidate #3: `fallible_streaming_iterator::FallibleStreamingIterator`
[INFO] [stdout]            candidate #4: `icu_collections::codepointtrie::cptrie::TypedCodePointTrie`
[INFO] [stdout]            candidate #5: `icu_properties::names::PropertyEnumToValueNameLookup`
[INFO] [stdout]            candidate #6: `icu_provider::baked::DataStore`
[INFO] [stdout]            candidate #7: `nonzero_ext::NonZero`
[INFO] [stdout]            candidate #8: `rustls::server::server_conn::StoresServerSessions`
[INFO] [stdout]            candidate #9: `toml_edit::table::TableLike`
[INFO] [stdout] 
[INFO] [stdout] 
[INFO] [stdout] For more information about this error, try `rustc --explain E0599`.
[INFO] [stdout] 
[INFO] [stderr] warning: captcha-server@1.5.0: 静态资源目录不存在。请先运行构建脚本：
[INFO] [stderr] warning: captcha-server@1.5.0:   bash scripts/build-all.sh
[INFO] [stderr] warning: captcha-server@1.5.0:   或手动: wasm-pack build + cd sdk && pnpm build
[INFO] [stderr] error: could not compile `captcha-server` (lib) due to 8 previous errors
[INFO] running `Command { std: "docker" "inspect" "879fe374a9e20fee910333a5eb8b124dfdf61979398684366ef9c64a40c568fc", kill_on_drop: false }`
[INFO] running `Command { std: "docker" "rm" "-f" "879fe374a9e20fee910333a5eb8b124dfdf61979398684366ef9c64a40c568fc", kill_on_drop: false }`
[INFO] [stdout] 879fe374a9e20fee910333a5eb8b124dfdf61979398684366ef9c64a40c568fc
