[INFO] fetching crate scrut 0.2.1...
[INFO] documenting scrut-0.2.1 against beta-2025-02-18 for beta-1.86-rustdoc-1
[INFO] extracting crate scrut 0.2.1 into /workspace/builds/worker-6-tc2/source
[INFO] validating manifest of crates.io crate scrut 0.2.1 on toolchain beta-2025-02-18
[INFO] running `Command { std: CARGO_HOME="/workspace/cargo-home" RUSTUP_HOME="/workspace/rustup-home" "/workspace/cargo-home/bin/cargo" "+beta-2025-02-18" "metadata" "--manifest-path" "Cargo.toml" "--no-deps", kill_on_drop: false }`
[INFO] started tweaking crates.io crate scrut 0.2.1
[INFO] finished tweaking crates.io crate scrut 0.2.1
[INFO] tweaked toml for crates.io crate scrut 0.2.1 written to /workspace/builds/worker-6-tc2/source/Cargo.toml
[INFO] crate crates.io crate scrut 0.2.1 already has a lockfile, it will not be regenerated
[INFO] running `Command { std: CARGO_HOME="/workspace/cargo-home" RUSTUP_HOME="/workspace/rustup-home" "/workspace/cargo-home/bin/cargo" "+beta-2025-02-18" "fetch" "--manifest-path" "Cargo.toml", kill_on_drop: false }`
[INFO] running `Command { std: "docker" "create" "-v" "/var/lib/crater-agent-workspace/builds/worker-6-tc2/target:/opt/rustwide/target:rw,Z" "-v" "/var/lib/crater-agent-workspace/builds/worker-6-tc2/source:/opt/rustwide/workdir:ro,Z" "-v" "/var/lib/crater-agent-workspace/cargo-home:/opt/rustwide/cargo-home:ro,Z" "-v" "/var/lib/crater-agent-workspace/rustup-home:/opt/rustwide/rustup-home:ro,Z" "-e" "SOURCE_DIR=/opt/rustwide/workdir" "-e" "CARGO_TARGET_DIR=/opt/rustwide/target" "-e" "CARGO_HOME=/opt/rustwide/cargo-home" "-e" "RUSTUP_HOME=/opt/rustwide/rustup-home" "-w" "/opt/rustwide/workdir" "-m" "1610612736" "--user" "0:0" "--network" "none" "ghcr.io/rust-lang/crates-build-env/linux@sha256:3959728d45483eb673ba100a951a6b9f5012970368db2a9e08e0ac9b67c8a5ad" "/opt/rustwide/cargo-home/bin/cargo" "+beta-2025-02-18" "metadata" "--no-deps" "--format-version=1", kill_on_drop: false }`
[INFO] [stdout] 16c83ebf35fd537ab7be3e2d37178b857adf4dc7339ff37ecfab31709a96def2
[INFO] running `Command { std: "docker" "start" "-a" "16c83ebf35fd537ab7be3e2d37178b857adf4dc7339ff37ecfab31709a96def2", kill_on_drop: false }`
[INFO] running `Command { std: "docker" "inspect" "16c83ebf35fd537ab7be3e2d37178b857adf4dc7339ff37ecfab31709a96def2", kill_on_drop: false }`
[INFO] running `Command { std: "docker" "rm" "-f" "16c83ebf35fd537ab7be3e2d37178b857adf4dc7339ff37ecfab31709a96def2", kill_on_drop: false }`
[INFO] [stdout] 16c83ebf35fd537ab7be3e2d37178b857adf4dc7339ff37ecfab31709a96def2
[INFO] running `Command { std: "docker" "create" "-v" "/var/lib/crater-agent-workspace/builds/worker-6-tc2/target:/opt/rustwide/target:rw,Z" "-v" "/var/lib/crater-agent-workspace/builds/worker-6-tc2/source:/opt/rustwide/workdir:ro,Z" "-v" "/var/lib/crater-agent-workspace/cargo-home:/opt/rustwide/cargo-home:ro,Z" "-v" "/var/lib/crater-agent-workspace/rustup-home:/opt/rustwide/rustup-home:ro,Z" "-e" "SOURCE_DIR=/opt/rustwide/workdir" "-e" "CARGO_TARGET_DIR=/opt/rustwide/target" "-e" "CARGO_INCREMENTAL=0" "-e" "RUST_BACKTRACE=full" "-e" "RUSTFLAGS=--cap-lints=warn" "-e" "RUSTDOCFLAGS=--cap-lints=warn" "-e" "CARGO_HOME=/opt/rustwide/cargo-home" "-e" "RUSTUP_HOME=/opt/rustwide/rustup-home" "-w" "/opt/rustwide/workdir" "-m" "1610612736" "--user" "0:0" "--network" "none" "ghcr.io/rust-lang/crates-build-env/linux@sha256:3959728d45483eb673ba100a951a6b9f5012970368db2a9e08e0ac9b67c8a5ad" "/opt/rustwide/cargo-home/bin/cargo" "+beta-2025-02-18" "doc" "--frozen" "--no-deps" "--document-private-items" "--message-format=json", kill_on_drop: false }`
[INFO] [stdout] c29db648e8706a55b0be64c040eeb1f08faec920ab18b00133a9a9dd5a89ae2f
[INFO] running `Command { std: "docker" "start" "-a" "c29db648e8706a55b0be64c040eeb1f08faec920ab18b00133a9a9dd5a89ae2f", kill_on_drop: false }`
[INFO] [stderr]    Compiling proc-macro2 v1.0.93
[INFO] [stderr]    Compiling unicode-ident v1.0.14
[INFO] [stderr]    Compiling libc v0.2.169
[INFO] [stderr]    Compiling stable_deref_trait v1.2.0
[INFO] [stderr]    Compiling writeable v0.5.5
[INFO] [stderr]    Compiling litemap v0.7.4
[INFO] [stderr]    Compiling shlex v1.3.0
[INFO] [stderr]    Compiling pkg-config v0.3.31
[INFO] [stderr]    Compiling icu_locid_transform_data v1.5.0
[INFO] [stderr]    Compiling vcpkg v0.2.15
[INFO] [stderr]    Compiling syn v1.0.109
[INFO] [stderr]    Compiling icu_properties_data v1.5.0
[INFO] [stderr]     Checking once_cell v1.20.2
[INFO] [stderr]    Compiling rustix v0.38.43
[INFO] [stderr]    Compiling smallvec v1.13.2
[INFO] [stderr]     Checking cfg-if v1.0.0
[INFO] [stderr]    Compiling write16 v1.0.0
[INFO] [stderr]    Compiling anyhow v1.0.95
[INFO] [stderr]    Compiling quote v1.0.38
[INFO] [stderr]    Compiling utf8_iter v1.0.4
[INFO] [stderr]    Compiling icu_normalizer_data v1.5.0
[INFO] [stderr]    Compiling utf16_iter v1.0.5
[INFO] [stderr]    Compiling powerfmt v0.2.0
[INFO] [stderr]     Checking memchr v2.7.4
[INFO] [stderr]     Checking bitflags v2.8.0
[INFO] [stderr]    Compiling syn v2.0.96
[INFO] [stderr]    Compiling rustversion v1.0.19
[INFO] [stderr]     Checking linux-raw-sys v0.4.15
[INFO] [stderr]    Compiling deranged v0.3.11
[INFO] [stderr]    Compiling ident_case v1.0.1
[INFO] [stderr]    Compiling itoa v1.0.14
[INFO] [stderr]    Compiling jobserver v0.1.32
[INFO] [stderr]    Compiling time-core v0.1.2
[INFO] [stderr]    Compiling percent-encoding v2.3.1
[INFO] [stderr]    Compiling semver v1.0.24
[INFO] [stderr]    Compiling fnv v1.0.7
[INFO] [stderr]    Compiling strsim v0.10.0
[INFO] [stderr]    Compiling thiserror v1.0.69
[INFO] [stderr]    Compiling cc v1.2.10
[INFO] [stderr]     Checking utf8parse v0.2.2
[INFO] [stderr]    Compiling num-conv v0.1.0
[INFO] [stderr]    Compiling form_urlencoded v1.2.1
[INFO] [stderr]    Compiling time v0.3.37
[INFO] [stderr]     Checking getrandom v0.2.15
[INFO] [stderr]    Compiling proc-macro-error-attr2 v2.0.0
[INFO] [stderr]     Checking aho-corasick v1.1.3
[INFO] [stderr]     Checking regex-syntax v0.8.5
[INFO] [stderr]     Checking unicode-width v0.2.0
[INFO] [stderr]    Compiling serde v1.0.217
[INFO] [stderr]    Compiling log v0.4.25
[INFO] [stderr]     Checking byteorder v1.5.0
[INFO] [stderr]    Compiling bitflags v1.3.2
[INFO] [stderr]    Compiling rustc_version v0.4.1
[INFO] [stderr]    Compiling sysinfo v0.27.8
[INFO] [stderr]    Compiling vergen v7.5.1
[INFO] [stderr]     Checking anstyle-parse v0.2.6
[INFO] [stderr]    Compiling libz-sys v1.1.21
[INFO] [stderr]    Compiling libgit2-sys v0.14.2+1.5.1
[INFO] [stderr]     Checking tracing-core v0.1.33
[INFO] [stderr]    Compiling darling_core v0.14.4
[INFO] [stderr]     Checking anstyle-query v1.1.2
[INFO] [stderr]     Checking anstyle v1.0.10
[INFO] [stderr]     Checking colorchoice v1.0.3
[INFO] [stderr]     Checking regex-automata v0.4.9
[INFO] [stderr]     Checking is_terminal_polyfill v1.70.1
[INFO] [stderr]     Checking lazy_static v1.5.0
[INFO] [stderr]     Checking regex-syntax v0.6.29
[INFO] [stderr]     Checking anstream v0.6.18
[INFO] [stderr]     Checking terminal_size v0.4.1
[INFO] [stderr]     Checking rand_core v0.6.4
[INFO] [stderr]    Compiling vte_generate_state_changes v0.1.2
[INFO] [stderr]    Compiling heck v0.5.0
[INFO] [stderr]    Compiling serde_json v1.0.135
[INFO] [stderr]     Checking ryu v1.0.18
[INFO] [stderr]     Checking equivalent v1.0.1
[INFO] [stderr]     Checking arrayvec v0.5.2
[INFO] [stderr]    Compiling synstructure v0.13.1
[INFO] [stderr]    Compiling proc-macro-error2 v2.0.1
[INFO] [stderr]     Checking regex-automata v0.1.10
[INFO] [stderr]     Checking strsim v0.11.1
[INFO] [stderr]     Checking clap_lex v0.7.4
[INFO] [stderr]     Checking pin-project-lite v0.2.16
[INFO] [stderr]     Checking hashbrown v0.15.2
[INFO] [stderr]     Checking unicase v2.8.1
[INFO] [stderr]     Checking fastrand v2.3.0
[INFO] [stderr]     Checking overload v0.1.1
[INFO] [stderr]     Checking nu-ansi-term v0.46.0
[INFO] [stderr]     Checking matchers v0.1.0
[INFO] [stderr]     Checking tempfile v3.15.0
[INFO] [stderr]     Checking clap_builder v4.5.26
[INFO] [stderr]     Checking vte v0.10.1
[INFO] [stderr]     Checking sharded-slab v0.1.7
[INFO] [stderr]     Checking indexmap v2.7.0
[INFO] [stderr]     Checking regex v1.11.1
[INFO] [stderr]    Compiling darling_macro v0.14.4
[INFO] [stderr]     Checking tracing-log v0.2.0
[INFO] [stderr]     Checking console v0.15.10
[INFO] [stderr]     Checking bstr v1.11.3
[INFO] [stderr]     Checking is-terminal v0.4.13
[INFO] [stderr]     Checking thread_local v1.1.8
[INFO] [stderr]     Checking either v1.13.0
[INFO] [stderr]     Checking home v0.5.11
[INFO] [stderr]     Checking zeroize v1.8.1
[INFO] [stderr]     Checking shell-words v1.1.0
[INFO] [stderr]    Compiling darling v0.14.4
[INFO] [stderr]    Compiling derive_builder_core v0.11.2
[INFO] [stderr]     Checking unsafe-libyaml v0.2.11
[INFO] [stderr]     Checking dialoguer v0.10.4
[INFO] [stderr]     Checking which v4.4.2
[INFO] [stderr]     Checking globset v0.4.15
[INFO] [stderr]     Checking colored v1.9.4
[INFO] [stderr]    Compiling zerofrom-derive v0.1.5
[INFO] [stderr]    Compiling yoke-derive v0.7.5
[INFO] [stderr]    Compiling zerovec-derive v0.10.3
[INFO] [stderr]    Compiling displaydoc v0.2.5
[INFO] [stderr]    Compiling icu_provider_macros v1.5.0
[INFO] [stderr]    Compiling thiserror-impl v1.0.69
[INFO] [stderr]    Compiling zerocopy-derive v0.7.35
[INFO] [stderr]    Compiling enum-iterator-derive v1.4.0
[INFO] [stderr]    Compiling getset v0.1.3
[INFO] [stderr]    Compiling serde_derive v1.0.217
[INFO] [stderr]    Compiling zerofrom v0.1.5
[INFO] [stderr]    Compiling tracing-attributes v0.1.28
[INFO] [stderr]    Compiling yoke v0.7.5
[INFO] [stderr]    Compiling zerovec v0.10.4
[INFO] [stderr]     Checking zerocopy v0.7.35
[INFO] [stderr]    Compiling derive_builder_macro v0.11.2
[INFO] [stderr]    Compiling enum-iterator v1.5.0
[INFO] [stderr]    Compiling clap_derive v4.5.24
[INFO] [stderr]     Checking derive_builder v0.11.2
[INFO] [stderr]     Checking strip-ansi-escapes v0.1.1
[INFO] [stderr]    Compiling tinystr v0.7.6
[INFO] [stderr]    Compiling icu_collections v1.5.0
[INFO] [stderr]    Compiling icu_locid v1.5.0
[INFO] [stderr]     Checking ppv-lite86 v0.2.20
[INFO] [stderr]     Checking rand_chacha v0.3.1
[INFO] [stderr]    Compiling derivative v2.2.0
[INFO] [stderr]     Checking tracing v0.1.41
[INFO] [stderr]    Compiling icu_provider v1.5.0
[INFO] [stderr]     Checking tracing-subscriber v0.3.19
[INFO] [stderr]     Checking rand v0.8.5
[INFO] [stderr]    Compiling icu_locid_transform v1.5.0
[INFO] [stderr]     Checking subprocess v0.2.9
[INFO] [stderr]     Checking wildmatch v2.4.0
[INFO] [stderr]     Checking shell-escape v0.1.5
[INFO] [stderr]    Compiling icu_properties v1.5.1
[INFO] [stderr]     Checking humantime v2.1.0
[INFO] [stderr]     Checking dunce v1.0.5
[INFO] [stderr]     Checking unicode_categories v0.1.1
[INFO] [stderr]     Checking clap v4.5.26
[INFO] [stderr]    Compiling icu_normalizer v1.5.0
[INFO] [stderr]    Compiling idna_adapter v1.2.0
[INFO] [stderr]    Compiling idna v1.0.3
[INFO] [stderr]    Compiling url v2.5.4
[INFO] [stderr]     Checking serde_yaml v0.9.34+deprecated
[INFO] [stderr]    Compiling git2 v0.16.1
[INFO] [stderr]    Compiling scrut v0.2.1 (/opt/rustwide/workdir)
[INFO] [stderr]  Documenting scrut v0.2.1 (/opt/rustwide/workdir)
[INFO] [stdout] warning: unresolved link to `crate::executors::sequential_shell`
[INFO] [stdout]   --> src/executors/mod.rs:17:9
[INFO] [stdout]    |
[INFO] [stdout] 17 | //! - [`crate::executors::sequential_shell`], which runs executions from within
[INFO] [stdout]    |         ^^^^^^^^^^^^^^^^^^^^^^^^^^^^^^^^^^ no item named `sequential_shell` in module `executors`
[INFO] [stdout]    |
[INFO] [stdout]    = note: `#[warn(rustdoc::broken_intra_doc_links)]` on by default
[INFO] [stdout] 
[INFO] [stdout] 
[INFO] [stdout] warning: unresolved link to `crate::executors::parallel_shell`
[INFO] [stdout]   --> src/executors/mod.rs:20:9
[INFO] [stdout]    |
[INFO] [stdout] 20 | //! - [`crate::executors::parallel_shell`], which runs executions from within
[INFO] [stdout]    |         ^^^^^^^^^^^^^^^^^^^^^^^^^^^^^^^^ no item named `parallel_shell` in module `executors`
[INFO] [stdout] 
[INFO] [stdout] 
[INFO] [stdout] warning: unresolved link to `Execution`
[INFO] [stdout]   --> src/executors/bash_runner.rs:54:76
[INFO] [stdout]    |
[INFO] [stdout] 54 | /// A [`Runner`], that is intended to run a series of contextual related [`Execution`]s, which
[INFO] [stdout]    |                                                                            ^^^^^^^^^ no item named `Execution` in scope
[INFO] [stdout]    |
[INFO] [stdout]    = help: to escape `[` and `]` characters, add '\' before them like `\[` or `\]`
[INFO] [stdout] 
[INFO] [stdout] 
[INFO] [stdout] warning: unresolved link to `ThreadedRunner`
[INFO] [stdout]   --> src/executors/bash_runner.rs:70:22
[INFO] [stdout]    |
[INFO] [stdout] 70 | /// Underlying the [`ThreadedRunner`] is used, so timeout constraints are fully supported.
[INFO] [stdout]    |                      ^^^^^^^^^^^^^^ no item named `ThreadedRunner` in scope
[INFO] [stdout]    |
[INFO] [stdout]    = help: to escape `[` and `]` characters, add '\' before them like `\[` or `\]`
[INFO] [stdout] 
[INFO] [stdout] 
[INFO] [stdout] warning: unresolved link to `outcome::Outcome`
[INFO] [stdout]  --> src/renderers/mod.rs:8:51
[INFO] [stdout]   |
[INFO] [stdout] 8 | //! This module is concerned with rendering the [`outcome::Outcome`] of test
[INFO] [stdout]   |                                                   ^^^^^^^^^^^^^^^^ no item named `Outcome` in module `outcome`
[INFO] [stdout] 
[INFO] [stdout] 
[INFO] [stdout] warning: expected `=`, found ` `
[INFO] [stdout]    --> src/parsers/markdown.rs:162:5
[INFO] [stdout]     |
[INFO] [stdout] 162 | /     /// The parsed contents of a code block within backticks, representing a Scrut test:
[INFO] [stdout] 163 | |     ///
[INFO] [stdout] 164 | |     /// ```scrut { ... config ..}
[INFO] [stdout] 165 | |     /// # comment
[INFO] [stdout] 166 | |     /// $ shell expression
[INFO] [stdout] 167 | |     /// output expectations
[INFO] [stdout] 168 | |     /// ```
[INFO] [stdout]     | |___________^
[INFO] [stdout]     |
[INFO] [stdout]     = note: `#[warn(rustdoc::invalid_codeblock_attributes)]` on by default
[INFO] [stdout] 
[INFO] [stdout] 
[INFO] [stdout] warning: this URL is not a hyperlink
[INFO] [stdout]   --> src/renderers/diff.rs:24:10
[INFO] [stdout]    |
[INFO] [stdout] 24 | /// See: https://en.wikipedia.org/wiki/Diff
[INFO] [stdout]    |          ^^^^^^^^^^^^^^^^^^^^^^^^^^^^^^^^^^
[INFO] [stdout]    |
[INFO] [stdout]    = note: bare URLs are not automatically turned into clickable links
[INFO] [stdout]    = note: `#[warn(rustdoc::bare_urls)]` on by default
[INFO] [stdout] help: use an automatic link instead
[INFO] [stdout]    |
[INFO] [stdout] 24 | /// See: <https://en.wikipedia.org/wiki/Diff>
[INFO] [stdout]    |          +                                  +
[INFO] [stdout] 
[INFO] [stdout] 
[INFO] [stderr]     Finished `dev` profile [unoptimized + debuginfo] target(s) in 1m 41s
[INFO] [stderr]    Generated /opt/rustwide/target/doc/scrut/index.html
[INFO] running `Command { std: "docker" "inspect" "c29db648e8706a55b0be64c040eeb1f08faec920ab18b00133a9a9dd5a89ae2f", kill_on_drop: false }`
[INFO] running `Command { std: "docker" "rm" "-f" "c29db648e8706a55b0be64c040eeb1f08faec920ab18b00133a9a9dd5a89ae2f", kill_on_drop: false }`
[INFO] [stdout] c29db648e8706a55b0be64c040eeb1f08faec920ab18b00133a9a9dd5a89ae2f
[INFO] running `Command { std: "docker" "create" "-v" "/var/lib/crater-agent-workspace/builds/worker-6-tc2/target:/opt/rustwide/target:rw,Z" "-v" "/var/lib/crater-agent-workspace/builds/worker-6-tc2/source:/opt/rustwide/workdir:ro,Z" "-v" "/var/lib/crater-agent-workspace/cargo-home:/opt/rustwide/cargo-home:ro,Z" "-v" "/var/lib/crater-agent-workspace/rustup-home:/opt/rustwide/rustup-home:ro,Z" "-e" "SOURCE_DIR=/opt/rustwide/workdir" "-e" "CARGO_TARGET_DIR=/opt/rustwide/target" "-e" "CARGO_INCREMENTAL=0" "-e" "RUST_BACKTRACE=full" "-e" "RUSTFLAGS=--cap-lints=warn" "-e" "RUSTDOCFLAGS=--cap-lints=warn" "-e" "RUSTC_BOOTSTRAP=1" "-e" "DOCS_RS=1" "-e" "CARGO_HOME=/opt/rustwide/cargo-home" "-e" "RUSTUP_HOME=/opt/rustwide/rustup-home" "-w" "/opt/rustwide/workdir" "-m" "1610612736" "--user" "0:0" "--network" "none" "ghcr.io/rust-lang/crates-build-env/linux@sha256:3959728d45483eb673ba100a951a6b9f5012970368db2a9e08e0ac9b67c8a5ad" "/opt/rustwide/cargo-home/bin/cargo" "+beta-2025-02-18" "rustdoc" "--lib" "-Zrustdoc-map" "--config" "build.rustdocflags=[\"--cfg\", \"docsrs\", \"-Z\", \"unstable-options\", \"--document-private-items\"]" "--frozen" "--message-format=json", kill_on_drop: false }`
[INFO] [stdout] bae71600237a4e7f35508f244c407cfda4f26ebfae7edc0474a8533da52c747c
[INFO] running `Command { std: "docker" "start" "-a" "bae71600237a4e7f35508f244c407cfda4f26ebfae7edc0474a8533da52c747c", kill_on_drop: false }`
[INFO] [stderr]    Compiling proc-macro2 v1.0.93
[INFO] [stderr]    Compiling anyhow v1.0.95
[INFO] [stderr]    Compiling thiserror v1.0.69
[INFO] [stderr]    Compiling vergen v7.5.1
[INFO] [stderr]    Compiling quote v1.0.38
[INFO] [stderr]    Compiling syn v2.0.96
[INFO] [stderr]    Compiling syn v1.0.109
[INFO] [stderr]    Compiling proc-macro-error-attr2 v2.0.0
[INFO] [stderr]    Compiling vte_generate_state_changes v0.1.2
[INFO] [stderr]     Checking vte v0.10.1
[INFO] [stderr]     Checking strip-ansi-escapes v0.1.1
[INFO] [stderr]    Compiling darling_core v0.14.4
[INFO] [stderr]    Compiling synstructure v0.13.1
[INFO] [stderr]    Compiling proc-macro-error2 v2.0.1
[INFO] [stderr]    Compiling derivative v2.2.0
[INFO] [stderr]    Compiling zerofrom-derive v0.1.5
[INFO] [stderr]    Compiling yoke-derive v0.7.5
[INFO] [stderr]    Compiling zerovec-derive v0.10.3
[INFO] [stderr]    Compiling displaydoc v0.2.5
[INFO] [stderr]    Compiling icu_provider_macros v1.5.0
[INFO] [stderr]    Compiling thiserror-impl v1.0.69
[INFO] [stderr]    Compiling enum-iterator-derive v1.4.0
[INFO] [stderr]    Compiling zerocopy-derive v0.7.35
[INFO] [stderr]    Compiling serde_derive v1.0.217
[INFO] [stderr]    Compiling darling_macro v0.14.4
[INFO] [stderr]    Compiling getset v0.1.3
[INFO] [stderr]    Compiling enum-iterator v1.5.0
[INFO] [stderr]    Compiling zerofrom v0.1.5
[INFO] [stderr]    Compiling yoke v0.7.5
[INFO] [stderr]    Compiling tracing-attributes v0.1.28
[INFO] [stderr]    Compiling zerovec v0.10.4
[INFO] [stderr]    Compiling clap_derive v4.5.24
[INFO] [stderr]     Checking zerocopy v0.7.35
[INFO] [stderr]    Compiling darling v0.14.4
[INFO] [stderr]    Compiling derive_builder_core v0.11.2
[INFO] [stderr]     Checking ppv-lite86 v0.2.20
[INFO] [stderr]    Compiling tinystr v0.7.6
[INFO] [stderr]    Compiling icu_collections v1.5.0
[INFO] [stderr]     Checking rand_chacha v0.3.1
[INFO] [stderr]    Compiling icu_locid v1.5.0
[INFO] [stderr]     Checking rand v0.8.5
[INFO] [stderr]    Compiling derive_builder_macro v0.11.2
[INFO] [stderr]     Checking tracing v0.1.41
[INFO] [stderr]    Compiling icu_provider v1.5.0
[INFO] [stderr]     Checking tracing-subscriber v0.3.19
[INFO] [stderr]    Compiling icu_locid_transform v1.5.0
[INFO] [stdout] error: linking with `cc` failed: exit status: 1
[INFO] [stdout]   |
[INFO] [stdout]   = note:  "cc" "-Wl,--version-script=/tmp/rustcWN2JcM/list" "-Wl,--no-undefined-version" "-m64" "/tmp/rustcWN2JcM/symbols.o" "<16 object files omitted>" "/opt/rustwide/target/debug/deps/serde_derive-56031958f57e5968.cd50jo3axzmr302bpwi2syu94.rcgu.rmeta" "<1 object files omitted>" "-Wl,--as-needed" "-Wl,-Bstatic" "/opt/rustwide/target/debug/deps/{libsyn-e73e441e2f9bfb06.rlib,libquote-f3aae77d4a5f5062.rlib,libproc_macro2-b10714350ed3e865.rlib,libunicode_ident-239eb5de21455cec.rlib}.rlib" "<sysroot>/lib/rustlib/x86_64-unknown-linux-gnu/lib/{libproc_macro-*,libstd-*,libpanic_unwind-*,libobject-*,libmemchr-*,libaddr2line-*,libgimli-*,librustc_demangle-*,libstd_detect-*,libhashbrown-*,librustc_std_workspace_alloc-*,libminiz_oxide-*,libadler2-*,libunwind-*,libcfg_if-*,liblibc-*,liballoc-*,librustc_std_workspace_core-*,libcore-*,libcompiler_builtins-*}.rlib" "-Wl,-Bdynamic" "-lgcc_s" "-lutil" "-lrt" "-lpthread" "-lm" "-ldl" "-lc" "-Wl,--eh-frame-hdr" "-Wl,-z,noexecstack" "-L" "<sysroot>/lib/rustlib/x86_64-unknown-linux-gnu/lib" "-o" "/opt/rustwide/target/debug/deps/libserde_derive-56031958f57e5968.so" "-Wl,--gc-sections" "-shared" "-Wl,-z,relro,-z,now" "-nodefaultlibs"
[INFO] [stdout]   = note: some arguments are omitted. use `--verbose` to show all linker arguments
[INFO] [stdout]   = note: /usr/bin/ld: final link failed: No space left on device
[INFO] [stdout]           collect2: error: ld returned 1 exit status
[INFO] [stdout]           
[INFO] [stdout] 
[INFO] [stdout] 
[INFO] [stdout] error: linking with `cc` failed: exit status: 1
[INFO] [stdout]   |
[INFO] [stdout]   = note:  "cc" "-Wl,--version-script=/tmp/rustcufZILK/list" "-Wl,--no-undefined-version" "-m64" "/tmp/rustcufZILK/symbols.o" "<16 object files omitted>" "/opt/rustwide/target/debug/deps/clap_derive-9ffa5bd9f71005b3.16m7kopy2vfnvbzoumb1h55j5.rcgu.rmeta" "<1 object files omitted>" "-Wl,--as-needed" "-Wl,-Bstatic" "/opt/rustwide/target/debug/deps/{libheck-617f8f11c9293a40.rlib,libsyn-e73e441e2f9bfb06.rlib,libquote-f3aae77d4a5f5062.rlib,libproc_macro2-b10714350ed3e865.rlib,libunicode_ident-239eb5de21455cec.rlib}.rlib" "<sysroot>/lib/rustlib/x86_64-unknown-linux-gnu/lib/{libproc_macro-*,libstd-*,libpanic_unwind-*,libobject-*,libmemchr-*,libaddr2line-*,libgimli-*,librustc_demangle-*,libstd_detect-*,libhashbrown-*,librustc_std_workspace_alloc-*,libminiz_oxide-*,libadler2-*,libunwind-*,libcfg_if-*,liblibc-*,liballoc-*,librustc_std_workspace_core-*,libcore-*,libcompiler_builtins-*}.rlib" "-Wl,-Bdynamic" "-lgcc_s" "-lutil" "-lrt" "-lpthread" "-lm" "-ldl" "-lc" "-Wl,--eh-frame-hdr" "-Wl,-z,noexecstack" "-L" "<sysroot>/lib/rustlib/x86_64-unknown-linux-gnu/lib" "-o" "/opt/rustwide/target/debug/deps/libclap_derive-9ffa5bd9f71005b3.so" "-Wl,--gc-sections" "-shared" "-Wl,-z,relro,-z,now" "-nodefaultlibs"
[INFO] [stdout]   = note: some arguments are omitted. use `--verbose` to show all linker arguments
[INFO] [stdout]   = note: /usr/bin/ld: final link failed: No space left on device
[INFO] [stdout]           collect2: error: ld returned 1 exit status
[INFO] [stdout]           
[INFO] [stdout] 
[INFO] [stdout] 
[INFO] [stderr] error: could not compile `clap_derive` (lib) due to 1 previous error
[INFO] [stderr] warning: build failed, waiting for other jobs to finish...
[INFO] [stderr] error: could not compile `serde_derive` (lib) due to 1 previous error
[INFO] [stdout] error: linking with `cc` failed: exit status: 1
[INFO] [stdout]   |
[INFO] [stdout]   = note:  "cc" "-Wl,--version-script=/tmp/rustctnFLD6/list" "-Wl,--no-undefined-version" "-m64" "/tmp/rustctnFLD6/symbols.o" "<1 object files omitted>" "/opt/rustwide/target/debug/deps/derive_builder_macro-38a515ea24781708.09hmm53roarfer65asorx5wzh.rcgu.rmeta" "<1 object files omitted>" "-Wl,--as-needed" "-Wl,-Bstatic" "/opt/rustwide/target/debug/deps/{libderive_builder_core-b8a078229bbc06d7.rlib,libdarling-1045611cd88bbaef.rlib,libdarling_core-307a69127d6dba28.rlib,libstrsim-152ee565056020fc.rlib,libfnv-ce5b1429b6d630b5.rlib,libident_case-5ff01a002fe2b7d3.rlib,libsyn-d637bcd44fc7d8d3.rlib,libquote-f3aae77d4a5f5062.rlib,libproc_macro2-b10714350ed3e865.rlib,libunicode_ident-239eb5de21455cec.rlib}.rlib" "<sysroot>/lib/rustlib/x86_64-unknown-linux-gnu/lib/{libproc_macro-*,libstd-*,libpanic_unwind-*,libobject-*,libmemchr-*,libaddr2line-*,libgimli-*,librustc_demangle-*,libstd_detect-*,libhashbrown-*,librustc_std_workspace_alloc-*,libminiz_oxide-*,libadler2-*,libunwind-*,libcfg_if-*,liblibc-*,liballoc-*,librustc_std_workspace_core-*,libcore-*,libcompiler_builtins-*}.rlib" "-Wl,-Bdynamic" "-lgcc_s" "-lutil" "-lrt" "-lpthread" "-lm" "-ldl" "-lc" "-Wl,--eh-frame-hdr" "-Wl,-z,noexecstack" "-L" "<sysroot>/lib/rustlib/x86_64-unknown-linux-gnu/lib" "-o" "/opt/rustwide/target/debug/deps/libderive_builder_macro-38a515ea24781708.so" "-Wl,--gc-sections" "-shared" "-Wl,-z,relro,-z,now" "-nodefaultlibs"
[INFO] [stdout]   = note: some arguments are omitted. use `--verbose` to show all linker arguments
[INFO] [stdout]   = note: /usr/bin/ld: final link failed: No space left on device
[INFO] [stdout]           collect2: error: ld returned 1 exit status
[INFO] [stdout]           
[INFO] [stdout] 
[INFO] [stdout] 
[INFO] [stderr] error: could not compile `derive_builder_macro` (lib) due to 1 previous error
[INFO] [stdout] error: failed to write to `/opt/rustwide/target/debug/deps/rmetaxrjza5/lib.rmeta`: No space left on device (os error 28)
[INFO] [stdout] 
[INFO] [stdout] 
[INFO] [stderr] error: could not compile `icu_locid_transform` (lib) due to 1 previous error
[INFO] running `Command { std: "docker" "inspect" "bae71600237a4e7f35508f244c407cfda4f26ebfae7edc0474a8533da52c747c", kill_on_drop: false }`
[INFO] running `Command { std: "docker" "rm" "-f" "bae71600237a4e7f35508f244c407cfda4f26ebfae7edc0474a8533da52c747c", kill_on_drop: false }`
[INFO] [stdout] bae71600237a4e7f35508f244c407cfda4f26ebfae7edc0474a8533da52c747c
