[INFO] fetching crate fluentci-server 0.3.9...
[INFO] documenting fluentci-server-0.3.9 against beta-2025-02-18 for beta-1.86-rustdoc-1
[INFO] extracting crate fluentci-server 0.3.9 into /workspace/builds/worker-0-tc2/source
[INFO] validating manifest of crates.io crate fluentci-server 0.3.9 on toolchain beta-2025-02-18
[INFO] running `Command { std: CARGO_HOME="/workspace/cargo-home" RUSTUP_HOME="/workspace/rustup-home" "/workspace/cargo-home/bin/cargo" "+beta-2025-02-18" "metadata" "--manifest-path" "Cargo.toml" "--no-deps", kill_on_drop: false }`
[INFO] started tweaking crates.io crate fluentci-server 0.3.9
[INFO] finished tweaking crates.io crate fluentci-server 0.3.9
[INFO] tweaked toml for crates.io crate fluentci-server 0.3.9 written to /workspace/builds/worker-0-tc2/source/Cargo.toml
[INFO] running `Command { std: CARGO_HOME="/workspace/cargo-home" RUSTUP_HOME="/workspace/rustup-home" "/workspace/cargo-home/bin/cargo" "+beta-2025-02-18" "generate-lockfile" "--manifest-path" "Cargo.toml", kill_on_drop: false }`
[INFO] [stderr]     Updating crates.io index
[INFO] [stderr]      Locking 543 packages to latest compatible versions
[INFO] [stderr]       Adding crypto-mac v0.11.0 (available: v0.11.1)
[INFO] running `Command { std: CARGO_HOME="/workspace/cargo-home" RUSTUP_HOME="/workspace/rustup-home" "/workspace/cargo-home/bin/cargo" "+beta-2025-02-18" "fetch" "--manifest-path" "Cargo.toml", kill_on_drop: false }`
[INFO] running `Command { std: "docker" "create" "-v" "/var/lib/crater-agent-workspace/builds/worker-0-tc2/target:/opt/rustwide/target:rw,Z" "-v" "/var/lib/crater-agent-workspace/builds/worker-0-tc2/source:/opt/rustwide/workdir:ro,Z" "-v" "/var/lib/crater-agent-workspace/cargo-home:/opt/rustwide/cargo-home:ro,Z" "-v" "/var/lib/crater-agent-workspace/rustup-home:/opt/rustwide/rustup-home:ro,Z" "-e" "SOURCE_DIR=/opt/rustwide/workdir" "-e" "CARGO_TARGET_DIR=/opt/rustwide/target" "-e" "CARGO_HOME=/opt/rustwide/cargo-home" "-e" "RUSTUP_HOME=/opt/rustwide/rustup-home" "-w" "/opt/rustwide/workdir" "-m" "1610612736" "--user" "0:0" "--network" "none" "ghcr.io/rust-lang/crates-build-env/linux@sha256:3959728d45483eb673ba100a951a6b9f5012970368db2a9e08e0ac9b67c8a5ad" "/opt/rustwide/cargo-home/bin/cargo" "+beta-2025-02-18" "metadata" "--no-deps" "--format-version=1", kill_on_drop: false }`
[INFO] [stdout] 259d9d3b1df51ef787eb8b22bea43a877094870d4e2adbb4a155b9dd8b3ccec3
[INFO] running `Command { std: "docker" "start" "-a" "259d9d3b1df51ef787eb8b22bea43a877094870d4e2adbb4a155b9dd8b3ccec3", kill_on_drop: false }`
[INFO] running `Command { std: "docker" "inspect" "259d9d3b1df51ef787eb8b22bea43a877094870d4e2adbb4a155b9dd8b3ccec3", kill_on_drop: false }`
[INFO] running `Command { std: "docker" "rm" "-f" "259d9d3b1df51ef787eb8b22bea43a877094870d4e2adbb4a155b9dd8b3ccec3", kill_on_drop: false }`
[INFO] [stdout] 259d9d3b1df51ef787eb8b22bea43a877094870d4e2adbb4a155b9dd8b3ccec3
[INFO] running `Command { std: "docker" "create" "-v" "/var/lib/crater-agent-workspace/builds/worker-0-tc2/target:/opt/rustwide/target:rw,Z" "-v" "/var/lib/crater-agent-workspace/builds/worker-0-tc2/source:/opt/rustwide/workdir:ro,Z" "-v" "/var/lib/crater-agent-workspace/cargo-home:/opt/rustwide/cargo-home:ro,Z" "-v" "/var/lib/crater-agent-workspace/rustup-home:/opt/rustwide/rustup-home:ro,Z" "-e" "SOURCE_DIR=/opt/rustwide/workdir" "-e" "CARGO_TARGET_DIR=/opt/rustwide/target" "-e" "CARGO_INCREMENTAL=0" "-e" "RUST_BACKTRACE=full" "-e" "RUSTFLAGS=--cap-lints=warn" "-e" "RUSTDOCFLAGS=--cap-lints=warn" "-e" "CARGO_HOME=/opt/rustwide/cargo-home" "-e" "RUSTUP_HOME=/opt/rustwide/rustup-home" "-w" "/opt/rustwide/workdir" "-m" "1610612736" "--user" "0:0" "--network" "none" "ghcr.io/rust-lang/crates-build-env/linux@sha256:3959728d45483eb673ba100a951a6b9f5012970368db2a9e08e0ac9b67c8a5ad" "/opt/rustwide/cargo-home/bin/cargo" "+beta-2025-02-18" "doc" "--frozen" "--no-deps" "--document-private-items" "--message-format=json", kill_on_drop: false }`
[INFO] [stdout] b0bae0060c9c19b9b352b0c90c2c6e84e516a2ef3a4a633089f7924e54fdf56c
[INFO] running `Command { std: "docker" "start" "-a" "b0bae0060c9c19b9b352b0c90c2c6e84e516a2ef3a4a633089f7924e54fdf56c", kill_on_drop: false }`
[INFO] [stderr]    Compiling proc-macro2 v1.0.93
[INFO] [stderr]    Compiling unicode-ident v1.0.17
[INFO] [stderr]    Compiling libc v0.2.170
[INFO] [stderr]     Checking cfg-if v1.0.0
[INFO] [stderr]    Compiling serde v1.0.218
[INFO] [stderr]    Compiling autocfg v1.4.0
[INFO] [stderr]     Checking log v0.4.26
[INFO] [stderr]     Checking pin-project-lite v0.2.16
[INFO] [stderr]     Checking memchr v2.7.4
[INFO] [stderr]     Checking futures-core v0.3.31
[INFO] [stderr]     Checking smallvec v1.14.0
[INFO] [stderr]     Checking itoa v1.0.14
[INFO] [stderr]    Compiling parking_lot_core v0.9.10
[INFO] [stderr]     Checking scopeguard v1.2.0
[INFO] [stderr]     Checking futures-sink v0.3.31
[INFO] [stderr]     Checking futures-io v0.3.31
[INFO] [stderr]     Checking once_cell v1.20.3
[INFO] [stderr]     Checking futures-channel v0.3.31
[INFO] [stderr]     Checking futures-task v0.3.31
[INFO] [stderr]    Compiling lock_api v0.4.12
[INFO] [stderr]    Compiling slab v0.4.9
[INFO] [stderr]     Checking pin-utils v0.1.0
[INFO] [stderr]     Checking fnv v1.0.7
[INFO] [stderr]    Compiling version_check v0.9.5
[INFO] [stderr]    Compiling shlex v1.3.0
[INFO] [stderr]     Checking tracing-core v0.1.33
[INFO] [stderr]    Compiling num-traits v0.2.19
[INFO] [stderr]     Checking ryu v1.0.19
[INFO] [stderr]    Compiling typenum v1.18.0
[INFO] [stderr]    Compiling generic-array v0.14.7
[INFO] [stderr]    Compiling quote v1.0.38
[INFO] [stderr]     Checking percent-encoding v2.3.1
[INFO] [stderr]     Checking equivalent v1.0.2
[INFO] [stderr]    Compiling syn v2.0.98
[INFO] [stderr]    Compiling httparse v1.10.0
[INFO] [stderr]     Checking allocator-api2 v0.2.21
[INFO] [stderr]     Checking foldhash v0.1.4
[INFO] [stderr]     Checking subtle v2.6.1
[INFO] [stderr]    Compiling jobserver v0.1.32
[INFO] [stderr]     Checking byteorder v1.5.0
[INFO] [stderr]     Checking untrusted v0.9.0
[INFO] [stderr]     Checking tower-service v0.3.3
[INFO] [stderr]     Checking hashbrown v0.15.2
[INFO] [stderr]     Checking try-lock v0.2.5
[INFO] [stderr]    Compiling cc v1.2.15
[INFO] [stderr]     Checking want v0.3.1
[INFO] [stderr]     Checking httpdate v1.0.3
[INFO] [stderr]    Compiling serde_json v1.0.139
[INFO] [stderr]     Checking stable_deref_trait v1.2.0
[INFO] [stderr]     Checking zeroize v1.8.1
[INFO] [stderr]    Compiling num-conv v0.1.0
[INFO] [stderr]    Compiling time-core v0.1.2
[INFO] [stderr]     Checking signal-hook-registry v1.4.2
[INFO] [stderr]     Checking socket2 v0.5.8
[INFO] [stderr]     Checking mio v1.0.3
[INFO] [stderr]     Checking getrandom v0.2.15
[INFO] [stderr]     Checking powerfmt v0.2.0
[INFO] [stderr]     Checking parking_lot v0.12.3
[INFO] [stderr]     Checking rand_core v0.6.4
[INFO] [stderr]    Compiling time-macros v0.2.19
[INFO] [stderr]     Checking form_urlencoded v1.2.1
[INFO] [stderr]     Checking num_threads v0.1.7
[INFO] [stderr]     Checking litemap v0.7.4
[INFO] [stderr]     Checking writeable v0.5.5
[INFO] [stderr]    Compiling thiserror v1.0.69
[INFO] [stderr]     Checking icu_locid_transform_data v1.5.0
[INFO] [stderr]     Checking cpufeatures v0.2.17
[INFO] [stderr]     Checking icu_properties_data v1.5.0
[INFO] [stderr]    Compiling semver v1.0.25
[INFO] [stderr]     Checking crypto-common v0.1.6
[INFO] [stderr]     Checking block-buffer v0.10.4
[INFO] [stderr]     Checking base64 v0.21.7
[INFO] [stderr]     Checking digest v0.10.7
[INFO] [stderr]     Checking utf8_iter v1.0.4
[INFO] [stderr]     Checking utf16_iter v1.0.5
[INFO] [stderr]     Checking write16 v1.0.0
[INFO] [stderr]     Checking icu_normalizer_data v1.5.0
[INFO] [stderr]     Checking either v1.14.0
[INFO] [stderr]    Compiling crossbeam-utils v0.8.21
[INFO] [stderr]     Checking openssl-probe v0.1.6
[INFO] [stderr]     Checking mime v0.3.17
[INFO] [stderr]     Checking rustls-pemfile v1.0.4
[INFO] [stderr]     Checking rustls-native-certs v0.6.3
[INFO] [stderr]     Checking num-integer v0.1.46
[INFO] [stderr]     Checking crc32fast v1.4.2
[INFO] [stderr]    Compiling rustc_version v0.4.1
[INFO] [stderr]    Compiling getrandom v0.3.1
[INFO] [stderr]    Compiling rustls v0.21.12
[INFO] [stderr]     Checking outref v0.5.2
[INFO] [stderr]    Compiling thiserror v2.0.11
[INFO] [stderr]    Compiling anyhow v1.0.96
[INFO] [stderr]     Checking vsimd v0.8.0
[INFO] [stderr]     Checking base64 v0.13.1
[INFO] [stderr]    Compiling ring v0.17.11
[INFO] [stderr]    Compiling zerocopy v0.8.20
[INFO] [stderr]     Checking encoding_rs v0.8.35
[INFO] [stderr]     Checking hex v0.4.3
[INFO] [stderr]     Checking base64-simd v0.8.0
[INFO] [stderr]    Compiling rustversion v1.0.19
[INFO] [stderr]     Checking const-oid v0.9.6
[INFO] [stderr]    Compiling syn v1.0.109
[INFO] [stderr]     Checking der v0.6.1
[INFO] [stderr]    Compiling synstructure v0.13.1
[INFO] [stderr]    Compiling ring v0.16.20
[INFO] [stderr]     Checking sha2 v0.10.8
[INFO] [stderr]     Checking aho-corasick v1.1.3
[INFO] [stderr]     Checking base64ct v1.6.0
[INFO] [stderr]     Checking regex-syntax v0.8.5
[INFO] [stderr]     Checking spki v0.6.0
[INFO] [stderr]     Checking sync_wrapper v0.1.2
[INFO] [stderr]    Compiling siphasher v1.0.1
[INFO] [stderr]     Checking rand_core v0.9.2
[INFO] [stderr]    Compiling paste v1.0.15
[INFO] [stderr]    Compiling phf_shared v0.11.3
[INFO] [stderr]    Compiling rand v0.8.5
[INFO] [stderr]     Checking pkcs8 v0.9.0
[INFO] [stderr]     Checking crypto-bigint v0.4.9
[INFO] [stderr]     Checking regex-automata v0.4.9
[INFO] [stderr]     Checking ff v0.12.1
[INFO] [stderr]     Checking ipnet v2.11.0
[INFO] [stderr]    Compiling ucd-trie v0.1.7
[INFO] [stderr]     Checking spin v0.5.2
[INFO] [stderr]     Checking base16ct v0.1.1
[INFO] [stderr]     Checking untrusted v0.7.1
[INFO] [stderr]     Checking iana-time-zone v0.1.61
[INFO] [stderr]     Checking fastrand v2.3.0
[INFO] [stderr]     Checking sec1 v0.3.0
[INFO] [stderr]     Checking group v0.12.1
[INFO] [stderr]    Compiling phf_generator v0.11.3
[INFO] [stderr]     Checking hmac v0.12.1
[INFO] [stderr]     Checking urlencoding v2.1.3
[INFO] [stderr]     Checking bitflags v2.8.0
[INFO] [stderr]     Checking regex-lite v0.1.6
[INFO] [stderr]     Checking rfc6979 v0.3.1
[INFO] [stderr]     Checking elliptic-curve v0.12.3
[INFO] [stderr]     Checking crossbeam-channel v0.5.14
[INFO] [stderr]    Compiling serde_derive v1.0.218
[INFO] [stderr]    Compiling tokio-macros v2.5.0
[INFO] [stderr]    Compiling futures-macro v0.3.31
[INFO] [stderr]    Compiling tracing-attributes v0.1.28
[INFO] [stderr]    Compiling zerocopy-derive v0.7.35
[INFO] [stderr]    Compiling zerofrom-derive v0.1.5
[INFO] [stderr]     Checking futures-util v0.3.31
[INFO] [stderr]    Compiling yoke-derive v0.7.5
[INFO] [stderr]    Compiling zerovec-derive v0.10.3
[INFO] [stderr]     Checking zerocopy v0.7.35
[INFO] [stderr]     Checking tracing v0.1.41
[INFO] [stderr]    Compiling displaydoc v0.2.5
[INFO] [stderr]     Checking ppv-lite86 v0.2.20
[INFO] [stderr]    Compiling icu_provider_macros v1.5.0
[INFO] [stderr]    Compiling thiserror-impl v1.0.69
[INFO] [stderr]     Checking zerofrom v0.1.5
[INFO] [stderr]     Checking yoke v0.7.5
[INFO] [stderr]     Checking sct v0.7.1
[INFO] [stderr]    Compiling async-trait v0.1.86
[INFO] [stderr]     Checking rustls-webpki v0.101.7
[INFO] [stderr]     Checking zerovec v0.10.4
[INFO] [stderr]     Checking rand_chacha v0.3.1
[INFO] [stderr]    Compiling thiserror-impl v2.0.11
[INFO] [stderr]     Checking futures-executor v0.3.31
[INFO] [stderr]     Checking tinystr v0.7.6
[INFO] [stderr]     Checking icu_collections v1.5.0
[INFO] [stderr]     Checking icu_locid v1.5.0
[INFO] [stderr]     Checking rand_chacha v0.9.0
[INFO] [stderr]    Compiling uuid-macro-internal v1.14.0
[INFO] [stderr]     Checking rand v0.9.0
[INFO] [stderr]     Checking regex v1.11.1
[INFO] [stderr]     Checking futures v0.3.31
[INFO] [stderr]    Compiling pin-project-internal v1.1.9
[INFO] [stderr]     Checking icu_provider v1.5.0
[INFO] [stderr]     Checking uuid v1.14.0
[INFO] [stderr]     Checking concurrent-queue v2.5.0
[INFO] [stderr]    Compiling pest v2.7.15
[INFO] [stderr]     Checking signature v1.6.4
[INFO] [stderr]     Checking digest v0.9.0
[INFO] [stderr]     Checking icu_locid_transform v1.5.0
[INFO] [stderr]     Checking ordered-float v4.6.0
[INFO] [stderr]     Checking webpki-roots v0.25.4
[INFO] [stderr]     Checking tower-layer v0.3.3
[INFO] [stderr]     Checking parking v2.2.1
[INFO] [stderr]     Checking icu_properties v1.5.1
[INFO] [stderr]    Compiling getrandom v0.1.16
[INFO] [stderr]     Checking ecdsa v0.14.8
[INFO] [stderr]    Compiling aws-types v1.3.5
[INFO] [stderr]     Checking block-buffer v0.9.0
[INFO] [stderr]     Checking opaque-debug v0.3.1
[INFO] [stderr]     Checking bitflags v1.3.2
[INFO] [stderr]     Checking rustls-pki-types v1.11.0
[INFO] [stderr]    Compiling rustls v0.20.9
[INFO] [stderr]     Checking pin-project v1.1.9
[INFO] [stderr]    Compiling bytes v1.10.0
[INFO] [stderr]    Compiling pkg-config v0.3.31
[INFO] [stderr]     Checking base64 v0.22.1
[INFO] [stderr]     Checking indexmap v2.7.1
[INFO] [stderr]     Checking deranged v0.3.11
[INFO] [stderr]     Checking time v0.3.37
[INFO] [stderr]     Checking serde_urlencoded v0.7.1
[INFO] [stderr]     Checking chrono v0.4.39
[INFO] [stderr]    Compiling zstd-sys v2.0.14+zstd.1.5.7
[INFO] [stderr]     Checking icu_normalizer v1.5.0
[INFO] [stderr]    Compiling pest_meta v2.7.15
[INFO] [stderr]     Checking tokio v1.43.0
[INFO] [stderr]     Checking http v0.2.12
[INFO] [stderr]     Checking http v1.2.0
[INFO] [stderr]     Checking idna_adapter v1.2.0
[INFO] [stderr]     Checking bytes-utils v0.1.4
[INFO] [stderr]     Checking idna v1.0.3
[INFO] [stderr]     Checking url v2.5.4
[INFO] [stderr]     Checking http-body v0.4.6
[INFO] [stderr]     Checking p256 v0.11.1
[INFO] [stderr]     Checking webpki v0.22.4
[INFO] [stderr]     Checking sha1 v0.10.6
[INFO] [stderr]     Checking crypto-bigint v0.5.5
[INFO] [stderr]     Checking http-body v1.0.1
[INFO] [stderr]     Checking http-body-util v0.1.2
[INFO] [stderr]     Checking lazy_static v1.5.0
[INFO] [stderr]     Checking rand_core v0.5.1
[INFO] [stderr]    Compiling pest_generator v2.7.15
[INFO] [stderr]     Checking sha2 v0.9.9
[INFO] [stderr]    Compiling wezterm-dynamic-derive v0.1.1
[INFO] [stderr]    Compiling phf_macros v0.11.3
[INFO] [stderr]    Compiling indexmap v1.9.3
[INFO] [stderr]    Compiling rustls v0.23.23
[INFO] [stderr]     Checking event-listener v2.5.3
[INFO] [stderr]    Compiling pest_derive v2.7.15
[INFO] [stderr]     Checking rand_chacha v0.2.2
[INFO] [stderr]     Checking rustls-webpki v0.102.8
[INFO] [stderr]     Checking phf v0.11.3
[INFO] [stderr]     Checking opentelemetry v0.22.0
[INFO] [stderr]    Compiling async-stream-impl v0.3.6
[INFO] [stderr]    Compiling phf_codegen v0.11.3
[INFO] [stderr]    Compiling axum-core v0.3.4
[INFO] [stderr]     Checking dirs-sys-next v0.1.2
[INFO] [stderr]    Compiling nom v5.1.3
[INFO] [stderr]    Compiling memoffset v0.6.5
[INFO] [stderr]    Compiling num-bigint v0.2.6
[INFO] [stderr]     Checking fastrand v1.9.0
[INFO] [stderr]     Checking hashbrown v0.12.3
[INFO] [stderr]     Checking tinyvec_macros v0.1.1
[INFO] [stderr]    Compiling http-types v2.12.0
[INFO] [stderr]    Compiling signal-hook v0.3.17
[INFO] [stderr]    Compiling zstd-safe v7.2.3
[INFO] [stderr]     Checking alloc-no-stdlib v2.0.4
[INFO] [stderr]     Checking local-waker v0.1.4
[INFO] [stderr]     Checking waker-fn v1.2.0
[INFO] [stderr]    Compiling rustix v0.38.44
[INFO] [stderr]     Checking async-stream v0.3.6
[INFO] [stderr]     Checking tokio-util v0.7.13
[INFO] [stderr]     Checking tokio-rustls v0.24.1
[INFO] [stderr]     Checking aws-smithy-async v1.2.4
[INFO] [stderr]     Checking tokio-rustls v0.23.4
[INFO] [stderr]     Checking tokio-stream v0.1.17
[INFO] [stderr]     Checking futures-lite v1.13.0
[INFO] [stderr]    Compiling itertools v0.12.1
[INFO] [stderr]     Checking h2 v0.3.26
[INFO] [stderr]     Checking aws-smithy-types v1.2.13
[INFO] [stderr]     Checking hyper v1.6.0
[INFO] [stderr]     Checking actix-rt v2.10.0
[INFO] [stderr]     Checking alloc-stdlib v0.2.2
[INFO] [stderr]     Checking aws-smithy-runtime-api v1.7.3
[INFO] [stderr]     Checking aws-smithy-eventstream v0.60.6
[INFO] [stderr]     Checking aws-smithy-json v0.61.2
[INFO] [stderr]     Checking tinyvec v1.8.1
[INFO] [stderr]     Checking dirs-next v2.0.0
[INFO] [stderr]    Compiling terminfo v0.7.5
[INFO] [stderr]     Checking rand v0.7.3
[INFO] [stderr]     Checking aws-smithy-http v0.60.12
[INFO] [stderr]     Checking aws-credential-types v1.2.1
[INFO] [stderr]     Checking async-channel v1.9.0
[INFO] [stderr]     Checking aws-sigv4 v1.2.9
[INFO] [stderr]     Checking serde_qs v0.8.5
[INFO] [stderr]    Compiling axum v0.6.20
[INFO] [stderr]    Compiling azure_core v0.8.0
[INFO] [stderr]    Compiling crc32c v0.6.8
[INFO] [stderr]     Checking itertools v0.10.5
[INFO] [stderr]     Checking crypto-mac v0.11.0
[INFO] [stderr]     Checking dirs-sys v0.3.7
[INFO] [stderr]     Checking ordered-float v3.9.2
[INFO] [stderr]    Compiling ahash v0.8.11
[INFO] [stderr]     Checking siphasher v0.3.11
[INFO] [stderr]     Checking linux-raw-sys v0.4.15
[INFO] [stderr]     Checking strsim v0.11.1
[INFO] [stderr]     Checking lab v0.11.0
[INFO] [stderr]     Checking glob v0.3.2
[INFO] [stderr]     Checking infer v0.2.3
[INFO] [stderr]     Checking adler2 v2.0.0
[INFO] [stderr]     Checking crc-catalog v2.4.0
[INFO] [stderr]     Checking strsim v0.10.0
[INFO] [stderr]     Checking xmlparser v0.13.6
[INFO] [stderr]     Checking wezterm-dynamic v0.1.0
[INFO] [stderr]     Checking crc v3.2.1
[INFO] [stderr]     Checking opentelemetry_sdk v0.22.1
[INFO] [stderr]     Checking aws-smithy-xml v0.60.9
[INFO] [stderr]     Checking miniz_oxide v0.8.5
[INFO] [stderr]     Checking csscolorparser v0.6.2
[INFO] [stderr]     Checking wezterm-dynamic v0.2.1
[INFO] [stderr]     Checking phf_shared v0.10.0
[INFO] [stderr]     Checking dirs v4.0.0
[INFO] [stderr]     Checking tokio-rustls v0.26.1
[INFO] [stderr]     Checking hmac v0.11.0
[INFO] [stderr]    Compiling prost-derive v0.12.6
[INFO] [stderr]     Checking unicode-normalization v0.1.24
[INFO] [stderr]     Checking hyper v0.14.32
[INFO] [stderr]     Checking hyper-util v0.1.10
[INFO] [stderr]     Checking brotli-decompressor v4.0.2
[INFO] [stderr]     Checking tower v0.4.13
[INFO] [stderr]     Checking tokio-io-timeout v1.2.0
[INFO] [stderr]     Checking actix-utils v3.0.1
[INFO] [stderr]     Checking bytestring v1.4.0
[INFO] [stderr]     Checking semver-parser v0.10.3
[INFO] [stderr]     Checking webpki-roots v0.26.8
[INFO] [stderr]     Checking md-5 v0.9.1
[INFO] [stderr]     Checking actix-service v2.0.2
[INFO] [stderr]    Compiling rusoto_core v0.48.0
[INFO] [stderr]     Checking mio v0.8.11
[INFO] [stderr]    Compiling cookie v0.16.2
[INFO] [stderr]     Checking sync_wrapper v1.0.2
[INFO] [stderr]     Checking dyn-clone v1.0.18
[INFO] [stderr]     Checking matches v0.1.10
[INFO] [stdout] error: linking with `cc` failed: exit status: 1
[INFO] [stdout]   |
[INFO] [stdout]   = note:  "cc" "-Wl,--version-script=/tmp/rustc2fxiGf/list" "-Wl,--no-undefined-version" "-m64" "/tmp/rustc2fxiGf/symbols.o" "<16 object files omitted>" "/opt/rustwide/target/debug/deps/prost_derive-61cce7b111b443b1.eqxy25x5c0vtnlcsjkp2gevyh.rcgu.rmeta" "<1 object files omitted>" "-Wl,--as-needed" "-Wl,-Bstatic" "/opt/rustwide/target/debug/deps/{libsyn-32846fdacbb70d77.rlib,libquote-ef98fcd8df38548e.rlib,libproc_macro2-fc7d81b9c74ae9be.rlib,libunicode_ident-d3b6c537b11caace.rlib,libitertools-3b520550aaff61ec.rlib,libeither-97289036cdd2b339.rlib,libanyhow-a788ffd49dc37eb2.rlib}.rlib" "<sysroot>/lib/rustlib/x86_64-unknown-linux-gnu/lib/{libproc_macro-*,libstd-*,libpanic_unwind-*,libobject-*,libmemchr-*,libaddr2line-*,libgimli-*,librustc_demangle-*,libstd_detect-*,libhashbrown-*,librustc_std_workspace_alloc-*,libminiz_oxide-*,libadler2-*,libunwind-*,libcfg_if-*,liblibc-*,liballoc-*,librustc_std_workspace_core-*,libcore-*,libcompiler_builtins-*}.rlib" "-Wl,-Bdynamic" "-lgcc_s" "-lutil" "-lrt" "-lpthread" "-lm" "-ldl" "-lc" "-Wl,--eh-frame-hdr" "-Wl,-z,noexecstack" "-L" "<sysroot>/lib/rustlib/x86_64-unknown-linux-gnu/lib" "-o" "/opt/rustwide/target/debug/deps/libprost_derive-61cce7b111b443b1.so" "-Wl,--gc-sections" "-shared" "-Wl,-z,relro,-z,now" "-nodefaultlibs"
[INFO] [stdout]   = note: some arguments are omitted. use `--verbose` to show all linker arguments
[INFO] [stdout]   = note: /usr/bin/ld: final link failed: No space left on device
[INFO] [stdout]           collect2: error: ld returned 1 exit status
[INFO] [stdout]           
[INFO] [stdout] 
[INFO] [stdout] 
[INFO] [stderr]    Compiling ident_case v1.0.1
[INFO] [stderr] error: could not compile `prost-derive` (lib) due to 1 previous error
[INFO] [stderr] warning: build failed, waiting for other jobs to finish...
[INFO] [stderr] warning: zstd-sys@2.0.14+zstd.1.5.7: zstd/lib/decompress/zstd_decompress_block.c:2209:1: fatal error: error writing to /tmp/ccXRndaV.s: No space left on device
[INFO] [stderr] warning: zstd-sys@2.0.14+zstd.1.5.7:  2209 | }
[INFO] [stderr] warning: zstd-sys@2.0.14+zstd.1.5.7:       | ^
[INFO] [stderr] warning: zstd-sys@2.0.14+zstd.1.5.7: compilation terminated.
[INFO] [stderr] warning: zstd-sys@2.0.14+zstd.1.5.7: zstd/lib/dictBuilder/divsufsort.c:1913:1: fatal error: error writing to /tmp/ccykGNyD.s: No space left on device
[INFO] [stderr] warning: zstd-sys@2.0.14+zstd.1.5.7:  1913 | }
[INFO] [stderr] warning: zstd-sys@2.0.14+zstd.1.5.7:       | ^
[INFO] [stderr] warning: zstd-sys@2.0.14+zstd.1.5.7: compilation terminated.
[INFO] [stderr] warning: zstd-sys@2.0.14+zstd.1.5.7: ToolExecError: command did not execute successfully (status code exit status: 1): LC_ALL="C" "cc" "-O0" "-ffunction-sections" "-fdata-sections" "-fPIC" "-gdwarf-4" "-fno-omit-frame-pointer" "-m64" "-I" "zstd/lib/" "-I" "zstd/lib/common" "-I" "zstd/lib/legacy" "-fvisibility=hidden" "-ffunction-sections" "-fdata-sections" "-fmerge-all-constants" "-DZSTD_LIB_DEPRECATED=0" "-DXXH_PRIVATE_API=" "-DZSTDLIB_VISIBILITY=" "-DZDICTLIB_VISIBILITY=" "-DZSTDERRORLIB_VISIBILITY=" "-DZSTD_LEGACY_SUPPORT=1" "-o" "/opt/rustwide/target/debug/build/zstd-sys-ad47438e91de5b5e/out/a6c81c75fc82913a-divsufsort.o" "-c" "zstd/lib/dictBuilder/divsufsort.c"cargo:warning=zstd/lib/dictBuilder/fastcover.c:766:1: fatal error: error writing to /tmp/ccp8Tf0L.s: No space left on device
[INFO] [stderr] warning: zstd-sys@2.0.14+zstd.1.5.7:   766 | }
[INFO] [stderr] warning: zstd-sys@2.0.14+zstd.1.5.7:       | ^
[INFO] [stderr] warning: zstd-sys@2.0.14+zstd.1.5.7: compilation terminated.
[INFO] [stderr] warning: zstd-sys@2.0.14+zstd.1.5.7: ToolExecError: command did not execute successfully (status code exit status: 1): LC_ALL="C" "cc" "-O0" "-ffunction-sections" "-fdata-sections" "-fPIC" "-gdwarf-4" "-fno-omit-frame-pointer" "-m64" "-I" "zstd/lib/" "-I" "zstd/lib/common" "-I" "zstd/lib/legacy" "-fvisibility=hidden" "-ffunction-sections" "-fdata-sections" "-fmerge-all-constants" "-DZSTD_LIB_DEPRECATED=0" "-DXXH_PRIVATE_API=" "-DZSTDLIB_VISIBILITY=" "-DZDICTLIB_VISIBILITY=" "-DZSTDERRORLIB_VISIBILITY=" "-DZSTD_LEGACY_SUPPORT=1" "-o" "/opt/rustwide/target/debug/build/zstd-sys-ad47438e91de5b5e/out/a6c81c75fc82913a-fastcover.o" "-c" "zstd/lib/dictBuilder/fastcover.c"
[INFO] [stderr] warning: zstd-sys@2.0.14+zstd.1.5.7: ToolExecError: command did not execute successfully (status code exit status: 1): LC_ALL="C" "cc" "-O0" "-ffunction-sections" "-fdata-sections" "-fPIC" "-gdwarf-4" "-fno-omit-frame-pointer" "-m64" "-I" "zstd/lib/" "-I" "zstd/lib/common" "-I" "zstd/lib/legacy" "-fvisibility=hidden" "-ffunction-sections" "-fdata-sections" "-fmerge-all-constants" "-DZSTD_LIB_DEPRECATED=0" "-DXXH_PRIVATE_API=" "-DZSTDLIB_VISIBILITY=" "-DZDICTLIB_VISIBILITY=" "-DZSTDERRORLIB_VISIBILITY=" "-DZSTD_LEGACY_SUPPORT=1" "-o" "/opt/rustwide/target/debug/build/zstd-sys-ad47438e91de5b5e/out/88f362f13b0528ed-zstd_decompress_block.o" "-c" "zstd/lib/decompress/zstd_decompress_block.c"
[INFO] [stderr] error: failed to run custom build command for `zstd-sys v2.0.14+zstd.1.5.7`
[INFO] [stderr] note: To improve backtraces for build dependencies, set the CARGO_PROFILE_DEV_BUILD_OVERRIDE_DEBUG=true environment variable to enable debug information generation.
[INFO] [stderr] 
[INFO] [stderr] Caused by:
[INFO] [stderr]   process didn't exit successfully: `/opt/rustwide/target/debug/build/zstd-sys-9641c7887d676bf0/build-script-build` (exit status: 1)
[INFO] [stderr]   --- stdout
[INFO] [stderr]   cargo:rerun-if-env-changed=ZSTD_SYS_USE_PKG_CONFIG
[INFO] [stderr]   OUT_DIR = Some(/opt/rustwide/target/debug/build/zstd-sys-ad47438e91de5b5e/out)
[INFO] [stderr]   OPT_LEVEL = Some(0)
[INFO] [stderr]   TARGET = Some(x86_64-unknown-linux-gnu)
[INFO] [stderr]   HOST = Some(x86_64-unknown-linux-gnu)
[INFO] [stderr]   cargo:rerun-if-env-changed=CC_x86_64-unknown-linux-gnu
[INFO] [stderr]   CC_x86_64-unknown-linux-gnu = None
[INFO] [stderr]   cargo:rerun-if-env-changed=CC_x86_64_unknown_linux_gnu
[INFO] [stderr]   CC_x86_64_unknown_linux_gnu = None
[INFO] [stderr]   cargo:rerun-if-env-changed=HOST_CC
[INFO] [stderr]   HOST_CC = None
[INFO] [stderr]   cargo:rerun-if-env-changed=CC
[INFO] [stderr]   CC = None
[INFO] [stderr]   cargo:rerun-if-env-changed=CC_ENABLE_DEBUG_OUTPUT
[INFO] [stderr]   RUSTC_WRAPPER = None
[INFO] [stderr]   cargo:rerun-if-env-changed=CRATE_CC_NO_DEFAULTS
[INFO] [stderr]   CRATE_CC_NO_DEFAULTS = None
[INFO] [stderr]   DEBUG = Some(true)
[INFO] [stderr]   CARGO_CFG_TARGET_FEATURE = Some(fxsr,sse,sse2)
[INFO] [stderr]   cargo:rerun-if-env-changed=CFLAGS
[INFO] [stderr]   CFLAGS = None
[INFO] [stderr]   cargo:rerun-if-env-changed=HOST_CFLAGS
[INFO] [stderr]   HOST_CFLAGS = None
[INFO] [stderr]   cargo:rerun-if-env-changed=CFLAGS_x86_64_unknown_linux_gnu
[INFO] [stderr]   CFLAGS_x86_64_unknown_linux_gnu = None
[INFO] [stderr]   cargo:rerun-if-env-changed=CFLAGS_x86_64-unknown-linux-gnu
[INFO] [stderr]   CFLAGS_x86_64-unknown-linux-gnu = None
[INFO] [stderr]   CARGO_ENCODED_RUSTFLAGS = Some(--cap-lints=warn)
[INFO] [stderr]   OUT_DIR = Some(/opt/rustwide/target/debug/build/zstd-sys-ad47438e91de5b5e/out)
[INFO] [stderr]   cargo:rerun-if-env-changed=CC_ENABLE_DEBUG_OUTPUT
[INFO] [stderr]   cargo:rerun-if-env-changed=CRATE_CC_NO_DEFAULTS
[INFO] [stderr]   CRATE_CC_NO_DEFAULTS = None
[INFO] [stderr]   TARGET = Some(x86_64-unknown-linux-gnu)
[INFO] [stderr]   CARGO_CFG_TARGET_FEATURE = Some(fxsr,sse,sse2)
[INFO] [stderr]   HOST = Some(x86_64-unknown-linux-gnu)
[INFO] [stderr]   cargo:rerun-if-env-changed=CFLAGS
[INFO] [stderr]   CFLAGS = None
[INFO] [stderr]   cargo:rerun-if-env-changed=HOST_CFLAGS
[INFO] [stderr]   HOST_CFLAGS = None
[INFO] [stderr]   cargo:rerun-if-env-changed=CFLAGS_x86_64_unknown_linux_gnu
[INFO] [stderr]   CFLAGS_x86_64_unknown_linux_gnu = None
[INFO] [stderr]   cargo:rerun-if-env-changed=CFLAGS_x86_64-unknown-linux-gnu
[INFO] [stderr]   CFLAGS_x86_64-unknown-linux-gnu = None
[INFO] [stderr]   OUT_DIR = Some(/opt/rustwide/target/debug/build/zstd-sys-ad47438e91de5b5e/out)
[INFO] [stderr]   cargo:rerun-if-env-changed=CC_ENABLE_DEBUG_OUTPUT
[INFO] [stderr]   cargo:rerun-if-env-changed=CRATE_CC_NO_DEFAULTS
[INFO] [stderr]   CRATE_CC_NO_DEFAULTS = None
[INFO] [stderr]   TARGET = Some(x86_64-unknown-linux-gnu)
[INFO] [stderr]   CARGO_CFG_TARGET_FEATURE = Some(fxsr,sse,sse2)
[INFO] [stderr]   HOST = Some(x86_64-unknown-linux-gnu)
[INFO] [stderr]   cargo:rerun-if-env-changed=CFLAGS
[INFO] [stderr]   CFLAGS = None
[INFO] [stderr]   cargo:rerun-if-env-changed=HOST_CFLAGS
[INFO] [stderr]   HOST_CFLAGS = None
[INFO] [stderr]   cargo:rerun-if-env-changed=CFLAGS_x86_64_unknown_linux_gnu
[INFO] [stderr]   CFLAGS_x86_64_unknown_linux_gnu = None
[INFO] [stderr]   cargo:rerun-if-env-changed=CFLAGS_x86_64-unknown-linux-gnu
[INFO] [stderr]   CFLAGS_x86_64-unknown-linux-gnu = None
[INFO] [stderr]   OUT_DIR = Some(/opt/rustwide/target/debug/build/zstd-sys-ad47438e91de5b5e/out)
[INFO] [stderr]   cargo:rerun-if-env-changed=CC_ENABLE_DEBUG_OUTPUT
[INFO] [stderr]   cargo:rerun-if-env-changed=CRATE_CC_NO_DEFAULTS
[INFO] [stderr]   CRATE_CC_NO_DEFAULTS = None
[INFO] [stderr]   TARGET = Some(x86_64-unknown-linux-gnu)
[INFO] [stderr]   CARGO_CFG_TARGET_FEATURE = Some(fxsr,sse,sse2)
[INFO] [stderr]   HOST = Some(x86_64-unknown-linux-gnu)
[INFO] [stderr]   cargo:rerun-if-env-changed=CFLAGS
[INFO] [stderr]   CFLAGS = None
[INFO] [stderr]   cargo:rerun-if-env-changed=HOST_CFLAGS
[INFO] [stderr]   HOST_CFLAGS = None
[INFO] [stderr]   cargo:rerun-if-env-changed=CFLAGS_x86_64_unknown_linux_gnu
[INFO] [stderr]   CFLAGS_x86_64_unknown_linux_gnu = None
[INFO] [stderr]   cargo:rerun-if-env-changed=CFLAGS_x86_64-unknown-linux-gnu
[INFO] [stderr]   CFLAGS_x86_64-unknown-linux-gnu = None
[INFO] [stderr]   exit status: 0
[INFO] [stderr]   exit status: 0
[INFO] [stderr]   exit status: 0
[INFO] [stderr]   exit status: 0
[INFO] [stderr]   exit status: 0
[INFO] [stderr]   exit status: 0
[INFO] [stderr]   exit status: 0
[INFO] [stderr]   exit status: 0
[INFO] [stderr]   exit status: 0
[INFO] [stderr]   exit status: 0
[INFO] [stderr]   exit status: 0
[INFO] [stderr]   exit status: 0
[INFO] [stderr]   exit status: 0
[INFO] [stderr]   exit status: 0
[INFO] [stderr]   exit status: 0
[INFO] [stderr]   exit status: 0
[INFO] [stderr]   cargo:warning=zstd/lib/decompress/zstd_decompress_block.c:2209:1: fatal error: error writing to /tmp/ccXRndaV.s: No space left on device
[INFO] [stderr]   cargo:warning= 2209 | }
[INFO] [stderr]   cargo:warning=      | ^
[INFO] [stderr]   cargo:warning=compilation terminated.
[INFO] [stderr]   exit status: 0
[INFO] [stderr]   exit status: 0
[INFO] [stderr]   exit status: 0
[INFO] [stderr]   exit status: 0
[INFO] [stderr]   exit status: 0
[INFO] [stderr]   exit status: 0
[INFO] [stderr]   exit status: 0
[INFO] [stderr]   exit status: 0
[INFO] [stderr]   cargo:warning=zstd/lib/dictBuilder/divsufsort.c:1913:1: fatal error: error writing to /tmp/ccykGNyD.s: No space left on device
[INFO] [stderr]   cargo:warning= 1913 | }
[INFO] [stderr]   cargo:warning=      | ^
[INFO] [stderr]   cargo:warning=compilation terminated.
[INFO] [stderr]   exit status: 0
[INFO] [stderr]   exit status: 1
[INFO] [stderr]   cargo:warning=ToolExecError: command did not execute successfully (status code exit status: 1): LC_ALL="C" "cc" "-O0" "-ffunction-sections" "-fdata-sections" "-fPIC" "-gdwarf-4" "-fno-omit-frame-pointer" "-m64" "-I" "zstd/lib/" "-I" "zstd/lib/common" "-I" "zstd/lib/legacy" "-fvisibility=hidden" "-ffunction-sections" "-fdata-sections" "-fmerge-all-constants" "-DZSTD_LIB_DEPRECATED=0" "-DXXH_PRIVATE_API=" "-DZSTDLIB_VISIBILITY=" "-DZDICTLIB_VISIBILITY=" "-DZSTDERRORLIB_VISIBILITY=" "-DZSTD_LEGACY_SUPPORT=1" "-o" "/opt/rustwide/target/debug/build/zstd-sys-ad47438e91de5b5e/out/a6c81c75fc82913a-divsufsort.o" "-c" "zstd/lib/dictBuilder/divsufsort.c"cargo:warning=zstd/lib/dictBuilder/fastcover.c:766:1: fatal error: error writing to /tmp/ccp8Tf0L.s: No space left on device
[INFO] [stderr]   cargo:warning=  766 | }
[INFO] [stderr]   cargo:warning=      | ^
[INFO] [stderr]   cargo:warning=compilation terminated.
[INFO] [stderr] 
[INFO] [stderr]   exit status: 1
[INFO] [stderr]   cargo:warning=ToolExecError: command did not execute successfully (status code exit status: 1): LC_ALL="C" "cc" "-O0" "-ffunction-sections" "-fdata-sections" "-fPIC" "-gdwarf-4" "-fno-omit-frame-pointer" "-m64" "-I" "zstd/lib/" "-I" "zstd/lib/common" "-I" "zstd/lib/legacy" "-fvisibility=hidden" "-ffunction-sections" "-fdata-sections" "-fmerge-all-constants" "-DZSTD_LIB_DEPRECATED=0" "-DXXH_PRIVATE_API=" "-DZSTDLIB_VISIBILITY=" "-DZDICTLIB_VISIBILITY=" "-DZSTDERRORLIB_VISIBILITY=" "-DZSTD_LEGACY_SUPPORT=1" "-o" "/opt/rustwide/target/debug/build/zstd-sys-ad47438e91de5b5e/out/a6c81c75fc82913a-fastcover.o" "-c" "zstd/lib/dictBuilder/fastcover.c"
[INFO] [stderr]   exit status: 1
[INFO] [stderr]   cargo:warning=ToolExecError: command did not execute successfully (status code exit status: 1): LC_ALL="C" "cc" "-O0" "-ffunction-sections" "-fdata-sections" "-fPIC" "-gdwarf-4" "-fno-omit-frame-pointer" "-m64" "-I" "zstd/lib/" "-I" "zstd/lib/common" "-I" "zstd/lib/legacy" "-fvisibility=hidden" "-ffunction-sections" "-fdata-sections" "-fmerge-all-constants" "-DZSTD_LIB_DEPRECATED=0" "-DXXH_PRIVATE_API=" "-DZSTDLIB_VISIBILITY=" "-DZDICTLIB_VISIBILITY=" "-DZSTDERRORLIB_VISIBILITY=" "-DZSTD_LEGACY_SUPPORT=1" "-o" "/opt/rustwide/target/debug/build/zstd-sys-ad47438e91de5b5e/out/88f362f13b0528ed-zstd_decompress_block.o" "-c" "zstd/lib/decompress/zstd_decompress_block.c"
[INFO] [stderr]   exit status: 0
[INFO] [stderr]   exit status: 0
[INFO] [stderr]   exit status: 0
[INFO] [stderr]   exit status: 0
[INFO] [stderr]   exit status: 0
[INFO] [stderr]   exit status: 0
[INFO] [stderr]   exit status: 0
[INFO] [stderr]   exit status: 0
[INFO] [stderr]   exit status: 0
[INFO] [stderr] 
[INFO] [stderr]   --- stderr
[INFO] [stderr] 
[INFO] [stderr] 
[INFO] [stderr]   error occurred in cc-rs: command did not execute successfully (status code exit status: 1): LC_ALL="C" "cc" "-O0" "-ffunction-sections" "-fdata-sections" "-fPIC" "-gdwarf-4" "-fno-omit-frame-pointer" "-m64" "-I" "zstd/lib/" "-I" "zstd/lib/common" "-I" "zstd/lib/legacy" "-fvisibility=hidden" "-ffunction-sections" "-fdata-sections" "-fmerge-all-constants" "-DZSTD_LIB_DEPRECATED=0" "-DXXH_PRIVATE_API=" "-DZSTDLIB_VISIBILITY=" "-DZDICTLIB_VISIBILITY=" "-DZSTDERRORLIB_VISIBILITY=" "-DZSTD_LEGACY_SUPPORT=1" "-o" "/opt/rustwide/target/debug/build/zstd-sys-ad47438e91de5b5e/out/88f362f13b0528ed-zstd_decompress_block.o" "-c" "zstd/lib/decompress/zstd_decompress_block.c"
[INFO] [stderr] 
[INFO] [stderr] 
[INFO] running `Command { std: "docker" "inspect" "b0bae0060c9c19b9b352b0c90c2c6e84e516a2ef3a4a633089f7924e54fdf56c", kill_on_drop: false }`
[INFO] running `Command { std: "docker" "rm" "-f" "b0bae0060c9c19b9b352b0c90c2c6e84e516a2ef3a4a633089f7924e54fdf56c", kill_on_drop: false }`
[INFO] [stdout] b0bae0060c9c19b9b352b0c90c2c6e84e516a2ef3a4a633089f7924e54fdf56c
