[INFO] fetching crate ferrite-dl 0.2.0...
[INFO] documenting ferrite-dl-0.2.0 against beta-2025-02-18 for beta-1.86-rustdoc-1
[INFO] extracting crate ferrite-dl 0.2.0 into /workspace/builds/worker-7-tc2/source
[INFO] validating manifest of crates.io crate ferrite-dl 0.2.0 on toolchain beta-2025-02-18
[INFO] running `Command { std: CARGO_HOME="/workspace/cargo-home" RUSTUP_HOME="/workspace/rustup-home" "/workspace/cargo-home/bin/cargo" "+beta-2025-02-18" "metadata" "--manifest-path" "Cargo.toml" "--no-deps", kill_on_drop: false }`
[INFO] started tweaking crates.io crate ferrite-dl 0.2.0
[INFO] removed 0 missing examples
[INFO] finished tweaking crates.io crate ferrite-dl 0.2.0
[INFO] tweaked toml for crates.io crate ferrite-dl 0.2.0 written to /workspace/builds/worker-7-tc2/source/Cargo.toml
[INFO] crate crates.io crate ferrite-dl 0.2.0 already has a lockfile, it will not be regenerated
[INFO] running `Command { std: CARGO_HOME="/workspace/cargo-home" RUSTUP_HOME="/workspace/rustup-home" "/workspace/cargo-home/bin/cargo" "+beta-2025-02-18" "fetch" "--manifest-path" "Cargo.toml", kill_on_drop: false }`
[INFO] running `Command { std: "docker" "create" "-v" "/var/lib/crater-agent-workspace/builds/worker-7-tc2/target:/opt/rustwide/target:rw,Z" "-v" "/var/lib/crater-agent-workspace/builds/worker-7-tc2/source:/opt/rustwide/workdir:ro,Z" "-v" "/var/lib/crater-agent-workspace/cargo-home:/opt/rustwide/cargo-home:ro,Z" "-v" "/var/lib/crater-agent-workspace/rustup-home:/opt/rustwide/rustup-home:ro,Z" "-e" "SOURCE_DIR=/opt/rustwide/workdir" "-e" "CARGO_TARGET_DIR=/opt/rustwide/target" "-e" "CARGO_HOME=/opt/rustwide/cargo-home" "-e" "RUSTUP_HOME=/opt/rustwide/rustup-home" "-w" "/opt/rustwide/workdir" "-m" "1610612736" "--user" "0:0" "--network" "none" "ghcr.io/rust-lang/crates-build-env/linux@sha256:3959728d45483eb673ba100a951a6b9f5012970368db2a9e08e0ac9b67c8a5ad" "/opt/rustwide/cargo-home/bin/cargo" "+beta-2025-02-18" "metadata" "--no-deps" "--format-version=1", kill_on_drop: false }`
[INFO] [stdout] 97d1ff09f3d9b9529e533fc406b97cb095a0b42278fe326783bab7576cf4908e
[INFO] running `Command { std: "docker" "start" "-a" "97d1ff09f3d9b9529e533fc406b97cb095a0b42278fe326783bab7576cf4908e", kill_on_drop: false }`
[INFO] running `Command { std: "docker" "inspect" "97d1ff09f3d9b9529e533fc406b97cb095a0b42278fe326783bab7576cf4908e", kill_on_drop: false }`
[INFO] running `Command { std: "docker" "rm" "-f" "97d1ff09f3d9b9529e533fc406b97cb095a0b42278fe326783bab7576cf4908e", kill_on_drop: false }`
[INFO] [stdout] 97d1ff09f3d9b9529e533fc406b97cb095a0b42278fe326783bab7576cf4908e
[INFO] running `Command { std: "docker" "create" "-v" "/var/lib/crater-agent-workspace/builds/worker-7-tc2/target:/opt/rustwide/target:rw,Z" "-v" "/var/lib/crater-agent-workspace/builds/worker-7-tc2/source:/opt/rustwide/workdir:ro,Z" "-v" "/var/lib/crater-agent-workspace/cargo-home:/opt/rustwide/cargo-home:ro,Z" "-v" "/var/lib/crater-agent-workspace/rustup-home:/opt/rustwide/rustup-home:ro,Z" "-e" "SOURCE_DIR=/opt/rustwide/workdir" "-e" "CARGO_TARGET_DIR=/opt/rustwide/target" "-e" "CARGO_INCREMENTAL=0" "-e" "RUST_BACKTRACE=full" "-e" "RUSTFLAGS=--cap-lints=warn" "-e" "RUSTDOCFLAGS=--cap-lints=warn" "-e" "CARGO_HOME=/opt/rustwide/cargo-home" "-e" "RUSTUP_HOME=/opt/rustwide/rustup-home" "-w" "/opt/rustwide/workdir" "-m" "1610612736" "--user" "0:0" "--network" "none" "ghcr.io/rust-lang/crates-build-env/linux@sha256:3959728d45483eb673ba100a951a6b9f5012970368db2a9e08e0ac9b67c8a5ad" "/opt/rustwide/cargo-home/bin/cargo" "+beta-2025-02-18" "doc" "--frozen" "--no-deps" "--document-private-items" "--message-format=json", kill_on_drop: false }`
[INFO] [stdout] b25d6d09d89608c860cd720bfe6df4c2a9623c9de775c672851fe5ff23919f5c
[INFO] running `Command { std: "docker" "start" "-a" "b25d6d09d89608c860cd720bfe6df4c2a9623c9de775c672851fe5ff23919f5c", kill_on_drop: false }`
[INFO] [stderr]    Compiling autocfg v1.4.0
[INFO] [stderr]    Compiling proc-macro2 v1.0.93
[INFO] [stderr]    Compiling unicode-ident v1.0.15
[INFO] [stderr]    Compiling libc v0.2.169
[INFO] [stderr]    Compiling crossbeam-utils v0.8.21
[INFO] [stderr]     Checking byteorder v1.5.0
[INFO] [stderr]     Checking cfg-if v1.0.0
[INFO] [stderr]    Compiling rayon-core v1.12.1
[INFO] [stderr]    Compiling paste v1.0.15
[INFO] [stderr]     Checking rawpointer v0.2.1
[INFO] [stderr]     Checking either v1.13.0
[INFO] [stderr] error: failed to run custom build command for `proc-macro2 v1.0.93`
[INFO] [stderr] note: To improve backtraces for build dependencies, set the CARGO_PROFILE_DEV_BUILD_OVERRIDE_DEBUG=true environment variable to enable debug information generation.
[INFO] [stderr] 
[INFO] [stderr] Caused by:
[INFO] [stderr]   process didn't exit successfully: `/opt/rustwide/target/debug/build/proc-macro2-8bf1a13c3d26ca5a/build-script-build` (exit status: 1)
[INFO] [stderr]   --- stdout
[INFO] [stderr]   cargo:rustc-check-cfg=cfg(fuzzing)
[INFO] [stderr]   cargo:rustc-check-cfg=cfg(no_is_available)
[INFO] [stderr]   cargo:rustc-check-cfg=cfg(no_literal_byte_character)
[INFO] [stderr]   cargo:rustc-check-cfg=cfg(no_literal_c_string)
[INFO] [stderr]   cargo:rustc-check-cfg=cfg(no_source_text)
[INFO] [stderr]   cargo:rustc-check-cfg=cfg(proc_macro_span)
[INFO] [stderr]   cargo:rustc-check-cfg=cfg(procmacro2_backtrace)
[INFO] [stderr]   cargo:rustc-check-cfg=cfg(procmacro2_nightly_testing)
[INFO] [stderr]   cargo:rustc-check-cfg=cfg(procmacro2_semver_exempt)
[INFO] [stderr]   cargo:rustc-check-cfg=cfg(randomize_layout)
[INFO] [stderr]   cargo:rustc-check-cfg=cfg(span_locations)
[INFO] [stderr]   cargo:rustc-check-cfg=cfg(super_unstable)
[INFO] [stderr]   cargo:rustc-check-cfg=cfg(wrap_proc_macro)
[INFO] [stderr]   cargo:rerun-if-changed=build/probe.rs
[INFO] [stderr] 
[INFO] [stderr]   --- stderr
[INFO] [stderr]   Failed to create /opt/rustwide/target/debug/build/proc-macro2-787432681896bc00/out/probe: No space left on device (os error 28)
[INFO] [stderr] warning: build failed, waiting for other jobs to finish...
[INFO] [stderr] rustc-LLVM ERROR: IO failure on output stream: No space left on device
[INFO] [stdout] error: linking with `cc` failed: exit status: 1
[INFO] [stdout]   |
[INFO] [stdout]   = note:  "cc" "-m64" "/tmp/rustcSFodxa/symbols.o" "<2 object files omitted>" "-Wl,--as-needed" "-Wl,-Bstatic" "<sysroot>/lib/rustlib/x86_64-unknown-linux-gnu/lib/{libstd-*,libpanic_unwind-*,libobject-*,libmemchr-*,libaddr2line-*,libgimli-*,librustc_demangle-*,libstd_detect-*,libhashbrown-*,librustc_std_workspace_alloc-*,libminiz_oxide-*,libadler2-*,libunwind-*,libcfg_if-*,liblibc-*,liballoc-*,librustc_std_workspace_core-*,libcore-*,libcompiler_builtins-*}.rlib" "-Wl,-Bdynamic" "-lgcc_s" "-lutil" "-lrt" "-lpthread" "-lm" "-ldl" "-lc" "-Wl,--eh-frame-hdr" "-Wl,-z,noexecstack" "-L" "<sysroot>/lib/rustlib/x86_64-unknown-linux-gnu/lib" "-o" "/opt/rustwide/target/debug/build/paste-02732abae0c7d54c/build_script_build-02732abae0c7d54c" "-Wl,--gc-sections" "-pie" "-Wl,-z,relro,-z,now" "-nodefaultlibs"
[INFO] [stdout]   = note: some arguments are omitted. use `--verbose` to show all linker arguments
[INFO] [stdout]   = note: /usr/bin/ld: final link failed: No space left on device
[INFO] [stdout]           collect2: error: ld returned 1 exit status
[INFO] [stdout]           
[INFO] [stdout] 
[INFO] [stdout] 
[INFO] [stderr] error: could not compile `paste` (build script) due to 1 previous error
[INFO] [stderr] error: could not compile `autocfg` (lib)
[INFO] [stderr] 
[INFO] [stderr] Caused by:
[INFO] [stderr]   No space left on device (os error 28)
[INFO] [stderr] 
[INFO] [stderr] Caused by:
[INFO] [stderr]   failed to parse process output: `/opt/rustwide/rustup-home/toolchains/beta-2025-02-18-x86_64-unknown-linux-gnu/bin/rustc --crate-name autocfg --edition=2015 /opt/rustwide/cargo-home/registry/src/index.crates.io-1949cf8c6b5b557f/autocfg-1.4.0/src/lib.rs --error-format=json --json=diagnostic-rendered-ansi,artifacts,future-incompat --crate-type lib --emit=dep-info,metadata,link -C embed-bitcode=no --check-cfg 'cfg(docsrs,test)' --check-cfg 'cfg(feature, values())' -C metadata=a55b844e1f5ea1e4 -C extra-filename=-37e49257b5a6b323 --out-dir /opt/rustwide/target/debug/deps -L dependency=/opt/rustwide/target/debug/deps --cap-lints allow --cap-lints=warn` (exit status: 101)
[INFO] [stdout] error: linking with `cc` failed: exit status: 1
[INFO] [stdout]   |
[INFO] [stdout]   = note:  "cc" "-m64" "/tmp/rustcGd2wLX/symbols.o" "<4 object files omitted>" "-Wl,--as-needed" "-Wl,-Bstatic" "<sysroot>/lib/rustlib/x86_64-unknown-linux-gnu/lib/{libstd-*,libpanic_unwind-*,libobject-*,libmemchr-*,libaddr2line-*,libgimli-*,librustc_demangle-*,libstd_detect-*,libhashbrown-*,librustc_std_workspace_alloc-*,libminiz_oxide-*,libadler2-*,libunwind-*,libcfg_if-*,liblibc-*,liballoc-*,librustc_std_workspace_core-*,libcore-*,libcompiler_builtins-*}.rlib" "-Wl,-Bdynamic" "-lgcc_s" "-lutil" "-lrt" "-lpthread" "-lm" "-ldl" "-lc" "-Wl,--eh-frame-hdr" "-Wl,-z,noexecstack" "-L" "<sysroot>/lib/rustlib/x86_64-unknown-linux-gnu/lib" "-o" "/opt/rustwide/target/debug/build/libc-6361877380247f76/build_script_build-6361877380247f76" "-Wl,--gc-sections" "-pie" "-Wl,-z,relro,-z,now" "-nodefaultlibs"
[INFO] [stdout]   = note: some arguments are omitted. use `--verbose` to show all linker arguments
[INFO] [stdout]   = note: /usr/bin/ld: final link failed: No space left on device
[INFO] [stdout]           collect2: error: ld returned 1 exit status
[INFO] [stdout]           
[INFO] [stdout] 
[INFO] [stdout] 
[INFO] [stderr] error: could not compile `libc` (build script) due to 1 previous error
[INFO] [stdout] error: linking with `cc` failed: exit status: 1
[INFO] [stdout]   |
[INFO] [stdout]   = note:  "cc" "-m64" "/tmp/rustc9aJj36/symbols.o" "<3 object files omitted>" "-Wl,--as-needed" "-Wl,-Bstatic" "<sysroot>/lib/rustlib/x86_64-unknown-linux-gnu/lib/{libstd-*,libpanic_unwind-*,libobject-*,libmemchr-*,libaddr2line-*,libgimli-*,librustc_demangle-*,libstd_detect-*,libhashbrown-*,librustc_std_workspace_alloc-*,libminiz_oxide-*,libadler2-*,libunwind-*,libcfg_if-*,liblibc-*,liballoc-*,librustc_std_workspace_core-*,libcore-*,libcompiler_builtins-*}.rlib" "-Wl,-Bdynamic" "-lgcc_s" "-lutil" "-lrt" "-lpthread" "-lm" "-ldl" "-lc" "-Wl,--eh-frame-hdr" "-Wl,-z,noexecstack" "-L" "<sysroot>/lib/rustlib/x86_64-unknown-linux-gnu/lib" "-o" "/opt/rustwide/target/debug/build/crossbeam-utils-931049f9302d4f90/build_script_build-931049f9302d4f90" "-Wl,--gc-sections" "-pie" "-Wl,-z,relro,-z,now" "-nodefaultlibs"
[INFO] [stdout]   = note: some arguments are omitted. use `--verbose` to show all linker arguments
[INFO] [stdout]   = note: /usr/bin/ld: final link failed: No space left on device
[INFO] [stdout]           collect2: error: ld returned 1 exit status
[INFO] [stdout]           
[INFO] [stdout] 
[INFO] [stdout] 
[INFO] [stderr] error: could not compile `crossbeam-utils` (build script) due to 1 previous error
[INFO] running `Command { std: "docker" "inspect" "b25d6d09d89608c860cd720bfe6df4c2a9623c9de775c672851fe5ff23919f5c", kill_on_drop: false }`
[INFO] running `Command { std: "docker" "rm" "-f" "b25d6d09d89608c860cd720bfe6df4c2a9623c9de775c672851fe5ff23919f5c", kill_on_drop: false }`
[INFO] [stdout] b25d6d09d89608c860cd720bfe6df4c2a9623c9de775c672851fe5ff23919f5c
