[INFO] fetching crate etwin_rest 0.12.3...
[INFO] documenting etwin_rest-0.12.3 against beta-2025-02-18 for beta-1.86-rustdoc-1
[INFO] extracting crate etwin_rest 0.12.3 into /workspace/builds/worker-3-tc2/source
[INFO] validating manifest of crates.io crate etwin_rest 0.12.3 on toolchain beta-2025-02-18
[INFO] running `Command { std: CARGO_HOME="/workspace/cargo-home" RUSTUP_HOME="/workspace/rustup-home" "/workspace/cargo-home/bin/cargo" "+beta-2025-02-18" "metadata" "--manifest-path" "Cargo.toml" "--no-deps", kill_on_drop: false }`
[INFO] started tweaking crates.io crate etwin_rest 0.12.3
[INFO] finished tweaking crates.io crate etwin_rest 0.12.3
[INFO] tweaked toml for crates.io crate etwin_rest 0.12.3 written to /workspace/builds/worker-3-tc2/source/Cargo.toml
[INFO] running `Command { std: CARGO_HOME="/workspace/cargo-home" RUSTUP_HOME="/workspace/rustup-home" "/workspace/cargo-home/bin/cargo" "+beta-2025-02-18" "generate-lockfile" "--manifest-path" "Cargo.toml", kill_on_drop: false }`
[INFO] [stderr]     Blocking waiting for file lock on package cache
[INFO] [stderr]     Updating crates.io index
[INFO] [stderr]     Blocking waiting for file lock on package cache
[INFO] [stderr]      Locking 406 packages to latest compatible versions
[INFO] [stderr]       Adding axum v0.6.20 (available: v0.8.1)
[INFO] [stderr]       Adding axum-extra v0.5.0 (available: v0.10.0)
[INFO] [stderr]       Adding cookie v0.17.0 (available: v0.18.1)
[INFO] [stderr]       Adding cookie_store v0.17.0 (available: v0.21.1)
[INFO] [stderr]       Adding headers v0.3.9 (available: v0.4.0)
[INFO] [stderr]       Adding hyper v0.14.32 (available: v1.6.0)
[INFO] [stderr]       Adding iana-time-zone v0.1.60 (available: v0.1.61)
[INFO] [stderr]       Adding js-sys v0.3.55 (available: v0.3.77)
[INFO] [stderr]       Adding thiserror v1.0.69 (available: v2.0.11)
[INFO] [stderr]       Adding tower v0.4.13 (available: v0.5.2)
[INFO] [stderr]       Adding wasm-bindgen v0.2.78 (available: v0.2.100)
[INFO] [stderr]       Adding wasm-bindgen-backend v0.2.78 (available: v0.2.100)
[INFO] [stderr]       Adding wasm-bindgen-futures v0.4.28 (available: v0.4.50)
[INFO] [stderr]       Adding wasm-bindgen-macro v0.2.78 (available: v0.2.100)
[INFO] [stderr]       Adding wasm-bindgen-macro-support v0.2.78 (available: v0.2.100)
[INFO] [stderr]       Adding wasm-bindgen-shared v0.2.78 (available: v0.2.100)
[INFO] [stderr]       Adding web-sys v0.3.55 (available: v0.3.77)
[INFO] running `Command { std: CARGO_HOME="/workspace/cargo-home" RUSTUP_HOME="/workspace/rustup-home" "/workspace/cargo-home/bin/cargo" "+beta-2025-02-18" "fetch" "--manifest-path" "Cargo.toml", kill_on_drop: false }`
[INFO] running `Command { std: "docker" "create" "-v" "/var/lib/crater-agent-workspace/builds/worker-3-tc2/target:/opt/rustwide/target:rw,Z" "-v" "/var/lib/crater-agent-workspace/builds/worker-3-tc2/source:/opt/rustwide/workdir:ro,Z" "-v" "/var/lib/crater-agent-workspace/cargo-home:/opt/rustwide/cargo-home:ro,Z" "-v" "/var/lib/crater-agent-workspace/rustup-home:/opt/rustwide/rustup-home:ro,Z" "-e" "SOURCE_DIR=/opt/rustwide/workdir" "-e" "CARGO_TARGET_DIR=/opt/rustwide/target" "-e" "CARGO_HOME=/opt/rustwide/cargo-home" "-e" "RUSTUP_HOME=/opt/rustwide/rustup-home" "-w" "/opt/rustwide/workdir" "-m" "1610612736" "--user" "0:0" "--network" "none" "ghcr.io/rust-lang/crates-build-env/linux@sha256:3959728d45483eb673ba100a951a6b9f5012970368db2a9e08e0ac9b67c8a5ad" "/opt/rustwide/cargo-home/bin/cargo" "+beta-2025-02-18" "metadata" "--no-deps" "--format-version=1", kill_on_drop: false }`
[INFO] [stdout] 39d0e2cd2f090a699b235e595e332ace61feccf0a6559f7a225b8bcef0dad188
[INFO] running `Command { std: "docker" "start" "-a" "39d0e2cd2f090a699b235e595e332ace61feccf0a6559f7a225b8bcef0dad188", kill_on_drop: false }`
[INFO] running `Command { std: "docker" "inspect" "39d0e2cd2f090a699b235e595e332ace61feccf0a6559f7a225b8bcef0dad188", kill_on_drop: false }`
[INFO] running `Command { std: "docker" "rm" "-f" "39d0e2cd2f090a699b235e595e332ace61feccf0a6559f7a225b8bcef0dad188", kill_on_drop: false }`
[INFO] [stdout] 39d0e2cd2f090a699b235e595e332ace61feccf0a6559f7a225b8bcef0dad188
[INFO] running `Command { std: "docker" "create" "-v" "/var/lib/crater-agent-workspace/builds/worker-3-tc2/target:/opt/rustwide/target:rw,Z" "-v" "/var/lib/crater-agent-workspace/builds/worker-3-tc2/source:/opt/rustwide/workdir:ro,Z" "-v" "/var/lib/crater-agent-workspace/cargo-home:/opt/rustwide/cargo-home:ro,Z" "-v" "/var/lib/crater-agent-workspace/rustup-home:/opt/rustwide/rustup-home:ro,Z" "-e" "SOURCE_DIR=/opt/rustwide/workdir" "-e" "CARGO_TARGET_DIR=/opt/rustwide/target" "-e" "CARGO_INCREMENTAL=0" "-e" "RUST_BACKTRACE=full" "-e" "RUSTFLAGS=--cap-lints=warn" "-e" "RUSTDOCFLAGS=--cap-lints=warn" "-e" "CARGO_HOME=/opt/rustwide/cargo-home" "-e" "RUSTUP_HOME=/opt/rustwide/rustup-home" "-w" "/opt/rustwide/workdir" "-m" "1610612736" "--user" "0:0" "--network" "none" "ghcr.io/rust-lang/crates-build-env/linux@sha256:3959728d45483eb673ba100a951a6b9f5012970368db2a9e08e0ac9b67c8a5ad" "/opt/rustwide/cargo-home/bin/cargo" "+beta-2025-02-18" "doc" "--frozen" "--no-deps" "--document-private-items" "--message-format=json", kill_on_drop: false }`
[INFO] [stdout] bd7fdbc4d01242f296d20c940288f7ee2bd76cf86314b73a37178069842e2fee
[INFO] running `Command { std: "docker" "start" "-a" "bd7fdbc4d01242f296d20c940288f7ee2bd76cf86314b73a37178069842e2fee", kill_on_drop: false }`
[INFO] [stderr]    Compiling proc-macro2 v1.0.93
[INFO] [stderr]    Compiling unicode-ident v1.0.17
[INFO] [stderr]    Compiling autocfg v1.4.0
[INFO] [stderr]    Compiling libc v0.2.170
[INFO] [stderr]     Checking cfg-if v1.0.0
[INFO] [stderr]     Checking smallvec v1.14.0
[INFO] [stderr]    Compiling serde v1.0.218
[INFO] [stderr]     Checking itoa v1.0.14
[INFO] [stderr]     Checking stable_deref_trait v1.2.0
[INFO] [stderr]    Compiling byteorder v1.5.0
[INFO] [stderr]    Compiling parking_lot_core v0.9.10
[INFO] [stderr]    Compiling siphasher v0.3.11
[INFO] [stderr]     Checking scopeguard v1.2.0
[INFO] [stderr]    Compiling version_check v0.9.5
[INFO] [stderr]    Compiling lock_api v0.4.12
[INFO] [stderr]     Checking writeable v0.5.5
[INFO] [stderr]     Checking litemap v0.7.4
[INFO] [stderr]     Checking bytes v1.10.0
[INFO] [stderr]    Compiling syn v1.0.109
[INFO] [stderr]    Compiling getrandom v0.1.16
[INFO] [stderr]     Checking once_cell v1.20.3
[INFO] [stderr]     Checking pin-project-lite v0.2.16
[INFO] [stderr]     Checking memchr v2.7.4
[INFO] [stderr]     Checking log v0.4.26
[INFO] [stderr]     Checking icu_locid_transform_data v1.5.0
[INFO] [stderr]    Compiling num-traits v0.2.19
[INFO] [stderr]     Checking fnv v1.0.7
[INFO] [stderr]     Checking icu_properties_data v1.5.0
[INFO] [stderr]     Checking percent-encoding v2.3.1
[INFO] [stderr]     Checking futures-core v0.3.31
[INFO] [stderr]     Checking http v0.2.12
[INFO] [stderr]     Checking utf8_iter v1.0.4
[INFO] [stderr]    Compiling quote v1.0.38
[INFO] [stderr]     Checking utf16_iter v1.0.5
[INFO] [stderr]     Checking write16 v1.0.0
[INFO] [stderr]     Checking icu_normalizer_data v1.5.0
[INFO] [stderr]     Checking form_urlencoded v1.2.1
[INFO] [stderr]     Checking futures-task v0.3.31
[INFO] [stderr]    Compiling syn v2.0.98
[INFO] [stderr]    Compiling getrandom v0.2.15
[INFO] [stderr]     Checking pin-utils v0.1.0
[INFO] [stderr]     Checking futures-util v0.3.31
[INFO] [stderr]    Compiling rand_core v0.6.4
[INFO] [stderr]     Checking parking_lot v0.12.3
[INFO] [stderr]    Compiling rand_core v0.5.1
[INFO] [stderr]     Checking socket2 v0.5.8
[INFO] [stderr]     Checking mio v1.0.3
[INFO] [stderr]     Checking signal-hook-registry v1.4.2
[INFO] [stderr]    Compiling rand_pcg v0.2.1
[INFO] [stderr]    Compiling phf_shared v0.8.0
[INFO] [stderr]    Compiling time-core v0.1.2
[INFO] [stderr]     Checking powerfmt v0.2.0
[INFO] [stderr]    Compiling serde_json v1.0.139
[INFO] [stderr]    Compiling num-conv v0.1.0
[INFO] [stderr]     Checking ryu v1.0.19
[INFO] [stderr]    Compiling time-macros v0.2.19
[INFO] [stderr]     Checking deranged v0.3.11
[INFO] [stderr]     Checking tracing-core v0.1.33
[INFO] [stderr]    Compiling slab v0.4.9
[INFO] [stderr]    Compiling typenum v1.18.0
[INFO] [stderr]     Checking tower-service v0.3.3
[INFO] [stderr]    Compiling siphasher v1.0.1
[INFO] [stderr]     Checking tracing v0.1.41
[INFO] [stderr]    Compiling phf_shared v0.11.3
[INFO] [stderr]     Checking http-body v0.4.6
[INFO] [stderr]    Compiling generic-array v0.14.7
[INFO] [stderr]    Compiling phf_shared v0.10.0
[INFO] [stderr]    Compiling rustversion v1.0.19
[INFO] [stderr]    Compiling getrandom v0.3.1
[INFO] [stderr]    Compiling thiserror v1.0.69
[INFO] [stderr]     Checking hashbrown v0.15.2
[INFO] [stderr]     Checking equivalent v1.0.2
[INFO] [stderr]     Checking futures-sink v0.3.31
[INFO] [stderr]    Compiling httparse v1.10.0
[INFO] [stderr]    Compiling proc-macro-hack v0.5.20+deprecated
[INFO] [stderr]     Checking aho-corasick v1.1.3
[INFO] [stderr]     Checking indexmap v2.7.1
[INFO] [stderr]    Compiling cookie v0.17.0
[INFO] [stderr]     Checking tinyvec_macros v0.1.1
[INFO] [stderr]     Checking base64 v0.21.7
[INFO] [stderr]     Checking time v0.3.37
[INFO] [stderr]     Checking regex-syntax v0.8.5
[INFO] [stderr]     Checking mime v0.3.17
[INFO] [stderr]     Checking new_debug_unreachable v1.0.6
[INFO] [stderr]     Checking httpdate v1.0.3
[INFO] [stderr]     Checking iana-time-zone v0.1.60
[INFO] [stderr]     Checking try-lock v0.2.5
[INFO] [stderr]     Checking want v0.3.1
[INFO] [stderr]     Checking tinyvec v1.8.1
[INFO] [stderr]    Compiling synstructure v0.13.1
[INFO] [stderr]     Checking futures-channel v0.3.31
[INFO] [stderr]     Checking precomputed-hash v0.1.1
[INFO] [stderr]     Checking hex v0.4.3
[INFO] [stderr]     Checking mac v0.1.1
[INFO] [stderr]     Checking bitflags v1.3.2
[INFO] [stderr]     Checking futf v0.1.5
[INFO] [stderr]     Checking unicode-normalization v0.1.24
[INFO] [stderr]     Checking dtoa v1.0.9
[INFO] [stderr]     Checking psl-types v2.0.11
[INFO] [stderr]    Compiling shlex v1.3.0
[INFO] [stderr]     Checking sync_wrapper v0.1.2
[INFO] [stderr]     Checking utf-8 v0.7.6
[INFO] [stderr]     Checking unicode-bidi v0.3.18
[INFO] [stderr]     Checking tendril v0.4.3
[INFO] [stderr]    Compiling cc v1.2.15
[INFO] [stderr]     Checking dtoa-short v0.3.5
[INFO] [stderr]     Checking phf v0.10.1
[INFO] [stderr]     Checking crypto-common v0.1.6
[INFO] [stderr]     Checking block-buffer v0.10.4
[INFO] [stderr]    Compiling memoffset v0.6.5
[INFO] [stderr]     Checking idna v0.3.0
[INFO] [stderr]     Checking nodrop v0.1.14
[INFO] [stderr]     Checking regex-automata v0.4.9
[INFO] [stderr]     Checking itoa v0.4.8
[INFO] [stderr]    Compiling convert_case v0.4.0
[INFO] [stderr]    Compiling thiserror v2.0.11
[INFO] [stderr]     Checking matches v0.1.10
[INFO] [stderr]     Checking tower-layer v0.3.3
[INFO] [stderr]     Checking digest v0.10.7
[INFO] [stderr]     Checking servo_arc v0.1.1
[INFO] [stderr]    Compiling axum-core v0.3.4
[INFO] [stderr]     Checking fxhash v0.2.1
[INFO] [stderr]     Checking num-integer v0.1.46
[INFO] [stderr]     Checking encoding_rs v0.8.35
[INFO] [stderr]    Compiling zerocopy-derive v0.7.35
[INFO] [stderr]    Compiling serde_derive v1.0.218
[INFO] [stderr]    Compiling zerofrom-derive v0.1.5
[INFO] [stderr]    Compiling yoke-derive v0.7.5
[INFO] [stderr]    Compiling zerovec-derive v0.10.3
[INFO] [stderr]    Compiling displaydoc v0.2.5
[INFO] [stderr]    Compiling icu_provider_macros v1.5.0
[INFO] [stderr]    Compiling zerocopy v0.7.35
[INFO] [stderr]    Compiling ppv-lite86 v0.2.20
[INFO] [stderr]    Compiling tokio-macros v2.5.0
[INFO] [stderr]    Compiling async-trait v0.1.86
[INFO] [stderr]    Compiling thiserror-impl v1.0.69
[INFO] [stderr]     Checking regex v1.11.1
[INFO] [stderr]    Compiling rand_chacha v0.3.1
[INFO] [stderr]    Compiling rand_chacha v0.2.2
[INFO] [stderr]    Compiling rand v0.8.5
[INFO] [stderr]    Compiling cssparser v0.27.2
[INFO] [stderr]     Checking zerofrom v0.1.5
[INFO] [stderr]     Checking yoke v0.7.5
[INFO] [stderr]    Compiling rand v0.7.3
[INFO] [stderr]     Checking tokio v1.43.0
[INFO] [stderr]     Checking zerovec v0.10.4
[INFO] [stderr]    Compiling phf_generator v0.10.0
[INFO] [stderr]    Compiling phf_generator v0.11.3
[INFO] [stderr]    Compiling phf_codegen v0.10.0
[INFO] [stderr]    Compiling auto_impl v1.2.1
[INFO] [stderr]    Compiling phf_generator v0.8.0
[INFO] [stderr]    Compiling string_cache_codegen v0.5.4
[INFO] [stderr]    Compiling phf_macros v0.8.0
[INFO] [stderr]    Compiling markup5ever v0.11.0
[INFO] [stderr]     Checking tinystr v0.7.6
[INFO] [stderr]     Checking icu_collections v1.5.0
[INFO] [stderr]     Checking icu_locid v1.5.0
[INFO] [stderr]    Compiling phf_codegen v0.8.0
[INFO] [stderr]    Compiling selectors v0.22.0
[INFO] [stderr]    Compiling html5ever v0.26.0
[INFO] [stderr]     Checking phf v0.8.0
[INFO] [stderr]    Compiling cssparser-macros v0.6.1
[INFO] [stderr]     Checking icu_provider v1.5.0
[INFO] [stderr]     Checking icu_locid_transform v1.5.0
[INFO] [stderr]    Compiling ring v0.16.20
[INFO] [stderr]    Compiling thiserror-impl v2.0.11
[INFO] [stderr]    Compiling derive_more v0.99.19
[INFO] [stderr]     Checking icu_properties v1.5.1
[INFO] [stderr]    Compiling pin-project-internal v1.1.9
[INFO] [stderr]     Checking thin-slice v0.1.1
[INFO] [stderr]     Checking cpufeatures v0.2.17
[INFO] [stderr]     Checking ipnet v2.11.0
[INFO] [stderr]     Checking unicode-width v0.1.14
[INFO] [stderr]     Checking chrono v0.4.39
[INFO] [stderr]     Checking uuid v1.14.0
[INFO] [stderr]     Checking serde_urlencoded v0.7.1
[INFO] [stderr]     Checking string_cache v0.8.8
[INFO] [stderr]     Checking getopts v0.2.21
[INFO] [stderr]     Checking pin-project v1.1.9
[INFO] [stderr]     Checking sha1 v0.10.6
[INFO] [stderr]     Checking tokio-util v0.7.13
[INFO] [stderr]     Checking num-bigint v0.4.6
[INFO] [stderr]     Checking icu_normalizer v1.5.0
[INFO] [stderr]     Checking etwin_serde_tools v0.12.3
[INFO] [stderr]    Compiling axum v0.6.20
[INFO] [stderr]     Checking headers-core v0.2.0
[INFO] [stderr]     Checking rustc-hash v1.1.0
[INFO] [stderr]     Checking ego-tree v0.6.3
[INFO] [stderr]     Checking untrusted v0.7.1
[INFO] [stderr]     Checking h2 v0.3.26
[INFO] [stderr]     Checking idna_adapter v1.2.0
[INFO] [stderr]     Checking hashbrown v0.11.2
[INFO] [stderr]     Checking idna v1.0.3
[INFO] [stderr]     Checking base64 v0.13.1
[INFO] [stderr]     Checking url v2.5.4
[INFO] [stderr]     Checking publicsuffix v2.3.0
[INFO] [stderr]     Checking text-size v1.1.1
[INFO] [stderr]     Checking utf8-width v0.1.7
[INFO] [stderr]     Checking spin v0.5.2
[INFO] [stderr]     Checking countme v2.0.4
[INFO] [stderr]     Checking etwin_core v0.12.3
[INFO] [stderr]     Checking cookie_store v0.20.0
[INFO] [stderr]     Checking rowan v0.14.1
[INFO] [stderr]     Checking simple_asn1 v0.6.3
[INFO] [stderr]     Checking html-escape v0.2.13
[INFO] [stderr]     Checking pem v1.1.1
[INFO] [stderr]     Checking headers v0.3.9
[INFO] [stderr]     Checking tower v0.4.13
[INFO] [stderr]     Checking scraper v0.13.0
[INFO] [stderr]     Checking smol_str v0.1.24
[INFO] [stderr]     Checking serde_path_to_error v0.1.16
[INFO] [stderr]    Compiling variant_count v1.1.0
[INFO] [stderr]     Checking matchit v0.7.3
[INFO] [stderr]     Checking drop_bomb v0.1.5
[INFO] [stderr]     Checking either v1.14.0
[INFO] [stderr]     Checking http-range-header v0.3.1
[INFO] [stderr]     Checking etwin_scraper_tools v0.12.3
[INFO] [stderr]     Checking tower-http v0.3.5
[INFO] [stderr]     Checking marktwin v0.4.2
[INFO] [stderr]     Checking itertools v0.10.5
[INFO] [stderr]     Checking etwin_log v0.12.3
[INFO] [stderr]     Checking jsonwebtoken v8.3.0
[INFO] [stderr]     Checking hyper v0.14.32
[INFO] [stderr]     Checking reqwest v0.11.27
[INFO] [stderr]     Checking etwin_constants v0.12.3
[INFO] [stderr]     Checking etwin_oauth_client v0.12.3
[INFO] [stderr]     Checking etwin_mt_dns v0.12.3
[INFO] [stderr]     Checking etwin_hammerfest_client v0.12.3
[INFO] [stderr]     Checking etwin_services v0.12.3
[INFO] [stderr]     Checking axum-extra v0.5.0
[INFO] [stderr]  Documenting etwin_rest v0.12.3 (/opt/rustwide/workdir)
[INFO] [stderr]     Finished `dev` profile [unoptimized + debuginfo] target(s) in 2m 14s
[INFO] [stderr]    Generated /opt/rustwide/target/doc/etwin_rest/index.html
[INFO] running `Command { std: "docker" "inspect" "bd7fdbc4d01242f296d20c940288f7ee2bd76cf86314b73a37178069842e2fee", kill_on_drop: false }`
[INFO] running `Command { std: "docker" "rm" "-f" "bd7fdbc4d01242f296d20c940288f7ee2bd76cf86314b73a37178069842e2fee", kill_on_drop: false }`
[INFO] [stdout] bd7fdbc4d01242f296d20c940288f7ee2bd76cf86314b73a37178069842e2fee
[INFO] running `Command { std: "docker" "create" "-v" "/var/lib/crater-agent-workspace/builds/worker-3-tc2/target:/opt/rustwide/target:rw,Z" "-v" "/var/lib/crater-agent-workspace/builds/worker-3-tc2/source:/opt/rustwide/workdir:ro,Z" "-v" "/var/lib/crater-agent-workspace/cargo-home:/opt/rustwide/cargo-home:ro,Z" "-v" "/var/lib/crater-agent-workspace/rustup-home:/opt/rustwide/rustup-home:ro,Z" "-e" "SOURCE_DIR=/opt/rustwide/workdir" "-e" "CARGO_TARGET_DIR=/opt/rustwide/target" "-e" "CARGO_INCREMENTAL=0" "-e" "RUST_BACKTRACE=full" "-e" "RUSTFLAGS=--cap-lints=warn" "-e" "RUSTDOCFLAGS=--cap-lints=warn" "-e" "RUSTC_BOOTSTRAP=1" "-e" "DOCS_RS=1" "-e" "CARGO_HOME=/opt/rustwide/cargo-home" "-e" "RUSTUP_HOME=/opt/rustwide/rustup-home" "-w" "/opt/rustwide/workdir" "-m" "1610612736" "--user" "0:0" "--network" "none" "ghcr.io/rust-lang/crates-build-env/linux@sha256:3959728d45483eb673ba100a951a6b9f5012970368db2a9e08e0ac9b67c8a5ad" "/opt/rustwide/cargo-home/bin/cargo" "+beta-2025-02-18" "rustdoc" "--lib" "-Zrustdoc-map" "--config" "build.rustdocflags=[\"--cfg\", \"docsrs\", \"-Z\", \"unstable-options\", \"--document-private-items\"]" "--frozen" "--message-format=json", kill_on_drop: false }`
[INFO] [stdout] 871a48a74db63a7e36ede9a2c8ba307d7910a1a5c51d1c3f3103c9e1280ee355
[INFO] running `Command { std: "docker" "start" "-a" "871a48a74db63a7e36ede9a2c8ba307d7910a1a5c51d1c3f3103c9e1280ee355", kill_on_drop: false }`
[INFO] [stderr]    Compiling proc-macro2 v1.0.93
[INFO] [stderr]    Compiling thiserror v1.0.69
[INFO] [stderr]    Compiling thiserror v2.0.11
[INFO] [stderr]    Compiling quote v1.0.38
[INFO] [stderr]    Compiling syn v2.0.98
[INFO] [stderr]    Compiling syn v1.0.109
[INFO] [stderr]    Compiling synstructure v0.13.1
[INFO] [stderr]    Compiling zerocopy-derive v0.7.35
[INFO] [stderr]    Compiling serde_derive v1.0.218
[INFO] [stderr]    Compiling zerofrom-derive v0.1.5
[INFO] [stderr]    Compiling yoke-derive v0.7.5
[INFO] [stderr]    Compiling zerovec-derive v0.10.3
[INFO] [stderr]    Compiling displaydoc v0.2.5
[INFO] [stderr]    Compiling icu_provider_macros v1.5.0
[INFO] [stderr]    Compiling tokio-macros v2.5.0
[INFO] [stderr]    Compiling async-trait v0.1.86
[INFO] [stderr]    Compiling zerocopy v0.7.35
[INFO] [stderr]    Compiling thiserror-impl v1.0.69
[INFO] [stderr]     Checking tokio v1.43.0
[INFO] [stderr]    Compiling ppv-lite86 v0.2.20
[INFO] [stderr]    Compiling cssparser v0.27.2
[INFO] [stderr]    Compiling auto_impl v1.2.1
[INFO] [stderr]    Compiling html5ever v0.26.0
[INFO] [stderr]    Compiling rand_chacha v0.3.1
[INFO] [stderr]     Checking zerofrom v0.1.5
[INFO] [stderr]     Checking yoke v0.7.5
[INFO] [stderr]     Checking zerovec v0.10.4
[INFO] [stderr]    Compiling rand_chacha v0.2.2
[INFO] [stderr]    Compiling rand v0.7.3
[INFO] [stderr]    Compiling rand v0.8.5
[INFO] [stderr]    Compiling cssparser-macros v0.6.1
[INFO] [stderr]     Checking tinystr v0.7.6
[INFO] [stderr]     Checking icu_locid v1.5.0
[INFO] [stdout] error: linking with `cc` failed: exit status: 1
[INFO] [stdout]   |
[INFO] [stdout]   = note:  "cc" "-Wl,--version-script=/tmp/rustcpv2tXX/list" "-Wl,--no-undefined-version" "-m64" "/tmp/rustcpv2tXX/symbols.o" "<16 object files omitted>" "/opt/rustwide/target/debug/deps/serde_derive-3e2c8e35382b2a7b.8wozz58zy0qjwkgwn1krqtcab.rcgu.rmeta" "<1 object files omitted>" "-Wl,--as-needed" "-Wl,-Bstatic" "/opt/rustwide/target/debug/deps/{libsyn-3ef1b5ae331b5eb1.rlib,libquote-164d0b40f3038e66.rlib,libproc_macro2-29656914bc2385dd.rlib,libunicode_ident-d3b6c537b11caace.rlib}.rlib" "<sysroot>/lib/rustlib/x86_64-unknown-linux-gnu/lib/{libproc_macro-*,libstd-*,libpanic_unwind-*,libobject-*,libmemchr-*,libaddr2line-*,libgimli-*,librustc_demangle-*,libstd_detect-*,libhashbrown-*,librustc_std_workspace_alloc-*,libminiz_oxide-*,libadler2-*,libunwind-*,libcfg_if-*,liblibc-*,liballoc-*,librustc_std_workspace_core-*,libcore-*,libcompiler_builtins-*}.rlib" "-Wl,-Bdynamic" "-lgcc_s" "-lutil" "-lrt" "-lpthread" "-lm" "-ldl" "-lc" "-Wl,--eh-frame-hdr" "-Wl,-z,noexecstack" "-L" "<sysroot>/lib/rustlib/x86_64-unknown-linux-gnu/lib" "-o" "/opt/rustwide/target/debug/deps/libserde_derive-3e2c8e35382b2a7b.so" "-Wl,--gc-sections" "-shared" "-Wl,-z,relro,-z,now" "-nodefaultlibs"
[INFO] [stdout]   = note: some arguments are omitted. use `--verbose` to show all linker arguments
[INFO] [stdout]   = note: /usr/bin/ld: final link failed: No space left on device
[INFO] [stdout]           collect2: error: ld returned 1 exit status
[INFO] [stdout]           
[INFO] [stdout] 
[INFO] [stdout] 
[INFO] [stdout] error: linking with `cc` failed: exit status: 1
[INFO] [stdout]   |
[INFO] [stdout]   = note:  "cc" "-m64" "/tmp/rustccGfuLx/symbols.o" "<12 object files omitted>" "-Wl,--as-needed" "-Wl,-Bstatic" "/opt/rustwide/target/debug/deps/{libsyn-7c60f832ee36b06c.rlib,libquote-164d0b40f3038e66.rlib,libproc_macro2-29656914bc2385dd.rlib,libunicode_ident-d3b6c537b11caace.rlib}.rlib" "<sysroot>/lib/rustlib/x86_64-unknown-linux-gnu/lib/{libproc_macro-*,libstd-*,libpanic_unwind-*,libobject-*,libmemchr-*,libaddr2line-*,libgimli-*,librustc_demangle-*,libstd_detect-*,libhashbrown-*,librustc_std_workspace_alloc-*,libminiz_oxide-*,libadler2-*,libunwind-*,libcfg_if-*,liblibc-*,liballoc-*,librustc_std_workspace_core-*,libcore-*,libcompiler_builtins-*}.rlib" "-Wl,-Bdynamic" "-lgcc_s" "-lutil" "-lrt" "-lpthread" "-lm" "-ldl" "-lc" "-Wl,--eh-frame-hdr" "-Wl,-z,noexecstack" "-L" "<sysroot>/lib/rustlib/x86_64-unknown-linux-gnu/lib" "-o" "/opt/rustwide/target/debug/build/cssparser-12ac1455026f5522/build_script_build-12ac1455026f5522" "-Wl,--gc-sections" "-pie" "-Wl,-z,relro,-z,now" "-nodefaultlibs"
[INFO] [stdout]   = note: some arguments are omitted. use `--verbose` to show all linker arguments
[INFO] [stdout]   = note: /usr/bin/ld: final link failed: No space left on device
[INFO] [stdout]           collect2: error: ld returned 1 exit status
[INFO] [stdout]           
[INFO] [stdout] 
[INFO] [stdout] 
[INFO] [stderr] error: could not compile `cssparser` (build script) due to 1 previous error
[INFO] [stderr] warning: build failed, waiting for other jobs to finish...
[INFO] [stderr] error: could not compile `serde_derive` (lib) due to 1 previous error
[INFO] [stdout] error: linking with `cc` failed: exit status: 1
[INFO] [stdout]   |
[INFO] [stdout]   = note:  "cc" "-Wl,--version-script=/tmp/rustchB1wt8/list" "-Wl,--no-undefined-version" "-m64" "/tmp/rustchB1wt8/symbols.o" "<2 object files omitted>" "/opt/rustwide/target/debug/deps/cssparser_macros-827087f12bd903a8.48fblst1bzv6ejocwgt5qrcal.rcgu.rmeta" "<1 object files omitted>" "-Wl,--as-needed" "-Wl,-Bstatic" "/opt/rustwide/target/debug/deps/{libsyn-3ef1b5ae331b5eb1.rlib,libquote-164d0b40f3038e66.rlib,libproc_macro2-29656914bc2385dd.rlib,libunicode_ident-d3b6c537b11caace.rlib}.rlib" "<sysroot>/lib/rustlib/x86_64-unknown-linux-gnu/lib/{libproc_macro-*,libstd-*,libpanic_unwind-*,libobject-*,libmemchr-*,libaddr2line-*,libgimli-*,librustc_demangle-*,libstd_detect-*,libhashbrown-*,librustc_std_workspace_alloc-*,libminiz_oxide-*,libadler2-*,libunwind-*,libcfg_if-*,liblibc-*,liballoc-*,librustc_std_workspace_core-*,libcore-*,libcompiler_builtins-*}.rlib" "-Wl,-Bdynamic" "-lgcc_s" "-lutil" "-lrt" "-lpthread" "-lm" "-ldl" "-lc" "-Wl,--eh-frame-hdr" "-Wl,-z,noexecstack" "-L" "<sysroot>/lib/rustlib/x86_64-unknown-linux-gnu/lib" "-o" "/opt/rustwide/target/debug/deps/libcssparser_macros-827087f12bd903a8.so" "-Wl,--gc-sections" "-shared" "-Wl,-z,relro,-z,now" "-nodefaultlibs"
[INFO] [stdout]   = note: some arguments are omitted. use `--verbose` to show all linker arguments
[INFO] [stdout]   = note: /usr/bin/ld: final link failed: No space left on device
[INFO] [stdout]           collect2: error: ld returned 1 exit status
[INFO] [stdout]           
[INFO] [stdout] 
[INFO] [stdout] 
[INFO] [stderr] error: could not compile `cssparser-macros` (lib) due to 1 previous error
[INFO] [stdout] error: linking with `cc` failed: exit status: 1
[INFO] [stdout]   |
[INFO] [stdout]   = note:  "cc" "-m64" "/tmp/rustcKc31tA/symbols.o" "<13 object files omitted>" "-Wl,--as-needed" "-Wl,-Bstatic" "/opt/rustwide/target/debug/deps/{libsyn-7c60f832ee36b06c.rlib,libquote-164d0b40f3038e66.rlib,libproc_macro2-29656914bc2385dd.rlib,libunicode_ident-d3b6c537b11caace.rlib}.rlib" "<sysroot>/lib/rustlib/x86_64-unknown-linux-gnu/lib/{libproc_macro-*,libstd-*,libpanic_unwind-*,libobject-*,libmemchr-*,libaddr2line-*,libgimli-*,librustc_demangle-*,libstd_detect-*,libhashbrown-*,librustc_std_workspace_alloc-*,libminiz_oxide-*,libadler2-*,libunwind-*,libcfg_if-*,liblibc-*,liballoc-*,librustc_std_workspace_core-*,libcore-*,libcompiler_builtins-*}.rlib" "-Wl,-Bdynamic" "-lgcc_s" "-lutil" "-lrt" "-lpthread" "-lm" "-ldl" "-lc" "-Wl,--eh-frame-hdr" "-Wl,-z,noexecstack" "-L" "<sysroot>/lib/rustlib/x86_64-unknown-linux-gnu/lib" "-o" "/opt/rustwide/target/debug/build/html5ever-e4e27ca488bcc3af/build_script_build-e4e27ca488bcc3af" "-Wl,--gc-sections" "-pie" "-Wl,-z,relro,-z,now" "-nodefaultlibs"
[INFO] [stdout]   = note: some arguments are omitted. use `--verbose` to show all linker arguments
[INFO] [stdout]   = note: /usr/bin/ld: final link failed: No space left on device
[INFO] [stdout]           collect2: error: ld returned 1 exit status
[INFO] [stdout]           
[INFO] [stdout] 
[INFO] [stdout] 
[INFO] [stderr] error: could not compile `html5ever` (build script) due to 1 previous error
[INFO] [stdout] error: failed to write to `/opt/rustwide/target/debug/deps/rmetab81vrk/lib.rmeta`: No space left on device (os error 28)
[INFO] [stdout] 
[INFO] [stdout] 
[INFO] [stderr] error: could not compile `rand` (lib) due to 1 previous error
[INFO] [stdout] error: couldn't create a temp dir: No space left on device (os error 28) at path "/opt/rustwide/target/debug/deps/rmetadSNgPU"
[INFO] [stdout] 
[INFO] [stdout] 
[INFO] [stderr] error: could not compile `icu_locid` (lib) due to 1 previous error
[INFO] running `Command { std: "docker" "inspect" "871a48a74db63a7e36ede9a2c8ba307d7910a1a5c51d1c3f3103c9e1280ee355", kill_on_drop: false }`
[INFO] running `Command { std: "docker" "rm" "-f" "871a48a74db63a7e36ede9a2c8ba307d7910a1a5c51d1c3f3103c9e1280ee355", kill_on_drop: false }`
[INFO] [stdout] 871a48a74db63a7e36ede9a2c8ba307d7910a1a5c51d1c3f3103c9e1280ee355
