[INFO] fetching crate ebyte-e32-ui 0.5.0...
[INFO] documenting ebyte-e32-ui-0.5.0 against beta-2025-02-18 for beta-1.86-rustdoc-1
[INFO] extracting crate ebyte-e32-ui 0.5.0 into /workspace/builds/worker-2-tc2/source
[INFO] validating manifest of crates.io crate ebyte-e32-ui 0.5.0 on toolchain beta-2025-02-18
[INFO] running `Command { std: CARGO_HOME="/workspace/cargo-home" RUSTUP_HOME="/workspace/rustup-home" "/workspace/cargo-home/bin/cargo" "+beta-2025-02-18" "metadata" "--manifest-path" "Cargo.toml" "--no-deps", kill_on_drop: false }`
[INFO] removed /workspace/builds/worker-2-tc2/source/.cargo/config.toml
[INFO] removed /workspace/builds/worker-2-tc2/source/rust-toolchain.toml
[INFO] started tweaking crates.io crate ebyte-e32-ui 0.5.0
[INFO] finished tweaking crates.io crate ebyte-e32-ui 0.5.0
[INFO] tweaked toml for crates.io crate ebyte-e32-ui 0.5.0 written to /workspace/builds/worker-2-tc2/source/Cargo.toml
[INFO] crate crates.io crate ebyte-e32-ui 0.5.0 already has a lockfile, it will not be regenerated
[INFO] running `Command { std: CARGO_HOME="/workspace/cargo-home" RUSTUP_HOME="/workspace/rustup-home" "/workspace/cargo-home/bin/cargo" "+beta-2025-02-18" "fetch" "--manifest-path" "Cargo.toml", kill_on_drop: false }`
[INFO] running `Command { std: "docker" "create" "-v" "/var/lib/crater-agent-workspace/builds/worker-2-tc2/target:/opt/rustwide/target:rw,Z" "-v" "/var/lib/crater-agent-workspace/builds/worker-2-tc2/source:/opt/rustwide/workdir:ro,Z" "-v" "/var/lib/crater-agent-workspace/cargo-home:/opt/rustwide/cargo-home:ro,Z" "-v" "/var/lib/crater-agent-workspace/rustup-home:/opt/rustwide/rustup-home:ro,Z" "-e" "SOURCE_DIR=/opt/rustwide/workdir" "-e" "CARGO_TARGET_DIR=/opt/rustwide/target" "-e" "CARGO_HOME=/opt/rustwide/cargo-home" "-e" "RUSTUP_HOME=/opt/rustwide/rustup-home" "-w" "/opt/rustwide/workdir" "-m" "1610612736" "--user" "0:0" "--network" "none" "ghcr.io/rust-lang/crates-build-env/linux@sha256:3959728d45483eb673ba100a951a6b9f5012970368db2a9e08e0ac9b67c8a5ad" "/opt/rustwide/cargo-home/bin/cargo" "+beta-2025-02-18" "metadata" "--no-deps" "--format-version=1", kill_on_drop: false }`
[INFO] [stdout] dee5754a0a182eb15ff18ed4d7570b732879adfbcf6edc73abdea3224466cd09
[INFO] running `Command { std: "docker" "start" "-a" "dee5754a0a182eb15ff18ed4d7570b732879adfbcf6edc73abdea3224466cd09", kill_on_drop: false }`
[INFO] running `Command { std: "docker" "inspect" "dee5754a0a182eb15ff18ed4d7570b732879adfbcf6edc73abdea3224466cd09", kill_on_drop: false }`
[INFO] running `Command { std: "docker" "rm" "-f" "dee5754a0a182eb15ff18ed4d7570b732879adfbcf6edc73abdea3224466cd09", kill_on_drop: false }`
[INFO] [stdout] dee5754a0a182eb15ff18ed4d7570b732879adfbcf6edc73abdea3224466cd09
[INFO] running `Command { std: "docker" "create" "-v" "/var/lib/crater-agent-workspace/builds/worker-2-tc2/target:/opt/rustwide/target:rw,Z" "-v" "/var/lib/crater-agent-workspace/builds/worker-2-tc2/source:/opt/rustwide/workdir:ro,Z" "-v" "/var/lib/crater-agent-workspace/cargo-home:/opt/rustwide/cargo-home:ro,Z" "-v" "/var/lib/crater-agent-workspace/rustup-home:/opt/rustwide/rustup-home:ro,Z" "-e" "SOURCE_DIR=/opt/rustwide/workdir" "-e" "CARGO_TARGET_DIR=/opt/rustwide/target" "-e" "CARGO_INCREMENTAL=0" "-e" "RUST_BACKTRACE=full" "-e" "RUSTFLAGS=--cap-lints=warn" "-e" "RUSTDOCFLAGS=--cap-lints=warn" "-e" "CARGO_HOME=/opt/rustwide/cargo-home" "-e" "RUSTUP_HOME=/opt/rustwide/rustup-home" "-w" "/opt/rustwide/workdir" "-m" "1610612736" "--user" "0:0" "--network" "none" "ghcr.io/rust-lang/crates-build-env/linux@sha256:3959728d45483eb673ba100a951a6b9f5012970368db2a9e08e0ac9b67c8a5ad" "/opt/rustwide/cargo-home/bin/cargo" "+beta-2025-02-18" "doc" "--frozen" "--no-deps" "--document-private-items" "--message-format=json", kill_on_drop: false }`
[INFO] [stdout] e0f3e99d3cea63fdc3041e6d6d86687f5a0bee9b7b34efdbd7c283782deb325b
[INFO] running `Command { std: "docker" "start" "-a" "e0f3e99d3cea63fdc3041e6d6d86687f5a0bee9b7b34efdbd7c283782deb325b", kill_on_drop: false }`
[INFO] [stderr]    Compiling libc v0.2.137
[INFO] [stderr]     Checking cfg-if v1.0.0
[INFO] [stderr]    Compiling proc-macro2 v1.0.47
[INFO] [stderr]    Compiling unicode-ident v1.0.5
[INFO] [stderr]    Compiling quote v1.0.21
[INFO] [stderr]    Compiling autocfg v1.1.0
[INFO] [stderr]     Checking bitflags v1.3.2
[INFO] [stderr]    Compiling xml-rs v0.8.4
[INFO] [stderr]    Compiling pkg-config v0.3.26
[INFO] [stderr]    Compiling log v0.4.17
[INFO] [stderr]     Checking lazy_static v1.4.0
[INFO] [stderr]     Checking once_cell v1.16.0
[INFO] [stderr]    Compiling memchr v2.5.0
[INFO] [stderr]     Checking smallvec v1.10.0
[INFO] [stderr]     Checking libloading v0.7.3
[INFO] [stderr]    Compiling version_check v0.9.4
[INFO] [stderr]     Checking downcast-rs v1.2.0
[INFO] [stderr]     Checking scoped-tls v1.0.0
[INFO] [stderr]    Compiling memoffset v0.6.5
[INFO] [stderr]     Checking dlib v0.5.0
[INFO] [stderr]    Compiling wayland-sys v0.28.6
[INFO] [stderr]    Compiling syn v1.0.103
[INFO] [stderr]    Compiling crossbeam-utils v0.8.12
[INFO] [stderr]     Checking minimal-lexical v0.2.1
[INFO] [stderr]    Compiling wayland-sys v0.29.5
[INFO] [stderr]     Checking ab_glyph_rasterizer v0.1.7
[INFO] [stderr]     Checking nom v7.1.1
[INFO] [stderr]    Compiling khronos_api v3.1.0
[INFO] [stderr]    Compiling wayland-scanner v0.28.6
[INFO] [stderr]    Compiling wayland-scanner v0.29.5
[INFO] [stderr]     Checking scopeguard v1.1.0
[INFO] [stderr]    Compiling crossbeam-epoch v0.9.11
[INFO] [stderr]    Compiling gl_generator v0.14.0
[INFO] [stderr]     Checking nix v0.20.0
[INFO] [stderr]    Compiling wayland-client v0.28.6
[INFO] [stderr]     Checking nix v0.24.2
[INFO] [stderr]     Checking dirs-sys v0.3.7
[INFO] [stderr]     Checking ttf-parser v0.6.2
[INFO] [stderr]     Checking xcursor v0.3.4
[INFO] [stderr]    Compiling nix v0.18.0
[INFO] [stderr]    Compiling crossbeam-queue v0.3.6
[INFO] [stderr]     Checking owned_ttf_parser v0.6.0
[INFO] [stderr]    Compiling wayland-client v0.29.5
[INFO] [stderr]    Compiling wayland-protocols v0.29.5
[INFO] [stderr]    Compiling quick-xml v0.22.0
[INFO] [stderr]     Checking dirs v4.0.0
[INFO] [stderr]    Compiling wayland-protocols v0.28.6
[INFO] [stderr]     Checking getrandom v0.2.8
[INFO] [stderr]     Checking wayland-commons v0.29.5
[INFO] [stderr]     Checking wayland-commons v0.28.6
[INFO] [stderr]    Compiling ahash v0.7.6
[INFO] [stderr]    Compiling lock_api v0.4.9
[INFO] [stderr]    Compiling x11-dl v2.20.0
[INFO] [stderr]     Checking cfg-if v0.1.10
[INFO] [stderr]     Checking same-file v1.0.6
[INFO] [stderr]     Checking cty v0.2.2
[INFO] [stderr]    Compiling parking_lot_core v0.8.5
[INFO] [stderr]     Checking ttf-parser v0.17.1
[INFO] [stderr]     Checking walkdir v2.3.2
[INFO] [stderr]     Checking raw-window-handle v0.4.3
[INFO] [stderr]    Compiling xcb v0.10.1
[INFO] [stderr]     Checking crossbeam-deque v0.8.2
[INFO] [stderr]     Checking xdg v2.4.1
[INFO] [stderr]     Checking rusttype v0.9.2
[INFO] [stderr]     Checking owned_ttf_parser v0.17.0
[INFO] [stderr]     Checking crossbeam-channel v0.5.6
[INFO] [stderr]    Compiling smithay-client-toolkit v0.16.0
[INFO] [stderr]     Checking instant v0.1.12
[INFO] [stderr]     Checking libloading v0.6.7
[INFO] [stderr]     Checking crossbeam v0.8.2
[INFO] [stderr]     Checking dlib v0.4.2
[INFO] [stderr]     Checking wayland-cursor v0.29.5
[INFO] [stderr]     Checking ab_glyph v0.2.18
[INFO] [stderr]     Checking wayland-cursor v0.28.6
[INFO] [stderr]     Checking andrew v0.3.1
[INFO] [stderr]     Checking raw-window-handle v0.3.4
[INFO] [stderr]     Checking memmap2 v0.5.7
[INFO] [stderr]     Checking memmap2 v0.1.0
[INFO] [stderr]     Checking mio v0.7.14
[INFO] [stderr]    Compiling proc-macro-error-attr v1.0.4
[INFO] [stderr]     Checking emath v0.15.0
[INFO] [stderr]     Checking atomic_refcell v0.1.8
[INFO] [stderr]     Checking nohash-hasher v0.2.0
[INFO] [stderr]    Compiling winit v0.25.0
[INFO] [stderr]     Checking epaint v0.15.0
[INFO] [stderr]     Checking mio-misc v1.2.2
[INFO] [stderr]     Checking parking_lot v0.11.2
[INFO] [stderr]    Compiling glutin_egl_sys v0.1.6
[INFO] [stderr]    Compiling glutin_glx_sys v0.1.8
[INFO] [stderr]     Checking calloop v0.6.5
[INFO] [stderr]    Compiling proc-macro-error v1.0.4
[INFO] [stderr]     Checking percent-encoding v2.2.0
[INFO] [stderr]    Compiling heck v0.4.0
[INFO] [stderr]     Checking x11-clipboard v0.5.3
[INFO] [stderr]     Checking egui v0.15.0
[INFO] [stderr]     Checking shared_library v0.1.9
[INFO] [stderr]     Checking nix v0.23.1
[INFO] [stderr]    Compiling indexmap v1.9.1
[INFO] [stderr]    Compiling io-lifetimes v0.7.4
[INFO] [stderr]     Checking osmesa-sys v0.1.2
[INFO] [stderr]     Checking wayland-egl v0.28.6
[INFO] [stderr]     Checking dirs-sys-next v0.1.2
[INFO] [stderr]     Checking hashbrown v0.12.3
[INFO] [stderr]     Checking nb v1.0.0
[INFO] [stderr]    Compiling doc-comment v0.3.3
[INFO] [stderr]    Compiling thiserror v1.0.37
[INFO] [stderr]     Checking os_str_bytes v6.3.1
[INFO] [stderr]    Compiling rustix v0.35.12
[INFO] [stderr]     Checking epi v0.15.0
[INFO] [stderr]     Checking webbrowser v0.5.5
[INFO] [stderr]     Checking clap_lex v0.2.4
[INFO] [stderr]     Checking dirs-next v2.0.0
[INFO] [stderr]     Checking nb v0.1.3
[INFO] [stderr]    Compiling clap_derive v3.2.18
[INFO] [stderr]    Compiling thiserror-impl v1.0.37
[INFO] [stderr]     Checking atty v0.2.14
[INFO] [stderr]     Checking linux-raw-sys v0.0.46
[INFO] [stderr]     Checking void v1.0.2
[INFO] [stderr]     Checking either v1.8.0
[INFO] [stderr]    Compiling serde v1.0.147
[INFO] [stderr]     Checking glow v0.11.2
[INFO] [stderr]     Checking strsim v0.10.0
[INFO] [stderr]     Checking textwrap v0.16.0
[INFO] [stderr]     Checking termcolor v1.1.3
[INFO] [stderr]     Checking which v4.3.0
[INFO] [stderr]     Checking embedded-hal v0.2.7
[INFO] [stderr]    Compiling snafu-derive v0.7.3
[INFO] [stderr]     Checking serial-core v0.4.0
[INFO] [stderr]     Checking termios v0.2.2
[INFO] [stderr]     Checking ioctl-rs v0.1.6
[INFO] [stderr]     Checking nibble_vec v0.1.0
[INFO] [stderr]     Checking endian-type v0.1.2
[INFO] [stderr]     Checking byteorder v1.4.3
[INFO] [stderr]    Compiling anyhow v1.0.66
[INFO] [stderr]    Compiling serde_derive v1.0.147
[INFO] [stderr]     Checking native-dialog v0.5.8
[INFO] [stderr]     Checking i2cdev v0.5.1
[INFO] [stderr]     Checking radix_trie v0.2.1
[INFO] [stderr]     Checking serial-unix v0.4.0
[INFO] [stderr]     Checking fd-lock v3.0.6
[INFO] [stderr]     Checking spidev v0.5.1
[INFO] [stderr]     Checking sysfs_gpio v0.6.1
[INFO] [stderr]     Checking gpio-cdev v0.5.1
[INFO] [stderr]    Compiling typed-builder v0.11.0
[INFO] [stderr]     Checking clap v3.2.23
[INFO] [stderr]     Checking uuid v0.8.2
[INFO] [stderr]     Checking linkify v0.7.0
[INFO] [stderr]     Checking unicode-segmentation v1.10.0
[INFO] [stderr]    Compiling mutants v0.0.3
[INFO] [stderr]     Checking unicode-width v0.1.10
[INFO] [stderr]     Checking cast v0.3.0
[INFO] [stderr]     Checking cansi v2.2.0
[INFO] [stderr]     Checking Inflector v0.11.4
[INFO] [stderr]     Checking utf8parse v0.2.0
[INFO] [stderr]     Checking rustyline v10.0.0
[INFO] [stderr]     Checking linux-embedded-hal v0.3.2
[INFO] [stderr]     Checking toml v0.5.9
[INFO] [stderr]     Checking snafu v0.7.3
[INFO] [stderr]     Checking ebyte-e32 v0.8.0
[INFO] [stdout] error: linking with `cc` failed: exit status: 1
[INFO] [stdout]   |
[INFO] [stdout]   = note:  "cc" "-Wl,--version-script=/tmp/rustcqqVQMA/list" "-Wl,--no-undefined-version" "-m64" "/tmp/rustcqqVQMA/symbols.o" "<16 object files omitted>" "/opt/rustwide/target/debug/deps/serde_derive-842b05eea4aabb88.9bgbxq89pxn4ch17c7hy9mxb1.rcgu.rmeta" "<1 object files omitted>" "-Wl,--as-needed" "-Wl,-Bstatic" "/opt/rustwide/target/debug/deps/{libsyn-0af3b756a82bc294.rlib,libquote-f960c60dc973377c.rlib,libproc_macro2-071d02d1720c0c05.rlib,libunicode_ident-6f8e6cb0bbebdd0c.rlib}.rlib" "<sysroot>/lib/rustlib/x86_64-unknown-linux-gnu/lib/{libproc_macro-*,libstd-*,libpanic_unwind-*,libobject-*,libmemchr-*,libaddr2line-*,libgimli-*,librustc_demangle-*,libstd_detect-*,libhashbrown-*,librustc_std_workspace_alloc-*,libminiz_oxide-*,libadler2-*,libunwind-*,libcfg_if-*,liblibc-*,liballoc-*,librustc_std_workspace_core-*,libcore-*,libcompiler_builtins-*}.rlib" "-Wl,-Bdynamic" "-lgcc_s" "-lutil" "-lrt" "-lpthread" "-lm" "-ldl" "-lc" "-Wl,--eh-frame-hdr" "-Wl,-z,noexecstack" "-L" "<sysroot>/lib/rustlib/x86_64-unknown-linux-gnu/lib" "-o" "/opt/rustwide/target/debug/deps/libserde_derive-842b05eea4aabb88.so" "-Wl,--gc-sections" "-shared" "-Wl,-z,relro,-z,now" "-nodefaultlibs"
[INFO] [stdout]   = note: some arguments are omitted. use `--verbose` to show all linker arguments
[INFO] [stdout]   = note: /usr/bin/ld: final link failed: No space left on device
[INFO] [stdout]           collect2: error: ld returned 1 exit status
[INFO] [stdout]           
[INFO] [stdout] 
[INFO] [stdout] 
[INFO] [stderr] error: could not compile `serde_derive` (lib) due to 1 previous error
[INFO] [stderr] warning: build failed, waiting for other jobs to finish...
[INFO] [stderr] error: failed to run custom build command for `wayland-protocols v0.29.5`
[INFO] [stderr] note: To improve backtraces for build dependencies, set the CARGO_PROFILE_DEV_BUILD_OVERRIDE_DEBUG=true environment variable to enable debug information generation.
[INFO] [stderr] 
[INFO] [stderr] Caused by:
[INFO] [stderr]   process didn't exit successfully: `/opt/rustwide/target/debug/build/wayland-protocols-194c8b1638b2e1b8/build-script-build` (exit status: 101)
[INFO] [stderr]   --- stdout
[INFO] [stderr]   cargo:rerun-if-changed-env=CARGO_FEATURE_CLIENT
[INFO] [stderr]   cargo:rerun-if-changed-env=CARGO_FEATURE_SERVER
[INFO] [stderr]   cargo:rerun-if-changed-env=CARGO_FEATURE_UNSTABLE_PROTOCOLS
[INFO] [stderr]   cargo:rerun-if-changed=./protocols/stable/presentation-time/presentation-time.xml
[INFO] [stderr]   cargo:rerun-if-changed=./protocols/stable/viewporter/viewporter.xml
[INFO] [stderr]   cargo:rerun-if-changed=./protocols/stable/xdg-shell/xdg-shell.xml
[INFO] [stderr]   cargo:rerun-if-changed=./misc/gtk-primary-selection.xml
[INFO] [stderr]   cargo:rerun-if-changed=./misc/input-method-unstable-v2.xml
[INFO] [stderr]   cargo:rerun-if-changed=./misc/server-decoration.xml
[INFO] [stderr]   cargo:rerun-if-changed=./protocols/unstable/fullscreen-shell/fullscreen-shell-unstable-v1.xml
[INFO] [stderr]   cargo:rerun-if-changed=./protocols/unstable/idle-inhibit/idle-inhibit-unstable-v1.xml
[INFO] [stderr]   cargo:rerun-if-changed=./protocols/unstable/input-method/input-method-unstable-v1.xml
[INFO] [stderr] 
[INFO] [stderr]   --- stderr
[INFO] [stderr]   error: 'rustfmt' is not installed for the toolchain 'beta-2025-02-18-x86_64-unknown-linux-gnu'.
[INFO] [stderr]   To install, run `rustup component add --toolchain beta-2025-02-18-x86_64-unknown-linux-gnu rustfmt`
[INFO] [stderr]   error: 'rustfmt' is not installed for the toolchain 'beta-2025-02-18-x86_64-unknown-linux-gnu'.
[INFO] [stderr]   To install, run `rustup component add --toolchain beta-2025-02-18-x86_64-unknown-linux-gnu rustfmt`
[INFO] [stderr]   error: 'rustfmt' is not installed for the toolchain 'beta-2025-02-18-x86_64-unknown-linux-gnu'.
[INFO] [stderr]   To install, run `rustup component add --toolchain beta-2025-02-18-x86_64-unknown-linux-gnu rustfmt`
[INFO] [stderr]   error: 'rustfmt' is not installed for the toolchain 'beta-2025-02-18-x86_64-unknown-linux-gnu'.
[INFO] [stderr]   To install, run `rustup component add --toolchain beta-2025-02-18-x86_64-unknown-linux-gnu rustfmt`
[INFO] [stderr]   error: 'rustfmt' is not installed for the toolchain 'beta-2025-02-18-x86_64-unknown-linux-gnu'.
[INFO] [stderr]   To install, run `rustup component add --toolchain beta-2025-02-18-x86_64-unknown-linux-gnu rustfmt`
[INFO] [stderr]   error: 'rustfmt' is not installed for the toolchain 'beta-2025-02-18-x86_64-unknown-linux-gnu'.
[INFO] [stderr]   To install, run `rustup component add --toolchain beta-2025-02-18-x86_64-unknown-linux-gnu rustfmt`
[INFO] [stderr]   error: 'rustfmt' is not installed for the toolchain 'beta-2025-02-18-x86_64-unknown-linux-gnu'.
[INFO] [stderr]   To install, run `rustup component add --toolchain beta-2025-02-18-x86_64-unknown-linux-gnu rustfmt`
[INFO] [stderr]   error: 'rustfmt' is not installed for the toolchain 'beta-2025-02-18-x86_64-unknown-linux-gnu'.
[INFO] [stderr]   To install, run `rustup component add --toolchain beta-2025-02-18-x86_64-unknown-linux-gnu rustfmt`
[INFO] [stderr] 
[INFO] [stderr]   thread 'main' panicked at /opt/rustwide/cargo-home/registry/src/index.crates.io-1949cf8c6b5b557f/wayland-scanner-0.29.5/src/lib.rs:156:40:
[INFO] [stderr]   called `Result::unwrap()` on an `Err` value: Os { code: 28, kind: StorageFull, message: "No space left on device" }
[INFO] [stderr]   stack backtrace:
[INFO] [stderr]      0:     0x5aeda5138690 - std::backtrace_rs::backtrace::libunwind::trace::h8ddfbb338e69e199
[INFO] [stderr]                                  at /rustc/f0cb41030579cd1a6f72bd23f38e677052d5d485/library/std/src/../../backtrace/src/backtrace/libunwind.rs:117:9
[INFO] [stderr]      1:     0x5aeda5138690 - std::backtrace_rs::backtrace::trace_unsynchronized::h4b42ed801e8ee862
[INFO] [stderr]                                  at /rustc/f0cb41030579cd1a6f72bd23f38e677052d5d485/library/std/src/../../backtrace/src/backtrace/mod.rs:66:14
[INFO] [stderr]      2:     0x5aeda5138690 - std::sys::backtrace::_print_fmt::hb90198f2c10bf707
[INFO] [stderr]                                  at /rustc/f0cb41030579cd1a6f72bd23f38e677052d5d485/library/std/src/sys/backtrace.rs:66:9
[INFO] [stderr]      3:     0x5aeda5138690 - <std::sys::backtrace::BacktraceLock::print::DisplayBacktrace as core::fmt::Display>::fmt::h0f123f0656f13ecf
[INFO] [stderr]                                  at /rustc/f0cb41030579cd1a6f72bd23f38e677052d5d485/library/std/src/sys/backtrace.rs:39:26
[INFO] [stderr]      4:     0x5aeda51594a3 - core::fmt::rt::Argument::fmt::h12e51c1529489cd8
[INFO] [stderr]                                  at /rustc/f0cb41030579cd1a6f72bd23f38e677052d5d485/library/core/src/fmt/rt.rs:177:76
[INFO] [stderr]      5:     0x5aeda51594a3 - core::fmt::write::h0abcdef7aa759353
[INFO] [stderr]                                  at /rustc/f0cb41030579cd1a6f72bd23f38e677052d5d485/library/core/src/fmt/mod.rs:1449:21
[INFO] [stderr]      6:     0x5aeda5135cf3 - std::io::Write::write_fmt::h35f2880f7855f55a
[INFO] [stderr]                                  at /rustc/f0cb41030579cd1a6f72bd23f38e677052d5d485/library/std/src/io/mod.rs:1890:15
[INFO] [stderr]      7:     0x5aeda51384e2 - std::sys::backtrace::BacktraceLock::print::h759bdab738e31d9d
[INFO] [stderr]                                  at /rustc/f0cb41030579cd1a6f72bd23f38e677052d5d485/library/std/src/sys/backtrace.rs:42:9
[INFO] [stderr]      8:     0x5aeda513943f - std::panicking::default_hook::{{closure}}::h0616f7020c8b9e0d
[INFO] [stderr]                                  at /rustc/f0cb41030579cd1a6f72bd23f38e677052d5d485/library/std/src/panicking.rs:298:22
[INFO] [stderr]      9:     0x5aeda51392aa - std::panicking::default_hook::hcb4bf3fe9044f7f6
[INFO] [stderr]                                  at /rustc/f0cb41030579cd1a6f72bd23f38e677052d5d485/library/std/src/panicking.rs:325:9
[INFO] [stderr]     10:     0x5aeda5139de2 - std::panicking::rust_panic_with_hook::h2fd8d6252462d800
[INFO] [stderr]                                  at /rustc/f0cb41030579cd1a6f72bd23f38e677052d5d485/library/std/src/panicking.rs:831:13
[INFO] [stderr]     11:     0x5aeda5139b8a - std::panicking::begin_panic_handler::{{closure}}::h746cf6ba43e1c73f
[INFO] [stderr]                                  at /rustc/f0cb41030579cd1a6f72bd23f38e677052d5d485/library/std/src/panicking.rs:704:13
[INFO] [stderr]     12:     0x5aeda5138ba9 - std::sys::backtrace::__rust_end_short_backtrace::hba3f7b171935b491
[INFO] [stderr]                                  at /rustc/f0cb41030579cd1a6f72bd23f38e677052d5d485/library/std/src/sys/backtrace.rs:168:18
[INFO] [stderr]     13:     0x5aeda513981d - rust_begin_unwind
[INFO] [stderr]                                  at /rustc/f0cb41030579cd1a6f72bd23f38e677052d5d485/library/std/src/panicking.rs:695:5
[INFO] [stderr]     14:     0x5aeda5074120 - core::panicking::panic_fmt::h34cc4efb1683329b
[INFO] [stderr]                                  at /rustc/f0cb41030579cd1a6f72bd23f38e677052d5d485/library/core/src/panicking.rs:75:14
[INFO] [stderr]     15:     0x5aeda5074596 - core::result::unwrap_failed::h7658f905fcb0751c
[INFO] [stderr]                                  at /rustc/f0cb41030579cd1a6f72bd23f38e677052d5d485/library/core/src/result.rs:1704:5
[INFO] [stderr]     16:     0x5aeda5075000 - wayland_scanner::generate_code_with_destructor_events::h224c6a8b1d0fc56d
[INFO] [stderr]     17:     0x5aeda507a5a0 - build_script_build::generate_protocol::h3f93b49228e1788e
[INFO] [stderr]     18:     0x5aeda507b9e5 - build_script_build::main::h2890163d92b613b6
[INFO] [stderr]     19:     0x5aeda5077443 - core::ops::function::FnOnce::call_once::hd6cde69c8bee8d82
[INFO] [stderr]     20:     0x5aeda5075886 - std::sys::backtrace::__rust_begin_short_backtrace::h0aea39d51193ad44
[INFO] [stderr]     21:     0x5aeda5086339 - std::rt::lang_start::{{closure}}::h9121efdf78d68d67
[INFO] [stderr]     22:     0x5aeda5132a80 - core::ops::function::impls::<impl core::ops::function::FnOnce<A> for &F>::call_once::h9601c86577723145
[INFO] [stderr]                                  at /rustc/f0cb41030579cd1a6f72bd23f38e677052d5d485/library/core/src/ops/function.rs:284:13
[INFO] [stderr]     23:     0x5aeda5132a80 - std::panicking::try::do_call::h8817ae430c5825c1
[INFO] [stderr]                                  at /rustc/f0cb41030579cd1a6f72bd23f38e677052d5d485/library/std/src/panicking.rs:587:40
[INFO] [stderr]     24:     0x5aeda5132a80 - std::panicking::try::ha6c516562438d26b
[INFO] [stderr]                                  at /rustc/f0cb41030579cd1a6f72bd23f38e677052d5d485/library/std/src/panicking.rs:550:19
[INFO] [stderr]     25:     0x5aeda5132a80 - std::panic::catch_unwind::hd30edb0fa8e1aa42
[INFO] [stderr]                                  at /rustc/f0cb41030579cd1a6f72bd23f38e677052d5d485/library/std/src/panic.rs:358:14
[INFO] [stderr]     26:     0x5aeda5132a80 - std::rt::lang_start_internal::{{closure}}::h4ce5c96c39e994a5
[INFO] [stderr]                                  at /rustc/f0cb41030579cd1a6f72bd23f38e677052d5d485/library/std/src/rt.rs:168:24
[INFO] [stderr]     27:     0x5aeda5132a80 - std::panicking::try::do_call::h397fda5d1714972f
[INFO] [stderr]                                  at /rustc/f0cb41030579cd1a6f72bd23f38e677052d5d485/library/std/src/panicking.rs:587:40
[INFO] [stderr]     28:     0x5aeda5132a80 - std::panicking::try::ha72ffffb1d107af4
[INFO] [stderr]                                  at /rustc/f0cb41030579cd1a6f72bd23f38e677052d5d485/library/std/src/panicking.rs:550:19
[INFO] [stderr]     29:     0x5aeda5132a80 - std::panic::catch_unwind::ha60eb34d643aa591
[INFO] [stderr]                                  at /rustc/f0cb41030579cd1a6f72bd23f38e677052d5d485/library/std/src/panic.rs:358:14
[INFO] [stderr]     30:     0x5aeda5132a80 - std::rt::lang_start_internal::h051d1c050856cca6
[INFO] [stderr]                                  at /rustc/f0cb41030579cd1a6f72bd23f38e677052d5d485/library/std/src/rt.rs:164:5
[INFO] [stderr]     31:     0x5aeda5086321 - std::rt::lang_start::h7620dbdec98b4606
[INFO] [stderr]     32:     0x5aeda507c595 - main
[INFO] [stderr]     33:     0x7fc65439ad90 - <unknown>
[INFO] [stderr]     34:     0x7fc65439ae40 - __libc_start_main
[INFO] [stderr]     35:     0x5aeda5074865 - _start
[INFO] [stderr]     36:                0x0 - <unknown>
[INFO] [stderr] error: failed to run custom build command for `wayland-protocols v0.28.6`
[INFO] [stderr] note: To improve backtraces for build dependencies, set the CARGO_PROFILE_DEV_BUILD_OVERRIDE_DEBUG=true environment variable to enable debug information generation.
[INFO] [stderr] 
[INFO] [stderr] Caused by:
[INFO] [stderr]   process didn't exit successfully: `/opt/rustwide/target/debug/build/wayland-protocols-8e986dc5adbccd7e/build-script-build` (exit status: 101)
[INFO] [stderr]   --- stdout
[INFO] [stderr]   cargo:rerun-if-changed-env=CARGO_FEATURE_CLIENT
[INFO] [stderr]   cargo:rerun-if-changed-env=CARGO_FEATURE_SERVER
[INFO] [stderr]   cargo:rerun-if-changed-env=CARGO_FEATURE_UNSTABLE_PROTOCOLS
[INFO] [stderr]   cargo:rerun-if-changed=./protocols/stable/presentation-time/presentation-time.xml
[INFO] [stderr]   cargo:rerun-if-changed=./protocols/stable/viewporter/viewporter.xml
[INFO] [stderr]   cargo:rerun-if-changed=./protocols/stable/xdg-shell/xdg-shell.xml
[INFO] [stderr]   cargo:rerun-if-changed=./misc/gtk-primary-selection.xml
[INFO] [stderr]   cargo:rerun-if-changed=./protocols/unstable/fullscreen-shell/fullscreen-shell-unstable-v1.xml
[INFO] [stderr]   cargo:rerun-if-changed=./protocols/unstable/idle-inhibit/idle-inhibit-unstable-v1.xml
[INFO] [stderr]   cargo:rerun-if-changed=./protocols/unstable/input-method/input-method-unstable-v1.xml
[INFO] [stderr]   cargo:rerun-if-changed=./protocols/unstable/input-timestamps/input-timestamps-unstable-v1.xml
[INFO] [stderr]   cargo:rerun-if-changed=./protocols/unstable/keyboard-shortcuts-inhibit/keyboard-shortcuts-inhibit-unstable-v1.xml
[INFO] [stderr] 
[INFO] [stderr]   --- stderr
[INFO] [stderr]   error: 'rustfmt' is not installed for the toolchain 'beta-2025-02-18-x86_64-unknown-linux-gnu'.
[INFO] [stderr]   To install, run `rustup component add --toolchain beta-2025-02-18-x86_64-unknown-linux-gnu rustfmt`
[INFO] [stderr]   error: 'rustfmt' is not installed for the toolchain 'beta-2025-02-18-x86_64-unknown-linux-gnu'.
[INFO] [stderr]   To install, run `rustup component add --toolchain beta-2025-02-18-x86_64-unknown-linux-gnu rustfmt`
[INFO] [stderr]   error: 'rustfmt' is not installed for the toolchain 'beta-2025-02-18-x86_64-unknown-linux-gnu'.
[INFO] [stderr]   To install, run `rustup component add --toolchain beta-2025-02-18-x86_64-unknown-linux-gnu rustfmt`
[INFO] [stderr]   error: 'rustfmt' is not installed for the toolchain 'beta-2025-02-18-x86_64-unknown-linux-gnu'.
[INFO] [stderr]   To install, run `rustup component add --toolchain beta-2025-02-18-x86_64-unknown-linux-gnu rustfmt`
[INFO] [stderr]   error: 'rustfmt' is not installed for the toolchain 'beta-2025-02-18-x86_64-unknown-linux-gnu'.
[INFO] [stderr]   To install, run `rustup component add --toolchain beta-2025-02-18-x86_64-unknown-linux-gnu rustfmt`
[INFO] [stderr]   error: 'rustfmt' is not installed for the toolchain 'beta-2025-02-18-x86_64-unknown-linux-gnu'.
[INFO] [stderr]   To install, run `rustup component add --toolchain beta-2025-02-18-x86_64-unknown-linux-gnu rustfmt`
[INFO] [stderr]   error: 'rustfmt' is not installed for the toolchain 'beta-2025-02-18-x86_64-unknown-linux-gnu'.
[INFO] [stderr]   To install, run `rustup component add --toolchain beta-2025-02-18-x86_64-unknown-linux-gnu rustfmt`
[INFO] [stderr]   error: 'rustfmt' is not installed for the toolchain 'beta-2025-02-18-x86_64-unknown-linux-gnu'.
[INFO] [stderr]   To install, run `rustup component add --toolchain beta-2025-02-18-x86_64-unknown-linux-gnu rustfmt`
[INFO] [stderr] 
[INFO] [stderr]   thread 'main' panicked at /opt/rustwide/cargo-home/registry/src/index.crates.io-1949cf8c6b5b557f/wayland-scanner-0.28.6/src/lib.rs:156:40:
[INFO] [stderr]   called `Result::unwrap()` on an `Err` value: Os { code: 28, kind: StorageFull, message: "No space left on device" }
[INFO] [stderr]   stack backtrace:
[INFO] [stderr]      0:     0x5cd32f69dde0 - std::backtrace_rs::backtrace::libunwind::trace::h8ddfbb338e69e199
[INFO] [stderr]                                  at /rustc/f0cb41030579cd1a6f72bd23f38e677052d5d485/library/std/src/../../backtrace/src/backtrace/libunwind.rs:117:9
[INFO] [stderr]      1:     0x5cd32f69dde0 - std::backtrace_rs::backtrace::trace_unsynchronized::h4b42ed801e8ee862
[INFO] [stderr]                                  at /rustc/f0cb41030579cd1a6f72bd23f38e677052d5d485/library/std/src/../../backtrace/src/backtrace/mod.rs:66:14
[INFO] [stderr]      2:     0x5cd32f69dde0 - std::sys::backtrace::_print_fmt::hb90198f2c10bf707
[INFO] [stderr]                                  at /rustc/f0cb41030579cd1a6f72bd23f38e677052d5d485/library/std/src/sys/backtrace.rs:66:9
[INFO] [stderr]      3:     0x5cd32f69dde0 - <std::sys::backtrace::BacktraceLock::print::DisplayBacktrace as core::fmt::Display>::fmt::h0f123f0656f13ecf
[INFO] [stderr]                                  at /rustc/f0cb41030579cd1a6f72bd23f38e677052d5d485/library/std/src/sys/backtrace.rs:39:26
[INFO] [stderr]      4:     0x5cd32f6bebf3 - core::fmt::rt::Argument::fmt::h12e51c1529489cd8
[INFO] [stderr]                                  at /rustc/f0cb41030579cd1a6f72bd23f38e677052d5d485/library/core/src/fmt/rt.rs:177:76
[INFO] [stderr]      5:     0x5cd32f6bebf3 - core::fmt::write::h0abcdef7aa759353
[INFO] [stderr]                                  at /rustc/f0cb41030579cd1a6f72bd23f38e677052d5d485/library/core/src/fmt/mod.rs:1449:21
[INFO] [stderr]      6:     0x5cd32f69b443 - std::io::Write::write_fmt::h35f2880f7855f55a
[INFO] [stderr]                                  at /rustc/f0cb41030579cd1a6f72bd23f38e677052d5d485/library/std/src/io/mod.rs:1890:15
[INFO] [stderr]      7:     0x5cd32f69dc32 - std::sys::backtrace::BacktraceLock::print::h759bdab738e31d9d
[INFO] [stderr]                                  at /rustc/f0cb41030579cd1a6f72bd23f38e677052d5d485/library/std/src/sys/backtrace.rs:42:9
[INFO] [stderr]      8:     0x5cd32f69eb8f - std::panicking::default_hook::{{closure}}::h0616f7020c8b9e0d
[INFO] [stderr]                                  at /rustc/f0cb41030579cd1a6f72bd23f38e677052d5d485/library/std/src/panicking.rs:298:22
[INFO] [stderr]      9:     0x5cd32f69e9fa - std::panicking::default_hook::hcb4bf3fe9044f7f6
[INFO] [stderr]                                  at /rustc/f0cb41030579cd1a6f72bd23f38e677052d5d485/library/std/src/panicking.rs:325:9
[INFO] [stderr]     10:     0x5cd32f69f532 - std::panicking::rust_panic_with_hook::h2fd8d6252462d800
[INFO] [stderr]                                  at /rustc/f0cb41030579cd1a6f72bd23f38e677052d5d485/library/std/src/panicking.rs:831:13
[INFO] [stderr]     11:     0x5cd32f69f2da - std::panicking::begin_panic_handler::{{closure}}::h746cf6ba43e1c73f
[INFO] [stderr]                                  at /rustc/f0cb41030579cd1a6f72bd23f38e677052d5d485/library/std/src/panicking.rs:704:13
[INFO] [stderr]     12:     0x5cd32f69e2f9 - std::sys::backtrace::__rust_end_short_backtrace::hba3f7b171935b491
[INFO] [stderr]                                  at /rustc/f0cb41030579cd1a6f72bd23f38e677052d5d485/library/std/src/sys/backtrace.rs:168:18
[INFO] [stderr]     13:     0x5cd32f69ef6d - rust_begin_unwind
[INFO] [stderr]                                  at /rustc/f0cb41030579cd1a6f72bd23f38e677052d5d485/library/std/src/panicking.rs:695:5
[INFO] [stderr]     14:     0x5cd32f5da120 - core::panicking::panic_fmt::h34cc4efb1683329b
[INFO] [stderr]                                  at /rustc/f0cb41030579cd1a6f72bd23f38e677052d5d485/library/core/src/panicking.rs:75:14
[INFO] [stderr]     15:     0x5cd32f5da596 - core::result::unwrap_failed::h7658f905fcb0751c
[INFO] [stderr]                                  at /rustc/f0cb41030579cd1a6f72bd23f38e677052d5d485/library/core/src/result.rs:1704:5
[INFO] [stderr]     16:     0x5cd32f5db0d0 - wayland_scanner::generate_code_with_destructor_events::hf87d27aedaba10a6
[INFO] [stderr]     17:     0x5cd32f5ea0b0 - build_script_build::generate_protocol::h1054734d89c8a6d4
[INFO] [stderr]     18:     0x5cd32f5eb35f - build_script_build::main::h2630b9bec1455fbe
[INFO] [stderr]     19:     0x5cd32f5dd983 - core::ops::function::FnOnce::call_once::hd189cc0040fce0a4
[INFO] [stderr]     20:     0x5cd32f5dbd06 - std::sys::backtrace::__rust_begin_short_backtrace::h5bd8d2e21bcafa76
[INFO] [stderr]     21:     0x5cd32f5e8bf9 - std::rt::lang_start::{{closure}}::hd5f44f4fcd974c07
[INFO] [stderr]     22:     0x5cd32f6981d0 - core::ops::function::impls::<impl core::ops::function::FnOnce<A> for &F>::call_once::h9601c86577723145
[INFO] [stderr]                                  at /rustc/f0cb41030579cd1a6f72bd23f38e677052d5d485/library/core/src/ops/function.rs:284:13
[INFO] [stderr]     23:     0x5cd32f6981d0 - std::panicking::try::do_call::h8817ae430c5825c1
[INFO] [stderr]                                  at /rustc/f0cb41030579cd1a6f72bd23f38e677052d5d485/library/std/src/panicking.rs:587:40
[INFO] [stderr]     24:     0x5cd32f6981d0 - std::panicking::try::ha6c516562438d26b
[INFO] [stderr]                                  at /rustc/f0cb41030579cd1a6f72bd23f38e677052d5d485/library/std/src/panicking.rs:550:19
[INFO] [stderr]     25:     0x5cd32f6981d0 - std::panic::catch_unwind::hd30edb0fa8e1aa42
[INFO] [stderr]                                  at /rustc/f0cb41030579cd1a6f72bd23f38e677052d5d485/library/std/src/panic.rs:358:14
[INFO] [stderr]     26:     0x5cd32f6981d0 - std::rt::lang_start_internal::{{closure}}::h4ce5c96c39e994a5
[INFO] [stderr]                                  at /rustc/f0cb41030579cd1a6f72bd23f38e677052d5d485/library/std/src/rt.rs:168:24
[INFO] [stderr]     27:     0x5cd32f6981d0 - std::panicking::try::do_call::h397fda5d1714972f
[INFO] [stderr]                                  at /rustc/f0cb41030579cd1a6f72bd23f38e677052d5d485/library/std/src/panicking.rs:587:40
[INFO] [stderr]     28:     0x5cd32f6981d0 - std::panicking::try::ha72ffffb1d107af4
[INFO] [stderr]                                  at /rustc/f0cb41030579cd1a6f72bd23f38e677052d5d485/library/std/src/panicking.rs:550:19
[INFO] [stderr]     29:     0x5cd32f6981d0 - std::panic::catch_unwind::ha60eb34d643aa591
[INFO] [stderr]                                  at /rustc/f0cb41030579cd1a6f72bd23f38e677052d5d485/library/std/src/panic.rs:358:14
[INFO] [stderr]     30:     0x5cd32f6981d0 - std::rt::lang_start_internal::h051d1c050856cca6
[INFO] [stderr]                                  at /rustc/f0cb41030579cd1a6f72bd23f38e677052d5d485/library/std/src/rt.rs:164:5
[INFO] [stderr]     31:     0x5cd32f5e8be1 - std::rt::lang_start::hd2d7ba94720346e2
[INFO] [stderr]     32:     0x5cd32f5eb8e5 - main
[INFO] [stderr]     33:     0x768da2027d90 - <unknown>
[INFO] [stderr]     34:     0x768da2027e40 - __libc_start_main
[INFO] [stderr]     35:     0x5cd32f5da865 - _start
[INFO] [stderr]     36:                0x0 - <unknown>
[INFO] running `Command { std: "docker" "inspect" "e0f3e99d3cea63fdc3041e6d6d86687f5a0bee9b7b34efdbd7c283782deb325b", kill_on_drop: false }`
[INFO] running `Command { std: "docker" "rm" "-f" "e0f3e99d3cea63fdc3041e6d6d86687f5a0bee9b7b34efdbd7c283782deb325b", kill_on_drop: false }`
[INFO] [stdout] e0f3e99d3cea63fdc3041e6d6d86687f5a0bee9b7b34efdbd7c283782deb325b
