[INFO] fetching crate bdd-todo 0.1.0...
[INFO] documenting bdd-todo-0.1.0 against beta-2025-02-18 for beta-1.86-rustdoc-1
[INFO] extracting crate bdd-todo 0.1.0 into /workspace/builds/worker-5-tc2/source
[INFO] validating manifest of crates.io crate bdd-todo 0.1.0 on toolchain beta-2025-02-18
[INFO] running `Command { std: CARGO_HOME="/workspace/cargo-home" RUSTUP_HOME="/workspace/rustup-home" "/workspace/cargo-home/bin/cargo" "+beta-2025-02-18" "metadata" "--manifest-path" "Cargo.toml" "--no-deps", kill_on_drop: false }`
[INFO] started tweaking crates.io crate bdd-todo 0.1.0
[INFO] finished tweaking crates.io crate bdd-todo 0.1.0
[INFO] tweaked toml for crates.io crate bdd-todo 0.1.0 written to /workspace/builds/worker-5-tc2/source/Cargo.toml
[INFO] crate crates.io crate bdd-todo 0.1.0 already has a lockfile, it will not be regenerated
[INFO] running `Command { std: CARGO_HOME="/workspace/cargo-home" RUSTUP_HOME="/workspace/rustup-home" "/workspace/cargo-home/bin/cargo" "+beta-2025-02-18" "fetch" "--manifest-path" "Cargo.toml", kill_on_drop: false }`
[INFO] running `Command { std: "docker" "create" "-v" "/var/lib/crater-agent-workspace/builds/worker-5-tc2/target:/opt/rustwide/target:rw,Z" "-v" "/var/lib/crater-agent-workspace/builds/worker-5-tc2/source:/opt/rustwide/workdir:ro,Z" "-v" "/var/lib/crater-agent-workspace/cargo-home:/opt/rustwide/cargo-home:ro,Z" "-v" "/var/lib/crater-agent-workspace/rustup-home:/opt/rustwide/rustup-home:ro,Z" "-e" "SOURCE_DIR=/opt/rustwide/workdir" "-e" "CARGO_TARGET_DIR=/opt/rustwide/target" "-e" "CARGO_HOME=/opt/rustwide/cargo-home" "-e" "RUSTUP_HOME=/opt/rustwide/rustup-home" "-w" "/opt/rustwide/workdir" "-m" "1610612736" "--user" "0:0" "--network" "none" "ghcr.io/rust-lang/crates-build-env/linux@sha256:3959728d45483eb673ba100a951a6b9f5012970368db2a9e08e0ac9b67c8a5ad" "/opt/rustwide/cargo-home/bin/cargo" "+beta-2025-02-18" "metadata" "--no-deps" "--format-version=1", kill_on_drop: false }`
[INFO] [stdout] d5626f915d0d525874dbd081b541669a6d2bf82a13aec1a6f4c19efececdd312
[INFO] running `Command { std: "docker" "start" "-a" "d5626f915d0d525874dbd081b541669a6d2bf82a13aec1a6f4c19efececdd312", kill_on_drop: false }`
[INFO] running `Command { std: "docker" "inspect" "d5626f915d0d525874dbd081b541669a6d2bf82a13aec1a6f4c19efececdd312", kill_on_drop: false }`
[INFO] running `Command { std: "docker" "rm" "-f" "d5626f915d0d525874dbd081b541669a6d2bf82a13aec1a6f4c19efececdd312", kill_on_drop: false }`
[INFO] [stdout] d5626f915d0d525874dbd081b541669a6d2bf82a13aec1a6f4c19efececdd312
[INFO] running `Command { std: "docker" "create" "-v" "/var/lib/crater-agent-workspace/builds/worker-5-tc2/target:/opt/rustwide/target:rw,Z" "-v" "/var/lib/crater-agent-workspace/builds/worker-5-tc2/source:/opt/rustwide/workdir:ro,Z" "-v" "/var/lib/crater-agent-workspace/cargo-home:/opt/rustwide/cargo-home:ro,Z" "-v" "/var/lib/crater-agent-workspace/rustup-home:/opt/rustwide/rustup-home:ro,Z" "-e" "SOURCE_DIR=/opt/rustwide/workdir" "-e" "CARGO_TARGET_DIR=/opt/rustwide/target" "-e" "CARGO_INCREMENTAL=0" "-e" "RUST_BACKTRACE=full" "-e" "RUSTFLAGS=--cap-lints=warn" "-e" "RUSTDOCFLAGS=--cap-lints=warn" "-e" "CARGO_HOME=/opt/rustwide/cargo-home" "-e" "RUSTUP_HOME=/opt/rustwide/rustup-home" "-w" "/opt/rustwide/workdir" "-m" "1610612736" "--user" "0:0" "--network" "none" "ghcr.io/rust-lang/crates-build-env/linux@sha256:3959728d45483eb673ba100a951a6b9f5012970368db2a9e08e0ac9b67c8a5ad" "/opt/rustwide/cargo-home/bin/cargo" "+beta-2025-02-18" "doc" "--frozen" "--no-deps" "--document-private-items" "--message-format=json", kill_on_drop: false }`
[INFO] [stdout] 713b256ee282445b4943c979decc27d2dc8ae6e8365f2f38a292905f7c3bbce2
[INFO] running `Command { std: "docker" "start" "-a" "713b256ee282445b4943c979decc27d2dc8ae6e8365f2f38a292905f7c3bbce2", kill_on_drop: false }`
[INFO] [stderr]    Compiling libc v0.2.169
[INFO] [stderr]    Compiling proc-macro2 v1.0.92
[INFO] [stderr]    Compiling unicode-ident v1.0.14
[INFO] [stderr]    Compiling autocfg v1.4.0
[INFO] [stderr]    Compiling typenum v1.17.0
[INFO] [stderr]    Compiling version_check v0.9.5
[INFO] [stderr]     Checking cfg-if v1.0.0
[INFO] [stderr]     Checking subtle v2.6.1
[INFO] [stderr]     Checking byteorder v1.5.0
[INFO] [stderr]     Checking tinyvec_macros v0.1.1
[INFO] [stderr]     Checking tinyvec v1.8.1
[INFO] [stderr]     Checking bytes v1.9.0
[INFO] [stderr]     Checking futures-core v0.3.31
[INFO] [stderr]    Compiling generic-array v0.14.7
[INFO] [stderr]     Checking unicode-properties v0.1.3
[INFO] [stderr]     Checking cpufeatures v0.2.16
[INFO] [stderr]    Compiling parking_lot_core v0.9.10
[INFO] [stderr]     Checking pin-project-lite v0.2.15
[INFO] [stderr]    Compiling slab v0.4.9
[INFO] [stderr]    Compiling lock_api v0.4.12
[INFO] [stderr]     Checking futures-sink v0.3.31
[INFO] [stderr]     Checking unicode-bidi v0.3.18
[INFO] [stderr]     Checking unicode-normalization v0.1.24
[INFO] [stderr]     Checking scopeguard v1.2.0
[INFO] [stderr]     Checking siphasher v0.3.11
[INFO] [stderr]     Checking memchr v2.7.4
[INFO] [stderr]     Checking fallible-iterator v0.2.0
[INFO] [stderr]     Checking smallvec v1.13.2
[INFO] [stderr]    Compiling quote v1.0.38
[INFO] [stderr]     Checking base64 v0.22.1
[INFO] [stderr]     Checking phf_shared v0.11.2
[INFO] [stderr]    Compiling syn v2.0.93
[INFO] [stderr]     Checking stringprep v0.1.5
[INFO] [stderr]    Compiling num-traits v0.2.19
[INFO] [stderr]     Checking pin-utils v0.1.0
[INFO] [stderr]     Checking futures-task v0.3.31
[INFO] [stderr]     Checking phf v0.11.2
[INFO] [stderr]     Checking getrandom v0.2.15
[INFO] [stderr]     Checking socket2 v0.5.8
[INFO] [stderr]     Checking mio v1.0.3
[INFO] [stderr]     Checking futures-channel v0.3.31
[INFO] [stderr]     Checking rand_core v0.6.4
[INFO] [stderr]     Checking log v0.4.22
[INFO] [stderr]     Checking percent-encoding v2.3.1
[INFO] [stderr]     Checking parking_lot v0.12.3
[INFO] [stderr]     Checking whoami v1.5.2
[INFO] [stderr]     Checking iana-time-zone v0.1.61
[INFO] [stderr]     Checking dotenv v0.15.0
[INFO] [stderr]     Checking tokio v1.42.0
[INFO] [stderr]     Checking crypto-common v0.1.6
[INFO] [stderr]     Checking block-buffer v0.10.4
[INFO] [stderr]     Checking digest v0.10.7
[INFO] [stderr]     Checking chrono v0.4.39
[INFO] [stderr]     Checking sha2 v0.10.8
[INFO] [stderr]     Checking hmac v0.12.1
[INFO] [stderr]     Checking md-5 v0.10.6
[INFO] [stderr]    Compiling zerocopy-derive v0.7.35
[INFO] [stderr]    Compiling futures-macro v0.3.31
[INFO] [stderr]    Compiling async-trait v0.1.83
[INFO] [stderr]     Checking tokio-util v0.7.13
[INFO] [stderr]     Checking futures-util v0.3.31
[INFO] [stderr]     Checking zerocopy v0.7.35
[INFO] [stderr]     Checking ppv-lite86 v0.2.20
[INFO] [stderr]     Checking rand_chacha v0.3.1
[INFO] [stderr]     Checking rand v0.8.5
[INFO] [stderr]     Checking postgres-protocol v0.6.7
[INFO] [stderr]     Checking postgres-types v0.2.8
[INFO] [stderr]     Checking tokio-postgres v0.7.12
[INFO] [stderr]     Checking postgres v0.19.9
[INFO] [stderr]  Documenting bdd-todo v0.1.0 (/opt/rustwide/workdir)
[INFO] [stdout] warning: unclosed HTML tag `Utc`
[INFO] [stdout]   --> src/util.rs:27:59
[INFO] [stdout]    |
[INFO] [stdout] 27 | /// Converts a std::time::SystemTime to a chrono::DateTime<Utc>
[INFO] [stdout]    |                                                           ^^^^^
[INFO] [stdout]    |
[INFO] [stdout]    = note: `#[warn(rustdoc::invalid_html_tags)]` on by default
[INFO] [stdout] help: try marking as source code
[INFO] [stdout]    |
[INFO] [stdout] 27 | /// Converts a std::time::SystemTime to a `chrono::DateTime<Utc>`
[INFO] [stdout]    |                                           +                     +
[INFO] [stdout] 
[INFO] [stdout] 
[INFO] [stderr]     Finished `dev` profile [unoptimized + debuginfo] target(s) in 31.99s
[INFO] [stderr]    Generated /opt/rustwide/target/doc/bdd_todo/index.html
[INFO] running `Command { std: "docker" "inspect" "713b256ee282445b4943c979decc27d2dc8ae6e8365f2f38a292905f7c3bbce2", kill_on_drop: false }`
[INFO] running `Command { std: "docker" "rm" "-f" "713b256ee282445b4943c979decc27d2dc8ae6e8365f2f38a292905f7c3bbce2", kill_on_drop: false }`
[INFO] [stdout] 713b256ee282445b4943c979decc27d2dc8ae6e8365f2f38a292905f7c3bbce2
[INFO] running `Command { std: "docker" "create" "-v" "/var/lib/crater-agent-workspace/builds/worker-5-tc2/target:/opt/rustwide/target:rw,Z" "-v" "/var/lib/crater-agent-workspace/builds/worker-5-tc2/source:/opt/rustwide/workdir:ro,Z" "-v" "/var/lib/crater-agent-workspace/cargo-home:/opt/rustwide/cargo-home:ro,Z" "-v" "/var/lib/crater-agent-workspace/rustup-home:/opt/rustwide/rustup-home:ro,Z" "-e" "SOURCE_DIR=/opt/rustwide/workdir" "-e" "CARGO_TARGET_DIR=/opt/rustwide/target" "-e" "CARGO_INCREMENTAL=0" "-e" "RUST_BACKTRACE=full" "-e" "RUSTFLAGS=--cap-lints=warn" "-e" "RUSTDOCFLAGS=--cap-lints=warn" "-e" "DOCS_RS=1" "-e" "RUSTC_BOOTSTRAP=1" "-e" "CARGO_HOME=/opt/rustwide/cargo-home" "-e" "RUSTUP_HOME=/opt/rustwide/rustup-home" "-w" "/opt/rustwide/workdir" "-m" "1610612736" "--user" "0:0" "--network" "none" "ghcr.io/rust-lang/crates-build-env/linux@sha256:3959728d45483eb673ba100a951a6b9f5012970368db2a9e08e0ac9b67c8a5ad" "/opt/rustwide/cargo-home/bin/cargo" "+beta-2025-02-18" "rustdoc" "--lib" "-Zrustdoc-map" "--config" "build.rustdocflags=[\"--cfg\", \"docsrs\", \"-Z\", \"unstable-options\", \"--document-private-items\"]" "--frozen" "--message-format=json", kill_on_drop: false }`
[INFO] [stdout] b095a6adee413ff84a87f25081d7caa429f640b0a0f75da2e323e30d0282d634
[INFO] running `Command { std: "docker" "start" "-a" "b095a6adee413ff84a87f25081d7caa429f640b0a0f75da2e323e30d0282d634", kill_on_drop: false }`
[INFO] [stderr]    Compiling proc-macro2 v1.0.92
[INFO] [stderr]    Compiling quote v1.0.38
[INFO] [stderr]    Compiling syn v2.0.93
[INFO] [stderr]    Compiling zerocopy-derive v0.7.35
[INFO] [stderr]    Compiling futures-macro v0.3.31
[INFO] [stderr]    Compiling async-trait v0.1.83
[INFO] [stdout] error: linking with `cc` failed: exit status: 1
[INFO] [stdout]   |
[INFO] [stdout]   = note:  "cc" "-Wl,--version-script=/tmp/rustc3rOdOy/list" "-Wl,--no-undefined-version" "-m64" "/tmp/rustc3rOdOy/symbols.o" "<8 object files omitted>" "/opt/rustwide/target/debug/deps/async_trait-c448957e67bb7a8d.eb7wfv6czkjtw6umh3lcb5gh5.rcgu.rmeta" "<1 object files omitted>" "-Wl,--as-needed" "-Wl,-Bstatic" "/opt/rustwide/target/debug/deps/{libsyn-ec0736bae066c4a2.rlib,libquote-b0bd077905e1bf28.rlib,libproc_macro2-88bd2bce91f953f5.rlib,libunicode_ident-239eb5de21455cec.rlib}.rlib" "<sysroot>/lib/rustlib/x86_64-unknown-linux-gnu/lib/{libproc_macro-*,libstd-*,libpanic_unwind-*,libobject-*,libmemchr-*,libaddr2line-*,libgimli-*,librustc_demangle-*,libstd_detect-*,libhashbrown-*,librustc_std_workspace_alloc-*,libminiz_oxide-*,libadler2-*,libunwind-*,libcfg_if-*,liblibc-*,liballoc-*,librustc_std_workspace_core-*,libcore-*,libcompiler_builtins-*}.rlib" "-Wl,-Bdynamic" "-lgcc_s" "-lutil" "-lrt" "-lpthread" "-lm" "-ldl" "-lc" "-Wl,--eh-frame-hdr" "-Wl,-z,noexecstack" "-L" "<sysroot>/lib/rustlib/x86_64-unknown-linux-gnu/lib" "-o" "/opt/rustwide/target/debug/deps/libasync_trait-c448957e67bb7a8d.so" "-Wl,--gc-sections" "-shared" "-Wl,-z,relro,-z,now" "-nodefaultlibs"
[INFO] [stdout]   = note: some arguments are omitted. use `--verbose` to show all linker arguments
[INFO] [stdout]   = note: /usr/bin/ld: final link failed: No space left on device
[INFO] [stdout]           collect2: error: ld returned 1 exit status
[INFO] [stdout]           
[INFO] [stdout] 
[INFO] [stdout] 
[INFO] [stderr] error: could not compile `async-trait` (lib) due to 1 previous error
[INFO] [stderr] warning: build failed, waiting for other jobs to finish...
[INFO] [stdout] error: linking with `cc` failed: exit status: 1
[INFO] [stdout]   |
[INFO] [stdout]   = note:  "cc" "-Wl,--version-script=/tmp/rustcdVFvUp/list" "-Wl,--no-undefined-version" "-m64" "/tmp/rustcdVFvUp/symbols.o" "<10 object files omitted>" "/opt/rustwide/target/debug/deps/zerocopy_derive-b8b794f864ce59b8.a19q58hnw6oc4qhp5lo3nly60.rcgu.rmeta" "<1 object files omitted>" "-Wl,--as-needed" "-Wl,-Bstatic" "/opt/rustwide/target/debug/deps/{libsyn-ec0736bae066c4a2.rlib,libquote-b0bd077905e1bf28.rlib,libproc_macro2-88bd2bce91f953f5.rlib,libunicode_ident-239eb5de21455cec.rlib}.rlib" "<sysroot>/lib/rustlib/x86_64-unknown-linux-gnu/lib/{libproc_macro-*,libstd-*,libpanic_unwind-*,libobject-*,libmemchr-*,libaddr2line-*,libgimli-*,librustc_demangle-*,libstd_detect-*,libhashbrown-*,librustc_std_workspace_alloc-*,libminiz_oxide-*,libadler2-*,libunwind-*,libcfg_if-*,liblibc-*,liballoc-*,librustc_std_workspace_core-*,libcore-*,libcompiler_builtins-*}.rlib" "-Wl,-Bdynamic" "-lgcc_s" "-lutil" "-lrt" "-lpthread" "-lm" "-ldl" "-lc" "-Wl,--eh-frame-hdr" "-Wl,-z,noexecstack" "-L" "<sysroot>/lib/rustlib/x86_64-unknown-linux-gnu/lib" "-o" "/opt/rustwide/target/debug/deps/libzerocopy_derive-b8b794f864ce59b8.so" "-Wl,--gc-sections" "-shared" "-Wl,-z,relro,-z,now" "-nodefaultlibs"
[INFO] [stdout]   = note: some arguments are omitted. use `--verbose` to show all linker arguments
[INFO] [stdout]   = note: /usr/bin/ld: final link failed: No space left on device
[INFO] [stdout]           collect2: error: ld returned 1 exit status
[INFO] [stdout]           
[INFO] [stdout] 
[INFO] [stdout] 
[INFO] [stderr] error: could not compile `zerocopy-derive` (lib) due to 1 previous error
[INFO] [stdout] error: linking with `cc` failed: exit status: 1
[INFO] [stdout]   |
[INFO] [stdout]   = note:  "cc" "-Wl,--version-script=/tmp/rustcKacx1o/list" "-Wl,--no-undefined-version" "-m64" "/tmp/rustcKacx1o/symbols.o" "<6 object files omitted>" "/opt/rustwide/target/debug/deps/futures_macro-f75653a7e87e300f.aqffl2bej2mrap4zvzbf1dc1l.rcgu.rmeta" "<1 object files omitted>" "-Wl,--as-needed" "-Wl,-Bstatic" "/opt/rustwide/target/debug/deps/{libsyn-ec0736bae066c4a2.rlib,libquote-b0bd077905e1bf28.rlib,libproc_macro2-88bd2bce91f953f5.rlib,libunicode_ident-239eb5de21455cec.rlib}.rlib" "<sysroot>/lib/rustlib/x86_64-unknown-linux-gnu/lib/{libproc_macro-*,libstd-*,libpanic_unwind-*,libobject-*,libmemchr-*,libaddr2line-*,libgimli-*,librustc_demangle-*,libstd_detect-*,libhashbrown-*,librustc_std_workspace_alloc-*,libminiz_oxide-*,libadler2-*,libunwind-*,libcfg_if-*,liblibc-*,liballoc-*,librustc_std_workspace_core-*,libcore-*,libcompiler_builtins-*}.rlib" "-Wl,-Bdynamic" "-lgcc_s" "-lutil" "-lrt" "-lpthread" "-lm" "-ldl" "-lc" "-Wl,--eh-frame-hdr" "-Wl,-z,noexecstack" "-L" "<sysroot>/lib/rustlib/x86_64-unknown-linux-gnu/lib" "-o" "/opt/rustwide/target/debug/deps/libfutures_macro-f75653a7e87e300f.so" "-Wl,--gc-sections" "-shared" "-Wl,-z,relro,-z,now" "-nodefaultlibs"
[INFO] [stdout]   = note: some arguments are omitted. use `--verbose` to show all linker arguments
[INFO] [stdout]   = note: /usr/bin/ld: final link failed: No space left on device
[INFO] [stdout]           collect2: error: ld returned 1 exit status
[INFO] [stdout]           
[INFO] [stdout] 
[INFO] [stdout] 
[INFO] [stderr] error: could not compile `futures-macro` (lib) due to 1 previous error
[INFO] running `Command { std: "docker" "inspect" "b095a6adee413ff84a87f25081d7caa429f640b0a0f75da2e323e30d0282d634", kill_on_drop: false }`
[INFO] running `Command { std: "docker" "rm" "-f" "b095a6adee413ff84a87f25081d7caa429f640b0a0f75da2e323e30d0282d634", kill_on_drop: false }`
[INFO] [stdout] b095a6adee413ff84a87f25081d7caa429f640b0a0f75da2e323e30d0282d634
