[INFO] fetching crate avr-simulator 0.3.0...
[INFO] documenting avr-simulator-0.3.0 against beta-2025-02-18 for beta-1.86-rustdoc-1
[INFO] extracting crate avr-simulator 0.3.0 into /workspace/builds/worker-4-tc2/source
[INFO] validating manifest of crates.io crate avr-simulator 0.3.0 on toolchain beta-2025-02-18
[INFO] running `Command { std: CARGO_HOME="/workspace/cargo-home" RUSTUP_HOME="/workspace/rustup-home" "/workspace/cargo-home/bin/cargo" "+beta-2025-02-18" "metadata" "--manifest-path" "Cargo.toml" "--no-deps", kill_on_drop: false }`
[INFO] started tweaking crates.io crate avr-simulator 0.3.0
[INFO] finished tweaking crates.io crate avr-simulator 0.3.0
[INFO] tweaked toml for crates.io crate avr-simulator 0.3.0 written to /workspace/builds/worker-4-tc2/source/Cargo.toml
[INFO] running `Command { std: CARGO_HOME="/workspace/cargo-home" RUSTUP_HOME="/workspace/rustup-home" "/workspace/cargo-home/bin/cargo" "+beta-2025-02-18" "generate-lockfile" "--manifest-path" "Cargo.toml", kill_on_drop: false }`
[INFO] [stderr]     Updating crates.io index
[INFO] [stderr]      Locking 56 packages to latest compatible versions
[INFO] [stderr]       Adding test-case v2.2.2 (available: v3.3.1)
[INFO] running `Command { std: CARGO_HOME="/workspace/cargo-home" RUSTUP_HOME="/workspace/rustup-home" "/workspace/cargo-home/bin/cargo" "+beta-2025-02-18" "fetch" "--manifest-path" "Cargo.toml", kill_on_drop: false }`
[INFO] running `Command { std: "docker" "create" "-v" "/var/lib/crater-agent-workspace/builds/worker-4-tc2/target:/opt/rustwide/target:rw,Z" "-v" "/var/lib/crater-agent-workspace/builds/worker-4-tc2/source:/opt/rustwide/workdir:ro,Z" "-v" "/var/lib/crater-agent-workspace/cargo-home:/opt/rustwide/cargo-home:ro,Z" "-v" "/var/lib/crater-agent-workspace/rustup-home:/opt/rustwide/rustup-home:ro,Z" "-e" "SOURCE_DIR=/opt/rustwide/workdir" "-e" "CARGO_TARGET_DIR=/opt/rustwide/target" "-e" "CARGO_HOME=/opt/rustwide/cargo-home" "-e" "RUSTUP_HOME=/opt/rustwide/rustup-home" "-w" "/opt/rustwide/workdir" "-m" "1610612736" "--user" "0:0" "--network" "none" "ghcr.io/rust-lang/crates-build-env/linux@sha256:3959728d45483eb673ba100a951a6b9f5012970368db2a9e08e0ac9b67c8a5ad" "/opt/rustwide/cargo-home/bin/cargo" "+beta-2025-02-18" "metadata" "--no-deps" "--format-version=1", kill_on_drop: false }`
[INFO] [stdout] ed171ff4677cfab5839f121652ee1e61bd0c83712626de9ed5592d023191586a
[INFO] running `Command { std: "docker" "start" "-a" "ed171ff4677cfab5839f121652ee1e61bd0c83712626de9ed5592d023191586a", kill_on_drop: false }`
[INFO] running `Command { std: "docker" "inspect" "ed171ff4677cfab5839f121652ee1e61bd0c83712626de9ed5592d023191586a", kill_on_drop: false }`
[INFO] running `Command { std: "docker" "rm" "-f" "ed171ff4677cfab5839f121652ee1e61bd0c83712626de9ed5592d023191586a", kill_on_drop: false }`
[INFO] [stdout] ed171ff4677cfab5839f121652ee1e61bd0c83712626de9ed5592d023191586a
[INFO] running `Command { std: "docker" "create" "-v" "/var/lib/crater-agent-workspace/builds/worker-4-tc2/target:/opt/rustwide/target:rw,Z" "-v" "/var/lib/crater-agent-workspace/builds/worker-4-tc2/source:/opt/rustwide/workdir:ro,Z" "-v" "/var/lib/crater-agent-workspace/cargo-home:/opt/rustwide/cargo-home:ro,Z" "-v" "/var/lib/crater-agent-workspace/rustup-home:/opt/rustwide/rustup-home:ro,Z" "-e" "SOURCE_DIR=/opt/rustwide/workdir" "-e" "CARGO_TARGET_DIR=/opt/rustwide/target" "-e" "CARGO_INCREMENTAL=0" "-e" "RUST_BACKTRACE=full" "-e" "RUSTFLAGS=--cap-lints=warn" "-e" "RUSTDOCFLAGS=--cap-lints=warn" "-e" "CARGO_HOME=/opt/rustwide/cargo-home" "-e" "RUSTUP_HOME=/opt/rustwide/rustup-home" "-w" "/opt/rustwide/workdir" "-m" "1610612736" "--user" "0:0" "--network" "none" "ghcr.io/rust-lang/crates-build-env/linux@sha256:3959728d45483eb673ba100a951a6b9f5012970368db2a9e08e0ac9b67c8a5ad" "/opt/rustwide/cargo-home/bin/cargo" "+beta-2025-02-18" "doc" "--frozen" "--no-deps" "--document-private-items" "--message-format=json", kill_on_drop: false }`
[INFO] [stdout] 37884104b8002871ae88f373653a9be5c423725fbf2c2a1acaef8518ee85ed93
[INFO] running `Command { std: "docker" "start" "-a" "37884104b8002871ae88f373653a9be5c423725fbf2c2a1acaef8518ee85ed93", kill_on_drop: false }`
[INFO] [stderr]    Compiling proc-macro2 v1.0.93
[INFO] [stderr]    Compiling unicode-ident v1.0.17
[INFO] [stderr]    Compiling glob v0.3.2
[INFO] [stderr]    Compiling rustix v0.38.44
[INFO] [stderr]    Compiling libc v0.2.170
[INFO] [stderr]    Compiling prettyplease v0.2.29
[INFO] [stderr]    Compiling cfg-if v1.0.0
[INFO] [stderr]    Compiling memchr v2.7.4
[INFO] [stderr]    Compiling either v1.14.0
[INFO] [stderr]    Compiling minimal-lexical v0.2.1
[INFO] [stderr]    Compiling regex-syntax v0.8.5
[INFO] [stderr]    Compiling linux-raw-sys v0.4.15
[INFO] [stderr]    Compiling bitflags v2.8.0
[INFO] [stderr]    Compiling clang-sys v1.8.1
[INFO] [stderr]    Compiling libloading v0.8.6
[INFO] [stderr]    Compiling anyhow v1.0.96
[INFO] [stderr]    Compiling bindgen v0.69.5
[INFO] [stderr]    Compiling nom v7.1.3
[INFO] [stderr]    Compiling home v0.5.11
[INFO] [stderr]    Compiling quote v1.0.38
[INFO] [stderr]    Compiling itertools v0.12.1
[INFO] [stderr]    Compiling regex-automata v0.4.9
[INFO] [stderr]    Compiling syn v2.0.98
[INFO] [stderr]    Compiling log v0.4.26
[INFO] [stderr]    Compiling rustc-hash v1.1.0
[INFO] [stderr]    Compiling lazy_static v1.5.0
[INFO] [stderr]    Compiling same-file v1.0.6
[INFO] [stderr]    Compiling shlex v1.3.0
[INFO] [stderr]    Compiling lazycell v1.3.0
[INFO] [stderr]    Compiling walkdir v2.5.0
[INFO] [stderr]    Compiling fs_extra v1.3.0
[INFO] [stderr]    Compiling pkg-config v0.3.31
[INFO] [stderr]    Compiling cexpr v0.6.0
[INFO] [stderr]    Compiling which v4.4.2
[INFO] [stderr]    Compiling regex v1.11.1
[INFO] [stderr]    Compiling simavr-ffi v1.1.3
[INFO] [stderr] error: failed to run custom build command for `simavr-ffi v1.1.3`
[INFO] [stderr] note: To improve backtraces for build dependencies, set the CARGO_PROFILE_DEV_BUILD_OVERRIDE_DEBUG=true environment variable to enable debug information generation.
[INFO] [stderr] 
[INFO] [stderr] Caused by:
[INFO] [stderr]   process didn't exit successfully: `/opt/rustwide/target/debug/build/simavr-ffi-edb119653d1de543/build-script-build` (exit status: 101)
[INFO] [stderr]   --- stdout
[INFO] [stderr]   cargo:rerun-if-changed=build.rs
[INFO] [stderr]   => Copying simavr
[INFO] [stderr]   => Patching simavr
[INFO] [stderr]   patching file simavr/sim/avr_twi.c
[INFO] [stderr]   => Building simavr
[INFO] [stderr]   CONF /opt/rustwide/target/debug/build/simavr-ffi-e7aab452dfbaddd7/out/simavr/cores.deps
[INFO] [stderr]   WARNING cores/sim_mega328pb.c did not compile, check your avr-gcc toolchain
[INFO] [stderr]   CONF sim_core_decl.h
[INFO] [stderr]   CC sim/sim_avr.c
[INFO] [stderr]   CC sim/sim_cmds.c
[INFO] [stderr]   CC sim/sim_core.c
[INFO] [stderr]   CC sim/sim_cycle_timers.c
[INFO] [stderr]   CC sim/sim_elf.c
[INFO] [stderr]   CC sim/sim_gdb.c
[INFO] [stderr]   CC sim/sim_hex.c
[INFO] [stderr]   CC sim/sim_interrupts.c
[INFO] [stderr]   CC sim/sim_io.c
[INFO] [stderr]   CC sim/sim_irq.c
[INFO] [stderr]   CC sim/sim_utils.c
[INFO] [stderr]   CC sim/sim_vcd_file.c
[INFO] [stderr]   CC sim/avr_acomp.c
[INFO] [stderr]   CC sim/avr_adc.c
[INFO] [stderr]   CC sim/avr_bitbang.c
[INFO] [stderr]   CC sim/avr_eeprom.c
[INFO] [stderr]   CC sim/avr_extint.c
[INFO] [stderr]   CC sim/avr_flash.c
[INFO] [stderr]   CC sim/avr_ioport.c
[INFO] [stderr]   CC sim/avr_lin.c
[INFO] [stderr]   CC sim/avr_spi.c
[INFO] [stderr]   CC sim/avr_timer.c
[INFO] [stderr]   CC sim/avr_twi.c
[INFO] [stderr]   CC sim/avr_uart.c
[INFO] [stderr]   CC sim/avr_usb.c
[INFO] [stderr] 
[INFO] [stderr]   --- stderr
[INFO] [stderr]   fatal: not a git repository (or any parent up to mount point /opt/rustwide)
[INFO] [stderr]   Stopping at filesystem boundary (GIT_DISCOVERY_ACROSS_FILESYSTEM not set).
[INFO] [stderr]   fatal: not a git repository (or any parent up to mount point /opt/rustwide)
[INFO] [stderr]   Stopping at filesystem boundary (GIT_DISCOVERY_ACROSS_FILESYSTEM not set).
[INFO] [stderr]   sim/avr_usb.c:800:1: fatal error: closing dependency file /opt/rustwide/target/debug/build/simavr-ffi-e7aab452dfbaddd7/out/simavr/avr_usb.d: No space left on device
[INFO] [stderr]     800 | }
[INFO] [stderr]         | ^
[INFO] [stderr]   compilation terminated.
[INFO] [stderr]   make: *** [../Makefile.common:186: /opt/rustwide/target/debug/build/simavr-ffi-e7aab452dfbaddd7/out/simavr/avr_usb.o] Error 1
[INFO] [stderr] 
[INFO] [stderr]   thread 'main' panicked at /opt/rustwide/cargo-home/registry/src/index.crates.io-1949cf8c6b5b557f/simavr-ffi-1.1.3/build.rs:115:9:
[INFO] [stderr]   Couldn't build simavr: `make` failed
[INFO] [stderr]   stack backtrace:
[INFO] [stderr]      0:     0x61a692a20fc0 - std::backtrace_rs::backtrace::libunwind::trace::h8ddfbb338e69e199
[INFO] [stderr]                                  at /rustc/f0cb41030579cd1a6f72bd23f38e677052d5d485/library/std/src/../../backtrace/src/backtrace/libunwind.rs:117:9
[INFO] [stderr]      1:     0x61a692a20fc0 - std::backtrace_rs::backtrace::trace_unsynchronized::h4b42ed801e8ee862
[INFO] [stderr]                                  at /rustc/f0cb41030579cd1a6f72bd23f38e677052d5d485/library/std/src/../../backtrace/src/backtrace/mod.rs:66:14
[INFO] [stderr]      2:     0x61a692a20fc0 - std::sys::backtrace::_print_fmt::hb90198f2c10bf707
[INFO] [stderr]                                  at /rustc/f0cb41030579cd1a6f72bd23f38e677052d5d485/library/std/src/sys/backtrace.rs:66:9
[INFO] [stderr]      3:     0x61a692a20fc0 - <std::sys::backtrace::BacktraceLock::print::DisplayBacktrace as core::fmt::Display>::fmt::h0f123f0656f13ecf
[INFO] [stderr]                                  at /rustc/f0cb41030579cd1a6f72bd23f38e677052d5d485/library/std/src/sys/backtrace.rs:39:26
[INFO] [stderr]      4:     0x61a692a49a13 - core::fmt::rt::Argument::fmt::h12e51c1529489cd8
[INFO] [stderr]                                  at /rustc/f0cb41030579cd1a6f72bd23f38e677052d5d485/library/core/src/fmt/rt.rs:177:76
[INFO] [stderr]      5:     0x61a692a49a13 - core::fmt::write::h0abcdef7aa759353
[INFO] [stderr]                                  at /rustc/f0cb41030579cd1a6f72bd23f38e677052d5d485/library/core/src/fmt/mod.rs:1449:21
[INFO] [stderr]      6:     0x61a692a1d963 - std::io::Write::write_fmt::h35f2880f7855f55a
[INFO] [stderr]                                  at /rustc/f0cb41030579cd1a6f72bd23f38e677052d5d485/library/std/src/io/mod.rs:1890:15
[INFO] [stderr]      7:     0x61a692a20e12 - std::sys::backtrace::BacktraceLock::print::h759bdab738e31d9d
[INFO] [stderr]                                  at /rustc/f0cb41030579cd1a6f72bd23f38e677052d5d485/library/std/src/sys/backtrace.rs:42:9
[INFO] [stderr]      8:     0x61a692a21f1f - std::panicking::default_hook::{{closure}}::h0616f7020c8b9e0d
[INFO] [stderr]                                  at /rustc/f0cb41030579cd1a6f72bd23f38e677052d5d485/library/std/src/panicking.rs:298:22
[INFO] [stderr]      9:     0x61a692a21d8a - std::panicking::default_hook::hcb4bf3fe9044f7f6
[INFO] [stderr]                                  at /rustc/f0cb41030579cd1a6f72bd23f38e677052d5d485/library/std/src/panicking.rs:325:9
[INFO] [stderr]     10:     0x61a692a228c2 - std::panicking::rust_panic_with_hook::h2fd8d6252462d800
[INFO] [stderr]                                  at /rustc/f0cb41030579cd1a6f72bd23f38e677052d5d485/library/std/src/panicking.rs:831:13
[INFO] [stderr]     11:     0x61a692a22636 - std::panicking::begin_panic_handler::{{closure}}::h746cf6ba43e1c73f
[INFO] [stderr]                                  at /rustc/f0cb41030579cd1a6f72bd23f38e677052d5d485/library/std/src/panicking.rs:697:13
[INFO] [stderr]     12:     0x61a692a214d9 - std::sys::backtrace::__rust_end_short_backtrace::hba3f7b171935b491
[INFO] [stderr]                                  at /rustc/f0cb41030579cd1a6f72bd23f38e677052d5d485/library/std/src/sys/backtrace.rs:168:18
[INFO] [stderr]     13:     0x61a692a222fd - rust_begin_unwind
[INFO] [stderr]                                  at /rustc/f0cb41030579cd1a6f72bd23f38e677052d5d485/library/std/src/panicking.rs:695:5
[INFO] [stderr]     14:     0x61a692487b00 - core::panicking::panic_fmt::h34cc4efb1683329b
[INFO] [stderr]                                  at /rustc/f0cb41030579cd1a6f72bd23f38e677052d5d485/library/core/src/panicking.rs:75:14
[INFO] [stderr]     15:     0x61a6924904d0 - build_script_build::build_unix::hc3a42cd0f1cf6aac
[INFO] [stderr]     16:     0x61a69249027a - build_script_build::build::h5f3cfbf247d80d62
[INFO] [stderr]     17:     0x61a69248f4a3 - build_script_build::main::hdfba51632944fd7f
[INFO] [stderr]     18:     0x61a692492643 - core::ops::function::FnOnce::call_once::hf43d0f43b77503e5
[INFO] [stderr]     19:     0x61a6924889c6 - std::sys::backtrace::__rust_begin_short_backtrace::hd15227295e36d184
[INFO] [stderr]     20:     0x61a692488939 - std::rt::lang_start::{{closure}}::hfccaf06065e3f99a
[INFO] [stderr]     21:     0x61a692a17ca0 - core::ops::function::impls::<impl core::ops::function::FnOnce<A> for &F>::call_once::h9601c86577723145
[INFO] [stderr]                                  at /rustc/f0cb41030579cd1a6f72bd23f38e677052d5d485/library/core/src/ops/function.rs:284:13
[INFO] [stderr]     22:     0x61a692a17ca0 - std::panicking::try::do_call::h8817ae430c5825c1
[INFO] [stderr]                                  at /rustc/f0cb41030579cd1a6f72bd23f38e677052d5d485/library/std/src/panicking.rs:587:40
[INFO] [stderr]     23:     0x61a692a17ca0 - std::panicking::try::ha6c516562438d26b
[INFO] [stderr]                                  at /rustc/f0cb41030579cd1a6f72bd23f38e677052d5d485/library/std/src/panicking.rs:550:19
[INFO] [stderr]     24:     0x61a692a17ca0 - std::panic::catch_unwind::hd30edb0fa8e1aa42
[INFO] [stderr]                                  at /rustc/f0cb41030579cd1a6f72bd23f38e677052d5d485/library/std/src/panic.rs:358:14
[INFO] [stderr]     25:     0x61a692a17ca0 - std::rt::lang_start_internal::{{closure}}::h4ce5c96c39e994a5
[INFO] [stderr]                                  at /rustc/f0cb41030579cd1a6f72bd23f38e677052d5d485/library/std/src/rt.rs:168:24
[INFO] [stderr]     26:     0x61a692a17ca0 - std::panicking::try::do_call::h397fda5d1714972f
[INFO] [stderr]                                  at /rustc/f0cb41030579cd1a6f72bd23f38e677052d5d485/library/std/src/panicking.rs:587:40
[INFO] [stderr]     27:     0x61a692a17ca0 - std::panicking::try::ha72ffffb1d107af4
[INFO] [stderr]                                  at /rustc/f0cb41030579cd1a6f72bd23f38e677052d5d485/library/std/src/panicking.rs:550:19
[INFO] [stderr]     28:     0x61a692a17ca0 - std::panic::catch_unwind::ha60eb34d643aa591
[INFO] [stderr]                                  at /rustc/f0cb41030579cd1a6f72bd23f38e677052d5d485/library/std/src/panic.rs:358:14
[INFO] [stderr]     29:     0x61a692a17ca0 - std::rt::lang_start_internal::h051d1c050856cca6
[INFO] [stderr]                                  at /rustc/f0cb41030579cd1a6f72bd23f38e677052d5d485/library/std/src/rt.rs:164:5
[INFO] [stderr]     30:     0x61a692488921 - std::rt::lang_start::hb1e2596148906be5
[INFO] [stderr]     31:     0x61a692491465 - main
[INFO] [stderr]     32:     0x7ce92133cd90 - <unknown>
[INFO] [stderr]     33:     0x7ce92133ce40 - __libc_start_main
[INFO] [stderr]     34:     0x61a692488375 - _start
[INFO] [stderr]     35:                0x0 - <unknown>
[INFO] running `Command { std: "docker" "inspect" "37884104b8002871ae88f373653a9be5c423725fbf2c2a1acaef8518ee85ed93", kill_on_drop: false }`
[INFO] running `Command { std: "docker" "rm" "-f" "37884104b8002871ae88f373653a9be5c423725fbf2c2a1acaef8518ee85ed93", kill_on_drop: false }`
[INFO] [stdout] 37884104b8002871ae88f373653a9be5c423725fbf2c2a1acaef8518ee85ed93
