[INFO] fetching crate actix-web-grants 4.1.2...
[INFO] documenting actix-web-grants-4.1.2 against beta-2025-02-18 for beta-1.86-rustdoc-1
[INFO] extracting crate actix-web-grants 4.1.2 into /workspace/builds/worker-2-tc2/source
[INFO] validating manifest of crates.io crate actix-web-grants 4.1.2 on toolchain beta-2025-02-18
[INFO] running `Command { std: CARGO_HOME="/workspace/cargo-home" RUSTUP_HOME="/workspace/rustup-home" "/workspace/cargo-home/bin/cargo" "+beta-2025-02-18" "metadata" "--manifest-path" "Cargo.toml" "--no-deps", kill_on_drop: false }`
[INFO] started tweaking crates.io crate actix-web-grants 4.1.2
[INFO] removed 0 missing examples
[INFO] removed 0 missing tests
[INFO] finished tweaking crates.io crate actix-web-grants 4.1.2
[INFO] tweaked toml for crates.io crate actix-web-grants 4.1.2 written to /workspace/builds/worker-2-tc2/source/Cargo.toml
[INFO] crate crates.io crate actix-web-grants 4.1.2 already has a lockfile, it will not be regenerated
[INFO] running `Command { std: CARGO_HOME="/workspace/cargo-home" RUSTUP_HOME="/workspace/rustup-home" "/workspace/cargo-home/bin/cargo" "+beta-2025-02-18" "fetch" "--manifest-path" "Cargo.toml", kill_on_drop: false }`
[INFO] running `Command { std: "docker" "create" "-v" "/var/lib/crater-agent-workspace/builds/worker-2-tc2/target:/opt/rustwide/target:rw,Z" "-v" "/var/lib/crater-agent-workspace/builds/worker-2-tc2/source:/opt/rustwide/workdir:ro,Z" "-v" "/var/lib/crater-agent-workspace/cargo-home:/opt/rustwide/cargo-home:ro,Z" "-v" "/var/lib/crater-agent-workspace/rustup-home:/opt/rustwide/rustup-home:ro,Z" "-e" "SOURCE_DIR=/opt/rustwide/workdir" "-e" "CARGO_TARGET_DIR=/opt/rustwide/target" "-e" "CARGO_HOME=/opt/rustwide/cargo-home" "-e" "RUSTUP_HOME=/opt/rustwide/rustup-home" "-w" "/opt/rustwide/workdir" "-m" "1610612736" "--user" "0:0" "--network" "none" "ghcr.io/rust-lang/crates-build-env/linux@sha256:3959728d45483eb673ba100a951a6b9f5012970368db2a9e08e0ac9b67c8a5ad" "/opt/rustwide/cargo-home/bin/cargo" "+beta-2025-02-18" "metadata" "--no-deps" "--format-version=1", kill_on_drop: false }`
[INFO] [stdout] 8672971ef80fa48a0ed6be85fc119f17aee9f64609d97b1530f0944389612b7d
[INFO] running `Command { std: "docker" "start" "-a" "8672971ef80fa48a0ed6be85fc119f17aee9f64609d97b1530f0944389612b7d", kill_on_drop: false }`
[INFO] running `Command { std: "docker" "inspect" "8672971ef80fa48a0ed6be85fc119f17aee9f64609d97b1530f0944389612b7d", kill_on_drop: false }`
[INFO] running `Command { std: "docker" "rm" "-f" "8672971ef80fa48a0ed6be85fc119f17aee9f64609d97b1530f0944389612b7d", kill_on_drop: false }`
[INFO] [stdout] 8672971ef80fa48a0ed6be85fc119f17aee9f64609d97b1530f0944389612b7d
[INFO] running `Command { std: "docker" "create" "-v" "/var/lib/crater-agent-workspace/builds/worker-2-tc2/target:/opt/rustwide/target:rw,Z" "-v" "/var/lib/crater-agent-workspace/builds/worker-2-tc2/source:/opt/rustwide/workdir:ro,Z" "-v" "/var/lib/crater-agent-workspace/cargo-home:/opt/rustwide/cargo-home:ro,Z" "-v" "/var/lib/crater-agent-workspace/rustup-home:/opt/rustwide/rustup-home:ro,Z" "-e" "SOURCE_DIR=/opt/rustwide/workdir" "-e" "CARGO_TARGET_DIR=/opt/rustwide/target" "-e" "CARGO_INCREMENTAL=0" "-e" "RUST_BACKTRACE=full" "-e" "RUSTFLAGS=--cap-lints=warn" "-e" "RUSTDOCFLAGS=--cap-lints=warn" "-e" "CARGO_HOME=/opt/rustwide/cargo-home" "-e" "RUSTUP_HOME=/opt/rustwide/rustup-home" "-w" "/opt/rustwide/workdir" "-m" "1610612736" "--user" "0:0" "--network" "none" "ghcr.io/rust-lang/crates-build-env/linux@sha256:3959728d45483eb673ba100a951a6b9f5012970368db2a9e08e0ac9b67c8a5ad" "/opt/rustwide/cargo-home/bin/cargo" "+beta-2025-02-18" "doc" "--frozen" "--no-deps" "--document-private-items" "--message-format=json", kill_on_drop: false }`
[INFO] [stdout] 9c52511086cdc1454529b2c27dc78c43221ba3a2433de7fe1b02473ae32895c3
[INFO] running `Command { std: "docker" "start" "-a" "9c52511086cdc1454529b2c27dc78c43221ba3a2433de7fe1b02473ae32895c3", kill_on_drop: false }`
[INFO] [stderr]    Compiling proc-macro2 v1.0.92
[INFO] [stderr]    Compiling unicode-ident v1.0.14
[INFO] [stderr]    Compiling libc v0.2.169
[INFO] [stderr]     Checking cfg-if v1.0.0
[INFO] [stderr]     Checking stable_deref_trait v1.2.0
[INFO] [stderr]     Checking smallvec v1.13.2
[INFO] [stderr]    Compiling version_check v0.9.5
[INFO] [stderr]     Checking pin-project-lite v0.2.15
[INFO] [stderr]    Compiling autocfg v1.4.0
[INFO] [stderr]    Compiling parking_lot_core v0.9.10
[INFO] [stderr]     Checking log v0.4.22
[INFO] [stderr]    Compiling typenum v1.17.0
[INFO] [stderr]    Compiling serde v1.0.217
[INFO] [stderr]     Checking writeable v0.5.5
[INFO] [stderr]     Checking futures-core v0.3.31
[INFO] [stderr]     Checking scopeguard v1.2.0
[INFO] [stderr]     Checking litemap v0.7.4
[INFO] [stderr]    Compiling generic-array v0.14.7
[INFO] [stderr]     Checking bytes v1.9.0
[INFO] [stderr]     Checking itoa v1.0.14
[INFO] [stderr]    Compiling lock_api v0.4.12
[INFO] [stderr]     Checking icu_locid_transform_data v1.5.0
[INFO] [stderr]     Checking byteorder v1.5.0
[INFO] [stderr]     Checking tracing-core v0.1.33
[INFO] [stderr]    Compiling paste v1.0.15
[INFO] [stderr]    Compiling quote v1.0.38
[INFO] [stderr]    Compiling syn v2.0.95
[INFO] [stderr]     Checking icu_properties_data v1.5.0
[INFO] [stderr]     Checking utf8_iter v1.0.4
[INFO] [stderr]     Checking tracing v0.1.41
[INFO] [stderr]     Checking local-waker v0.1.4
[INFO] [stderr]     Checking futures-sink v0.3.31
[INFO] [stderr]     Checking percent-encoding v2.3.1
[INFO] [stderr]     Checking write16 v1.0.0
[INFO] [stderr]     Checking utf16_iter v1.0.5
[INFO] [stderr]     Checking icu_normalizer_data v1.5.0
[INFO] [stderr]    Compiling ahash v0.8.11
[INFO] [stderr]    Compiling fnv v1.0.7
[INFO] [stderr]    Compiling strsim v0.11.1
[INFO] [stderr]    Compiling httparse v1.9.5
[INFO] [stderr]     Checking socket2 v0.5.8
[INFO] [stderr]     Checking mio v1.0.3
[INFO] [stderr]     Checking signal-hook-registry v1.4.2
[INFO] [stderr]     Checking getrandom v0.2.15
[INFO] [stderr]     Checking parking_lot v0.12.3
[INFO] [stderr]     Checking memchr v2.7.4
[INFO] [stderr]     Checking rand_core v0.6.4
[INFO] [stderr]    Compiling ident_case v1.0.1
[INFO] [stderr]     Checking actix-service v2.0.2
[INFO] [stderr]    Compiling bytestring v1.4.0
[INFO] [stderr]     Checking tokio v1.42.0
[INFO] [stderr]     Checking http v0.2.12
[INFO] [stderr]     Checking form_urlencoded v1.2.1
[INFO] [stderr]     Checking block-buffer v0.10.4
[INFO] [stderr]     Checking crypto-common v0.1.6
[INFO] [stderr]     Checking actix-utils v3.0.1
[INFO] [stderr]     Checking digest v0.10.7
[INFO] [stderr]    Compiling regex-lite v0.1.6
[INFO] [stderr]     Checking bitflags v2.6.0
[INFO] [stderr]    Compiling serde_json v1.0.134
[INFO] [stderr]     Checking powerfmt v0.2.0
[INFO] [stderr]    Compiling convert_case v0.4.0
[INFO] [stderr]     Checking futures-task v0.3.31
[INFO] [stderr]     Checking cpufeatures v0.2.16
[INFO] [stderr]     Checking once_cell v1.20.2
[INFO] [stderr]     Checking pin-utils v0.1.0
[INFO] [stderr]     Checking ryu v1.0.18
[INFO] [stderr]     Checking sha1 v0.10.6
[INFO] [stderr]     Checking futures-util v0.3.31
[INFO] [stderr]     Checking deranged v0.3.11
[INFO] [stderr]     Checking local-channel v0.1.5
[INFO] [stderr]     Checking encoding_rs v0.8.35
[INFO] [stderr]     Checking language-tags v0.3.2
[INFO] [stderr]     Checking mime v0.3.17
[INFO] [stderr]     Checking num-conv v0.1.0
[INFO] [stderr]     Checking base64 v0.22.1
[INFO] [stderr]     Checking time-core v0.1.2
[INFO] [stderr]     Checking httpdate v1.0.3
[INFO] [stderr]     Checking time v0.3.37
[INFO] [stderr]     Checking serde_urlencoded v0.7.1
[INFO] [stderr]     Checking actix-router v0.5.3
[INFO] [stderr]     Checking impl-more v0.1.9
[INFO] [stderr]     Checking actix-rt v2.10.0
[INFO] [stderr]     Checking tokio-util v0.7.13
[INFO] [stderr]     Checking actix-server v2.5.0
[INFO] [stderr]     Checking actix-codec v0.5.2
[INFO] [stderr]    Compiling synstructure v0.13.1
[INFO] [stderr]    Compiling darling_core v0.20.10
[INFO] [stderr]    Compiling zerofrom-derive v0.1.5
[INFO] [stderr]    Compiling yoke-derive v0.7.5
[INFO] [stderr]    Compiling zerovec-derive v0.10.3
[INFO] [stderr]    Compiling displaydoc v0.2.5
[INFO] [stderr]    Compiling icu_provider_macros v1.5.0
[INFO] [stderr]    Compiling zerocopy-derive v0.7.35
[INFO] [stderr]    Compiling derive_more v0.99.18
[INFO] [stderr]    Compiling actix-web-codegen v4.3.0
[INFO] [stderr]    Compiling actix-macros v0.2.4
[INFO] [stdout] error: linking with `cc` failed: exit status: 1
[INFO] [stdout]   |
[INFO] [stdout]   = note:  "cc" "-Wl,--version-script=/tmp/rustcF1Flq9/list" "-Wl,--no-undefined-version" "-m64" "/tmp/rustcF1Flq9/symbols.o" "<10 object files omitted>" "/opt/rustwide/target/debug/deps/zerocopy_derive-4ebe26458f7610d3.4zlqqrl841drzq10swsplt9dl.rcgu.rmeta" "<1 object files omitted>" "-Wl,--as-needed" "-Wl,-Bstatic" "/opt/rustwide/target/debug/deps/{libsyn-f0cdc009bd78b358.rlib,libquote-b0bd077905e1bf28.rlib,libproc_macro2-88bd2bce91f953f5.rlib,libunicode_ident-239eb5de21455cec.rlib}.rlib" "<sysroot>/lib/rustlib/x86_64-unknown-linux-gnu/lib/{libproc_macro-*,libstd-*,libpanic_unwind-*,libobject-*,libmemchr-*,libaddr2line-*,libgimli-*,librustc_demangle-*,libstd_detect-*,libhashbrown-*,librustc_std_workspace_alloc-*,libminiz_oxide-*,libadler2-*,libunwind-*,libcfg_if-*,liblibc-*,liballoc-*,librustc_std_workspace_core-*,libcore-*,libcompiler_builtins-*}.rlib" "-Wl,-Bdynamic" "-lgcc_s" "-lutil" "-lrt" "-lpthread" "-lm" "-ldl" "-lc" "-Wl,--eh-frame-hdr" "-Wl,-z,noexecstack" "-L" "<sysroot>/lib/rustlib/x86_64-unknown-linux-gnu/lib" "-o" "/opt/rustwide/target/debug/deps/libzerocopy_derive-4ebe26458f7610d3.so" "-Wl,--gc-sections" "-shared" "-Wl,-z,relro,-z,now" "-nodefaultlibs"
[INFO] [stdout]   = note: some arguments are omitted. use `--verbose` to show all linker arguments
[INFO] [stdout]   = note: /usr/bin/ld: final link failed: No space left on device
[INFO] [stdout]           collect2: error: ld returned 1 exit status
[INFO] [stdout]           
[INFO] [stdout] 
[INFO] [stdout] 
[INFO] [stderr] error: could not compile `zerocopy-derive` (lib) due to 1 previous error
[INFO] [stderr] warning: build failed, waiting for other jobs to finish...
[INFO] [stderr] rustc-LLVM ERROR: IO failure on output stream: No space left on device
[INFO] [stdout] error: linking with `cc` failed: exit status: 1
[INFO] [stdout]   |
[INFO] [stdout]   = note:  "cc" "-Wl,--version-script=/tmp/rustcJZpIL6/list" "-Wl,--no-undefined-version" "-m64" "/tmp/rustcJZpIL6/symbols.o" "<10 object files omitted>" "/opt/rustwide/target/debug/deps/zerovec_derive-90e98d828753af19.94tp4yt4edzfjl1xfzi4gn8l1.rcgu.rmeta" "<1 object files omitted>" "-Wl,--as-needed" "-Wl,-Bstatic" "/opt/rustwide/target/debug/deps/{libsyn-f0cdc009bd78b358.rlib,libquote-b0bd077905e1bf28.rlib,libproc_macro2-88bd2bce91f953f5.rlib,libunicode_ident-239eb5de21455cec.rlib}.rlib" "<sysroot>/lib/rustlib/x86_64-unknown-linux-gnu/lib/{libproc_macro-*,libstd-*,libpanic_unwind-*,libobject-*,libmemchr-*,libaddr2line-*,libgimli-*,librustc_demangle-*,libstd_detect-*,libhashbrown-*,librustc_std_workspace_alloc-*,libminiz_oxide-*,libadler2-*,libunwind-*,libcfg_if-*,liblibc-*,liballoc-*,librustc_std_workspace_core-*,libcore-*,libcompiler_builtins-*}.rlib" "-Wl,-Bdynamic" "-lgcc_s" "-lutil" "-lrt" "-lpthread" "-lm" "-ldl" "-lc" "-Wl,--eh-frame-hdr" "-Wl,-z,noexecstack" "-L" "<sysroot>/lib/rustlib/x86_64-unknown-linux-gnu/lib" "-o" "/opt/rustwide/target/debug/deps/libzerovec_derive-90e98d828753af19.so" "-Wl,--gc-sections" "-shared" "-Wl,-z,relro,-z,now" "-nodefaultlibs"
[INFO] [stdout]   = note: some arguments are omitted. use `--verbose` to show all linker arguments
[INFO] [stdout]   = note: /usr/bin/ld: final link failed: No space left on device
[INFO] [stdout]           collect2: error: ld returned 1 exit status
[INFO] [stdout]           
[INFO] [stdout] 
[INFO] [stdout] 
[INFO] [stderr] error: could not compile `derive_more` (lib)
[INFO] [stderr] 
[INFO] [stderr] Caused by:
[INFO] [stderr]   No space left on device (os error 28)
[INFO] [stderr] 
[INFO] [stderr] Caused by:
[INFO] [stderr]   failed to parse process output: `/opt/rustwide/rustup-home/toolchains/beta-2025-02-18-x86_64-unknown-linux-gnu/bin/rustc --crate-name derive_more --edition=2018 /opt/rustwide/cargo-home/registry/src/index.crates.io-1949cf8c6b5b557f/derive_more-0.99.18/src/lib.rs --error-format=json --json=diagnostic-rendered-ansi,artifacts,future-incompat --crate-type proc-macro --emit=dep-info,link -C prefer-dynamic -C embed-bitcode=no --cfg 'feature="add"' --cfg 'feature="add_assign"' --cfg 'feature="as_mut"' --cfg 'feature="as_ref"' --cfg 'feature="constructor"' --cfg 'feature="convert_case"' --cfg 'feature="default"' --cfg 'feature="deref"' --cfg 'feature="deref_mut"' --cfg 'feature="display"' --cfg 'feature="error"' --cfg 'feature="from"' --cfg 'feature="from_str"' --cfg 'feature="index"' --cfg 'feature="index_mut"' --cfg 'feature="into"' --cfg 'feature="into_iterator"' --cfg 'feature="is_variant"' --cfg 'feature="iterator"' --cfg 'feature="mul"' --cfg 'feature="mul_assign"' --cfg 'feature="not"' --cfg 'feature="rustc_version"' --cfg 'feature="sum"' --cfg 'feature="try_into"' --cfg 'feature="unwrap"' --check-cfg 'cfg(docsrs,test)' --check-cfg 'cfg(feature, values("add", "add_assign", "as_mut", "as_ref", "constructor", "convert_case", "default", "deref", "deref_mut", "display", "error", "from", "from_str", "generate-parsing-rs", "index", "index_mut", "into", "into_iterator", "is_variant", "iterator", "mul", "mul_assign", "nightly", "not", "peg", "rustc_version", "sum", "testing-helpers", "track-caller", "try_into", "unwrap"))' -C metadata=2b2cdfde8dfa11d1 -C extra-filename=-5217048629ecfc72 --out-dir /opt/rustwide/target/debug/deps -L dependency=/opt/rustwide/target/debug/deps --extern convert_case=/opt/rustwide/target/debug/deps/libconvert_case-44c0c2e5ce39fd2e.rlib --extern proc_macro2=/opt/rustwide/target/debug/deps/libproc_macro2-88bd2bce91f953f5.rlib --extern quote=/opt/rustwide/target/debug/deps/libquote-b0bd077905e1bf28.rlib --extern syn=/opt/rustwide/target/debug/deps/libsyn-f0cdc009bd78b358.rlib --extern proc_macro --cap-lints allow --cap-lints=warn` (exit status: 101)
[INFO] [stderr] error: could not compile `zerovec-derive` (lib) due to 1 previous error
[INFO] [stderr] rustc-LLVM ERROR: IO failure on output stream: No space left on device
[INFO] [stderr] rustc-LLVM ERROR: IO failure on output stream: No space left on device
[INFO] [stderr] error: could not compile `actix-web-codegen` (lib)
[INFO] [stderr] 
[INFO] [stderr] Caused by:
[INFO] [stderr]   No space left on device (os error 28)
[INFO] [stderr] 
[INFO] [stderr] Caused by:
[INFO] [stderr]   failed to parse process output: `/opt/rustwide/rustup-home/toolchains/beta-2025-02-18-x86_64-unknown-linux-gnu/bin/rustc --crate-name actix_web_codegen --edition=2021 /opt/rustwide/cargo-home/registry/src/index.crates.io-1949cf8c6b5b557f/actix-web-codegen-4.3.0/src/lib.rs --error-format=json --json=diagnostic-rendered-ansi,artifacts,future-incompat --crate-type proc-macro --emit=dep-info,link -C prefer-dynamic -C embed-bitcode=no --check-cfg 'cfg(docsrs,test)' --check-cfg 'cfg(feature, values("compat-routing-macros-force-pub", "default"))' -C metadata=99b2b92c3c3f26c2 -C extra-filename=-e427e5dbe43bd318 --out-dir /opt/rustwide/target/debug/deps -L dependency=/opt/rustwide/target/debug/deps --extern actix_router=/opt/rustwide/target/debug/deps/libactix_router-cd4b83a5c7ce9d22.rlib --extern proc_macro2=/opt/rustwide/target/debug/deps/libproc_macro2-88bd2bce91f953f5.rlib --extern quote=/opt/rustwide/target/debug/deps/libquote-b0bd077905e1bf28.rlib --extern syn=/opt/rustwide/target/debug/deps/libsyn-f0cdc009bd78b358.rlib --extern proc_macro --cap-lints allow --cap-lints=warn` (exit status: 101)
[INFO] [stderr] error: could not compile `darling_core` (lib)
[INFO] [stderr] 
[INFO] [stderr] Caused by:
[INFO] [stderr]   No space left on device (os error 28)
[INFO] [stderr] 
[INFO] [stderr] Caused by:
[INFO] [stderr]   failed to parse process output: `/opt/rustwide/rustup-home/toolchains/beta-2025-02-18-x86_64-unknown-linux-gnu/bin/rustc --crate-name darling_core --edition=2021 /opt/rustwide/cargo-home/registry/src/index.crates.io-1949cf8c6b5b557f/darling_core-0.20.10/src/lib.rs --error-format=json --json=diagnostic-rendered-ansi,artifacts,future-incompat --crate-type lib --emit=dep-info,metadata,link -C embed-bitcode=no --cfg 'feature="strsim"' --cfg 'feature="suggestions"' --check-cfg 'cfg(docsrs,test)' --check-cfg 'cfg(feature, values("diagnostics", "strsim", "suggestions"))' -C metadata=55a19d728cb2c852 -C extra-filename=-c0f9931557374e1c --out-dir /opt/rustwide/target/debug/deps -L dependency=/opt/rustwide/target/debug/deps --extern fnv=/opt/rustwide/target/debug/deps/libfnv-ce5b1429b6d630b5.rmeta --extern ident_case=/opt/rustwide/target/debug/deps/libident_case-5ff01a002fe2b7d3.rmeta --extern proc_macro2=/opt/rustwide/target/debug/deps/libproc_macro2-88bd2bce91f953f5.rmeta --extern quote=/opt/rustwide/target/debug/deps/libquote-b0bd077905e1bf28.rmeta --extern strsim=/opt/rustwide/target/debug/deps/libstrsim-77a3e1b41cc5657c.rmeta --extern syn=/opt/rustwide/target/debug/deps/libsyn-f0cdc009bd78b358.rmeta --cap-lints allow --cap-lints=warn` (exit status: 101)
[INFO] [stdout] error: linking with `cc` failed: exit status: 1
[INFO] [stdout]   |
[INFO] [stdout]   = note:  "cc" "-Wl,--version-script=/tmp/rustcnkp5Ar/list" "-Wl,--no-undefined-version" "-m64" "/tmp/rustcnkp5Ar/symbols.o" "<13 object files omitted>" "/opt/rustwide/target/debug/deps/zerofrom_derive-a4e1a53bda8b0695.5g53180c25fleliggq0bcxj3x.rcgu.rmeta" "<1 object files omitted>" "-Wl,--as-needed" "-Wl,-Bstatic" "/opt/rustwide/target/debug/deps/{libsynstructure-e096e09d385bed65.rlib,libsyn-f0cdc009bd78b358.rlib,libquote-b0bd077905e1bf28.rlib,libproc_macro2-88bd2bce91f953f5.rlib,libunicode_ident-239eb5de21455cec.rlib}.rlib" "<sysroot>/lib/rustlib/x86_64-unknown-linux-gnu/lib/{libproc_macro-*,libstd-*,libpanic_unwind-*,libobject-*,libmemchr-*,libaddr2line-*,libgimli-*,librustc_demangle-*,libstd_detect-*,libhashbrown-*,librustc_std_workspace_alloc-*,libminiz_oxide-*,libadler2-*,libunwind-*,libcfg_if-*,liblibc-*,liballoc-*,librustc_std_workspace_core-*,libcore-*,libcompiler_builtins-*}.rlib" "-Wl,-Bdynamic" "-lgcc_s" "-lutil" "-lrt" "-lpthread" "-lm" "-ldl" "-lc" "-Wl,--eh-frame-hdr" "-Wl,-z,noexecstack" "-L" "<sysroot>/lib/rustlib/x86_64-unknown-linux-gnu/lib" "-o" "/opt/rustwide/target/debug/deps/libzerofrom_derive-a4e1a53bda8b0695.so" "-Wl,--gc-sections" "-shared" "-Wl,-z,relro,-z,now" "-nodefaultlibs"
[INFO] [stdout]   = note: some arguments are omitted. use `--verbose` to show all linker arguments
[INFO] [stdout]   = note: /usr/bin/ld: final link failed: No space left on device
[INFO] [stdout]           collect2: error: ld returned 1 exit status
[INFO] [stdout]           
[INFO] [stdout] 
[INFO] [stdout] 
[INFO] [stderr] error: could not compile `zerofrom-derive` (lib) due to 1 previous error
[INFO] [stdout] error: linking with `cc` failed: exit status: 1
[INFO] [stdout]   |
[INFO] [stdout]   = note:  "cc" "-Wl,--version-script=/tmp/rustcsx3W9Y/list" "-Wl,--no-undefined-version" "-m64" "/tmp/rustcsx3W9Y/symbols.o" "<2 object files omitted>" "/opt/rustwide/target/debug/deps/actix_macros-df8521950e395be3.8cqflrwl8j8etym96n1wjc6fp.rcgu.rmeta" "<1 object files omitted>" "-Wl,--as-needed" "-Wl,-Bstatic" "/opt/rustwide/target/debug/deps/{libsyn-f0cdc009bd78b358.rlib,libquote-b0bd077905e1bf28.rlib,libproc_macro2-88bd2bce91f953f5.rlib,libunicode_ident-239eb5de21455cec.rlib}.rlib" "<sysroot>/lib/rustlib/x86_64-unknown-linux-gnu/lib/{libproc_macro-*,libstd-*,libpanic_unwind-*,libobject-*,libmemchr-*,libaddr2line-*,libgimli-*,librustc_demangle-*,libstd_detect-*,libhashbrown-*,librustc_std_workspace_alloc-*,libminiz_oxide-*,libadler2-*,libunwind-*,libcfg_if-*,liblibc-*,liballoc-*,librustc_std_workspace_core-*,libcore-*,libcompiler_builtins-*}.rlib" "-Wl,-Bdynamic" "-lgcc_s" "-lutil" "-lrt" "-lpthread" "-lm" "-ldl" "-lc" "-Wl,--eh-frame-hdr" "-Wl,-z,noexecstack" "-L" "<sysroot>/lib/rustlib/x86_64-unknown-linux-gnu/lib" "-o" "/opt/rustwide/target/debug/deps/libactix_macros-df8521950e395be3.so" "-Wl,--gc-sections" "-shared" "-Wl,-z,relro,-z,now" "-nodefaultlibs"
[INFO] [stdout]   = note: some arguments are omitted. use `--verbose` to show all linker arguments
[INFO] [stdout]   = note: /usr/bin/ld: final link failed: No space left on device
[INFO] [stdout]           collect2: error: ld returned 1 exit status
[INFO] [stdout]           
[INFO] [stdout] 
[INFO] [stdout] 
[INFO] [stderr] error: could not compile `actix-macros` (lib) due to 1 previous error
[INFO] running `Command { std: "docker" "inspect" "9c52511086cdc1454529b2c27dc78c43221ba3a2433de7fe1b02473ae32895c3", kill_on_drop: false }`
[INFO] running `Command { std: "docker" "rm" "-f" "9c52511086cdc1454529b2c27dc78c43221ba3a2433de7fe1b02473ae32895c3", kill_on_drop: false }`
[INFO] [stdout] 9c52511086cdc1454529b2c27dc78c43221ba3a2433de7fe1b02473ae32895c3
