[INFO] cloning repository https://github.com/zakiafada32/rust-web
[INFO] running `Command { std: "git" "-c" "credential.helper=" "-c" "credential.helper=/workspace/cargo-home/bin/git-credential-null" "clone" "--bare" "https://github.com/zakiafada32/rust-web" "/workspace/cache/git-repos/https%3A%2F%2Fgithub.com%2Fzakiafada32%2Frust-web", kill_on_drop: false }`
[INFO] [stderr] Cloning into bare repository '/workspace/cache/git-repos/https%3A%2F%2Fgithub.com%2Fzakiafada32%2Frust-web'...
[INFO] running `Command { std: "git" "rev-parse" "HEAD", kill_on_drop: false }`
[INFO] [stdout] 73514b3deb626aee64bac479f8cdce3e183287e2
[INFO] documenting zakiafada32/rust-web against beta-2025-02-18 for beta-1.86-rustdoc-1
[INFO] running `Command { std: "git" "clone" "/workspace/cache/git-repos/https%3A%2F%2Fgithub.com%2Fzakiafada32%2Frust-web" "/workspace/builds/worker-1-tc2/source", kill_on_drop: false }`
[INFO] [stderr] Cloning into '/workspace/builds/worker-1-tc2/source'...
[INFO] [stderr] done.
[INFO] validating manifest of git repo https://github.com/zakiafada32/rust-web on toolchain beta-2025-02-18
[INFO] running `Command { std: CARGO_HOME="/workspace/cargo-home" RUSTUP_HOME="/workspace/rustup-home" "/workspace/cargo-home/bin/cargo" "+beta-2025-02-18" "metadata" "--manifest-path" "Cargo.toml" "--no-deps", kill_on_drop: false }`
[INFO] started tweaking git repo https://github.com/zakiafada32/rust-web
[INFO] finished tweaking git repo https://github.com/zakiafada32/rust-web
[INFO] tweaked toml for git repo https://github.com/zakiafada32/rust-web written to /workspace/builds/worker-1-tc2/source/Cargo.toml
[INFO] crate git repo https://github.com/zakiafada32/rust-web already has a lockfile, it will not be regenerated
[INFO] running `Command { std: CARGO_HOME="/workspace/cargo-home" RUSTUP_HOME="/workspace/rustup-home" "/workspace/cargo-home/bin/cargo" "+beta-2025-02-18" "fetch" "--manifest-path" "Cargo.toml", kill_on_drop: false }`
[INFO] [stderr]     Blocking waiting for file lock on package cache
[INFO] [stderr]     Blocking waiting for file lock on package cache
[INFO] running `Command { std: "docker" "create" "-v" "/var/lib/crater-agent-workspace/builds/worker-1-tc2/target:/opt/rustwide/target:rw,Z" "-v" "/var/lib/crater-agent-workspace/builds/worker-1-tc2/source:/opt/rustwide/workdir:ro,Z" "-v" "/var/lib/crater-agent-workspace/cargo-home:/opt/rustwide/cargo-home:ro,Z" "-v" "/var/lib/crater-agent-workspace/rustup-home:/opt/rustwide/rustup-home:ro,Z" "-e" "SOURCE_DIR=/opt/rustwide/workdir" "-e" "CARGO_TARGET_DIR=/opt/rustwide/target" "-e" "CARGO_HOME=/opt/rustwide/cargo-home" "-e" "RUSTUP_HOME=/opt/rustwide/rustup-home" "-w" "/opt/rustwide/workdir" "-m" "1610612736" "--user" "0:0" "--network" "none" "ghcr.io/rust-lang/crates-build-env/linux@sha256:3959728d45483eb673ba100a951a6b9f5012970368db2a9e08e0ac9b67c8a5ad" "/opt/rustwide/cargo-home/bin/cargo" "+beta-2025-02-18" "metadata" "--no-deps" "--format-version=1", kill_on_drop: false }`
[INFO] [stdout] abb0a69be3e0079d0d876f2b582189e2a1a78c7661406eaa40c8c3a9e2a85534
[INFO] running `Command { std: "docker" "start" "-a" "abb0a69be3e0079d0d876f2b582189e2a1a78c7661406eaa40c8c3a9e2a85534", kill_on_drop: false }`
[INFO] running `Command { std: "docker" "inspect" "abb0a69be3e0079d0d876f2b582189e2a1a78c7661406eaa40c8c3a9e2a85534", kill_on_drop: false }`
[INFO] running `Command { std: "docker" "rm" "-f" "abb0a69be3e0079d0d876f2b582189e2a1a78c7661406eaa40c8c3a9e2a85534", kill_on_drop: false }`
[INFO] [stdout] abb0a69be3e0079d0d876f2b582189e2a1a78c7661406eaa40c8c3a9e2a85534
[INFO] running `Command { std: "docker" "create" "-v" "/var/lib/crater-agent-workspace/builds/worker-1-tc2/target:/opt/rustwide/target:rw,Z" "-v" "/var/lib/crater-agent-workspace/builds/worker-1-tc2/source:/opt/rustwide/workdir:ro,Z" "-v" "/var/lib/crater-agent-workspace/cargo-home:/opt/rustwide/cargo-home:ro,Z" "-v" "/var/lib/crater-agent-workspace/rustup-home:/opt/rustwide/rustup-home:ro,Z" "-e" "SOURCE_DIR=/opt/rustwide/workdir" "-e" "CARGO_TARGET_DIR=/opt/rustwide/target" "-e" "CARGO_INCREMENTAL=0" "-e" "RUST_BACKTRACE=full" "-e" "RUSTFLAGS=--cap-lints=warn" "-e" "RUSTDOCFLAGS=--cap-lints=warn" "-e" "CARGO_HOME=/opt/rustwide/cargo-home" "-e" "RUSTUP_HOME=/opt/rustwide/rustup-home" "-w" "/opt/rustwide/workdir" "-m" "1610612736" "--user" "0:0" "--network" "none" "ghcr.io/rust-lang/crates-build-env/linux@sha256:3959728d45483eb673ba100a951a6b9f5012970368db2a9e08e0ac9b67c8a5ad" "/opt/rustwide/cargo-home/bin/cargo" "+beta-2025-02-18" "doc" "--frozen" "--no-deps" "--document-private-items" "--message-format=json", kill_on_drop: false }`
[INFO] [stdout] 92f6be3942626cf59cdb433bac059b604030159931500051f6b5d179b31e7759
[INFO] running `Command { std: "docker" "start" "-a" "92f6be3942626cf59cdb433bac059b604030159931500051f6b5d179b31e7759", kill_on_drop: false }`
[INFO] [stderr]    Compiling proc-macro2 v1.0.92
[INFO] [stderr]    Compiling unicode-ident v1.0.14
[INFO] [stderr]    Compiling libc v0.2.167
[INFO] [stderr]    Compiling version_check v0.9.5
[INFO] [stderr]    Compiling serde v1.0.215
[INFO] [stderr]     Checking cfg-if v1.0.0
[INFO] [stderr]    Compiling autocfg v1.4.0
[INFO] [stderr]    Compiling typenum v1.17.0
[INFO] [stderr]    Compiling shlex v1.3.0
[INFO] [stderr]    Compiling parking_lot_core v0.9.10
[INFO] [stderr]    Compiling cc v1.2.2
[INFO] [stderr]    Compiling generic-array v0.14.7
[INFO] [stderr]     Checking pin-project-lite v0.2.15
[INFO] [stderr]     Checking bytes v1.9.0
[INFO] [stderr]     Checking once_cell v1.20.2
[INFO] [stderr]    Compiling lock_api v0.4.12
[INFO] [stderr]    Compiling slab v0.4.9
[INFO] [stderr]     Checking itoa v1.0.14
[INFO] [stderr]     Checking memchr v2.7.4
[INFO] [stderr]     Checking futures-core v0.3.31
[INFO] [stderr]     Checking scopeguard v1.2.0
[INFO] [stderr]    Compiling quote v1.0.37
[INFO] [stderr]     Checking stable_deref_trait v1.2.0
[INFO] [stderr]     Checking log v0.4.22
[INFO] [stderr]     Checking futures-sink v0.3.31
[INFO] [stderr]     Checking subtle v2.6.1
[INFO] [stderr]    Compiling syn v2.0.90
[INFO] [stderr]     Checking fnv v1.0.7
[INFO] [stderr]     Checking futures-channel v0.3.31
[INFO] [stderr]     Checking futures-io v0.3.31
[INFO] [stderr]     Checking mio v1.0.3
[INFO] [stderr]     Checking socket2 v0.5.8
[INFO] [stderr]     Checking signal-hook-registry v1.4.2
[INFO] [stderr]     Checking futures-task v0.3.31
[INFO] [stderr]     Checking pin-utils v0.1.0
[INFO] [stderr]     Checking litemap v0.7.4
[INFO] [stderr]     Checking writeable v0.5.5
[INFO] [stderr]     Checking tracing-core v0.1.33
[INFO] [stderr]     Checking getrandom v0.2.15
[INFO] [stderr]     Checking byteorder v1.5.0
[INFO] [stderr]    Compiling serde_json v1.0.133
[INFO] [stderr]     Checking icu_locid_transform_data v1.5.0
[INFO] [stderr]    Compiling crossbeam-utils v0.8.20
[INFO] [stderr]    Compiling thiserror v1.0.69
[INFO] [stderr]    Compiling ring v0.17.8
[INFO] [stderr]     Checking hashbrown v0.15.2
[INFO] [stderr]     Checking equivalent v1.0.1
[INFO] [stderr]     Checking icu_properties_data v1.5.0
[INFO] [stderr]     Checking block-buffer v0.10.4
[INFO] [stderr]     Checking crypto-common v0.1.6
[INFO] [stderr]    Compiling num-traits v0.2.19
[INFO] [stderr]    Compiling ahash v0.8.11
[INFO] [stderr]     Checking write16 v1.0.0
[INFO] [stderr]     Checking utf16_iter v1.0.5
[INFO] [stderr]     Checking icu_normalizer_data v1.5.0
[INFO] [stderr]     Checking utf8_iter v1.0.4
[INFO] [stderr]    Compiling httparse v1.9.5
[INFO] [stderr]     Checking digest v0.10.7
[INFO] [stderr]     Checking http v1.1.0
[INFO] [stderr]    Compiling openssl-src v300.4.1+3.4.0
[INFO] [stderr]     Checking percent-encoding v2.3.1
[INFO] [stderr]     Checking indexmap v2.7.0
[INFO] [stderr]    Compiling vcpkg v0.2.15
[INFO] [stderr]     Checking cpufeatures v0.2.16
[INFO] [stderr]    Compiling pkg-config v0.3.31
[INFO] [stderr]     Checking form_urlencoded v1.2.1
[INFO] [stderr]     Checking ryu v1.0.18
[INFO] [stderr]     Checking rand_core v0.6.4
[INFO] [stderr]     Checking rustls-pki-types v1.10.0
[INFO] [stderr]    Compiling rustls v0.23.19
[INFO] [stderr]    Compiling openssl-sys v0.9.104
[INFO] [stderr]     Checking bitflags v2.6.0
[INFO] [stderr]     Checking try-lock v0.2.5
[INFO] [stderr]     Checking want v0.3.1
[INFO] [stderr]    Compiling openssl v0.10.68
[INFO] [stderr]     Checking spin v0.9.8
[INFO] [stderr]    Compiling paste v1.0.15
[INFO] [stderr]     Checking foreign-types-shared v0.1.1
[INFO] [stderr]     Checking foreign-types v0.3.2
[INFO] [stderr]     Checking http v0.2.12
[INFO] [stderr]    Compiling untrusted v0.9.0
[INFO] [stderr]     Checking tower-service v0.3.3
[INFO] [stderr]     Checking mime v0.3.17
[INFO] [stderr]     Checking http-body v1.0.1
[INFO] [stderr]    Compiling allocator-api2 v0.2.21
[INFO] [stderr]    Compiling minimal-lexical v0.2.1
[INFO] [stderr]    Compiling tinyvec_macros v0.1.1
[INFO] [stderr]    Compiling native-tls v0.2.12
[INFO] [stderr]     Checking atomic-waker v1.1.2
[INFO] [stderr]     Checking zeroize v1.8.1
[INFO] [stderr]    Compiling tinyvec v1.8.0
[INFO] [stderr]    Compiling nom v7.1.3
[INFO] [stderr]    Compiling concurrent-queue v2.5.0
[INFO] [stderr]     Checking rustls-pemfile v2.2.0
[INFO] [stderr]    Compiling synstructure v0.13.1
[INFO] [stderr]    Compiling tokio v1.41.1
[INFO] [stderr]    Compiling rustls-webpki v0.102.8
[INFO] [stderr]     Checking encoding_rs v0.8.35
[INFO] [stderr]    Compiling rustix v0.38.41
[INFO] [stderr]    Compiling parking v2.2.1
[INFO] [stderr]     Checking openssl-probe v0.1.5
[INFO] [stderr]    Compiling unicode_categories v0.1.1
[INFO] [stderr]    Compiling crc-catalog v2.4.0
[INFO] [stderr]    Compiling serde_derive v1.0.215
[INFO] [stderr]    Compiling zerofrom-derive v0.1.5
[INFO] [stderr]    Compiling yoke-derive v0.7.5
[INFO] [stderr]    Compiling zerovec-derive v0.10.3
[INFO] [stderr]    Compiling displaydoc v0.2.5
[INFO] [stderr]    Compiling icu_provider_macros v1.5.0
[INFO] [stderr]    Compiling zerocopy-derive v0.7.35
[INFO] [stderr]    Compiling tracing-attributes v0.1.28
[INFO] [stderr]    Compiling tokio-macros v2.4.0
[INFO] [stderr]    Compiling futures-macro v0.3.31
[INFO] [stderr]     Checking zerocopy v0.7.35
[INFO] [stderr]     Checking zerofrom v0.1.5
[INFO] [stderr]     Checking yoke v0.7.5
[INFO] [stderr]     Checking zerovec v0.10.4
[INFO] [stderr]    Compiling thiserror-impl v1.0.69
[INFO] [stderr]     Checking futures-util v0.3.31
[INFO] [stderr]     Checking tracing v0.1.41
[INFO] [stderr]     Checking tinystr v0.7.6
[INFO] [stderr]     Checking icu_collections v1.5.0
[INFO] [stderr]     Checking icu_locid v1.5.0
[INFO] [stderr]     Checking ppv-lite86 v0.2.20
[INFO] [stderr]     Checking icu_provider v1.5.0
[INFO] [stderr]     Checking rand_chacha v0.3.1
[INFO] [stderr]    Compiling openssl-macros v0.1.1
[INFO] [stderr]     Checking icu_locid_transform v1.5.0
[INFO] [stderr]     Checking rand v0.8.5
[INFO] [stderr]     Checking icu_properties v1.5.1
[INFO] [stderr]    Compiling hashbrown v0.14.5
[INFO] [stderr]    Compiling hashlink v0.9.1
[INFO] [stderr]    Compiling tokio-stream v0.1.16
[INFO] [stderr]    Compiling crc v3.2.1
[INFO] [stderr]    Compiling sqlformat v0.2.6
[INFO] [stderr]    Compiling sha2 v0.10.8
[INFO] [stderr]     Checking smallvec v1.13.2
[INFO] [stderr]     Checking icu_normalizer v1.5.0
[INFO] [stderr]     Checking parking_lot v0.12.3
[INFO] [stderr]     Checking idna_adapter v1.2.0
[INFO] [stderr]     Checking idna v1.0.3
[INFO] [stderr]     Checking url v2.5.4
[INFO] [stderr]    Compiling futures-intrusive v0.5.0
[INFO] [stderr]     Checking serde_urlencoded v0.7.1
[INFO] [stderr]    Compiling either v1.13.0
[INFO] [stderr]    Compiling event-listener v5.3.1
[INFO] [stderr]    Compiling atoi v2.0.0
[INFO] [stderr]    Compiling unicode-normalization v0.1.24
[INFO] [stderr]    Compiling crossbeam-queue v0.3.11
[INFO] [stderr]    Compiling hmac v0.12.1
[INFO] [stderr]    Compiling webpki-roots v0.26.7
[INFO] [stderr]     Checking sha1 v0.10.6
[INFO] [stderr]    Compiling syn v1.0.109
[INFO] [stderr]    Compiling hex v0.4.3
[INFO] [stderr]    Compiling unicase v2.8.0
[INFO] [stderr]    Compiling heck v0.5.0
[INFO] [stderr]     Checking base64 v0.22.1
[INFO] [stderr]    Compiling unicode-bidi v0.3.17
[INFO] [stderr]    Compiling linux-raw-sys v0.4.14
[INFO] [stderr]    Compiling unicode-properties v0.1.3
[INFO] [stderr]    Compiling stringprep v0.1.5
[INFO] [stderr]    Compiling mime_guess v2.0.5
[INFO] [stderr]    Compiling hkdf v0.12.4
[INFO] [stderr]     Checking tokio-util v0.7.12
[INFO] [stderr]     Checking http-body-util v0.1.2
[INFO] [stderr]    Compiling md-5 v0.10.6
[INFO] [stderr]    Compiling multer v2.1.0
[INFO] [stderr]    Compiling anyhow v1.0.94
[INFO] [stderr]     Checking data-encoding v2.6.0
[INFO] [stderr]     Checking h2 v0.4.7
[INFO] [stderr]     Checking utf-8 v0.7.6
[INFO] [stderr]     Checking httpdate v1.0.3
[INFO] [stderr]    Compiling dotenvy v0.15.7
[INFO] [stderr]    Compiling home v0.5.9
[INFO] [stderr]     Checking base64 v0.21.7
[INFO] [stderr]    Compiling sqlx-core v0.8.2
[INFO] [stderr]    Compiling fastrand v2.2.0
[INFO] [stderr]    Compiling whoami v1.5.2
[INFO] [stderr]    Compiling tempfile v3.14.0
[INFO] [stderr] rustc-LLVM ERROR: IO failure on output stream: No space left on device
[INFO] [stderr] rustc-LLVM ERROR: IO failure on output stream: No space left on device
[INFO] [stderr] rustc-LLVM ERROR: IO failure on output stream: No space left on device
[INFO] [stderr] error: could not compile `whoami` (lib)
[INFO] [stderr] 
[INFO] [stderr] Caused by:
[INFO] [stderr]   No space left on device (os error 28)
[INFO] [stderr] 
[INFO] [stderr] Caused by:
[INFO] [stderr]   failed to parse process output: `/opt/rustwide/rustup-home/toolchains/beta-2025-02-18-x86_64-unknown-linux-gnu/bin/rustc --crate-name whoami --edition=2018 /opt/rustwide/cargo-home/registry/src/index.crates.io-1949cf8c6b5b557f/whoami-1.5.2/src/lib.rs --error-format=json --json=diagnostic-rendered-ansi,artifacts,future-incompat --crate-type lib --emit=dep-info,metadata,link -C embed-bitcode=no --allow=unexpected_cfgs --check-cfg 'cfg(daku)' --check-cfg 'cfg(docsrs,test)' --check-cfg 'cfg(feature, values("default", "web", "web-sys"))' -C metadata=b190f53906d23e1b -C extra-filename=-1366e2bd80368545 --out-dir /opt/rustwide/target/debug/deps -L dependency=/opt/rustwide/target/debug/deps --cap-lints allow --cap-lints=warn` (exit status: 101)
[INFO] [stderr] warning: build failed, waiting for other jobs to finish...
[INFO] [stderr] error: could not compile `rustix` (lib)
[INFO] [stderr] 
[INFO] [stderr] Caused by:
[INFO] [stderr]   No space left on device (os error 28)
[INFO] [stderr] 
[INFO] [stderr] Caused by:
[INFO] [stderr]   failed to parse process output: `/opt/rustwide/rustup-home/toolchains/beta-2025-02-18-x86_64-unknown-linux-gnu/bin/rustc --crate-name rustix --edition=2021 /opt/rustwide/cargo-home/registry/src/index.crates.io-1949cf8c6b5b557f/rustix-0.38.41/src/lib.rs --error-format=json --json=diagnostic-rendered-ansi,artifacts,future-incompat --crate-type lib --emit=dep-info,metadata,link -C embed-bitcode=no --warn=unexpected_cfgs --check-cfg 'cfg(alloc_c_string)' --check-cfg 'cfg(alloc_ffi)' --check-cfg 'cfg(apple)' --check-cfg 'cfg(asm_experimental_arch)' --check-cfg 'cfg(bsd)' --check-cfg 'cfg(core_c_str)' --check-cfg 'cfg(core_ffi_c)' --check-cfg 'cfg(core_intrinsics)' --check-cfg 'cfg(criterion)' --check-cfg 'cfg(document_experimental_runtime_api)' --check-cfg 'cfg(fix_y2038)' --check-cfg 'cfg(freebsdlike)' --check-cfg 'cfg(libc)' --check-cfg 'cfg(linux_kernel)' --check-cfg 'cfg(linux_like)' --check-cfg 'cfg(linux_raw)' --check-cfg 'cfg(netbsdlike)' --check-cfg 'cfg(rustc_attrs)' --check-cfg 'cfg(solarish)' --check-cfg 'cfg(staged_api)' --check-cfg 'cfg(static_assertions)' --check-cfg 'cfg(thumb_mode)' --check-cfg 'cfg(wasi)' --check-cfg 'cfg(wasi_ext)' --check-cfg 'cfg(target_arch, values("xtensa"))' --cfg 'feature="alloc"' --cfg 'feature="default"' --cfg 'feature="fs"' --cfg 'feature="libc-extra-traits"' --cfg 'feature="std"' --cfg 'feature="use-libc-auxv"' --check-cfg 'cfg(docsrs,test)' --check-cfg 'cfg(feature, values("all-apis", "alloc", "cc", "compiler_builtins", "core", "default", "event", "fs", "io_uring", "itoa", "libc", "libc-extra-traits", "libc_errno", "linux_4_11", "linux_latest", "mm", "mount", "net", "once_cell", "param", "pipe", "process", "procfs", "pty", "rand", "runtime", "rustc-dep-of-std", "rustc-std-workspace-alloc", "shm", "std", "stdio", "system", "termios", "thread", "time", "try_close", "use-explicitly-provided-auxv", "use-libc", "use-libc-auxv"))' -C metadata=ac8e0ed63ec245fb -C extra-filename=-2124c3f0e68c5b48 --out-dir /opt/rustwide/target/debug/deps -L dependency=/opt/rustwide/target/debug/deps --extern bitflags=/opt/rustwide/target/debug/deps/libbitflags-71b4cff68e854d05.rmeta --extern linux_raw_sys=/opt/rustwide/target/debug/deps/liblinux_raw_sys-71797bd76ea1014c.rmeta --cap-lints allow --cap-lints=warn --cfg linux_raw --cfg linux_like --cfg linux_kernel` (exit status: 101)
[INFO] [stderr] error: could not compile `rustls` (lib)
[INFO] [stderr] 
[INFO] [stderr] Caused by:
[INFO] [stderr]   No space left on device (os error 28)
[INFO] [stderr] 
[INFO] [stderr] Caused by:
[INFO] [stderr]   failed to parse process output: `/opt/rustwide/rustup-home/toolchains/beta-2025-02-18-x86_64-unknown-linux-gnu/bin/rustc --crate-name rustls --edition=2021 /opt/rustwide/cargo-home/registry/src/index.crates.io-1949cf8c6b5b557f/rustls-0.23.19/src/lib.rs --error-format=json --json=diagnostic-rendered-ansi,artifacts,future-incompat --crate-type lib --emit=dep-info,metadata,link -C embed-bitcode=no --cfg 'feature="ring"' --cfg 'feature="std"' --cfg 'feature="tls12"' --check-cfg 'cfg(docsrs,test)' --check-cfg 'cfg(feature, values("aws-lc-rs", "aws_lc_rs", "brotli", "custom-provider", "default", "fips", "hashbrown", "log", "logging", "read_buf", "ring", "rustversion", "std", "tls12", "zlib"))' -C metadata=dcc8134308719277 -C extra-filename=-60aaa66de22cb803 --out-dir /opt/rustwide/target/debug/deps -L dependency=/opt/rustwide/target/debug/deps --extern once_cell=/opt/rustwide/target/debug/deps/libonce_cell-533ec0805098c33b.rmeta --extern ring=/opt/rustwide/target/debug/deps/libring-3e9013f03ffb01cd.rmeta --extern pki_types=/opt/rustwide/target/debug/deps/librustls_pki_types-04ac1e1d10c891a5.rmeta --extern webpki=/opt/rustwide/target/debug/deps/libwebpki-7c3c817f6fbec040.rmeta --extern subtle=/opt/rustwide/target/debug/deps/libsubtle-0d246a68978ee594.rmeta --extern zeroize=/opt/rustwide/target/debug/deps/libzeroize-cec714b28c648010.rmeta --cap-lints allow --cap-lints=warn -L native=/opt/rustwide/target/debug/build/ring-f3fd21a08f98c124/out --check-cfg 'cfg(bench)' --check-cfg 'cfg(read_buf)'` (exit status: 101)
[INFO] [stdout] error: failed to write to `/opt/rustwide/target/debug/deps/rmetasRgmPw/lib.rmeta`: No space left on device (os error 28)
[INFO] [stdout] 
[INFO] [stdout] 
[INFO] [stdout] error: couldn't create a temp dir: No space left on device (os error 28) at path "/opt/rustwide/target/debug/deps/rmetaoNOUxS"
[INFO] [stdout] 
[INFO] [stdout] 
[INFO] [stderr] error: could not compile `tempfile` (lib) due to 1 previous error
[INFO] [stderr] error: could not compile `event-listener` (lib) due to 1 previous error
[INFO] [stderr] warning: openssl-sys@0.9.104: building OpenSSL: 'make' reported failure with exit status: 2
[INFO] [stderr] warning: openssl-sys@0.9.104: openssl-src: failed to build OpenSSL from source
[INFO] [stderr] error: failed to run custom build command for `openssl-sys v0.9.104`
[INFO] [stderr] note: To improve backtraces for build dependencies, set the CARGO_PROFILE_DEV_BUILD_OVERRIDE_DEBUG=true environment variable to enable debug information generation.
[INFO] [stderr] 
[INFO] [stderr] Caused by:
[INFO] [stderr]   process didn't exit successfully: `/opt/rustwide/target/debug/build/openssl-sys-09dcc48d3c4f612a/build-script-main` (exit status: 1)
[INFO] [stderr]   --- stdout
[INFO] [stderr]   cargo:rustc-check-cfg=cfg(osslconf, values("OPENSSL_NO_OCB", "OPENSSL_NO_SM4", "OPENSSL_NO_SEED", "OPENSSL_NO_CHACHA", "OPENSSL_NO_CAST", "OPENSSL_NO_IDEA", "OPENSSL_NO_CAMELLIA", "OPENSSL_NO_RC4", "OPENSSL_NO_BF", "OPENSSL_NO_PSK", "OPENSSL_NO_DEPRECATED_3_0", "OPENSSL_NO_SCRYPT", "OPENSSL_NO_SM3", "OPENSSL_NO_RMD160", "OPENSSL_NO_EC2M", "OPENSSL_NO_OCSP", "OPENSSL_NO_CMS", "OPENSSL_NO_COMP", "OPENSSL_NO_SOCK", "OPENSSL_NO_STDIO", "OPENSSL_NO_EC", "OPENSSL_NO_SSL3_METHOD", "OPENSSL_NO_KRB5", "OPENSSL_NO_TLSEXT", "OPENSSL_NO_SRP", "OPENSSL_NO_RFC3779", "OPENSSL_NO_SHA", "OPENSSL_NO_NEXTPROTONEG", "OPENSSL_NO_ENGINE", "OPENSSL_NO_BUF_FREELISTS"))
[INFO] [stderr]   cargo:rustc-check-cfg=cfg(openssl)
[INFO] [stderr]   cargo:rustc-check-cfg=cfg(libressl)
[INFO] [stderr]   cargo:rustc-check-cfg=cfg(boringssl)
[INFO] [stderr]   cargo:rustc-check-cfg=cfg(libressl250)
[INFO] [stderr]   cargo:rustc-check-cfg=cfg(libressl251)
[INFO] [stderr]   cargo:rustc-check-cfg=cfg(libressl252)
[INFO] [stderr]   cargo:rustc-check-cfg=cfg(libressl261)
[INFO] [stderr]   cargo:rustc-check-cfg=cfg(libressl270)
[INFO] [stderr]   cargo:rustc-check-cfg=cfg(libressl271)
[INFO] [stderr]   cargo:rustc-check-cfg=cfg(libressl273)
[INFO] [stderr]   cargo:rustc-check-cfg=cfg(libressl280)
[INFO] [stderr]   cargo:rustc-check-cfg=cfg(libressl281)
[INFO] [stderr]   cargo:rustc-check-cfg=cfg(libressl291)
[INFO] [stderr]   cargo:rustc-check-cfg=cfg(libressl310)
[INFO] [stderr]   cargo:rustc-check-cfg=cfg(libressl321)
[INFO] [stderr]   cargo:rustc-check-cfg=cfg(libressl332)
[INFO] [stderr]   cargo:rustc-check-cfg=cfg(libressl340)
[INFO] [stderr]   cargo:rustc-check-cfg=cfg(libressl350)
[INFO] [stderr]   cargo:rustc-check-cfg=cfg(libressl360)
[INFO] [stderr]   cargo:rustc-check-cfg=cfg(libressl361)
[INFO] [stderr]   cargo:rustc-check-cfg=cfg(libressl370)
[INFO] [stderr]   cargo:rustc-check-cfg=cfg(libressl380)
[INFO] [stderr]   cargo:rustc-check-cfg=cfg(libressl381)
[INFO] [stderr]   cargo:rustc-check-cfg=cfg(libressl382)
[INFO] [stderr]   cargo:rustc-check-cfg=cfg(libressl390)
[INFO] [stderr]   cargo:rustc-check-cfg=cfg(libressl400)
[INFO] [stderr]   cargo:rustc-check-cfg=cfg(ossl101)
[INFO] [stderr]   cargo:rustc-check-cfg=cfg(ossl102)
[INFO] [stderr]   cargo:rustc-check-cfg=cfg(ossl102f)
[INFO] [stderr]   cargo:rustc-check-cfg=cfg(ossl102h)
[INFO] [stderr]   cargo:rustc-check-cfg=cfg(ossl110)
[INFO] [stderr]   cargo:rustc-check-cfg=cfg(ossl110f)
[INFO] [stderr]   cargo:rustc-check-cfg=cfg(ossl110g)
[INFO] [stderr]   cargo:rustc-check-cfg=cfg(ossl110h)
[INFO] [stderr]   cargo:rustc-check-cfg=cfg(ossl111)
[INFO] [stderr]   cargo:rustc-check-cfg=cfg(ossl111b)
[INFO] [stderr]   cargo:rustc-check-cfg=cfg(ossl111c)
[INFO] [stderr]   cargo:rustc-check-cfg=cfg(ossl111d)
[INFO] [stderr]   cargo:rustc-check-cfg=cfg(ossl300)
[INFO] [stderr]   cargo:rustc-check-cfg=cfg(ossl310)
[INFO] [stderr]   cargo:rustc-check-cfg=cfg(ossl320)
[INFO] [stderr]   cargo:rustc-check-cfg=cfg(ossl330)
[INFO] [stderr]   cargo:rustc-check-cfg=cfg(ossl340)
[INFO] [stderr]   cargo:rerun-if-env-changed=X86_64_UNKNOWN_LINUX_GNU_OPENSSL_NO_VENDOR
[INFO] [stderr]   X86_64_UNKNOWN_LINUX_GNU_OPENSSL_NO_VENDOR unset
[INFO] [stderr]   cargo:rerun-if-env-changed=OPENSSL_NO_VENDOR
[INFO] [stderr]   OPENSSL_NO_VENDOR unset
[INFO] [stderr]   cargo:rerun-if-env-changed=X86_64_UNKNOWN_LINUX_GNU_OPENSSL_CONFIG_DIR
[INFO] [stderr]   X86_64_UNKNOWN_LINUX_GNU_OPENSSL_CONFIG_DIR unset
[INFO] [stderr]   cargo:rerun-if-env-changed=OPENSSL_CONFIG_DIR
[INFO] [stderr]   OPENSSL_CONFIG_DIR unset
[INFO] [stderr]   TARGET = Some(x86_64-unknown-linux-gnu)
[INFO] [stderr]   OUT_DIR = Some(/opt/rustwide/target/debug/build/openssl-sys-40854168f0c08ef9/out)
[INFO] [stderr]   cargo:rerun-if-env-changed=CC_x86_64-unknown-linux-gnu
[INFO] [stderr]   CC_x86_64-unknown-linux-gnu = None
[INFO] [stderr]   cargo:rerun-if-env-changed=CC_x86_64_unknown_linux_gnu
[INFO] [stderr]   CC_x86_64_unknown_linux_gnu = None
[INFO] [stderr]   cargo:rerun-if-env-changed=HOST_CC
[INFO] [stderr]   HOST_CC = None
[INFO] [stderr]   cargo:rerun-if-env-changed=CC
[INFO] [stderr]   CC = None
[INFO] [stderr]   cargo:rerun-if-env-changed=CC_ENABLE_DEBUG_OUTPUT
[INFO] [stderr]   RUSTC_WRAPPER = None
[INFO] [stderr]   cargo:rerun-if-env-changed=CRATE_CC_NO_DEFAULTS
[INFO] [stderr]   CRATE_CC_NO_DEFAULTS = None
[INFO] [stderr]   DEBUG = Some(true)
[INFO] [stderr]   CARGO_CFG_TARGET_FEATURE = Some(fxsr,sse,sse2)
[INFO] [stderr]   cargo:rerun-if-env-changed=CFLAGS_x86_64-unknown-linux-gnu
[INFO] [stderr]   CFLAGS_x86_64-unknown-linux-gnu = None
[INFO] [stderr]   cargo:rerun-if-env-changed=CFLAGS_x86_64_unknown_linux_gnu
[INFO] [stderr]   CFLAGS_x86_64_unknown_linux_gnu = None
[INFO] [stderr]   cargo:rerun-if-env-changed=HOST_CFLAGS
[INFO] [stderr]   HOST_CFLAGS = None
[INFO] [stderr]   cargo:rerun-if-env-changed=CFLAGS
[INFO] [stderr]   CFLAGS = None
[INFO] [stderr]   CARGO_ENCODED_RUSTFLAGS = Some(--cap-lints=warn)
[INFO] [stderr]   cargo:rerun-if-env-changed=AR_x86_64-unknown-linux-gnu
[INFO] [stderr]   AR_x86_64-unknown-linux-gnu = None
[INFO] [stderr]   cargo:rerun-if-env-changed=AR_x86_64_unknown_linux_gnu
[INFO] [stderr]   AR_x86_64_unknown_linux_gnu = None
[INFO] [stderr]   cargo:rerun-if-env-changed=HOST_AR
[INFO] [stderr]   HOST_AR = None
[INFO] [stderr]   cargo:rerun-if-env-changed=AR
[INFO] [stderr]   AR = None
[INFO] [stderr]   cargo:rerun-if-env-changed=ARFLAGS_x86_64-unknown-linux-gnu
[INFO] [stderr]   ARFLAGS_x86_64-unknown-linux-gnu = None
[INFO] [stderr]   cargo:rerun-if-env-changed=ARFLAGS_x86_64_unknown_linux_gnu
[INFO] [stderr]   ARFLAGS_x86_64_unknown_linux_gnu = None
[INFO] [stderr]   cargo:rerun-if-env-changed=HOST_ARFLAGS
[INFO] [stderr]   HOST_ARFLAGS = None
[INFO] [stderr]   cargo:rerun-if-env-changed=ARFLAGS
[INFO] [stderr]   ARFLAGS = None
[INFO] [stderr]   cargo:rerun-if-env-changed=RANLIB_x86_64-unknown-linux-gnu
[INFO] [stderr]   RANLIB_x86_64-unknown-linux-gnu = None
[INFO] [stderr]   cargo:rerun-if-env-changed=RANLIB_x86_64_unknown_linux_gnu
[INFO] [stderr]   RANLIB_x86_64_unknown_linux_gnu = None
[INFO] [stderr]   cargo:rerun-if-env-changed=HOST_RANLIB
[INFO] [stderr]   HOST_RANLIB = None
[INFO] [stderr]   cargo:rerun-if-env-changed=RANLIB
[INFO] [stderr]   RANLIB = None
[INFO] [stderr]   cargo:rerun-if-env-changed=RANLIBFLAGS_x86_64-unknown-linux-gnu
[INFO] [stderr]   RANLIBFLAGS_x86_64-unknown-linux-gnu = None
[INFO] [stderr]   cargo:rerun-if-env-changed=RANLIBFLAGS_x86_64_unknown_linux_gnu
[INFO] [stderr]   RANLIBFLAGS_x86_64_unknown_linux_gnu = None
[INFO] [stderr]   cargo:rerun-if-env-changed=HOST_RANLIBFLAGS
[INFO] [stderr]   HOST_RANLIBFLAGS = None
[INFO] [stderr]   cargo:rerun-if-env-changed=RANLIBFLAGS
[INFO] [stderr]   RANLIBFLAGS = None
[INFO] [stderr]   running cd "/opt/rustwide/target/debug/build/openssl-sys-40854168f0c08ef9/out/openssl-build/build/src" && env -u CROSS_COMPILE AR="ar" CC="cc" RANLIB="ranlib" "perl" "./Configure" "--prefix=/opt/rustwide/target/debug/build/openssl-sys-40854168f0c08ef9/out/openssl-build/install" "--openssldir=/usr/local/ssl" "no-shared" "no-module" "no-ssl3" "no-tests" "no-comp" "no-zlib" "no-zlib-dynamic" "--libdir=lib" "no-md2" "no-rc5" "no-weak-ssl-ciphers" "no-camellia" "no-idea" "no-seed" "linux-x86_64" "-O2" "-ffunction-sections" "-fdata-sections" "-fPIC" "-gdwarf-4" "-fno-omit-frame-pointer" "-m64"
[INFO] [stderr]   Configuring OpenSSL version 3.4.0 for target linux-x86_64
[INFO] [stderr]   Using os-specific seed configuration
[INFO] [stderr]   Created configdata.pm
[INFO] [stderr]   Running configdata.pm
[INFO] [stderr]   Created Makefile.in
[INFO] [stderr]   Created Makefile
[INFO] [stderr]   Created include/openssl/configuration.h
[INFO] [stderr] 
[INFO] [stderr]   **********************************************************************
[INFO] [stderr]   ***                                                                ***
[INFO] [stderr]   ***   OpenSSL has been successfully configured                     ***
[INFO] [stderr]   ***                                                                ***
[INFO] [stderr]   ***   If you encounter a problem while building, please open an    ***
[INFO] [stderr]   ***   issue on GitHub <https://github.com/openssl/openssl/issues>  ***
[INFO] [stderr]   ***   and include the output from the following command:           ***
[INFO] [stderr]   ***                                                                ***
[INFO] [stderr]   ***       perl configdata.pm --dump                                ***
[INFO] [stderr]   ***                                                                ***
[INFO] [stderr]   ***   (If you are new to OpenSSL, you might want to consult the    ***
[INFO] [stderr]   ***   'Troubleshooting' section in the INSTALL.md file first)      ***
[INFO] [stderr]   ***                                                                ***
[INFO] [stderr]   **********************************************************************
[INFO] [stderr]   running cd "/opt/rustwide/target/debug/build/openssl-sys-40854168f0c08ef9/out/openssl-build/build/src" && "make" "depend"
[INFO] [stderr]   running cd "/opt/rustwide/target/debug/build/openssl-sys-40854168f0c08ef9/out/openssl-build/build/src" && MAKEFLAGS="-j --jobserver-fds=8,9 --jobserver-auth=8,9" "make" "build_libs"
[INFO] [stderr]   /usr/bin/perl util/mkinstallvars.pl PREFIX=. BINDIR=apps APPLINKDIR=ms LIBDIR= INCLUDEDIR=include "INCLUDEDIR=./include" ENGINESDIR=engines MODULESDIR=providers "VERSION=3.4.0" "LDLIBS=-ldl -pthread " > builddata.pm
[INFO] [stderr]   /usr/bin/perl "-I." "-Iutil/perl" "-Mconfigdata" "-MOpenSSL::paramnames" "util/dofile.pl" "-oMakefile" crypto/params_idx.c.in > crypto/params_idx.c
[INFO] [stderr]   /usr/bin/perl util/mkinstallvars.pl "PREFIX=/opt/rustwide/target/debug/build/openssl-sys-40854168f0c08ef9/out/openssl-build/install" BINDIR=bin "LIBDIR=lib" "libdir=/opt/rustwide/target/debug/build/openssl-sys-40854168f0c08ef9/out/openssl-build/install/lib" INCLUDEDIR=include APPLINKDIR=include/openssl "ENGINESDIR=/opt/rustwide/target/debug/build/openssl-sys-40854168f0c08ef9/out/openssl-build/install/lib/engines-3" "MODULESDIR=/opt/rustwide/target/debug/build/openssl-sys-40854168f0c08ef9/out/openssl-build/install/lib/ossl-modules" "PKGCONFIGDIR=/opt/rustwide/target/debug/build/openssl-sys-40854168f0c08ef9/out/openssl-build/install/lib/pkgconfig" "CMAKECONFIGDIR=/opt/rustwide/target/debug/build/openssl-sys-40854168f0c08ef9/out/openssl-build/install/lib/cmake/OpenSSL" "LDLIBS=-ldl -pthread " "VERSION=3.4.0" > installdata.pm
[INFO] [stderr]   /usr/bin/perl "-I." "-Mconfigdata" "util/dofile.pl" "-oMakefile" include/crypto/bn_conf.h.in > include/crypto/bn_conf.h
[INFO] [stderr]   /usr/bin/perl "-I." "-Mconfigdata" "util/dofile.pl" "-oMakefile" include/crypto/dso_conf.h.in > include/crypto/dso_conf.h
[INFO] [stderr]   /usr/bin/perl "-I." "-Iutil/perl" "-Mconfigdata" "-MOpenSSL::paramnames" "util/dofile.pl" "-oMakefile" include/internal/param_names.h.in > include/internal/param_names.h
[INFO] [stderr]   /usr/bin/perl "-I." "-Mconfigdata" "util/dofile.pl" "-oMakefile" include/openssl/asn1.h.in > include/openssl/asn1.h
[INFO] [stderr]   /usr/bin/perl "-I." "-Mconfigdata" "util/dofile.pl" "-oMakefile" include/openssl/asn1t.h.in > include/openssl/asn1t.h
[INFO] [stderr]   /usr/bin/perl "-I." "-Mconfigdata" "util/dofile.pl" "-oMakefile" include/openssl/bio.h.in > include/openssl/bio.h
[INFO] [stderr]   /usr/bin/perl "-I." "-Mconfigdata" "util/dofile.pl" "-oMakefile" include/openssl/cmp.h.in > include/openssl/cmp.h
[INFO] [stderr]   /usr/bin/perl "-I." "-Mconfigdata" "util/dofile.pl" "-oMakefile" include/openssl/cms.h.in > include/openssl/cms.h
[INFO] [stderr]   /usr/bin/perl "-I." "-Mconfigdata" "util/dofile.pl" "-oMakefile" include/openssl/comp.h.in > include/openssl/comp.h
[INFO] [stderr]   /usr/bin/perl "-I." "-Mconfigdata" "util/dofile.pl" "-oMakefile" include/openssl/conf.h.in > include/openssl/conf.h
[INFO] [stderr]   /usr/bin/perl "-I." "-Iutil/perl" "-Mconfigdata" "-MOpenSSL::paramnames" "util/dofile.pl" "-oMakefile" include/openssl/core_names.h.in > include/openssl/core_names.h
[INFO] [stderr]   /usr/bin/perl "-I." "-Mconfigdata" "util/dofile.pl" "-oMakefile" include/openssl/crmf.h.in > include/openssl/crmf.h
[INFO] [stderr]   /usr/bin/perl "-I." "-Mconfigdata" "util/dofile.pl" "-oMakefile" include/openssl/crypto.h.in > include/openssl/crypto.h
[INFO] [stderr]   /usr/bin/perl "-I." "-Mconfigdata" "util/dofile.pl" "-oMakefile" include/openssl/ct.h.in > include/openssl/ct.h
[INFO] [stderr]   /usr/bin/perl "-I." "-Mconfigdata" "util/dofile.pl" "-oMakefile" include/openssl/err.h.in > include/openssl/err.h
[INFO] [stderr]   /usr/bin/perl "-I." "-Mconfigdata" "util/dofile.pl" "-oMakefile" include/openssl/ess.h.in > include/openssl/ess.h
[INFO] [stderr]   /usr/bin/perl "-I." "-Mconfigdata" "util/dofile.pl" "-oMakefile" include/openssl/fipskey.h.in > include/openssl/fipskey.h
[INFO] [stderr]   /usr/bin/perl "-I." "-Mconfigdata" "util/dofile.pl" "-oMakefile" include/openssl/lhash.h.in > include/openssl/lhash.h
[INFO] [stderr]   /usr/bin/perl "-I." "-Mconfigdata" "util/dofile.pl" "-oMakefile" include/openssl/ocsp.h.in > include/openssl/ocsp.h
[INFO] [stderr]   /usr/bin/perl "-I." "-Mconfigdata" "util/dofile.pl" "-oMakefile" include/openssl/opensslv.h.in > include/openssl/opensslv.h
[INFO] [stderr]   /usr/bin/perl "-I." "-Mconfigdata" "util/dofile.pl" "-oMakefile" include/openssl/pkcs12.h.in > include/openssl/pkcs12.h
[INFO] [stderr]   /usr/bin/perl "-I." "-Mconfigdata" "util/dofile.pl" "-oMakefile" include/openssl/pkcs7.h.in > include/openssl/pkcs7.h
[INFO] [stderr]   /usr/bin/perl "-I." "-Mconfigdata" "util/dofile.pl" "-oMakefile" include/openssl/safestack.h.in > include/openssl/safestack.h
[INFO] [stderr]   /usr/bin/perl "-I." "-Mconfigdata" "util/dofile.pl" "-oMakefile" include/openssl/srp.h.in > include/openssl/srp.h
[INFO] [stderr]   /usr/bin/perl "-I." "-Mconfigdata" "util/dofile.pl" "-oMakefile" include/openssl/ssl.h.in > include/openssl/ssl.h
[INFO] [stderr]   /usr/bin/perl "-I." "-Mconfigdata" "util/dofile.pl" "-oMakefile" include/openssl/ui.h.in > include/openssl/ui.h
[INFO] [stderr]   /usr/bin/perl "-I." "-Mconfigdata" "util/dofile.pl" "-oMakefile" include/openssl/x509.h.in > include/openssl/x509.h
[INFO] [stderr]   /usr/bin/perl "-I." "-Mconfigdata" "util/dofile.pl" "-oMakefile" include/openssl/x509_acert.h.in > include/openssl/x509_acert.h
[INFO] [stderr]   /usr/bin/perl "-I." "-Mconfigdata" "util/dofile.pl" "-oMakefile" include/openssl/x509_vfy.h.in > include/openssl/x509_vfy.h
[INFO] [stderr]   /usr/bin/perl "-I." "-Mconfigdata" "util/dofile.pl" "-oMakefile" include/openssl/x509v3.h.in > include/openssl/x509v3.h
[INFO] [stderr]   /usr/bin/perl "-I." "-Mconfigdata" "-Mbuilddata" "util/dofile.pl" "-oMakefile" exporters/pkg-config/libcrypto.pc.in > libcrypto.pc
[INFO] [stderr]   /usr/bin/perl "-I." "-Mconfigdata" "-Mbuilddata" "util/dofile.pl" "-oMakefile" exporters/pkg-config/libssl.pc.in > libssl.pc
[INFO] [stderr]   /usr/bin/perl "-I." "-Mconfigdata" "-Mbuilddata" "util/dofile.pl" "-oMakefile" exporters/cmake/OpenSSLConfig.cmake.in > OpenSSLConfig.cmake
[INFO] [stderr]   /usr/bin/perl "-I." "-Mconfigdata" "-Minstalldata" "util/dofile.pl" "-oMakefile" exporters/cmake/OpenSSLConfig.cmake.in > exporters/OpenSSLConfig.cmake
[INFO] [stderr]   /usr/bin/perl "-I." "-Mconfigdata" "-Minstalldata" "util/dofile.pl" "-oMakefile" exporters/pkg-config/libcrypto.pc.in > exporters/libcrypto.pc
[INFO] [stderr]   /usr/bin/perl "-I." "-Mconfigdata" "-Minstalldata" "util/dofile.pl" "-oMakefile" exporters/pkg-config/libssl.pc.in > exporters/libssl.pc
[INFO] [stderr]   cargo:warning=building OpenSSL: 'make' reported failure with exit status: 2
[INFO] [stderr]   cargo:warning=openssl-src: failed to build OpenSSL from source
[INFO] [stderr] 
[INFO] [stderr]   --- stderr
[INFO] [stderr]   DEBUG: all keys: APPLINKDIR, BINDIR, CMAKECONFIGDIR, ENGINESDIR, INCLUDEDIR, LDLIBS, LIBDIR, MODULESDIR, PKGCONFIGDIR, PREFIX, VERSION, libdir
[INFO] [stderr]   No value given for CMAKECONFIGDIR
[INFO] [stderr]   No value given for PKGCONFIGDIR
[INFO] [stderr]   No value given for libdir
[INFO] [stderr]   DEBUG: PREFIX = . => PREFIX = /opt/rustwide/target/debug/build/openssl-sys-40854168f0c08ef9/out/openssl-build/build/src
[INFO] [stderr]   DEBUG: libdir = . => libdir = /opt/rustwide/target/debug/build/openssl-sys-40854168f0c08ef9/out/openssl-build/build/src
[INFO] [stderr]   DEBUG: BINDIR = apps => BINDIR = /opt/rustwide/target/debug/build/openssl-sys-40854168f0c08ef9/out/openssl-build/build/src/apps, BINDIR_REL_PREFIX = apps
[INFO] [stderr]   DEBUG: LIBDIR =  => LIBDIR = /opt/rustwide/target/debug/build/openssl-sys-40854168f0c08ef9/out/openssl-build/build/src, LIBDIR_REL_PREFIX = 
[INFO] [stderr]   DEBUG: INCLUDEDIR = [ include, ./include ] => INCLUDEDIR = [ /opt/rustwide/target/debug/build/openssl-sys-40854168f0c08ef9/out/openssl-build/build/src/include, /opt/rustwide/target/debug/build/openssl-sys-40854168f0c08ef9/out/openssl-build/build/src/include ], INCLUDEDIR_REL_PREFIX = [ include, ./include ]
[INFO] [stderr]   DEBUG: APPLINKDIR = ms => APPLINKDIR = /opt/rustwide/target/debug/build/openssl-sys-40854168f0c08ef9/out/openssl-build/build/src/ms, APPLINKDIR_REL_PREFIX = ms
[INFO] [stderr]   DEBUG: ENGINESDIR = engines => ENGINESDIR = /opt/rustwide/target/debug/build/openssl-sys-40854168f0c08ef9/out/openssl-build/build/src/engines, ENGINESDIR_REL_LIBDIR = engines
[INFO] [stderr]   DEBUG: MODULESDIR = providers => MODULESDIR = /opt/rustwide/target/debug/build/openssl-sys-40854168f0c08ef9/out/openssl-build/build/src/providers, MODULESDIR_REL_LIBDIR = providers
[INFO] [stderr]   DEBUG: PKGCONFIGDIR = . => PKGCONFIGDIR = /opt/rustwide/target/debug/build/openssl-sys-40854168f0c08ef9/out/openssl-build/build/src, PKGCONFIGDIR_REL_LIBDIR = .
[INFO] [stderr]   DEBUG: CMAKECONFIGDIR = . => CMAKECONFIGDIR = /opt/rustwide/target/debug/build/openssl-sys-40854168f0c08ef9/out/openssl-build/build/src, CMAKECONFIGDIR_REL_LIBDIR = .
[INFO] [stderr]   DEBUG: all keys: APPLINKDIR, BINDIR, CMAKECONFIGDIR, ENGINESDIR, INCLUDEDIR, LDLIBS, LIBDIR, MODULESDIR, PKGCONFIGDIR, PREFIX, VERSION, libdir
[INFO] [stderr]   DEBUG: PREFIX = /opt/rustwide/target/debug/build/openssl-sys-40854168f0c08ef9/out/openssl-build/install => PREFIX = /opt/rustwide/target/debug/build/openssl-sys-40854168f0c08ef9/out/openssl-build/install
[INFO] [stderr]   DEBUG: libdir = /opt/rustwide/target/debug/build/openssl-sys-40854168f0c08ef9/out/openssl-build/install/lib => libdir = /opt/rustwide/target/debug/build/openssl-sys-40854168f0c08ef9/out/openssl-build/install/lib
[INFO] [stderr]   DEBUG: BINDIR = bin => BINDIR = /opt/rustwide/target/debug/build/openssl-sys-40854168f0c08ef9/out/openssl-build/install/bin, BINDIR_REL_PREFIX = bin
[INFO] [stderr]   DEBUG: LIBDIR = lib => LIBDIR = /opt/rustwide/target/debug/build/openssl-sys-40854168f0c08ef9/out/openssl-build/install/lib, LIBDIR_REL_PREFIX = lib
[INFO] [stderr]   DEBUG: INCLUDEDIR = include => INCLUDEDIR = /opt/rustwide/target/debug/build/openssl-sys-40854168f0c08ef9/out/openssl-build/install/include, INCLUDEDIR_REL_PREFIX = include
[INFO] [stderr]   DEBUG: APPLINKDIR = include/openssl => APPLINKDIR = /opt/rustwide/target/debug/build/openssl-sys-40854168f0c08ef9/out/openssl-build/install/include/openssl, APPLINKDIR_REL_PREFIX = include/openssl
[INFO] [stderr]   DEBUG: ENGINESDIR = /opt/rustwide/target/debug/build/openssl-sys-40854168f0c08ef9/out/openssl-build/install/lib/engines-3 => ENGINESDIR = /opt/rustwide/target/debug/build/openssl-sys-40854168f0c08ef9/out/openssl-build/install/lib/engines-3, ENGINESDIR_REL_LIBDIR = engines-3
[INFO] [stderr]   DEBUG: MODULESDIR = /opt/rustwide/target/debug/build/openssl-sys-40854168f0c08ef9/out/openssl-build/install/lib/ossl-modules => MODULESDIR = /opt/rustwide/target/debug/build/openssl-sys-40854168f0c08ef9/out/openssl-build/install/lib/ossl-modules, MODULESDIR_REL_LIBDIR = ossl-modules
[INFO] [stderr]   DEBUG: PKGCONFIGDIR = /opt/rustwide/target/debug/build/openssl-sys-40854168f0c08ef9/out/openssl-build/install/lib/pkgconfig => PKGCONFIGDIR = /opt/rustwide/target/debug/build/openssl-sys-40854168f0c08ef9/out/openssl-build/install/lib/pkgconfig, PKGCONFIGDIR_REL_LIBDIR = pkgconfig
[INFO] [stderr]   DEBUG: CMAKECONFIGDIR = /opt/rustwide/target/debug/build/openssl-sys-40854168f0c08ef9/out/openssl-build/install/lib/cmake/OpenSSL => CMAKECONFIGDIR = /opt/rustwide/target/debug/build/openssl-sys-40854168f0c08ef9/out/openssl-build/install/lib/cmake/OpenSSL, CMAKECONFIGDIR_REL_LIBDIR = cmake/OpenSSL
[INFO] [stderr]   Unable to flush stdout: No space left on device
[INFO] [stderr]   make: *** [Makefile:3804: exporters/libssl.pc] Error 1
[INFO] [stderr]   make: *** Waiting for unfinished jobs....
[INFO] [stderr]   Unable to flush stdout: No space left on device
[INFO] [stderr]   make: *** [Makefile:3788: OpenSSLConfig.cmake] Error 1
[INFO] [stderr]   Unable to flush stdout: No space left on device
[INFO] [stderr]   make: *** [Makefile:3868: libcrypto.pc] Error 1
[INFO] [stderr]   Unable to flush stdout: No space left on device
[INFO] [stderr]   make: *** [Makefile:3802: exporters/libcrypto.pc] Error 1
[INFO] [stderr]   Unable to flush stdout: No space left on device
[INFO] [stderr]   Unable to flush stdout: No space left on device
[INFO] [stderr]   make: *** [Makefile:3870: libssl.pc] Error 1
[INFO] [stderr]   make: *** [Makefile:3796: exporters/OpenSSLConfig.cmake] Error 1
[INFO] [stderr] 
[INFO] [stderr] 
[INFO] [stderr] 
[INFO] [stderr]   Error building OpenSSL:
[INFO] [stderr]       'make' reported failure with exit status: 2
[INFO] [stderr]       Command failed: cd "/opt/rustwide/target/debug/build/openssl-sys-40854168f0c08ef9/out/openssl-build/build/src" && MAKEFLAGS="-j --jobserver-fds=8,9 --jobserver-auth=8,9" "make" "build_libs"
[INFO] [stderr] 
[INFO] [stderr] 
[INFO] [stderr] 
[INFO] [stdout] error: couldn't create a temp dir: No space left on device (os error 28) at path "/opt/rustwide/target/debug/deps/rmetaqpjk7t"
[INFO] [stdout] 
[INFO] [stdout] 
[INFO] [stderr] error: could not compile `sqlx-core` (lib) due to 1 previous error
[INFO] [stdout] error: couldn't create a temp dir: No space left on device (os error 28) at path "/opt/rustwide/target/debug/deps/rmetaI9ZWzY"
[INFO] [stdout] 
[INFO] [stdout] 
[INFO] [stderr] error: could not compile `h2` (lib) due to 1 previous error
[INFO] running `Command { std: "docker" "inspect" "92f6be3942626cf59cdb433bac059b604030159931500051f6b5d179b31e7759", kill_on_drop: false }`
[INFO] running `Command { std: "docker" "rm" "-f" "92f6be3942626cf59cdb433bac059b604030159931500051f6b5d179b31e7759", kill_on_drop: false }`
[INFO] [stdout] 92f6be3942626cf59cdb433bac059b604030159931500051f6b5d179b31e7759
