[INFO] cloning repository https://github.com/xmh0511/tokio_tls_usage
[INFO] running `Command { std: "git" "-c" "credential.helper=" "-c" "credential.helper=/workspace/cargo-home/bin/git-credential-null" "clone" "--bare" "https://github.com/xmh0511/tokio_tls_usage" "/workspace/cache/git-repos/https%3A%2F%2Fgithub.com%2Fxmh0511%2Ftokio_tls_usage", kill_on_drop: false }`
[INFO] [stderr] Cloning into bare repository '/workspace/cache/git-repos/https%3A%2F%2Fgithub.com%2Fxmh0511%2Ftokio_tls_usage'...
[INFO] running `Command { std: "git" "rev-parse" "HEAD", kill_on_drop: false }`
[INFO] [stdout] ef9caebcb94e176881e1fd1f6302164b2f3da3e6
[INFO] documenting xmh0511/tokio_tls_usage against beta-2025-02-18 for beta-1.86-rustdoc-1
[INFO] running `Command { std: "git" "clone" "/workspace/cache/git-repos/https%3A%2F%2Fgithub.com%2Fxmh0511%2Ftokio_tls_usage" "/workspace/builds/worker-7-tc2/source", kill_on_drop: false }`
[INFO] [stderr] Cloning into '/workspace/builds/worker-7-tc2/source'...
[INFO] [stderr] done.
[INFO] validating manifest of git repo https://github.com/xmh0511/tokio_tls_usage on toolchain beta-2025-02-18
[INFO] running `Command { std: CARGO_HOME="/workspace/cargo-home" RUSTUP_HOME="/workspace/rustup-home" "/workspace/cargo-home/bin/cargo" "+beta-2025-02-18" "metadata" "--manifest-path" "Cargo.toml" "--no-deps", kill_on_drop: false }`
[INFO] started tweaking git repo https://github.com/xmh0511/tokio_tls_usage
[INFO] finished tweaking git repo https://github.com/xmh0511/tokio_tls_usage
[INFO] tweaked toml for git repo https://github.com/xmh0511/tokio_tls_usage written to /workspace/builds/worker-7-tc2/source/Cargo.toml
[INFO] crate git repo https://github.com/xmh0511/tokio_tls_usage already has a lockfile, it will not be regenerated
[INFO] running `Command { std: CARGO_HOME="/workspace/cargo-home" RUSTUP_HOME="/workspace/rustup-home" "/workspace/cargo-home/bin/cargo" "+beta-2025-02-18" "fetch" "--manifest-path" "Cargo.toml", kill_on_drop: false }`
[INFO] running `Command { std: "docker" "create" "-v" "/var/lib/crater-agent-workspace/builds/worker-7-tc2/target:/opt/rustwide/target:rw,Z" "-v" "/var/lib/crater-agent-workspace/builds/worker-7-tc2/source:/opt/rustwide/workdir:ro,Z" "-v" "/var/lib/crater-agent-workspace/cargo-home:/opt/rustwide/cargo-home:ro,Z" "-v" "/var/lib/crater-agent-workspace/rustup-home:/opt/rustwide/rustup-home:ro,Z" "-e" "SOURCE_DIR=/opt/rustwide/workdir" "-e" "CARGO_TARGET_DIR=/opt/rustwide/target" "-e" "CARGO_HOME=/opt/rustwide/cargo-home" "-e" "RUSTUP_HOME=/opt/rustwide/rustup-home" "-w" "/opt/rustwide/workdir" "-m" "1610612736" "--user" "0:0" "--network" "none" "ghcr.io/rust-lang/crates-build-env/linux@sha256:3959728d45483eb673ba100a951a6b9f5012970368db2a9e08e0ac9b67c8a5ad" "/opt/rustwide/cargo-home/bin/cargo" "+beta-2025-02-18" "metadata" "--no-deps" "--format-version=1", kill_on_drop: false }`
[INFO] [stdout] 55ebb15e399dfdcddcc1b340be1cc16ca044d96cd07906edfee066ba22faccef
[INFO] running `Command { std: "docker" "start" "-a" "55ebb15e399dfdcddcc1b340be1cc16ca044d96cd07906edfee066ba22faccef", kill_on_drop: false }`
[INFO] running `Command { std: "docker" "inspect" "55ebb15e399dfdcddcc1b340be1cc16ca044d96cd07906edfee066ba22faccef", kill_on_drop: false }`
[INFO] running `Command { std: "docker" "rm" "-f" "55ebb15e399dfdcddcc1b340be1cc16ca044d96cd07906edfee066ba22faccef", kill_on_drop: false }`
[INFO] [stdout] 55ebb15e399dfdcddcc1b340be1cc16ca044d96cd07906edfee066ba22faccef
[INFO] running `Command { std: "docker" "create" "-v" "/var/lib/crater-agent-workspace/builds/worker-7-tc2/target:/opt/rustwide/target:rw,Z" "-v" "/var/lib/crater-agent-workspace/builds/worker-7-tc2/source:/opt/rustwide/workdir:ro,Z" "-v" "/var/lib/crater-agent-workspace/cargo-home:/opt/rustwide/cargo-home:ro,Z" "-v" "/var/lib/crater-agent-workspace/rustup-home:/opt/rustwide/rustup-home:ro,Z" "-e" "SOURCE_DIR=/opt/rustwide/workdir" "-e" "CARGO_TARGET_DIR=/opt/rustwide/target" "-e" "CARGO_INCREMENTAL=0" "-e" "RUST_BACKTRACE=full" "-e" "RUSTFLAGS=--cap-lints=warn" "-e" "RUSTDOCFLAGS=--cap-lints=warn" "-e" "CARGO_HOME=/opt/rustwide/cargo-home" "-e" "RUSTUP_HOME=/opt/rustwide/rustup-home" "-w" "/opt/rustwide/workdir" "-m" "1610612736" "--user" "0:0" "--network" "none" "ghcr.io/rust-lang/crates-build-env/linux@sha256:3959728d45483eb673ba100a951a6b9f5012970368db2a9e08e0ac9b67c8a5ad" "/opt/rustwide/cargo-home/bin/cargo" "+beta-2025-02-18" "doc" "--frozen" "--no-deps" "--document-private-items" "--message-format=json", kill_on_drop: false }`
[INFO] [stdout] f773630b82facaab3cbaa31c48ddc93cceb39d109542b969c47d2ac8a5d80fee
[INFO] running `Command { std: "docker" "start" "-a" "f773630b82facaab3cbaa31c48ddc93cceb39d109542b969c47d2ac8a5d80fee", kill_on_drop: false }`
[INFO] [stderr]    Compiling libc v0.2.141
[INFO] [stderr]    Compiling cc v1.0.79
[INFO] [stderr]    Compiling proc-macro2 v1.0.56
[INFO] [stderr]    Compiling quote v1.0.26
[INFO] [stderr]    Compiling unicode-ident v1.0.8
[INFO] [stderr]     Checking cfg-if v1.0.0
[INFO] [stderr]    Compiling autocfg v1.1.0
[INFO] [stderr]    Compiling log v0.4.17
[INFO] [stderr]     Checking once_cell v1.17.1
[INFO] [stderr]    Compiling pkg-config v0.3.26
[INFO] [stderr]    Compiling parking_lot_core v0.9.7
[INFO] [stderr]     Checking scopeguard v1.1.0
[INFO] [stderr]     Checking untrusted v0.7.1
[INFO] [stderr]    Compiling lock_api v0.4.9
[INFO] [stderr]     Checking smallvec v1.10.0
[INFO] [stderr]     Checking spin v0.5.2
[INFO] [stderr]    Compiling tokio v1.27.0
[INFO] [stderr]    Compiling openssl v0.10.50
[INFO] [stderr]     Checking bytes v1.4.0
[INFO] [stderr]     Checking pin-project-lite v0.2.9
[INFO] [stderr]     Checking foreign-types-shared v0.1.1
[INFO] [stderr]     Checking foreign-types v0.3.2
[INFO] [stderr]    Compiling rustls v0.21.0
[INFO] [stderr]     Checking bitflags v1.3.2
[INFO] [stderr]    Compiling async-trait v0.1.68
[INFO] [stderr]    Compiling thiserror v1.0.40
[INFO] [stderr]    Compiling native-tls v0.2.11
[INFO] [stderr]     Checking openssl-probe v0.1.5
[INFO] [stderr]     Checking mio v0.8.6
[INFO] [stderr]     Checking parking_lot v0.12.1
[INFO] [stderr]     Checking num_cpus v1.15.0
[INFO] [stderr]     Checking signal-hook-registry v1.4.1
[INFO] [stderr]     Checking socket2 v0.4.9
[INFO] [stderr]    Compiling syn v2.0.14
[INFO] [stderr]    Compiling ring v0.16.20
[INFO] [stderr]    Compiling openssl-sys v0.9.85
[INFO] [stderr]    Compiling tokio-macros v2.0.0
[INFO] [stderr]    Compiling openssl-macros v0.1.1
[INFO] [stderr]    Compiling thiserror-impl v1.0.40
[INFO] [stderr] rustc-LLVM ERROR: IO failure on output stream: No space left on device
[INFO] [stdout] error: linking with `cc` failed: exit status: 1
[INFO] [stdout]   |
[INFO] [stdout]   = note:  "cc" "-Wl,--version-script=/tmp/rustcwAbgRc/list" "-Wl,--no-undefined-version" "-m64" "/tmp/rustcwAbgRc/symbols.o" "<1 object files omitted>" "/opt/rustwide/target/debug/deps/openssl_macros-690b00dec8cc0c45.6i5fyg8s2ljte9bsstinjgomf.rcgu.rmeta" "<1 object files omitted>" "-Wl,--as-needed" "-Wl,-Bstatic" "/opt/rustwide/target/debug/deps/{libsyn-c72871fb56d1da86.rlib,libquote-320c06574937f455.rlib,libproc_macro2-98a3b4c5d97077fc.rlib,libunicode_ident-a4533bc942190936.rlib}.rlib" "<sysroot>/lib/rustlib/x86_64-unknown-linux-gnu/lib/{libproc_macro-*,libstd-*,libpanic_unwind-*,libobject-*,libmemchr-*,libaddr2line-*,libgimli-*,librustc_demangle-*,libstd_detect-*,libhashbrown-*,librustc_std_workspace_alloc-*,libminiz_oxide-*,libadler2-*,libunwind-*,libcfg_if-*,liblibc-*,liballoc-*,librustc_std_workspace_core-*,libcore-*,libcompiler_builtins-*}.rlib" "-Wl,-Bdynamic" "-lgcc_s" "-lutil" "-lrt" "-lpthread" "-lm" "-ldl" "-lc" "-Wl,--eh-frame-hdr" "-Wl,-z,noexecstack" "-L" "<sysroot>/lib/rustlib/x86_64-unknown-linux-gnu/lib" "-o" "/opt/rustwide/target/debug/deps/libopenssl_macros-690b00dec8cc0c45.so" "-Wl,--gc-sections" "-shared" "-Wl,-z,relro,-z,now" "-nodefaultlibs"
[INFO] [stdout]   = note: some arguments are omitted. use `--verbose` to show all linker arguments
[INFO] [stdout]   = note: /usr/bin/ld: final link failed: No space left on device
[INFO] [stdout]           collect2: error: ld returned 1 exit status
[INFO] [stdout]           
[INFO] [stdout] 
[INFO] [stdout] 
[INFO] [stderr] error: could not compile `openssl-macros` (lib) due to 1 previous error
[INFO] [stderr] warning: build failed, waiting for other jobs to finish...
[INFO] [stderr] error: could not compile `async-trait` (lib)
[INFO] [stderr] 
[INFO] [stderr] Caused by:
[INFO] [stderr]   process didn't exit successfully: `/opt/rustwide/rustup-home/toolchains/beta-2025-02-18-x86_64-unknown-linux-gnu/bin/rustc --crate-name async_trait --edition=2018 /opt/rustwide/cargo-home/registry/src/index.crates.io-1949cf8c6b5b557f/async-trait-0.1.68/src/lib.rs --error-format=json --json=diagnostic-rendered-ansi,artifacts,future-incompat --crate-type proc-macro --emit=dep-info,link -C prefer-dynamic -C embed-bitcode=no --check-cfg 'cfg(docsrs,test)' --check-cfg 'cfg(feature, values())' -C metadata=5c0761c5c8951544 -C extra-filename=-f4d58635b890d479 --out-dir /opt/rustwide/target/debug/deps -L dependency=/opt/rustwide/target/debug/deps --extern proc_macro2=/opt/rustwide/target/debug/deps/libproc_macro2-98a3b4c5d97077fc.rlib --extern quote=/opt/rustwide/target/debug/deps/libquote-320c06574937f455.rlib --extern syn=/opt/rustwide/target/debug/deps/libsyn-c72871fb56d1da86.rlib --extern proc_macro --cap-lints allow --cap-lints=warn` (exit status: 101)
[INFO] [stdout] error: error writing metadata object file: No space left on device (os error 28)
[INFO] [stdout] 
[INFO] [stdout] 
[INFO] [stdout] error: linking with `cc` failed: exit status: 1
[INFO] [stdout]   |
[INFO] [stdout]   = note:  "cc" "-Wl,--version-script=/tmp/rustckM3NIG/list" "-Wl,--no-undefined-version" "-m64" "/tmp/rustckM3NIG/symbols.o" "<5 object files omitted>" "/opt/rustwide/target/debug/deps/tokio_macros-f55160435cb47941.5sn0zmvsq2w05x2jbaeg1nt4m.rcgu.rmeta" "<1 object files omitted>" "-Wl,--as-needed" "-Wl,-Bstatic" "/opt/rustwide/target/debug/deps/{libsyn-c72871fb56d1da86.rlib,libquote-320c06574937f455.rlib,libproc_macro2-98a3b4c5d97077fc.rlib,libunicode_ident-a4533bc942190936.rlib}.rlib" "<sysroot>/lib/rustlib/x86_64-unknown-linux-gnu/lib/{libproc_macro-*,libstd-*,libpanic_unwind-*,libobject-*,libmemchr-*,libaddr2line-*,libgimli-*,librustc_demangle-*,libstd_detect-*,libhashbrown-*,librustc_std_workspace_alloc-*,libminiz_oxide-*,libadler2-*,libunwind-*,libcfg_if-*,liblibc-*,liballoc-*,librustc_std_workspace_core-*,libcore-*,libcompiler_builtins-*}.rlib" "-Wl,-Bdynamic" "-lgcc_s" "-lutil" "-lrt" "-lpthread" "-lm" "-ldl" "-lc" "-Wl,--eh-frame-hdr" "-Wl,-z,noexecstack" "-L" "<sysroot>/lib/rustlib/x86_64-unknown-linux-gnu/lib" "-o" "/opt/rustwide/target/debug/deps/libtokio_macros-f55160435cb47941.so" "-Wl,--gc-sections" "-shared" "-Wl,-z,relro,-z,now" "-nodefaultlibs"
[INFO] [stdout]   = note: some arguments are omitted. use `--verbose` to show all linker arguments
[INFO] [stdout]   = note: /usr/bin/ld: final link failed: No space left on device
[INFO] [stdout]           collect2: error: ld returned 1 exit status
[INFO] [stdout]           
[INFO] [stdout] 
[INFO] [stdout] 
[INFO] [stderr] error: could not compile `tokio-macros` (lib) due to 1 previous error
[INFO] [stderr] error: could not compile `thiserror-impl` (lib) due to 1 previous error
[INFO] [stderr] error: could not parse/generate dep info at: /opt/rustwide/target/debug/deps/ring-8f61d23cd5f451f6.d
[INFO] [stderr] 
[INFO] [stderr] Caused by:
[INFO] [stderr]   failed to write `/opt/rustwide/target/debug/.fingerprint/ring-8f61d23cd5f451f6/dep-lib-ring`
[INFO] [stderr] 
[INFO] [stderr] Caused by:
[INFO] [stderr]   No space left on device (os error 28)
[INFO] running `Command { std: "docker" "inspect" "f773630b82facaab3cbaa31c48ddc93cceb39d109542b969c47d2ac8a5d80fee", kill_on_drop: false }`
[INFO] running `Command { std: "docker" "rm" "-f" "f773630b82facaab3cbaa31c48ddc93cceb39d109542b969c47d2ac8a5d80fee", kill_on_drop: false }`
[INFO] [stdout] f773630b82facaab3cbaa31c48ddc93cceb39d109542b969c47d2ac8a5d80fee
