[INFO] cloning repository https://github.com/xa11der/internet-sistemi-voting
[INFO] running `Command { std: "git" "-c" "credential.helper=" "-c" "credential.helper=/workspace/cargo-home/bin/git-credential-null" "clone" "--bare" "https://github.com/xa11der/internet-sistemi-voting" "/workspace/cache/git-repos/https%3A%2F%2Fgithub.com%2Fxa11der%2Finternet-sistemi-voting", kill_on_drop: false }`
[INFO] [stderr] Cloning into bare repository '/workspace/cache/git-repos/https%3A%2F%2Fgithub.com%2Fxa11der%2Finternet-sistemi-voting'...
[INFO] running `Command { std: "git" "rev-parse" "HEAD", kill_on_drop: false }`
[INFO] [stdout] 63dac5ca914e4664931909340819a25d89b914b0
[INFO] documenting xa11der/internet-sistemi-voting against beta-2025-02-18 for beta-1.86-rustdoc-1
[INFO] running `Command { std: "git" "clone" "/workspace/cache/git-repos/https%3A%2F%2Fgithub.com%2Fxa11der%2Finternet-sistemi-voting" "/workspace/builds/worker-2-tc2/source", kill_on_drop: false }`
[INFO] [stderr] Cloning into '/workspace/builds/worker-2-tc2/source'...
[INFO] [stderr] done.
[INFO] validating manifest of git repo https://github.com/xa11der/internet-sistemi-voting on toolchain beta-2025-02-18
[INFO] running `Command { std: CARGO_HOME="/workspace/cargo-home" RUSTUP_HOME="/workspace/rustup-home" "/workspace/cargo-home/bin/cargo" "+beta-2025-02-18" "metadata" "--manifest-path" "Cargo.toml" "--no-deps", kill_on_drop: false }`
[INFO] started tweaking git repo https://github.com/xa11der/internet-sistemi-voting
[INFO] finished tweaking git repo https://github.com/xa11der/internet-sistemi-voting
[INFO] tweaked toml for git repo https://github.com/xa11der/internet-sistemi-voting written to /workspace/builds/worker-2-tc2/source/Cargo.toml
[INFO] crate git repo https://github.com/xa11der/internet-sistemi-voting already has a lockfile, it will not be regenerated
[INFO] running `Command { std: CARGO_HOME="/workspace/cargo-home" RUSTUP_HOME="/workspace/rustup-home" "/workspace/cargo-home/bin/cargo" "+beta-2025-02-18" "fetch" "--manifest-path" "Cargo.toml", kill_on_drop: false }`
[INFO] running `Command { std: "docker" "create" "-v" "/var/lib/crater-agent-workspace/builds/worker-2-tc2/target:/opt/rustwide/target:rw,Z" "-v" "/var/lib/crater-agent-workspace/builds/worker-2-tc2/source:/opt/rustwide/workdir:ro,Z" "-v" "/var/lib/crater-agent-workspace/cargo-home:/opt/rustwide/cargo-home:ro,Z" "-v" "/var/lib/crater-agent-workspace/rustup-home:/opt/rustwide/rustup-home:ro,Z" "-e" "SOURCE_DIR=/opt/rustwide/workdir" "-e" "CARGO_TARGET_DIR=/opt/rustwide/target" "-e" "CARGO_HOME=/opt/rustwide/cargo-home" "-e" "RUSTUP_HOME=/opt/rustwide/rustup-home" "-w" "/opt/rustwide/workdir" "-m" "1610612736" "--user" "0:0" "--network" "none" "ghcr.io/rust-lang/crates-build-env/linux@sha256:3959728d45483eb673ba100a951a6b9f5012970368db2a9e08e0ac9b67c8a5ad" "/opt/rustwide/cargo-home/bin/cargo" "+beta-2025-02-18" "metadata" "--no-deps" "--format-version=1", kill_on_drop: false }`
[INFO] [stdout] 95bd9155e49545b84e7edc4028ce7a67bf8c0b0a5bc53703146150e5159852d0
[INFO] running `Command { std: "docker" "start" "-a" "95bd9155e49545b84e7edc4028ce7a67bf8c0b0a5bc53703146150e5159852d0", kill_on_drop: false }`
[INFO] running `Command { std: "docker" "inspect" "95bd9155e49545b84e7edc4028ce7a67bf8c0b0a5bc53703146150e5159852d0", kill_on_drop: false }`
[INFO] running `Command { std: "docker" "rm" "-f" "95bd9155e49545b84e7edc4028ce7a67bf8c0b0a5bc53703146150e5159852d0", kill_on_drop: false }`
[INFO] [stdout] 95bd9155e49545b84e7edc4028ce7a67bf8c0b0a5bc53703146150e5159852d0
[INFO] running `Command { std: "docker" "create" "-v" "/var/lib/crater-agent-workspace/builds/worker-2-tc2/target:/opt/rustwide/target:rw,Z" "-v" "/var/lib/crater-agent-workspace/builds/worker-2-tc2/source:/opt/rustwide/workdir:ro,Z" "-v" "/var/lib/crater-agent-workspace/cargo-home:/opt/rustwide/cargo-home:ro,Z" "-v" "/var/lib/crater-agent-workspace/rustup-home:/opt/rustwide/rustup-home:ro,Z" "-e" "SOURCE_DIR=/opt/rustwide/workdir" "-e" "CARGO_TARGET_DIR=/opt/rustwide/target" "-e" "CARGO_INCREMENTAL=0" "-e" "RUST_BACKTRACE=full" "-e" "RUSTFLAGS=--cap-lints=warn" "-e" "RUSTDOCFLAGS=--cap-lints=warn" "-e" "CARGO_HOME=/opt/rustwide/cargo-home" "-e" "RUSTUP_HOME=/opt/rustwide/rustup-home" "-w" "/opt/rustwide/workdir" "-m" "1610612736" "--user" "0:0" "--network" "none" "ghcr.io/rust-lang/crates-build-env/linux@sha256:3959728d45483eb673ba100a951a6b9f5012970368db2a9e08e0ac9b67c8a5ad" "/opt/rustwide/cargo-home/bin/cargo" "+beta-2025-02-18" "doc" "--frozen" "--no-deps" "--document-private-items" "--message-format=json", kill_on_drop: false }`
[INFO] [stdout] aede4f49409e17467425840e9b4697de56d3a3903534851eed7b94f9b33bf225
[INFO] running `Command { std: "docker" "start" "-a" "aede4f49409e17467425840e9b4697de56d3a3903534851eed7b94f9b33bf225", kill_on_drop: false }`
[INFO] [stderr]    Compiling version_check v0.9.4
[INFO] [stderr]    Compiling proc-macro2 v1.0.82
[INFO] [stderr]    Compiling unicode-ident v1.0.12
[INFO] [stderr]     Checking zeroize v1.7.0
[INFO] [stderr]    Compiling typenum v1.17.0
[INFO] [stderr]     Checking subtle v2.5.0
[INFO] [stderr]    Compiling libc v0.2.154
[INFO] [stderr]     Checking cfg-if v1.0.0
[INFO] [stderr]     Checking const-oid v0.9.6
[INFO] [stderr]    Compiling syn v1.0.109
[INFO] [stderr]    Compiling serde v1.0.202
[INFO] [stderr]     Checking base16ct v0.2.0
[INFO] [stderr]     Checking der v0.7.9
[INFO] [stderr]     Checking cpufeatures v0.2.12
[INFO] [stderr]     Checking once_cell v1.19.0
[INFO] [stderr]    Compiling generic-array v0.14.7
[INFO] [stderr]    Compiling ahash v0.7.8
[INFO] [stderr]     Checking itoa v1.0.11
[INFO] [stderr]    Compiling serde_json v1.0.117
[INFO] [stderr]     Checking ryu v1.0.18
[INFO] [stderr]    Compiling thiserror v1.0.60
[INFO] [stderr]     Checking byteorder v1.5.0
[INFO] [stderr]    Compiling schemars v0.8.19
[INFO] [stderr]     Checking opaque-debug v0.3.1
[INFO] [stderr]     Checking rand_core v0.5.1
[INFO] [stderr]     Checking hex v0.4.3
[INFO] [stderr]     Checking dyn-clone v1.0.17
[INFO] [stderr]    Compiling quote v1.0.36
[INFO] [stderr]     Checking forward_ref v1.0.0
[INFO] [stderr]     Checking base64 v0.21.7
[INFO] [stderr]     Checking bech32 v0.9.1
[INFO] [stderr]     Checking static_assertions v1.1.0
[INFO] [stderr]    Compiling syn v2.0.63
[INFO] [stderr]     Checking bnum v0.8.1
[INFO] [stderr]    Compiling schemars v0.6.0
[INFO] [stderr]     Checking getrandom v0.2.15
[INFO] [stderr]     Checking powerfmt v0.2.0
[INFO] [stderr]     Checking spki v0.7.3
[INFO] [stderr]     Checking rand_core v0.6.4
[INFO] [stderr]     Checking deranged v0.3.11
[INFO] [stderr]     Checking pkcs8 v0.10.2
[INFO] [stderr]     Checking ff v0.13.0
[INFO] [stderr]     Checking group v0.13.0
[INFO] [stderr]     Checking num-conv v0.1.0
[INFO] [stderr]     Checking hashbrown v0.12.3
[INFO] [stderr]     Checking time-core v0.1.2
[INFO] [stderr]    Compiling time-macros v0.2.18
[INFO] [stderr]     Checking crypto-common v0.1.6
[INFO] [stderr]     Checking block-buffer v0.10.4
[INFO] [stderr]     Checking digest v0.9.0
[INFO] [stderr]     Checking digest v0.10.7
[INFO] [stderr]     Checking crypto-bigint v0.5.5
[INFO] [stderr]     Checking hmac v0.12.1
[INFO] [stderr]     Checking sec1 v0.7.3
[INFO] [stderr]     Checking rfc6979 v0.4.0
[INFO] [stderr]     Checking signature v2.2.0
[INFO] [stderr]     Checking block-buffer v0.9.0
[INFO] [stderr]     Checking sha2 v0.9.9
[INFO] [stderr]     Checking sha2 v0.10.8
[INFO] [stderr]     Checking curve25519-dalek v3.2.0
[INFO] [stderr]     Checking time v0.3.36
[INFO] [stderr]    Compiling serde_derive_internals v0.29.1
[INFO] [stderr]     Checking elliptic-curve v0.13.8
[INFO] [stderr]     Checking ecdsa v0.16.9
[INFO] [stderr]    Compiling serde_derive v1.0.202
[INFO] [stderr]    Compiling thiserror-impl v1.0.60
[INFO] [stderr]    Compiling schemars_derive v0.8.19
[INFO] [stderr]     Checking k256 v0.13.3
[INFO] [stderr]    Compiling serde_derive_internals v0.25.0
[INFO] [stderr]    Compiling cosmwasm-derive v1.5.5
[INFO] [stderr]    Compiling derivative v2.2.0
[INFO] [stderr]    Compiling schemars_derive v0.6.5
[INFO] [stderr]    Compiling cosmwasm-schema-derive v1.5.5
[INFO] [stdout] error: linking with `cc` failed: exit status: 1
[INFO] [stdout]   |
[INFO] [stdout]   = note:  "cc" "-Wl,--version-script=/tmp/rustczKodC4/list" "-Wl,--no-undefined-version" "-m64" "/tmp/rustczKodC4/symbols.o" "<9 object files omitted>" "/opt/rustwide/target/debug/deps/schemars_derive-d1019a37f42afe53.1svlcesnzglja93motptunfy6.rcgu.rmeta" "<1 object files omitted>" "-Wl,--as-needed" "-Wl,-Bstatic" "/opt/rustwide/target/debug/deps/{libserde_derive_internals-ece2cb460195f678.rlib,libsyn-3723178798b6cdbe.rlib,libquote-820dc43621fca760.rlib,libproc_macro2-3623d7ad804b9ffa.rlib,libunicode_ident-772f13ecc3fc189a.rlib}.rlib" "<sysroot>/lib/rustlib/x86_64-unknown-linux-gnu/lib/{libproc_macro-*,libstd-*,libpanic_unwind-*,libobject-*,libmemchr-*,libaddr2line-*,libgimli-*,librustc_demangle-*,libstd_detect-*,libhashbrown-*,librustc_std_workspace_alloc-*,libminiz_oxide-*,libadler2-*,libunwind-*,libcfg_if-*,liblibc-*,liballoc-*,librustc_std_workspace_core-*,libcore-*,libcompiler_builtins-*}.rlib" "-Wl,-Bdynamic" "-lgcc_s" "-lutil" "-lrt" "-lpthread" "-lm" "-ldl" "-lc" "-Wl,--eh-frame-hdr" "-Wl,-z,noexecstack" "-L" "<sysroot>/lib/rustlib/x86_64-unknown-linux-gnu/lib" "-o" "/opt/rustwide/target/debug/deps/libschemars_derive-d1019a37f42afe53.so" "-Wl,--gc-sections" "-shared" "-Wl,-z,relro,-z,now" "-nodefaultlibs"
[INFO] [stdout]   = note: some arguments are omitted. use `--verbose` to show all linker arguments
[INFO] [stdout]   = note: /usr/bin/ld: final link failed: No space left on device
[INFO] [stdout]           collect2: error: ld returned 1 exit status
[INFO] [stdout]           
[INFO] [stdout] 
[INFO] [stdout] 
[INFO] [stderr] error: could not compile `schemars_derive` (lib) due to 1 previous error
[INFO] [stderr] warning: build failed, waiting for other jobs to finish...
[INFO] [stdout] error: linking with `cc` failed: exit status: 1
[INFO] [stdout]   |
[INFO] [stdout]   = note:  "cc" "-Wl,--version-script=/tmp/rustc3tzPTB/list" "-Wl,--no-undefined-version" "-m64" "/tmp/rustc3tzPTB/symbols.o" "<16 object files omitted>" "/opt/rustwide/target/debug/deps/cosmwasm_schema_derive-2ff250366163b2ac.47j593qcxij34m7l8ml2t39fl.rcgu.rmeta" "<1 object files omitted>" "-Wl,--as-needed" "-Wl,-Bstatic" "/opt/rustwide/target/debug/deps/{libsyn-3723178798b6cdbe.rlib,libquote-820dc43621fca760.rlib,libproc_macro2-3623d7ad804b9ffa.rlib,libunicode_ident-772f13ecc3fc189a.rlib}.rlib" "<sysroot>/lib/rustlib/x86_64-unknown-linux-gnu/lib/{libproc_macro-*,libstd-*,libpanic_unwind-*,libobject-*,libmemchr-*,libaddr2line-*,libgimli-*,librustc_demangle-*,libstd_detect-*,libhashbrown-*,librustc_std_workspace_alloc-*,libminiz_oxide-*,libadler2-*,libunwind-*,libcfg_if-*,liblibc-*,liballoc-*,librustc_std_workspace_core-*,libcore-*,libcompiler_builtins-*}.rlib" "-Wl,-Bdynamic" "-lgcc_s" "-lutil" "-lrt" "-lpthread" "-lm" "-ldl" "-lc" "-Wl,--eh-frame-hdr" "-Wl,-z,noexecstack" "-L" "<sysroot>/lib/rustlib/x86_64-unknown-linux-gnu/lib" "-o" "/opt/rustwide/target/debug/deps/libcosmwasm_schema_derive-2ff250366163b2ac.so" "-Wl,--gc-sections" "-shared" "-Wl,-z,relro,-z,now" "-nodefaultlibs"
[INFO] [stdout]   = note: some arguments are omitted. use `--verbose` to show all linker arguments
[INFO] [stdout]   = note: /usr/bin/ld: final link failed: No space left on device
[INFO] [stdout]           collect2: error: ld returned 1 exit status
[INFO] [stdout]           
[INFO] [stdout] 
[INFO] [stdout] 
[INFO] [stderr] error: could not compile `cosmwasm-schema-derive` (lib) due to 1 previous error
[INFO] [stdout] error: linking with `cc` failed: exit status: 1
[INFO] [stdout]   |
[INFO] [stdout]   = note:  "cc" "-Wl,--version-script=/tmp/rustc50x5bP/list" "-Wl,--no-undefined-version" "-m64" "/tmp/rustc50x5bP/symbols.o" "<1 object files omitted>" "/opt/rustwide/target/debug/deps/cosmwasm_derive-a6f74090df3aed81.5t6hkpohs0pzh7vtzueu6hzky.rcgu.rmeta" "<1 object files omitted>" "-Wl,--as-needed" "-Wl,-Bstatic" "/opt/rustwide/target/debug/deps/{libsyn-3723178798b6cdbe.rlib,libquote-820dc43621fca760.rlib,libproc_macro2-3623d7ad804b9ffa.rlib,libunicode_ident-772f13ecc3fc189a.rlib}.rlib" "<sysroot>/lib/rustlib/x86_64-unknown-linux-gnu/lib/{libproc_macro-*,libstd-*,libpanic_unwind-*,libobject-*,libmemchr-*,libaddr2line-*,libgimli-*,librustc_demangle-*,libstd_detect-*,libhashbrown-*,librustc_std_workspace_alloc-*,libminiz_oxide-*,libadler2-*,libunwind-*,libcfg_if-*,liblibc-*,liballoc-*,librustc_std_workspace_core-*,libcore-*,libcompiler_builtins-*}.rlib" "-Wl,-Bdynamic" "-lgcc_s" "-lutil" "-lrt" "-lpthread" "-lm" "-ldl" "-lc" "-Wl,--eh-frame-hdr" "-Wl,-z,noexecstack" "-L" "<sysroot>/lib/rustlib/x86_64-unknown-linux-gnu/lib" "-o" "/opt/rustwide/target/debug/deps/libcosmwasm_derive-a6f74090df3aed81.so" "-Wl,--gc-sections" "-shared" "-Wl,-z,relro,-z,now" "-nodefaultlibs"
[INFO] [stdout]   = note: some arguments are omitted. use `--verbose` to show all linker arguments
[INFO] [stdout]   = note: /usr/bin/ld: final link failed: No space left on device
[INFO] [stdout]           collect2: error: ld returned 1 exit status
[INFO] [stdout]           
[INFO] [stdout] 
[INFO] [stdout] 
[INFO] [stderr] error: could not compile `cosmwasm-derive` (lib) due to 1 previous error
[INFO] [stdout] error: linking with `cc` failed: exit status: 1
[INFO] [stdout]   |
[INFO] [stdout]   = note:  "cc" "-Wl,--version-script=/tmp/rustcrRbLDN/list" "-Wl,--no-undefined-version" "-m64" "/tmp/rustcrRbLDN/symbols.o" "<16 object files omitted>" "/opt/rustwide/target/debug/deps/serde_derive-24d0015bba9f34b7.eztuon88eob2i6heaudbdzbf1.rcgu.rmeta" "<1 object files omitted>" "-Wl,--as-needed" "-Wl,-Bstatic" "/opt/rustwide/target/debug/deps/{libsyn-28dd560febbb1413.rlib,libquote-820dc43621fca760.rlib,libproc_macro2-3623d7ad804b9ffa.rlib,libunicode_ident-772f13ecc3fc189a.rlib}.rlib" "<sysroot>/lib/rustlib/x86_64-unknown-linux-gnu/lib/{libproc_macro-*,libstd-*,libpanic_unwind-*,libobject-*,libmemchr-*,libaddr2line-*,libgimli-*,librustc_demangle-*,libstd_detect-*,libhashbrown-*,librustc_std_workspace_alloc-*,libminiz_oxide-*,libadler2-*,libunwind-*,libcfg_if-*,liblibc-*,liballoc-*,librustc_std_workspace_core-*,libcore-*,libcompiler_builtins-*}.rlib" "-Wl,-Bdynamic" "-lgcc_s" "-lutil" "-lrt" "-lpthread" "-lm" "-ldl" "-lc" "-Wl,--eh-frame-hdr" "-Wl,-z,noexecstack" "-L" "<sysroot>/lib/rustlib/x86_64-unknown-linux-gnu/lib" "-o" "/opt/rustwide/target/debug/deps/libserde_derive-24d0015bba9f34b7.so" "-Wl,--gc-sections" "-shared" "-Wl,-z,relro,-z,now" "-nodefaultlibs"
[INFO] [stdout]   = note: some arguments are omitted. use `--verbose` to show all linker arguments
[INFO] [stdout]   = note: /usr/bin/ld: final link failed: No space left on device
[INFO] [stdout]           collect2: error: ld returned 1 exit status
[INFO] [stdout]           
[INFO] [stdout] 
[INFO] [stdout] 
[INFO] [stderr] error: could not compile `serde_derive` (lib) due to 1 previous error
[INFO] [stderr] rustc-LLVM ERROR: IO failure on output stream: No space left on device
[INFO] [stderr] error: could not compile `derivative` (lib)
[INFO] [stderr] 
[INFO] [stderr] Caused by:
[INFO] [stderr]   No space left on device (os error 28)
[INFO] [stderr] 
[INFO] [stderr] Caused by:
[INFO] [stderr]   failed to parse process output: `/opt/rustwide/rustup-home/toolchains/beta-2025-02-18-x86_64-unknown-linux-gnu/bin/rustc --crate-name derivative --edition=2015 /opt/rustwide/cargo-home/registry/src/index.crates.io-1949cf8c6b5b557f/derivative-2.2.0/src/lib.rs --error-format=json --json=diagnostic-rendered-ansi,artifacts,future-incompat --crate-type proc-macro --emit=dep-info,link -C prefer-dynamic -C embed-bitcode=no --check-cfg 'cfg(docsrs,test)' --check-cfg 'cfg(feature, values("use_core"))' -C metadata=651d8bbcfa89b218 -C extra-filename=-aa5c513fbb32919b --out-dir /opt/rustwide/target/debug/deps -L dependency=/opt/rustwide/target/debug/deps --extern proc_macro2=/opt/rustwide/target/debug/deps/libproc_macro2-3623d7ad804b9ffa.rlib --extern quote=/opt/rustwide/target/debug/deps/libquote-820dc43621fca760.rlib --extern syn=/opt/rustwide/target/debug/deps/libsyn-3723178798b6cdbe.rlib --extern proc_macro --cap-lints allow --cap-lints=warn` (exit status: 101)
[INFO] running `Command { std: "docker" "inspect" "aede4f49409e17467425840e9b4697de56d3a3903534851eed7b94f9b33bf225", kill_on_drop: false }`
[INFO] running `Command { std: "docker" "rm" "-f" "aede4f49409e17467425840e9b4697de56d3a3903534851eed7b94f9b33bf225", kill_on_drop: false }`
[INFO] [stdout] aede4f49409e17467425840e9b4697de56d3a3903534851eed7b94f9b33bf225
