[INFO] cloning repository https://github.com/whitespace-v/rustparsing
[INFO] running `Command { std: "git" "-c" "credential.helper=" "-c" "credential.helper=/workspace/cargo-home/bin/git-credential-null" "clone" "--bare" "https://github.com/whitespace-v/rustparsing" "/workspace/cache/git-repos/https%3A%2F%2Fgithub.com%2Fwhitespace-v%2Frustparsing", kill_on_drop: false }`
[INFO] [stderr] Cloning into bare repository '/workspace/cache/git-repos/https%3A%2F%2Fgithub.com%2Fwhitespace-v%2Frustparsing'...
[INFO] running `Command { std: "git" "rev-parse" "HEAD", kill_on_drop: false }`
[INFO] [stdout] ef54d4226a0394c1e0f2d973c478bf6f5b382ea3
[INFO] documenting whitespace-v/rustparsing against beta-2025-02-18 for beta-1.86-rustdoc-1
[INFO] running `Command { std: "git" "clone" "/workspace/cache/git-repos/https%3A%2F%2Fgithub.com%2Fwhitespace-v%2Frustparsing" "/workspace/builds/worker-6-tc2/source", kill_on_drop: false }`
[INFO] [stderr] Cloning into '/workspace/builds/worker-6-tc2/source'...
[INFO] [stderr] done.
[INFO] validating manifest of git repo https://github.com/whitespace-v/rustparsing on toolchain beta-2025-02-18
[INFO] running `Command { std: CARGO_HOME="/workspace/cargo-home" RUSTUP_HOME="/workspace/rustup-home" "/workspace/cargo-home/bin/cargo" "+beta-2025-02-18" "metadata" "--manifest-path" "Cargo.toml" "--no-deps", kill_on_drop: false }`
[INFO] started tweaking git repo https://github.com/whitespace-v/rustparsing
[INFO] finished tweaking git repo https://github.com/whitespace-v/rustparsing
[INFO] tweaked toml for git repo https://github.com/whitespace-v/rustparsing written to /workspace/builds/worker-6-tc2/source/Cargo.toml
[INFO] crate git repo https://github.com/whitespace-v/rustparsing already has a lockfile, it will not be regenerated
[INFO] running `Command { std: CARGO_HOME="/workspace/cargo-home" RUSTUP_HOME="/workspace/rustup-home" "/workspace/cargo-home/bin/cargo" "+beta-2025-02-18" "fetch" "--manifest-path" "Cargo.toml", kill_on_drop: false }`
[INFO] running `Command { std: "docker" "create" "-v" "/var/lib/crater-agent-workspace/builds/worker-6-tc2/target:/opt/rustwide/target:rw,Z" "-v" "/var/lib/crater-agent-workspace/builds/worker-6-tc2/source:/opt/rustwide/workdir:ro,Z" "-v" "/var/lib/crater-agent-workspace/cargo-home:/opt/rustwide/cargo-home:ro,Z" "-v" "/var/lib/crater-agent-workspace/rustup-home:/opt/rustwide/rustup-home:ro,Z" "-e" "SOURCE_DIR=/opt/rustwide/workdir" "-e" "CARGO_TARGET_DIR=/opt/rustwide/target" "-e" "CARGO_HOME=/opt/rustwide/cargo-home" "-e" "RUSTUP_HOME=/opt/rustwide/rustup-home" "-w" "/opt/rustwide/workdir" "-m" "1610612736" "--user" "0:0" "--network" "none" "ghcr.io/rust-lang/crates-build-env/linux@sha256:3959728d45483eb673ba100a951a6b9f5012970368db2a9e08e0ac9b67c8a5ad" "/opt/rustwide/cargo-home/bin/cargo" "+beta-2025-02-18" "metadata" "--no-deps" "--format-version=1", kill_on_drop: false }`
[INFO] [stdout] 8a99e9d8c2091a86daee5e6bc7de74ad86c2fb52db31a1abaed1d3e19c8ae117
[INFO] running `Command { std: "docker" "start" "-a" "8a99e9d8c2091a86daee5e6bc7de74ad86c2fb52db31a1abaed1d3e19c8ae117", kill_on_drop: false }`
[INFO] running `Command { std: "docker" "inspect" "8a99e9d8c2091a86daee5e6bc7de74ad86c2fb52db31a1abaed1d3e19c8ae117", kill_on_drop: false }`
[INFO] running `Command { std: "docker" "rm" "-f" "8a99e9d8c2091a86daee5e6bc7de74ad86c2fb52db31a1abaed1d3e19c8ae117", kill_on_drop: false }`
[INFO] [stdout] 8a99e9d8c2091a86daee5e6bc7de74ad86c2fb52db31a1abaed1d3e19c8ae117
[INFO] running `Command { std: "docker" "create" "-v" "/var/lib/crater-agent-workspace/builds/worker-6-tc2/target:/opt/rustwide/target:rw,Z" "-v" "/var/lib/crater-agent-workspace/builds/worker-6-tc2/source:/opt/rustwide/workdir:ro,Z" "-v" "/var/lib/crater-agent-workspace/cargo-home:/opt/rustwide/cargo-home:ro,Z" "-v" "/var/lib/crater-agent-workspace/rustup-home:/opt/rustwide/rustup-home:ro,Z" "-e" "SOURCE_DIR=/opt/rustwide/workdir" "-e" "CARGO_TARGET_DIR=/opt/rustwide/target" "-e" "CARGO_INCREMENTAL=0" "-e" "RUST_BACKTRACE=full" "-e" "RUSTFLAGS=--cap-lints=warn" "-e" "RUSTDOCFLAGS=--cap-lints=warn" "-e" "CARGO_HOME=/opt/rustwide/cargo-home" "-e" "RUSTUP_HOME=/opt/rustwide/rustup-home" "-w" "/opt/rustwide/workdir" "-m" "1610612736" "--user" "0:0" "--network" "none" "ghcr.io/rust-lang/crates-build-env/linux@sha256:3959728d45483eb673ba100a951a6b9f5012970368db2a9e08e0ac9b67c8a5ad" "/opt/rustwide/cargo-home/bin/cargo" "+beta-2025-02-18" "doc" "--frozen" "--no-deps" "--document-private-items" "--message-format=json", kill_on_drop: false }`
[INFO] [stdout] 5f834e80e664b824928625b796e8e978ea1b42e24f7645db21aa91055af4cf88
[INFO] running `Command { std: "docker" "start" "-a" "5f834e80e664b824928625b796e8e978ea1b42e24f7645db21aa91055af4cf88", kill_on_drop: false }`
[INFO] [stderr]    Compiling libc v0.2.155
[INFO] [stderr]    Compiling autocfg v1.3.0
[INFO] [stderr]    Compiling proc-macro2 v1.0.86
[INFO] [stderr]    Compiling unicode-ident v1.0.12
[INFO] [stderr]     Checking log v0.4.22
[INFO] [stderr]    Compiling cc v1.1.0
[INFO] [stderr]     Checking scopeguard v1.2.0
[INFO] [stderr]     Checking cfg-if v1.0.0
[INFO] [stderr]     Checking cfg-if v0.1.10
[INFO] [stderr]     Checking futures v0.1.31
[INFO] [stderr]     Checking fnv v1.0.7
[INFO] [stderr]    Compiling pkg-config v0.3.30
[INFO] [stderr]    Compiling vcpkg v0.2.15
[INFO] [stderr]    Compiling slab v0.4.9
[INFO] [stderr]    Compiling crossbeam-utils v0.7.2
[INFO] [stderr]    Compiling quote v1.0.36
[INFO] [stderr]    Compiling maybe-uninit v2.0.0
[INFO] [stderr]     Checking once_cell v1.19.0
[INFO] [stderr]     Checking itoa v1.0.11
[INFO] [stderr]     Checking lazy_static v1.5.0
[INFO] [stderr]    Compiling syn v2.0.70
[INFO] [stderr]     Checking byteorder v1.5.0
[INFO] [stderr]    Compiling semver-parser v0.7.0
[INFO] [stderr]     Checking pin-project-lite v0.2.14
[INFO] [stderr]    Compiling siphasher v0.3.11
[INFO] [stderr]     Checking num_cpus v1.16.0
[INFO] [stderr]    Compiling getrandom v0.2.15
[INFO] [stderr]    Compiling ppv-lite86 v0.2.17
[INFO] [stderr]     Checking smallvec v1.13.2
[INFO] [stderr]    Compiling semver v0.9.0
[INFO] [stderr]     Checking iovec v0.1.4
[INFO] [stderr]    Compiling rand_core v0.6.4
[INFO] [stderr]    Compiling lock_api v0.4.12
[INFO] [stderr]     Checking futures-core v0.3.30
[INFO] [stderr]    Compiling parking_lot_core v0.9.10
[INFO] [stderr]    Compiling openssl-sys v0.9.102
[INFO] [stderr]    Compiling rustc_version v0.2.3
[INFO] [stderr]    Compiling version_check v0.9.4
[INFO] [stderr]     Checking bytes v1.6.0
[INFO] [stderr]    Compiling rand_chacha v0.3.1
[INFO] [stderr]     Checking tokio-executor v0.1.10
[INFO] [stderr]     Checking bytes v0.4.12
[INFO] [stderr]    Compiling parking_lot_core v0.6.3
[INFO] [stderr]     Checking futures-sink v0.3.30
[INFO] [stderr]    Compiling rand v0.8.5
[INFO] [stderr]     Checking parking_lot v0.12.3
[INFO] [stderr]     Checking futures-io v0.3.30
[INFO] [stderr]    Compiling parking_lot v0.9.0
[INFO] [stderr]    Compiling phf_shared v0.10.0
[INFO] [stderr]     Checking net2 v0.2.39
[INFO] [stderr]     Checking tokio-io v0.1.13
[INFO] [stderr]     Checking socket2 v0.5.7
[INFO] [stderr]     Checking smallvec v0.6.14
[INFO] [stderr]    Compiling memoffset v0.5.6
[INFO] [stderr]    Compiling serde v1.0.204
[INFO] [stderr]     Checking memchr v2.7.4
[INFO] [stderr]     Checking mio v0.6.23
[INFO] [stderr]    Compiling crossbeam-epoch v0.8.2
[INFO] [stderr]     Checking lock_api v0.3.4
[INFO] [stderr]     Checking tinyvec_macros v0.1.1
[INFO] [stderr]     Checking tinyvec v1.8.0
[INFO] [stderr]     Checking futures-channel v0.3.30
[INFO] [stderr]    Compiling phf_generator v0.10.0
[INFO] [stderr]     Checking signal-hook-registry v1.4.2
[INFO] [stderr]     Checking mio v0.8.11
[INFO] [stderr]     Checking tokio-sync v0.1.8
[INFO] [stderr]     Checking futures-task v0.3.30
[INFO] [stderr]     Checking pin-utils v0.1.0
[INFO] [stderr]    Compiling phf_codegen v0.10.0
[INFO] [stderr]    Compiling libz-sys v1.1.18
[INFO] [stderr]    Compiling libnghttp2-sys v0.1.10+1.61.0
[INFO] [stderr]     Checking tracing-core v0.1.32
[INFO] [stderr]     Checking tokio-reactor v0.1.12
[INFO] [stderr]     Checking percent-encoding v2.3.1
[INFO] [stderr]    Compiling httparse v1.9.4
[INFO] [stderr]     Checking unicode-bidi v0.3.15
[INFO] [stderr]     Checking unicode-normalization v0.1.23
[INFO] [stderr]     Checking crossbeam-deque v0.7.4
[INFO] [stderr]     Checking tokio-codec v0.1.2
[INFO] [stderr]     Checking http v1.1.0
[INFO] [stderr]     Checking crossbeam-queue v0.2.3
[INFO] [stderr]     Checking bitflags v2.6.0
[INFO] [stderr]     Checking new_debug_unreachable v1.0.6
[INFO] [stderr]     Checking tokio-threadpool v0.1.18
[INFO] [stderr]     Checking form_urlencoded v1.2.1
[INFO] [stderr]     Checking mio-uds v0.6.8
[INFO] [stderr]    Compiling ring v0.17.8
[INFO] [stderr]    Compiling curl-sys v0.4.73+curl-8.8.0
[INFO] [stderr]    Compiling phf_shared v0.11.2
[INFO] [stderr]     Checking foreign-types-shared v0.1.1
[INFO] [stderr]     Checking hashbrown v0.14.5
[INFO] [stderr]    Compiling crossbeam-utils v0.8.20
[INFO] [stderr]     Checking rustls-pki-types v1.7.0
[INFO] [stderr]     Checking openssl-probe v0.1.5
[INFO] [stderr]    Compiling openssl v0.10.64
[INFO] [stderr]    Compiling syn v1.0.109
[INFO] [stderr]     Checking equivalent v1.0.1
[INFO] [stderr]     Checking foreign-types v0.3.2
[INFO] [stderr]     Checking http-body v1.0.0
[INFO] [stderr]     Checking tokio-fs v0.1.7
[INFO] [stderr]    Compiling phf_generator v0.11.2
[INFO] [stderr]     Checking idna v0.5.0
[INFO] [stderr]     Checking indexmap v2.2.6
[INFO] [stderr]     Checking tokio-uds v0.2.7
[INFO] [stderr]     Checking tokio-udp v0.1.6
[INFO] [stderr]     Checking tokio-tcp v0.1.4
[INFO] [stderr]    Compiling string_cache_codegen v0.5.2
[INFO] [stderr]     Checking tokio-timer v0.2.13
[INFO] [stderr]     Checking tokio-current-thread v0.1.7
[INFO] [stderr]     Checking ryu v1.0.18
[INFO] [stderr]     Checking atomic-waker v1.1.2
[INFO] [stderr]     Checking try-lock v0.2.5
[INFO] [stderr]     Checking powerfmt v0.2.0
[INFO] [stderr]    Compiling native-tls v0.2.12
[INFO] [stderr]    Compiling num-conv v0.1.0
[INFO] [stderr]    Compiling time-core v0.1.2
[INFO] [stderr]     Checking precomputed-hash v0.1.1
[INFO] [stderr]     Checking mac v0.1.1
[INFO] [stderr]    Compiling serde_json v1.0.120
[INFO] [stderr]     Checking deranged v0.3.11
[INFO] [stderr]     Checking futf v0.1.5
[INFO] [stderr]    Compiling time-macros v0.2.18
[INFO] [stderr]     Checking want v0.3.1
[INFO] [stderr]     Checking tokio v0.1.22
[INFO] [stderr]     Checking url v2.5.2
[INFO] [stderr]    Compiling markup5ever v0.11.0
[INFO] [stderr]     Checking phf v0.10.1
[INFO] [stderr]    Compiling unicase v2.7.0
[INFO] [stderr]    Compiling cookie v0.18.1
[INFO] [stderr]     Checking rand v0.4.6
[INFO] [stderr]     Checking spin v0.9.8
[INFO] [stderr]     Checking tower-layer v0.3.2
[INFO] [stderr]     Checking utf-8 v0.7.6
[INFO] [stderr]     Checking scoped-tls v0.1.2
[INFO] [stderr]     Checking tower-service v0.3.2
[INFO] [stderr]     Checking mime v0.3.17
[INFO] [stderr]     Checking dtoa v1.0.9
[INFO] [stderr]     Checking untrusted v0.9.0
[INFO] [stderr]     Checking dtoa-short v0.3.5
[INFO] [stderr]     Checking tendril v0.4.3
[INFO] [stderr]     Checking tokio-core v0.1.18
[INFO] [stderr]     Checking rand v0.3.23
[INFO] [stderr]    Compiling serde_derive v1.0.204
[INFO] [stderr]    Compiling futures-macro v0.3.30
[INFO] [stderr]    Compiling tokio-macros v2.3.0
[INFO] [stderr]    Compiling tracing-attributes v0.1.27
[INFO] [stderr]    Compiling pin-project-internal v1.1.5
[INFO] [stderr]     Checking tokio v1.38.0
[INFO] [stderr]    Compiling openssl-macros v0.1.1
[INFO] [stderr]     Checking futures-util v0.3.30
[INFO] [stderr]     Checking tracing v0.1.40
[INFO] [stderr]     Checking pin-project v1.1.5
[INFO] [stderr]    Compiling phf_macros v0.11.2
[INFO] [stderr]     Checking time v0.3.36
[INFO] [stderr]     Checking phf v0.11.2
[INFO] [stderr]    Compiling cssparser-macros v0.6.1
[INFO] [stderr]     Checking concurrent-queue v2.5.0
[INFO] [stderr]     Checking idna v0.3.0
[INFO] [stderr]    Compiling selectors v0.25.0
[INFO] [stderr]    Compiling ahash v0.8.11
[INFO] [stderr]     Checking tokio-service v0.1.0
[INFO] [stderr]    Compiling polling v2.8.0
[INFO] [stderr]     Checking log v0.3.9
[INFO] [stderr]     Checking encoding_rs v0.8.34
[INFO] [stderr]     Checking adler v1.0.2
[INFO] [stderr]    Compiling html5ever v0.26.0
[INFO] [stderr]     Checking smallvec v0.2.1
[INFO] [stderr]     Checking slab v0.3.0
[INFO] [stderr]     Checking psl-types v2.0.11
[INFO] [stderr]    Compiling rustls v0.23.11
[INFO] [stderr]     Checking take v0.1.0
[INFO] [stderr]     Checking event-listener v2.5.3
[INFO] [stderr]    Compiling curl v0.4.46
[INFO] [stderr]     Checking try-lock v0.1.0
[INFO] [stderr]     Checking base64 v0.22.1
[INFO] [stderr]     Checking stable_deref_trait v1.2.0
[INFO] [stdout] error: couldn't create a temp dir: No space left on device (os error 28) at path "/opt/rustwide/target/debug/deps/rmeta8JUfwo"
[INFO] [stdout] 
[INFO] [stdout] 
[INFO] [stderr] error: could not compile `stable_deref_trait` (lib) due to 1 previous error
[INFO] [stderr] warning: build failed, waiting for other jobs to finish...
[INFO] [stdout] error: linking with `cc` failed: exit status: 1
[INFO] [stdout]   |
[INFO] [stdout]   = note:  "cc" "-m64" "/tmp/rustcfuR0gk/symbols.o" "<2 object files omitted>" "-Wl,--as-needed" "-Wl,-Bstatic" "<sysroot>/lib/rustlib/x86_64-unknown-linux-gnu/lib/{libstd-*,libpanic_unwind-*,libobject-*,libmemchr-*,libaddr2line-*,libgimli-*,librustc_demangle-*,libstd_detect-*,libhashbrown-*,librustc_std_workspace_alloc-*,libminiz_oxide-*,libadler2-*,libunwind-*,libcfg_if-*,liblibc-*,liballoc-*,librustc_std_workspace_core-*,libcore-*,libcompiler_builtins-*}.rlib" "-Wl,-Bdynamic" "-lgcc_s" "-lutil" "-lrt" "-lpthread" "-lm" "-ldl" "-lc" "-Wl,--eh-frame-hdr" "-Wl,-z,noexecstack" "-L" "<sysroot>/lib/rustlib/x86_64-unknown-linux-gnu/lib" "-o" "/opt/rustwide/target/debug/build/curl-282ea817873a48f6/build_script_build-282ea817873a48f6" "-Wl,--gc-sections" "-pie" "-Wl,-z,relro,-z,now" "-nodefaultlibs"
[INFO] [stdout]   = note: some arguments are omitted. use `--verbose` to show all linker arguments
[INFO] [stdout]   = note: /usr/bin/ld: final link failed: No space left on device
[INFO] [stdout]           collect2: error: ld returned 1 exit status
[INFO] [stdout]           
[INFO] [stdout] 
[INFO] [stdout] 
[INFO] [stderr] error: could not compile `curl` (build script) due to 1 previous error
[INFO] [stderr] rustc-LLVM ERROR: IO failure on output stream: No space left on device
[INFO] [stderr] warning: curl-sys@0.4.73+curl-8.8.0: curl/lib/multi.c:3937:1: fatal error: error writing to /tmp/ccWYfdwf.s: No space left on device
[INFO] [stderr] warning: curl-sys@0.4.73+curl-8.8.0:  3937 | }
[INFO] [stderr] warning: curl-sys@0.4.73+curl-8.8.0:       | ^
[INFO] [stderr] warning: curl-sys@0.4.73+curl-8.8.0: compilation terminated.
[INFO] [stderr] error: failed to run custom build command for `curl-sys v0.4.73+curl-8.8.0`
[INFO] [stderr] note: To improve backtraces for build dependencies, set the CARGO_PROFILE_DEV_BUILD_OVERRIDE_DEBUG=true environment variable to enable debug information generation.
[INFO] [stderr] 
[INFO] [stderr] Caused by:
[INFO] [stderr]   process didn't exit successfully: `/opt/rustwide/target/debug/build/curl-sys-b088bcdf533f5291/build-script-build` (exit status: 1)
[INFO] [stderr]   --- stdout
[INFO] [stderr]   cargo:rerun-if-changed=curl
[INFO] [stderr]   cargo:root=/opt/rustwide/target/debug/build/curl-sys-f1c540f06a6a3fa0/out
[INFO] [stderr]   cargo:include=/opt/rustwide/target/debug/build/curl-sys-f1c540f06a6a3fa0/out/include
[INFO] [stderr]   cargo:static=1
[INFO] [stderr]   cargo:rustc-cfg=libcurl_vendored
[INFO] [stderr]   cargo:rustc-cfg=link_libnghttp2
[INFO] [stderr]   cargo:rustc-cfg=link_libz
[INFO] [stderr]   cargo:rustc-cfg=link_openssl
[INFO] [stderr]   TARGET = Some(x86_64-unknown-linux-gnu)
[INFO] [stderr]   OPT_LEVEL = Some(0)
[INFO] [stderr]   HOST = Some(x86_64-unknown-linux-gnu)
[INFO] [stderr]   cargo:rerun-if-env-changed=CC_x86_64-unknown-linux-gnu
[INFO] [stderr]   CC_x86_64-unknown-linux-gnu = None
[INFO] [stderr]   cargo:rerun-if-env-changed=CC_x86_64_unknown_linux_gnu
[INFO] [stderr]   CC_x86_64_unknown_linux_gnu = None
[INFO] [stderr]   cargo:rerun-if-env-changed=HOST_CC
[INFO] [stderr]   HOST_CC = None
[INFO] [stderr]   cargo:rerun-if-env-changed=CC
[INFO] [stderr]   CC = None
[INFO] [stderr]   cargo:rerun-if-env-changed=CC_ENABLE_DEBUG_OUTPUT
[INFO] [stderr]   RUSTC_WRAPPER = None
[INFO] [stderr]   cargo:rerun-if-env-changed=CRATE_CC_NO_DEFAULTS
[INFO] [stderr]   CRATE_CC_NO_DEFAULTS = None
[INFO] [stderr]   DEBUG = Some(true)
[INFO] [stderr]   CARGO_CFG_TARGET_FEATURE = Some(fxsr,sse,sse2)
[INFO] [stderr]   cargo:rerun-if-env-changed=CFLAGS_x86_64-unknown-linux-gnu
[INFO] [stderr]   CFLAGS_x86_64-unknown-linux-gnu = None
[INFO] [stderr]   cargo:rerun-if-env-changed=CFLAGS_x86_64_unknown_linux_gnu
[INFO] [stderr]   CFLAGS_x86_64_unknown_linux_gnu = None
[INFO] [stderr]   cargo:rerun-if-env-changed=HOST_CFLAGS
[INFO] [stderr]   HOST_CFLAGS = None
[INFO] [stderr]   cargo:rerun-if-env-changed=CFLAGS
[INFO] [stderr]   CFLAGS = None
[INFO] [stderr]   cargo:warning=curl/lib/multi.c:3937:1: fatal error: error writing to /tmp/ccWYfdwf.s: No space left on device
[INFO] [stderr]   cargo:warning= 3937 | }
[INFO] [stderr]   cargo:warning=      | ^
[INFO] [stderr]   cargo:warning=compilation terminated.
[INFO] [stderr] 
[INFO] [stderr]   --- stderr
[INFO] [stderr]   fatal: not a git repository (or any parent up to mount point /opt/rustwide)
[INFO] [stderr]   Stopping at filesystem boundary (GIT_DISCOVERY_ACROSS_FILESYSTEM not set).
[INFO] [stderr] 
[INFO] [stderr] 
[INFO] [stderr]   error occurred: Command "cc" "-O0" "-ffunction-sections" "-fdata-sections" "-fPIC" "-gdwarf-4" "-fno-omit-frame-pointer" "-m64" "-I" "curl/lib" "-I" "curl/include" "-I" "/opt/rustwide/target/debug/build/libnghttp2-sys-090be7430c69545b/out/i/include" "-I" "/usr/include" "-I" "/usr/include" "-fvisibility=hidden" "-DBUILDING_LIBCURL" "-DCURL_DISABLE_DICT" "-DCURL_DISABLE_GOPHER" "-DCURL_DISABLE_IMAP" "-DCURL_DISABLE_LDAP" "-DCURL_DISABLE_LDAPS" "-DCURL_DISABLE_POP3" "-DCURL_DISABLE_RTSP" "-DCURL_DISABLE_SMB" "-DCURL_DISABLE_SMTP" "-DCURL_DISABLE_TELNET" "-DCURL_DISABLE_TFTP" "-DCURL_STATICLIB" "-DENABLE_IPV6" "-DHAVE_ASSERT_H" "-DOS=\"unknown\"" "-DHAVE_ZLIB_H" "-DHAVE_LONGLONG" "-DHAVE_LIBZ" "-DHAVE_BOOL_T" "-DHAVE_STDBOOL_H" "-DHAVE_GETADDRINFO" "-DHAVE_GETPEERNAME" "-DHAVE_GETSOCKNAME" "-DCURL_DISABLE_NTLM" "-DCURL_DISABLE_FTP" "-DUSE_NGHTTP2" "-DNGHTTP2_STATICLIB" "-DUSE_OPENSSL" "-DRECV_TYPE_ARG1=int" "-DHAVE_PTHREAD_H" "-DHAVE_ARPA_INET_H" "-DHAVE_ERRNO_H" "-DHAVE_FCNTL_H" "-DHAVE_NETDB_H" "-DHAVE_NETINET_IN_H" "-DHAVE_NETINET_TCP_H" "-DHAVE_POLL_H" "-DHAVE_FCNTL_O_NONBLOCK" "-DHAVE_SYS_SELECT_H" "-DHAVE_SYS_STAT_H" "-DHAVE_SYS_TIME_H" "-DHAVE_UNISTD_H" "-DHAVE_RECV" "-DHAVE_SELECT" "-DHAVE_SEND" "-DHAVE_SOCKET" "-DHAVE_STERRROR_R" "-DHAVE_SOCKETPAIR" "-DHAVE_STRUCT_TIMEVAL" "-DHAVE_SYS_UN_H" "-DUSE_THREADS_POSIX" "-DUSE_UNIX_SOCKETS" "-DRECV_TYPE_ARG2=void*" "-DRECV_TYPE_ARG3=size_t" "-DRECV_TYPE_ARG4=int" "-DRECV_TYPE_RETV=ssize_t" "-DSEND_QUAL_ARG2=const" "-DSEND_TYPE_ARG1=int" "-DSEND_TYPE_ARG2=void*" "-DSEND_TYPE_ARG3=size_t" "-DSEND_TYPE_ARG4=int" "-DSEND_TYPE_RETV=ssize_t" "-DSIZEOF_CURL_OFF_T=8" "-DSIZEOF_INT=4" "-DSIZEOF_SHORT=2" "-DHAVE_CLOCK_GETTIME_MONOTONIC" "-DHAVE_GETTIMEOFDAY" "-DHAVE_POLL_FINE" "-DSIZEOF_SSIZE_T=8" "-DSIZEOF_SIZE_T=8" "-DSIZEOF_LONG=8" "-o" "/opt/rustwide/target/debug/build/curl-sys-f1c540f06a6a3fa0/out/build/4da0da058b5259b3-multi.o" "-c" "curl/lib/multi.c" with args cc did not execute successfully (status code exit status: 1).
[INFO] [stderr] 
[INFO] [stderr] 
[INFO] [stderr] error: could not compile `html5ever` (build script)
[INFO] [stderr] 
[INFO] [stderr] Caused by:
[INFO] [stderr]   No space left on device (os error 28)
[INFO] [stderr] 
[INFO] [stderr] Caused by:
[INFO] [stderr]   failed to parse process output: `/opt/rustwide/rustup-home/toolchains/beta-2025-02-18-x86_64-unknown-linux-gnu/bin/rustc --crate-name build_script_build --edition=2018 /opt/rustwide/cargo-home/registry/src/index.crates.io-1949cf8c6b5b557f/html5ever-0.26.0/build.rs --error-format=json --json=diagnostic-rendered-ansi,artifacts,future-incompat --crate-type bin --emit=dep-info,link -C embed-bitcode=no --check-cfg 'cfg(docsrs,test)' --check-cfg 'cfg(feature, values())' -C metadata=f03af08397621acd -C extra-filename=-4a2da43de0f52068 --out-dir /opt/rustwide/target/debug/build/html5ever-4a2da43de0f52068 -L dependency=/opt/rustwide/target/debug/deps --extern proc_macro2=/opt/rustwide/target/debug/deps/libproc_macro2-c3dd29a6287a876f.rlib --extern quote=/opt/rustwide/target/debug/deps/libquote-06c0a3ebd054f571.rlib --extern syn=/opt/rustwide/target/debug/deps/libsyn-4ef3a968c39ed25a.rlib --cap-lints allow --cap-lints=warn` (exit status: 101)
[INFO] [stdout] error: couldn't create a temp dir: No space left on device (os error 28) at path "/opt/rustwide/target/debug/deps/rmetatcfDOm"
[INFO] [stdout] 
[INFO] [stdout] 
[INFO] [stderr] error: could not compile `base64` (lib) due to 1 previous error
[INFO] [stdout] error: couldn't create a temp dir: No space left on device (os error 28) at path "/opt/rustwide/target/debug/deps/rmeta1dhg7W"
[INFO] [stdout] 
[INFO] [stdout] 
[INFO] [stderr] error: could not compile `tokio` (lib) due to 1 previous error
[INFO] running `Command { std: "docker" "inspect" "5f834e80e664b824928625b796e8e978ea1b42e24f7645db21aa91055af4cf88", kill_on_drop: false }`
[INFO] running `Command { std: "docker" "rm" "-f" "5f834e80e664b824928625b796e8e978ea1b42e24f7645db21aa91055af4cf88", kill_on_drop: false }`
[INFO] [stdout] 5f834e80e664b824928625b796e8e978ea1b42e24f7645db21aa91055af4cf88
