[INFO] cloning repository https://github.com/untilyoumakeit/mqtt_sensor
[INFO] running `Command { std: "git" "-c" "credential.helper=" "-c" "credential.helper=/workspace/cargo-home/bin/git-credential-null" "clone" "--bare" "https://github.com/untilyoumakeit/mqtt_sensor" "/workspace/cache/git-repos/https%3A%2F%2Fgithub.com%2Funtilyoumakeit%2Fmqtt_sensor", kill_on_drop: false }`
[INFO] [stderr] Cloning into bare repository '/workspace/cache/git-repos/https%3A%2F%2Fgithub.com%2Funtilyoumakeit%2Fmqtt_sensor'...
[INFO] running `Command { std: "git" "rev-parse" "HEAD", kill_on_drop: false }`
[INFO] [stdout] be0c3ff451b76fb146c2955e80cf5e2fc553cd7c
[INFO] documenting untilyoumakeit/mqtt_sensor against beta-2025-02-18 for beta-1.86-rustdoc-1
[INFO] running `Command { std: "git" "clone" "/workspace/cache/git-repos/https%3A%2F%2Fgithub.com%2Funtilyoumakeit%2Fmqtt_sensor" "/workspace/builds/worker-2-tc2/source", kill_on_drop: false }`
[INFO] [stderr] Cloning into '/workspace/builds/worker-2-tc2/source'...
[INFO] [stderr] done.
[INFO] validating manifest of git repo https://github.com/untilyoumakeit/mqtt_sensor on toolchain beta-2025-02-18
[INFO] running `Command { std: CARGO_HOME="/workspace/cargo-home" RUSTUP_HOME="/workspace/rustup-home" "/workspace/cargo-home/bin/cargo" "+beta-2025-02-18" "metadata" "--manifest-path" "Cargo.toml" "--no-deps", kill_on_drop: false }`
[INFO] started tweaking git repo https://github.com/untilyoumakeit/mqtt_sensor
[INFO] finished tweaking git repo https://github.com/untilyoumakeit/mqtt_sensor
[INFO] tweaked toml for git repo https://github.com/untilyoumakeit/mqtt_sensor written to /workspace/builds/worker-2-tc2/source/Cargo.toml
[INFO] crate git repo https://github.com/untilyoumakeit/mqtt_sensor already has a lockfile, it will not be regenerated
[INFO] running `Command { std: CARGO_HOME="/workspace/cargo-home" RUSTUP_HOME="/workspace/rustup-home" "/workspace/cargo-home/bin/cargo" "+beta-2025-02-18" "fetch" "--manifest-path" "Cargo.toml", kill_on_drop: false }`
[INFO] running `Command { std: "docker" "create" "-v" "/var/lib/crater-agent-workspace/builds/worker-2-tc2/target:/opt/rustwide/target:rw,Z" "-v" "/var/lib/crater-agent-workspace/builds/worker-2-tc2/source:/opt/rustwide/workdir:ro,Z" "-v" "/var/lib/crater-agent-workspace/cargo-home:/opt/rustwide/cargo-home:ro,Z" "-v" "/var/lib/crater-agent-workspace/rustup-home:/opt/rustwide/rustup-home:ro,Z" "-e" "SOURCE_DIR=/opt/rustwide/workdir" "-e" "CARGO_TARGET_DIR=/opt/rustwide/target" "-e" "CARGO_HOME=/opt/rustwide/cargo-home" "-e" "RUSTUP_HOME=/opt/rustwide/rustup-home" "-w" "/opt/rustwide/workdir" "-m" "1610612736" "--user" "0:0" "--network" "none" "ghcr.io/rust-lang/crates-build-env/linux@sha256:3959728d45483eb673ba100a951a6b9f5012970368db2a9e08e0ac9b67c8a5ad" "/opt/rustwide/cargo-home/bin/cargo" "+beta-2025-02-18" "metadata" "--no-deps" "--format-version=1", kill_on_drop: false }`
[INFO] [stdout] e58bf2b648d79f8b5f33e34b46dea92e6c24731cb1f96cc75f122db1034aee9c
[INFO] running `Command { std: "docker" "start" "-a" "e58bf2b648d79f8b5f33e34b46dea92e6c24731cb1f96cc75f122db1034aee9c", kill_on_drop: false }`
[INFO] running `Command { std: "docker" "inspect" "e58bf2b648d79f8b5f33e34b46dea92e6c24731cb1f96cc75f122db1034aee9c", kill_on_drop: false }`
[INFO] running `Command { std: "docker" "rm" "-f" "e58bf2b648d79f8b5f33e34b46dea92e6c24731cb1f96cc75f122db1034aee9c", kill_on_drop: false }`
[INFO] [stdout] e58bf2b648d79f8b5f33e34b46dea92e6c24731cb1f96cc75f122db1034aee9c
[INFO] running `Command { std: "docker" "create" "-v" "/var/lib/crater-agent-workspace/builds/worker-2-tc2/target:/opt/rustwide/target:rw,Z" "-v" "/var/lib/crater-agent-workspace/builds/worker-2-tc2/source:/opt/rustwide/workdir:ro,Z" "-v" "/var/lib/crater-agent-workspace/cargo-home:/opt/rustwide/cargo-home:ro,Z" "-v" "/var/lib/crater-agent-workspace/rustup-home:/opt/rustwide/rustup-home:ro,Z" "-e" "SOURCE_DIR=/opt/rustwide/workdir" "-e" "CARGO_TARGET_DIR=/opt/rustwide/target" "-e" "CARGO_INCREMENTAL=0" "-e" "RUST_BACKTRACE=full" "-e" "RUSTFLAGS=--cap-lints=warn" "-e" "RUSTDOCFLAGS=--cap-lints=warn" "-e" "CARGO_HOME=/opt/rustwide/cargo-home" "-e" "RUSTUP_HOME=/opt/rustwide/rustup-home" "-w" "/opt/rustwide/workdir" "-m" "1610612736" "--user" "0:0" "--network" "none" "ghcr.io/rust-lang/crates-build-env/linux@sha256:3959728d45483eb673ba100a951a6b9f5012970368db2a9e08e0ac9b67c8a5ad" "/opt/rustwide/cargo-home/bin/cargo" "+beta-2025-02-18" "doc" "--frozen" "--no-deps" "--document-private-items" "--message-format=json", kill_on_drop: false }`
[INFO] [stdout] f33687d8ac3c87d1da5c2894b71ef8352b68e7fc2f23d12afc5039f1e54d87f5
[INFO] running `Command { std: "docker" "start" "-a" "f33687d8ac3c87d1da5c2894b71ef8352b68e7fc2f23d12afc5039f1e54d87f5", kill_on_drop: false }`
[INFO] [stderr]    Compiling cc v1.0.50
[INFO] [stderr]    Compiling libc v0.2.66
[INFO] [stderr]    Compiling proc-macro2 v1.0.8
[INFO] [stderr]    Compiling log v0.4.8
[INFO] [stderr]    Compiling unicode-xid v0.2.0
[INFO] [stderr]     Checking cfg-if v0.1.10
[INFO] [stderr]    Compiling memchr v2.3.0
[INFO] [stderr]    Compiling syn v1.0.14
[INFO] [stderr]     Checking lazy_static v1.4.0
[INFO] [stderr]    Compiling serde v1.0.104
[INFO] [stderr]     Checking thread_local v1.0.1
[INFO] [stderr]     Checking regex-syntax v0.6.14
[INFO] [stderr]     Checking quick-error v1.2.3
[INFO] [stderr]     Checking humantime v1.3.0
[INFO] [stderr]     Checking termcolor v1.1.0
[INFO] [stderr]     Checking log v0.3.9
[INFO] [stderr]     Checking futures v0.1.29
[INFO] [stderr]     Checking aho-corasick v0.7.7
[INFO] [stderr]    Compiling cmake v0.1.42
[INFO] [stderr]     Checking linked-hash-map v0.5.2
[INFO] [stderr]     Checking yaml-rust v0.4.3
[INFO] [stderr]    Compiling mqtt_sensors v0.1.0 (/opt/rustwide/workdir)
[INFO] [stderr]     Checking time v0.1.42
[INFO] [stderr]    Compiling quote v1.0.2
[INFO] [stderr]    Compiling sys-info v0.5.8
[INFO] [stderr]    Compiling paho-mqtt-sys v0.2.1
[INFO] [stderr]     Checking atty v0.2.14
[INFO] [stderr]     Checking dtoa v0.4.5
[INFO] [stderr]     Checking syncbox v0.2.4
[INFO] [stderr]     Checking json v0.12.1
[INFO] [stderr]     Checking eventual v0.1.7
[INFO] [stderr]     Checking futures-timer v0.1.1
[INFO] [stderr]     Checking regex v1.3.4
[INFO] [stderr]     Checking env_logger v0.6.2
[INFO] [stderr] error: failed to run custom build command for `paho-mqtt-sys v0.2.1`
[INFO] [stderr] note: To improve backtraces for build dependencies, set the CARGO_PROFILE_DEV_BUILD_OVERRIDE_DEBUG=true environment variable to enable debug information generation.
[INFO] [stderr] 
[INFO] [stderr] Caused by:
[INFO] [stderr]   process didn't exit successfully: `/opt/rustwide/target/debug/build/paho-mqtt-sys-f0a7d2018ebc69f7/build-script-build` (exit status: 101)
[INFO] [stderr]   --- stdout
[INFO] [stderr]   debug:Running the bundled build for Paho C
[INFO] [stderr]   cargo:rerun-if-changed=build.rs
[INFO] [stderr]   running: cd "/opt/rustwide/target/debug/build/paho-mqtt-sys-550ff9c1043e54c1/out/build" && CMAKE_PREFIX_PATH="" "cmake" "/opt/rustwide/cargo-home/registry/src/index.crates.io-1949cf8c6b5b557f/paho-mqtt-sys-0.2.1/paho.mqtt.c/" "-DPAHO_BUILD_STATIC=on" "-DPAHO_ENABLE_TESTING=off" "-DPAHO_WITH_SSL=on" "-DCMAKE_INSTALL_PREFIX=/opt/rustwide/target/debug/build/paho-mqtt-sys-550ff9c1043e54c1/out" "-DCMAKE_C_FLAGS= -ffunction-sections -fdata-sections -fPIC -m64" "-DCMAKE_C_COMPILER=/usr/bin/cc" "-DCMAKE_CXX_FLAGS= -ffunction-sections -fdata-sections -fPIC -m64" "-DCMAKE_CXX_COMPILER=/usr/bin/c++" "-DCMAKE_BUILD_TYPE=Debug"
[INFO] [stderr]   -- The C compiler identification is GNU 11.4.0
[INFO] [stderr]   -- Detecting C compiler ABI info
[INFO] [stderr]   -- Detecting C compiler ABI info - done
[INFO] [stderr]   -- Check for working C compiler: /usr/bin/cc - skipped
[INFO] [stderr]   -- Detecting C compile features
[INFO] [stderr]   -- Detecting C compile features - done
[INFO] [stderr]   -- CMake version: 3.22.1
[INFO] [stderr]   -- CMake system name: Linux
[INFO] [stderr]   -- Timestamp is 2025-02-24T22:46:30Z
[INFO] [stderr]   -- OpenSSL hints: 
[INFO] [stderr]   -- OpenSSL headers found at /usr/include
[INFO] [stderr]   -- OpenSSL library found at /usr/lib/x86_64-linux-gnu/libssl.so
[INFO] [stderr]   -- OpenSSL Crypto library found at /usr/lib/x86_64-linux-gnu/libcrypto.so
[INFO] [stderr]   -- Configuring done
[INFO] [stderr]   -- Generating done
[INFO] [stderr]   -- Build files have been written to: /opt/rustwide/target/debug/build/paho-mqtt-sys-550ff9c1043e54c1/out/build
[INFO] [stderr]   running: cd "/opt/rustwide/target/debug/build/paho-mqtt-sys-550ff9c1043e54c1/out/build" && MAKEFLAGS="-j --jobserver-fds=8,9 --jobserver-auth=8,9" "cmake" "--build" "." "--target" "install" "--config" "Debug" "--"
[INFO] [stderr]   [  1%] Building C object src/CMakeFiles/common_obj.dir/MQTTProtocolClient.c.o
[INFO] [stderr]   [  3%] Building C object src/CMakeFiles/common_obj.dir/utf-8.c.o
[INFO] [stderr]   [  4%] Building C object src/CMakeFiles/common_obj.dir/StackTrace.c.o
[INFO] [stderr]   [  6%] Building C object src/CMakeFiles/common_obj.dir/Clients.c.o
[INFO] [stderr]   [  7%] Building C object src/CMakeFiles/common_ssl_obj.dir/MQTTProtocolClient.c.o
[INFO] [stderr]   [  9%] Building C object src/CMakeFiles/common_ssl_obj.dir/Clients.c.o
[INFO] [stderr]   [ 10%] Building C object src/CMakeFiles/common_ssl_obj.dir/utf-8.c.o
[INFO] [stderr]   [ 12%] Building C object src/CMakeFiles/common_obj.dir/MQTTPacket.c.o
[INFO] [stderr]   [ 13%] Building C object src/CMakeFiles/common_ssl_obj.dir/StackTrace.c.o
[INFO] [stderr]   [ 15%] Building C object src/CMakeFiles/common_ssl_obj.dir/MQTTPacket.c.o
[INFO] [stderr]   [ 16%] Building C object src/CMakeFiles/common_obj.dir/MQTTPacketOut.c.o
[INFO] [stderr]   [ 18%] Building C object src/CMakeFiles/common_ssl_obj.dir/MQTTPacketOut.c.o
[INFO] [stderr]   [ 19%] Building C object src/CMakeFiles/common_obj.dir/Messages.c.o
[INFO] [stderr]   [ 21%] Building C object src/CMakeFiles/common_ssl_obj.dir/Messages.c.o
[INFO] [stderr]   [ 22%] Building C object src/CMakeFiles/common_obj.dir/Tree.c.o
[INFO] [stderr]   [ 24%] Building C object src/CMakeFiles/common_ssl_obj.dir/Tree.c.o
[INFO] [stderr]   [ 25%] Building C object src/CMakeFiles/common_ssl_obj.dir/Socket.c.o
[INFO] [stderr]   [ 27%] Building C object src/CMakeFiles/common_ssl_obj.dir/Log.c.o
[INFO] [stderr]   [ 28%] Building C object src/CMakeFiles/common_ssl_obj.dir/MQTTPersistence.c.o
[INFO] [stderr]   [ 30%] Building C object src/CMakeFiles/common_obj.dir/Socket.c.o
[INFO] [stderr]   [ 31%] Building C object src/CMakeFiles/common_ssl_obj.dir/MQTTProtocolOut.c.o
[INFO] [stderr]   [ 33%] Building C object src/CMakeFiles/common_ssl_obj.dir/Thread.c.o
[INFO] [stderr]   [ 34%] Building C object src/CMakeFiles/common_ssl_obj.dir/MQTTPersistenceDefault.c.o
[INFO] [stderr]   [ 36%] Building C object src/CMakeFiles/common_ssl_obj.dir/SocketBuffer.c.o
[INFO] [stderr]   [ 37%] Building C object src/CMakeFiles/common_ssl_obj.dir/Heap.c.o
[INFO] [stderr]   [ 39%] Building C object src/CMakeFiles/common_obj.dir/Thread.c.o
[INFO] [stderr]   [ 40%] Building C object src/CMakeFiles/common_ssl_obj.dir/LinkedList.c.o
[INFO] [stderr]   [ 42%] Building C object src/CMakeFiles/common_obj.dir/Log.c.o
[INFO] [stderr]   [ 43%] Building C object src/CMakeFiles/common_obj.dir/MQTTPersistence.c.o
[INFO] [stderr]   [ 45%] Building C object src/CMakeFiles/common_obj.dir/MQTTProtocolOut.c.o
[INFO] [stderr]   [ 46%] Building C object src/CMakeFiles/common_obj.dir/MQTTPersistenceDefault.c.o
[INFO] [stderr]   [ 48%] Building C object src/CMakeFiles/common_obj.dir/SocketBuffer.c.o
[INFO] [stderr]   [ 50%] Building C object src/CMakeFiles/common_ssl_obj.dir/MQTTProperties.c.o
[INFO] [stderr]   [ 51%] Building C object src/CMakeFiles/common_obj.dir/Heap.c.o
[INFO] [stderr]   [ 53%] Building C object src/CMakeFiles/common_ssl_obj.dir/MQTTReasonCodes.c.o
[INFO] [stderr]   [ 54%] Building C object src/CMakeFiles/common_obj.dir/LinkedList.c.o
[INFO] [stderr]   [ 56%] Building C object src/CMakeFiles/common_obj.dir/MQTTProperties.c.o
[INFO] [stderr]   [ 57%] Building C object src/CMakeFiles/common_ssl_obj.dir/Base64.c.o
[INFO] [stderr]   [ 59%] Building C object src/CMakeFiles/common_obj.dir/MQTTReasonCodes.c.o
[INFO] [stderr]   [ 60%] Building C object src/CMakeFiles/common_ssl_obj.dir/SHA1.c.o
[INFO] [stderr]   [ 62%] Building C object src/CMakeFiles/common_obj.dir/Base64.c.o
[INFO] [stderr]   [ 63%] Building C object src/CMakeFiles/common_obj.dir/SHA1.c.o
[INFO] [stderr]   [ 65%] Building C object src/CMakeFiles/common_obj.dir/WebSocket.c.o
[INFO] [stderr]   [ 66%] Building C object src/CMakeFiles/common_ssl_obj.dir/WebSocket.c.o
[INFO] [stderr]   [ 66%] Built target common_obj
[INFO] [stderr]   [ 68%] Building C object src/CMakeFiles/paho-mqtt3c-static.dir/MQTTClient.c.o
[INFO] [stderr]   [ 69%] Building C object src/CMakeFiles/paho-mqtt3c.dir/MQTTClient.c.o
[INFO] [stderr]   [ 71%] Building C object src/CMakeFiles/paho-mqtt3a-static.dir/MQTTAsync.c.o
[INFO] [stderr]   [ 72%] Building C object src/CMakeFiles/paho-mqtt3a.dir/MQTTAsync.c.o
[INFO] [stderr]   [ 72%] Built target common_ssl_obj
[INFO] [stderr]   [ 74%] Building C object src/CMakeFiles/paho-mqtt3cs.dir/MQTTClient.c.o
[INFO] [stderr]   [ 75%] Building C object src/CMakeFiles/paho-mqtt3as.dir/MQTTAsync.c.o
[INFO] [stderr]   [ 77%] Linking C static library libpaho-mqtt3c-static.a
[INFO] [stderr]   [ 78%] Linking C shared library libpaho-mqtt3c.so
[INFO] [stderr]   [ 78%] Built target paho-mqtt3c
[INFO] [stderr]   [ 80%] Building C object src/CMakeFiles/paho-mqtt3as.dir/SSLSocket.c.o
[INFO] [stderr]   [ 81%] Building C object src/CMakeFiles/paho-mqtt3cs.dir/SSLSocket.c.o
[INFO] [stderr]   [ 81%] Built target paho-mqtt3c-static
[INFO] [stderr] 
[INFO] [stderr]   --- stderr
[INFO] [stderr]   fatal: not a git repository (or any parent up to mount point /opt/rustwide)
[INFO] [stderr]   Stopping at filesystem boundary (GIT_DISCOVERY_ACROSS_FILESYSTEM not set).
[INFO] [stderr]   CMake Deprecation Warning at CMakeLists.txt:20 (CMAKE_MINIMUM_REQUIRED):
[INFO] [stderr]     Compatibility with CMake < 2.8.12 will be removed from a future version of
[INFO] [stderr]     CMake.
[INFO] [stderr] 
[INFO] [stderr]     Update the VERSION argument <min> value or use a ...<max> suffix to tell
[INFO] [stderr]     CMake that the project does not need compatibility with older versions.
[INFO] [stderr] 
[INFO] [stderr] 
[INFO] [stderr]   CMake Warning:
[INFO] [stderr]     Manually-specified variables were not used by the project:
[INFO] [stderr] 
[INFO] [stderr]       CMAKE_CXX_COMPILER
[INFO] [stderr]       CMAKE_CXX_FLAGS
[INFO] [stderr] 
[INFO] [stderr] 
[INFO] [stderr]   /opt/rustwide/cargo-home/registry/src/index.crates.io-1949cf8c6b5b557f/paho-mqtt-sys-0.2.1/paho.mqtt.c/src/WebSocket.c: In function 'WebSocket_upgrade':
[INFO] [stderr]   /opt/rustwide/cargo-home/registry/src/index.crates.io-1949cf8c6b5b557f/paho-mqtt-sys-0.2.1/paho.mqtt.c/src/WebSocket.c:1116:17: warning: 'SHA1_Init' is deprecated: Since OpenSSL 3.0 [-Wdeprecated-declarations]
[INFO] [stderr]    1116 |                 SHA1_Init( &ctx );
[INFO] [stderr]         |                 ^~~~~~~~~
[INFO] [stderr]   In file included from /usr/include/openssl/x509.h:41,
[INFO] [stderr]                    from /usr/include/openssl/ssl.h:31,
[INFO] [stderr]                    from /opt/rustwide/cargo-home/registry/src/index.crates.io-1949cf8c6b5b557f/paho-mqtt-sys-0.2.1/paho.mqtt.c/src/Clients.h:30,
[INFO] [stderr]                    from /opt/rustwide/cargo-home/registry/src/index.crates.io-1949cf8c6b5b557f/paho-mqtt-sys-0.2.1/paho.mqtt.c/src/WebSocket.h:20,
[INFO] [stderr]                    from /opt/rustwide/cargo-home/registry/src/index.crates.io-1949cf8c6b5b557f/paho-mqtt-sys-0.2.1/paho.mqtt.c/src/WebSocket.c:22:
[INFO] [stderr]   /usr/include/openssl/sha.h:49:27: note: declared here
[INFO] [stderr]      49 | OSSL_DEPRECATEDIN_3_0 int SHA1_Init(SHA_CTX *c);
[INFO] [stderr]         |                           ^~~~~~~~~
[INFO] [stderr]   /opt/rustwide/cargo-home/registry/src/index.crates.io-1949cf8c6b5b557f/paho-mqtt-sys-0.2.1/paho.mqtt.c/src/WebSocket.c:1117:17: warning: 'SHA1_Update' is deprecated: Since OpenSSL 3.0 [-Wdeprecated-declarations]
[INFO] [stderr]    1117 |                 SHA1_Update( &ctx, ws_key, strlen(ws_key));
[INFO] [stderr]         |                 ^~~~~~~~~~~
[INFO] [stderr]   In file included from /usr/include/openssl/x509.h:41,
[INFO] [stderr]                    from /usr/include/openssl/ssl.h:31,
[INFO] [stderr]                    from /opt/rustwide/cargo-home/registry/src/index.crates.io-1949cf8c6b5b557f/paho-mqtt-sys-0.2.1/paho.mqtt.c/src/Clients.h:30,
[INFO] [stderr]                    from /opt/rustwide/cargo-home/registry/src/index.crates.io-1949cf8c6b5b557f/paho-mqtt-sys-0.2.1/paho.mqtt.c/src/WebSocket.h:20,
[INFO] [stderr]                    from /opt/rustwide/cargo-home/registry/src/index.crates.io-1949cf8c6b5b557f/paho-mqtt-sys-0.2.1/paho.mqtt.c/src/WebSocket.c:22:
[INFO] [stderr]   /usr/include/openssl/sha.h:50:27: note: declared here
[INFO] [stderr]      50 | OSSL_DEPRECATEDIN_3_0 int SHA1_Update(SHA_CTX *c, const void *data, size_t len);
[INFO] [stderr]         |                           ^~~~~~~~~~~
[INFO] [stderr]   /opt/rustwide/cargo-home/registry/src/index.crates.io-1949cf8c6b5b557f/paho-mqtt-sys-0.2.1/paho.mqtt.c/src/WebSocket.c:1118:17: warning: 'SHA1_Final' is deprecated: Since OpenSSL 3.0 [-Wdeprecated-declarations]
[INFO] [stderr]    1118 |                 SHA1_Final( sha_hash, &ctx );
[INFO] [stderr]         |                 ^~~~~~~~~~
[INFO] [stderr]   In file included from /usr/include/openssl/x509.h:41,
[INFO] [stderr]                    from /usr/include/openssl/ssl.h:31,
[INFO] [stderr]                    from /opt/rustwide/cargo-home/registry/src/index.crates.io-1949cf8c6b5b557f/paho-mqtt-sys-0.2.1/paho.mqtt.c/src/Clients.h:30,
[INFO] [stderr]                    from /opt/rustwide/cargo-home/registry/src/index.crates.io-1949cf8c6b5b557f/paho-mqtt-sys-0.2.1/paho.mqtt.c/src/WebSocket.h:20,
[INFO] [stderr]                    from /opt/rustwide/cargo-home/registry/src/index.crates.io-1949cf8c6b5b557f/paho-mqtt-sys-0.2.1/paho.mqtt.c/src/WebSocket.c:22:
[INFO] [stderr]   /usr/include/openssl/sha.h:51:27: note: declared here
[INFO] [stderr]      51 | OSSL_DEPRECATEDIN_3_0 int SHA1_Final(unsigned char *md, SHA_CTX *c);
[INFO] [stderr]         |                           ^~~~~~~~~~
[INFO] [stderr]   /opt/rustwide/cargo-home/registry/src/index.crates.io-1949cf8c6b5b557f/paho-mqtt-sys-0.2.1/paho.mqtt.c/src/MQTTAsync.c:4150:1: fatal error: error writing to /tmp/cc9vAnq1.s: No space left on device
[INFO] [stderr]    4150 | }
[INFO] [stderr]         | ^
[INFO] [stderr]   compilation terminated.
[INFO] [stderr]   gmake[2]: *** [src/CMakeFiles/paho-mqtt3a.dir/build.make:76: src/CMakeFiles/paho-mqtt3a.dir/MQTTAsync.c.o] Error 1
[INFO] [stderr]   gmake[1]: *** [CMakeFiles/Makefile2:201: src/CMakeFiles/paho-mqtt3a.dir/all] Error 2
[INFO] [stderr]   gmake[1]: *** Waiting for unfinished jobs....
[INFO] [stderr]   /opt/rustwide/cargo-home/registry/src/index.crates.io-1949cf8c6b5b557f/paho-mqtt-sys-0.2.1/paho.mqtt.c/src/MQTTAsync.c:4150:1: fatal error: error writing to /tmp/ccNejsC1.s: No space left on device
[INFO] [stderr]    4150 | }
[INFO] [stderr]         | ^
[INFO] [stderr]   compilation terminated.
[INFO] [stderr]   gmake[2]: *** [src/CMakeFiles/paho-mqtt3a-static.dir/build.make:76: src/CMakeFiles/paho-mqtt3a-static.dir/MQTTAsync.c.o] Error 1
[INFO] [stderr]   gmake[1]: *** [CMakeFiles/Makefile2:253: src/CMakeFiles/paho-mqtt3a-static.dir/all] Error 2
[INFO] [stderr]   /opt/rustwide/cargo-home/registry/src/index.crates.io-1949cf8c6b5b557f/paho-mqtt-sys-0.2.1/paho.mqtt.c/src/MQTTClient.c:2785:1: fatal error: error writing to /tmp/ccfH5FbP.s: No space left on device
[INFO] [stderr]    2785 | }
[INFO] [stderr]         | ^
[INFO] [stderr]   compilation terminated.
[INFO] [stderr]   gmake[2]: *** [src/CMakeFiles/paho-mqtt3cs.dir/build.make:76: src/CMakeFiles/paho-mqtt3cs.dir/MQTTClient.c.o] Error 1
[INFO] [stderr]   gmake[2]: *** Waiting for unfinished jobs....
[INFO] [stderr]   /opt/rustwide/cargo-home/registry/src/index.crates.io-1949cf8c6b5b557f/paho-mqtt-sys-0.2.1/paho.mqtt.c/src/SSLSocket.c:1044:1: fatal error: error writing to /tmp/ccfZpLBw.s: No space left on device
[INFO] [stderr]    1044 | }
[INFO] [stderr]         | ^
[INFO] [stderr]   compilation terminated.
[INFO] [stderr]   gmake[2]: *** [src/CMakeFiles/paho-mqtt3as.dir/build.make:90: src/CMakeFiles/paho-mqtt3as.dir/SSLSocket.c.o] Error 1
[INFO] [stderr]   gmake[2]: *** Waiting for unfinished jobs....
[INFO] [stderr]   gmake[1]: *** [CMakeFiles/Makefile2:305: src/CMakeFiles/paho-mqtt3cs.dir/all] Error 2
[INFO] [stderr]   /opt/rustwide/cargo-home/registry/src/index.crates.io-1949cf8c6b5b557f/paho-mqtt-sys-0.2.1/paho.mqtt.c/src/MQTTAsync.c:4150:1: fatal error: error writing to /tmp/ccWJEkVT.s: No space left on device
[INFO] [stderr]    4150 | }
[INFO] [stderr]         | ^
[INFO] [stderr]   compilation terminated.
[INFO] [stderr]   gmake[2]: *** [src/CMakeFiles/paho-mqtt3as.dir/build.make:76: src/CMakeFiles/paho-mqtt3as.dir/MQTTAsync.c.o] Error 1
[INFO] [stderr]   gmake[1]: *** [CMakeFiles/Makefile2:331: src/CMakeFiles/paho-mqtt3as.dir/all] Error 2
[INFO] [stderr]   gmake: *** [Makefile:156: all] Error 2
[INFO] [stderr] 
[INFO] [stderr]   thread 'main' panicked at /opt/rustwide/cargo-home/registry/src/index.crates.io-1949cf8c6b5b557f/cmake-0.1.42/src/lib.rs:861:5:
[INFO] [stderr] 
[INFO] [stderr]   command did not execute successfully, got: exit status: 2
[INFO] [stderr] 
[INFO] [stderr]   build script failed, must exit now
[INFO] [stderr]   stack backtrace:
[INFO] [stderr]      0:     0x5bbda5c738b0 - std::backtrace_rs::backtrace::libunwind::trace::h8ddfbb338e69e199
[INFO] [stderr]                                  at /rustc/f0cb41030579cd1a6f72bd23f38e677052d5d485/library/std/src/../../backtrace/src/backtrace/libunwind.rs:117:9
[INFO] [stderr]      1:     0x5bbda5c738b0 - std::backtrace_rs::backtrace::trace_unsynchronized::h4b42ed801e8ee862
[INFO] [stderr]                                  at /rustc/f0cb41030579cd1a6f72bd23f38e677052d5d485/library/std/src/../../backtrace/src/backtrace/mod.rs:66:14
[INFO] [stderr]      2:     0x5bbda5c738b0 - std::sys::backtrace::_print_fmt::hb90198f2c10bf707
[INFO] [stderr]                                  at /rustc/f0cb41030579cd1a6f72bd23f38e677052d5d485/library/std/src/sys/backtrace.rs:66:9
[INFO] [stderr]      3:     0x5bbda5c738b0 - <std::sys::backtrace::BacktraceLock::print::DisplayBacktrace as core::fmt::Display>::fmt::h0f123f0656f13ecf
[INFO] [stderr]                                  at /rustc/f0cb41030579cd1a6f72bd23f38e677052d5d485/library/std/src/sys/backtrace.rs:39:26
[INFO] [stderr]      4:     0x5bbda5c97883 - core::fmt::rt::Argument::fmt::h12e51c1529489cd8
[INFO] [stderr]                                  at /rustc/f0cb41030579cd1a6f72bd23f38e677052d5d485/library/core/src/fmt/rt.rs:177:76
[INFO] [stderr]      5:     0x5bbda5c97883 - core::fmt::write::h0abcdef7aa759353
[INFO] [stderr]                                  at /rustc/f0cb41030579cd1a6f72bd23f38e677052d5d485/library/core/src/fmt/mod.rs:1449:21
[INFO] [stderr]      6:     0x5bbda5c70663 - std::io::Write::write_fmt::h35f2880f7855f55a
[INFO] [stderr]                                  at /rustc/f0cb41030579cd1a6f72bd23f38e677052d5d485/library/std/src/io/mod.rs:1890:15
[INFO] [stderr]      7:     0x5bbda5c73702 - std::sys::backtrace::BacktraceLock::print::h759bdab738e31d9d
[INFO] [stderr]                                  at /rustc/f0cb41030579cd1a6f72bd23f38e677052d5d485/library/std/src/sys/backtrace.rs:42:9
[INFO] [stderr]      8:     0x5bbda5c7488f - std::panicking::default_hook::{{closure}}::h0616f7020c8b9e0d
[INFO] [stderr]                                  at /rustc/f0cb41030579cd1a6f72bd23f38e677052d5d485/library/std/src/panicking.rs:298:22
[INFO] [stderr]      9:     0x5bbda5c746fa - std::panicking::default_hook::hcb4bf3fe9044f7f6
[INFO] [stderr]                                  at /rustc/f0cb41030579cd1a6f72bd23f38e677052d5d485/library/std/src/panicking.rs:325:9
[INFO] [stderr]     10:     0x5bbda5c75232 - std::panicking::rust_panic_with_hook::h2fd8d6252462d800
[INFO] [stderr]                                  at /rustc/f0cb41030579cd1a6f72bd23f38e677052d5d485/library/std/src/panicking.rs:831:13
[INFO] [stderr]     11:     0x5bbda5c74fda - std::panicking::begin_panic_handler::{{closure}}::h746cf6ba43e1c73f
[INFO] [stderr]                                  at /rustc/f0cb41030579cd1a6f72bd23f38e677052d5d485/library/std/src/panicking.rs:704:13
[INFO] [stderr]     12:     0x5bbda5c73dc9 - std::sys::backtrace::__rust_end_short_backtrace::hba3f7b171935b491
[INFO] [stderr]                                  at /rustc/f0cb41030579cd1a6f72bd23f38e677052d5d485/library/std/src/sys/backtrace.rs:168:18
[INFO] [stderr]     13:     0x5bbda5c74c6d - rust_begin_unwind
[INFO] [stderr]                                  at /rustc/f0cb41030579cd1a6f72bd23f38e677052d5d485/library/std/src/panicking.rs:695:5
[INFO] [stderr]     14:     0x5bbda5c0e400 - core::panicking::panic_fmt::h34cc4efb1683329b
[INFO] [stderr]                                  at /rustc/f0cb41030579cd1a6f72bd23f38e677052d5d485/library/core/src/panicking.rs:75:14
[INFO] [stderr]     15:     0x5bbda5c19f9f - cmake::fail::hd567b6cc8dda1e9b
[INFO] [stderr]     16:     0x5bbda5c1977a - cmake::run::hf7ecf3807246f903
[INFO] [stderr]     17:     0x5bbda5c16dee - cmake::Config::build::hb46ced6dc5579779
[INFO] [stderr]     18:     0x5bbda5c1058e - build_script_build::build::main::h734d3d23d2c67710
[INFO] [stderr]     19:     0x5bbda5c0fdf6 - build_script_build::main::hfeb9e66e8b4b7e8b
[INFO] [stderr]     20:     0x5bbda5c0ee53 - core::ops::function::FnOnce::call_once::hcdc1c4e87fe6768f
[INFO] [stderr]     21:     0x5bbda5c0eca6 - std::sys::backtrace::__rust_begin_short_backtrace::h8684f1a181806cf0
[INFO] [stderr]     22:     0x5bbda5c0ebe9 - std::rt::lang_start::{{closure}}::h9e5eaea3f0439f8b
[INFO] [stderr]     23:     0x5bbda5c6c860 - core::ops::function::impls::<impl core::ops::function::FnOnce<A> for &F>::call_once::h9601c86577723145
[INFO] [stderr]                                  at /rustc/f0cb41030579cd1a6f72bd23f38e677052d5d485/library/core/src/ops/function.rs:284:13
[INFO] [stderr]     24:     0x5bbda5c6c860 - std::panicking::try::do_call::h8817ae430c5825c1
[INFO] [stderr]                                  at /rustc/f0cb41030579cd1a6f72bd23f38e677052d5d485/library/std/src/panicking.rs:587:40
[INFO] [stderr]     25:     0x5bbda5c6c860 - std::panicking::try::ha6c516562438d26b
[INFO] [stderr]                                  at /rustc/f0cb41030579cd1a6f72bd23f38e677052d5d485/library/std/src/panicking.rs:550:19
[INFO] [stderr]     26:     0x5bbda5c6c860 - std::panic::catch_unwind::hd30edb0fa8e1aa42
[INFO] [stderr]                                  at /rustc/f0cb41030579cd1a6f72bd23f38e677052d5d485/library/std/src/panic.rs:358:14
[INFO] [stderr]     27:     0x5bbda5c6c860 - std::rt::lang_start_internal::{{closure}}::h4ce5c96c39e994a5
[INFO] [stderr]                                  at /rustc/f0cb41030579cd1a6f72bd23f38e677052d5d485/library/std/src/rt.rs:168:24
[INFO] [stderr]     28:     0x5bbda5c6c860 - std::panicking::try::do_call::h397fda5d1714972f
[INFO] [stderr]                                  at /rustc/f0cb41030579cd1a6f72bd23f38e677052d5d485/library/std/src/panicking.rs:587:40
[INFO] [stderr]     29:     0x5bbda5c6c860 - std::panicking::try::ha72ffffb1d107af4
[INFO] [stderr]                                  at /rustc/f0cb41030579cd1a6f72bd23f38e677052d5d485/library/std/src/panicking.rs:550:19
[INFO] [stderr]     30:     0x5bbda5c6c860 - std::panic::catch_unwind::ha60eb34d643aa591
[INFO] [stderr]                                  at /rustc/f0cb41030579cd1a6f72bd23f38e677052d5d485/library/std/src/panic.rs:358:14
[INFO] [stderr]     31:     0x5bbda5c6c860 - std::rt::lang_start_internal::h051d1c050856cca6
[INFO] [stderr]                                  at /rustc/f0cb41030579cd1a6f72bd23f38e677052d5d485/library/std/src/rt.rs:164:5
[INFO] [stderr]     32:     0x5bbda5c0ebd1 - std::rt::lang_start::h4a6566ea409975ca
[INFO] [stderr]     33:     0x5bbda5c11015 - main
[INFO] [stderr]     34:     0x7b9fb1579d90 - <unknown>
[INFO] [stderr]     35:     0x7b9fb1579e40 - __libc_start_main
[INFO] [stderr]     36:     0x5bbda5c0e9b5 - _start
[INFO] [stderr]     37:                0x0 - <unknown>
[INFO] [stderr] warning: build failed, waiting for other jobs to finish...
[INFO] running `Command { std: "docker" "inspect" "f33687d8ac3c87d1da5c2894b71ef8352b68e7fc2f23d12afc5039f1e54d87f5", kill_on_drop: false }`
[INFO] running `Command { std: "docker" "rm" "-f" "f33687d8ac3c87d1da5c2894b71ef8352b68e7fc2f23d12afc5039f1e54d87f5", kill_on_drop: false }`
[INFO] [stdout] f33687d8ac3c87d1da5c2894b71ef8352b68e7fc2f23d12afc5039f1e54d87f5
