[INFO] cloning repository https://github.com/uksarkar/htmx
[INFO] running `Command { std: "git" "-c" "credential.helper=" "-c" "credential.helper=/workspace/cargo-home/bin/git-credential-null" "clone" "--bare" "https://github.com/uksarkar/htmx" "/workspace/cache/git-repos/https%3A%2F%2Fgithub.com%2Fuksarkar%2Fhtmx", kill_on_drop: false }`
[INFO] [stderr] Cloning into bare repository '/workspace/cache/git-repos/https%3A%2F%2Fgithub.com%2Fuksarkar%2Fhtmx'...
[INFO] running `Command { std: "git" "rev-parse" "HEAD", kill_on_drop: false }`
[INFO] [stdout] 36e931afc09daa80ac291d4eacf22ef8e21f82e8
[INFO] documenting uksarkar/htmx against beta-2025-02-18 for beta-1.86-rustdoc-1
[INFO] running `Command { std: "git" "clone" "/workspace/cache/git-repos/https%3A%2F%2Fgithub.com%2Fuksarkar%2Fhtmx" "/workspace/builds/worker-4-tc2/source", kill_on_drop: false }`
[INFO] [stderr] Cloning into '/workspace/builds/worker-4-tc2/source'...
[INFO] [stderr] done.
[INFO] validating manifest of git repo https://github.com/uksarkar/htmx on toolchain beta-2025-02-18
[INFO] running `Command { std: CARGO_HOME="/workspace/cargo-home" RUSTUP_HOME="/workspace/rustup-home" "/workspace/cargo-home/bin/cargo" "+beta-2025-02-18" "metadata" "--manifest-path" "Cargo.toml" "--no-deps", kill_on_drop: false }`
[INFO] started tweaking git repo https://github.com/uksarkar/htmx
[INFO] finished tweaking git repo https://github.com/uksarkar/htmx
[INFO] tweaked toml for git repo https://github.com/uksarkar/htmx written to /workspace/builds/worker-4-tc2/source/Cargo.toml
[INFO] crate git repo https://github.com/uksarkar/htmx already has a lockfile, it will not be regenerated
[INFO] running `Command { std: CARGO_HOME="/workspace/cargo-home" RUSTUP_HOME="/workspace/rustup-home" "/workspace/cargo-home/bin/cargo" "+beta-2025-02-18" "fetch" "--manifest-path" "Cargo.toml", kill_on_drop: false }`
[INFO] running `Command { std: "docker" "create" "-v" "/var/lib/crater-agent-workspace/builds/worker-4-tc2/target:/opt/rustwide/target:rw,Z" "-v" "/var/lib/crater-agent-workspace/builds/worker-4-tc2/source:/opt/rustwide/workdir:ro,Z" "-v" "/var/lib/crater-agent-workspace/cargo-home:/opt/rustwide/cargo-home:ro,Z" "-v" "/var/lib/crater-agent-workspace/rustup-home:/opt/rustwide/rustup-home:ro,Z" "-e" "SOURCE_DIR=/opt/rustwide/workdir" "-e" "CARGO_TARGET_DIR=/opt/rustwide/target" "-e" "CARGO_HOME=/opt/rustwide/cargo-home" "-e" "RUSTUP_HOME=/opt/rustwide/rustup-home" "-w" "/opt/rustwide/workdir" "-m" "1610612736" "--user" "0:0" "--network" "none" "ghcr.io/rust-lang/crates-build-env/linux@sha256:3959728d45483eb673ba100a951a6b9f5012970368db2a9e08e0ac9b67c8a5ad" "/opt/rustwide/cargo-home/bin/cargo" "+beta-2025-02-18" "metadata" "--no-deps" "--format-version=1", kill_on_drop: false }`
[INFO] [stdout] 683c9dd4d9467495725e8a1e5136ac3e9a9d428c55722e64d16a9218fba90d50
[INFO] running `Command { std: "docker" "start" "-a" "683c9dd4d9467495725e8a1e5136ac3e9a9d428c55722e64d16a9218fba90d50", kill_on_drop: false }`
[INFO] running `Command { std: "docker" "inspect" "683c9dd4d9467495725e8a1e5136ac3e9a9d428c55722e64d16a9218fba90d50", kill_on_drop: false }`
[INFO] running `Command { std: "docker" "rm" "-f" "683c9dd4d9467495725e8a1e5136ac3e9a9d428c55722e64d16a9218fba90d50", kill_on_drop: false }`
[INFO] [stdout] 683c9dd4d9467495725e8a1e5136ac3e9a9d428c55722e64d16a9218fba90d50
[INFO] running `Command { std: "docker" "create" "-v" "/var/lib/crater-agent-workspace/builds/worker-4-tc2/target:/opt/rustwide/target:rw,Z" "-v" "/var/lib/crater-agent-workspace/builds/worker-4-tc2/source:/opt/rustwide/workdir:ro,Z" "-v" "/var/lib/crater-agent-workspace/cargo-home:/opt/rustwide/cargo-home:ro,Z" "-v" "/var/lib/crater-agent-workspace/rustup-home:/opt/rustwide/rustup-home:ro,Z" "-e" "SOURCE_DIR=/opt/rustwide/workdir" "-e" "CARGO_TARGET_DIR=/opt/rustwide/target" "-e" "CARGO_INCREMENTAL=0" "-e" "RUST_BACKTRACE=full" "-e" "RUSTFLAGS=--cap-lints=warn" "-e" "RUSTDOCFLAGS=--cap-lints=warn" "-e" "CARGO_HOME=/opt/rustwide/cargo-home" "-e" "RUSTUP_HOME=/opt/rustwide/rustup-home" "-w" "/opt/rustwide/workdir" "-m" "1610612736" "--user" "0:0" "--network" "none" "ghcr.io/rust-lang/crates-build-env/linux@sha256:3959728d45483eb673ba100a951a6b9f5012970368db2a9e08e0ac9b67c8a5ad" "/opt/rustwide/cargo-home/bin/cargo" "+beta-2025-02-18" "doc" "--frozen" "--no-deps" "--document-private-items" "--message-format=json", kill_on_drop: false }`
[INFO] [stdout] f6bad9c396f9d76236b49c596cc80810feda3372319535ac4f0d13f36f1615a7
[INFO] running `Command { std: "docker" "start" "-a" "f6bad9c396f9d76236b49c596cc80810feda3372319535ac4f0d13f36f1615a7", kill_on_drop: false }`
[INFO] [stderr]    Compiling proc-macro2 v1.0.86
[INFO] [stderr]    Compiling unicode-ident v1.0.12
[INFO] [stderr]    Compiling libc v0.2.155
[INFO] [stderr]     Checking cfg-if v1.0.0
[INFO] [stderr]     Checking itoa v1.0.11
[INFO] [stderr]    Compiling thiserror v1.0.61
[INFO] [stderr]     Checking bytes v1.6.0
[INFO] [stderr]    Compiling autocfg v1.3.0
[INFO] [stderr]     Checking pin-project-lite v0.2.14
[INFO] [stderr]     Checking futures-core v0.3.30
[INFO] [stderr]    Compiling rustversion v1.0.17
[INFO] [stderr]    Compiling parking_lot_core v0.9.10
[INFO] [stderr]     Checking fnv v1.0.7
[INFO] [stderr]     Checking scopeguard v1.2.0
[INFO] [stderr]     Checking smallvec v1.13.2
[INFO] [stderr]     Checking pin-utils v0.1.0
[INFO] [stderr]     Checking futures-task v0.3.30
[INFO] [stderr]    Compiling serde v1.0.203
[INFO] [stderr]     Checking futures-util v0.3.30
[INFO] [stderr]    Compiling lock_api v0.4.12
[INFO] [stderr]     Checking http v1.1.0
[INFO] [stderr]    Compiling ident_case v1.0.1
[INFO] [stderr] rustc-LLVM ERROR: IO failure on output stream: No space left on device
[INFO] [stderr] error: could not parse/generate dep info at: /opt/rustwide/target/debug/build/rustversion-97040cc677b56c90/build_script_build-97040cc677b56c90.d
[INFO] [stderr] 
[INFO] [stderr] Caused by:
[INFO] [stderr]   failed to write `/opt/rustwide/target/debug/.fingerprint/rustversion-97040cc677b56c90/dep-build-script-build-script-build`
[INFO] [stderr] 
[INFO] [stderr] Caused by:
[INFO] [stderr]   No space left on device (os error 28)
[INFO] [stderr] warning: build failed, waiting for other jobs to finish...
[INFO] [stdout] error: error writing dependencies to `/opt/rustwide/target/debug/deps/futures_util-68a7698551f96a8c.d`: No space left on device (os error 28)
[INFO] [stdout] 
[INFO] [stdout] 
[INFO] [stderr] error: could not compile `ident_case` (lib)
[INFO] [stderr] 
[INFO] [stderr] Caused by:
[INFO] [stderr]   process didn't exit successfully: `/opt/rustwide/rustup-home/toolchains/beta-2025-02-18-x86_64-unknown-linux-gnu/bin/rustc --crate-name ident_case --edition=2015 /opt/rustwide/cargo-home/registry/src/index.crates.io-1949cf8c6b5b557f/ident_case-1.0.1/src/lib.rs --error-format=json --json=diagnostic-rendered-ansi,artifacts,future-incompat --crate-type lib --emit=dep-info,metadata,link -C embed-bitcode=no --check-cfg 'cfg(docsrs,test)' --check-cfg 'cfg(feature, values())' -C metadata=331cd6ec0ac292a3 -C extra-filename=-5ff01a002fe2b7d3 --out-dir /opt/rustwide/target/debug/deps -L dependency=/opt/rustwide/target/debug/deps --cap-lints allow --cap-lints=warn` (exit status: 101)
[INFO] [stdout] error: linking with `cc` failed: exit status: 1
[INFO] [stdout]   |
[INFO] [stdout]   = note:  "cc" "-m64" "/tmp/rustcUrxpVo/symbols.o" "<2 object files omitted>" "-Wl,--as-needed" "-Wl,-Bstatic" "/opt/rustwide/target/debug/deps/{libautocfg-41f4c1c49fdc9050.rlib}.rlib" "<sysroot>/lib/rustlib/x86_64-unknown-linux-gnu/lib/{libstd-*,libpanic_unwind-*,libobject-*,libmemchr-*,libaddr2line-*,libgimli-*,librustc_demangle-*,libstd_detect-*,libhashbrown-*,librustc_std_workspace_alloc-*,libminiz_oxide-*,libadler2-*,libunwind-*,libcfg_if-*,liblibc-*,liballoc-*,librustc_std_workspace_core-*,libcore-*,libcompiler_builtins-*}.rlib" "-Wl,-Bdynamic" "-lgcc_s" "-lutil" "-lrt" "-lpthread" "-lm" "-ldl" "-lc" "-Wl,--eh-frame-hdr" "-Wl,-z,noexecstack" "-L" "<sysroot>/lib/rustlib/x86_64-unknown-linux-gnu/lib" "-o" "/opt/rustwide/target/debug/build/lock_api-ec6f2e891b2a5118/build_script_build-ec6f2e891b2a5118" "-Wl,--gc-sections" "-pie" "-Wl,-z,relro,-z,now" "-nodefaultlibs"
[INFO] [stdout]   = note: some arguments are omitted. use `--verbose` to show all linker arguments
[INFO] [stdout]   = note: /usr/bin/ld: final link failed: No space left on device
[INFO] [stdout]           collect2: error: ld returned 1 exit status
[INFO] [stdout]           
[INFO] [stdout] 
[INFO] [stdout] 
[INFO] [stderr] error: could not compile `futures-util` (lib) due to 1 previous error
[INFO] [stdout] error: linking with `cc` failed: exit status: 1
[INFO] [stdout]   |
[INFO] [stdout]   = note:  "cc" "-m64" "/tmp/rustcPajnFP/symbols.o" "<2 object files omitted>" "-Wl,--as-needed" "-Wl,-Bstatic" "<sysroot>/lib/rustlib/x86_64-unknown-linux-gnu/lib/{libstd-*,libpanic_unwind-*,libobject-*,libmemchr-*,libaddr2line-*,libgimli-*,librustc_demangle-*,libstd_detect-*,libhashbrown-*,librustc_std_workspace_alloc-*,libminiz_oxide-*,libadler2-*,libunwind-*,libcfg_if-*,liblibc-*,liballoc-*,librustc_std_workspace_core-*,libcore-*,libcompiler_builtins-*}.rlib" "-Wl,-Bdynamic" "-lgcc_s" "-lutil" "-lrt" "-lpthread" "-lm" "-ldl" "-lc" "-Wl,--eh-frame-hdr" "-Wl,-z,noexecstack" "-L" "<sysroot>/lib/rustlib/x86_64-unknown-linux-gnu/lib" "-o" "/opt/rustwide/target/debug/build/serde-e2c4aee8c53ef7fa/build_script_build-e2c4aee8c53ef7fa" "-Wl,--gc-sections" "-pie" "-Wl,-z,relro,-z,now" "-nodefaultlibs"
[INFO] [stdout]   = note: some arguments are omitted. use `--verbose` to show all linker arguments
[INFO] [stdout]   = note: /usr/bin/ld: final link failed: No space left on device
[INFO] [stdout]           collect2: error: ld returned 1 exit status
[INFO] [stdout]           
[INFO] [stdout] 
[INFO] [stdout] 
[INFO] [stderr] error: could not compile `lock_api` (build script) due to 1 previous error
[INFO] [stderr] error: could not compile `serde` (build script) due to 1 previous error
[INFO] [stderr] error: could not parse/generate dep info at: /opt/rustwide/target/debug/deps/libc-7371bd00855eacef.d
[INFO] [stderr] 
[INFO] [stderr] Caused by:
[INFO] [stderr]   failed to write `/opt/rustwide/target/debug/.fingerprint/libc-7371bd00855eacef/dep-lib-libc`
[INFO] [stderr] 
[INFO] [stderr] Caused by:
[INFO] [stderr]   No space left on device (os error 28)
[INFO] [stderr] rustc-LLVM ERROR: IO failure on output stream: No space left on device
[INFO] [stderr] error: could not compile `proc-macro2` (lib)
[INFO] [stderr] 
[INFO] [stderr] Caused by:
[INFO] [stderr]   process didn't exit successfully: `/opt/rustwide/rustup-home/toolchains/beta-2025-02-18-x86_64-unknown-linux-gnu/bin/rustc --crate-name proc_macro2 --edition=2021 /opt/rustwide/cargo-home/registry/src/index.crates.io-1949cf8c6b5b557f/proc-macro2-1.0.86/src/lib.rs --error-format=json --json=diagnostic-rendered-ansi,artifacts,future-incompat --crate-type lib --emit=dep-info,metadata,link -C embed-bitcode=no --cfg 'feature="default"' --cfg 'feature="proc-macro"' --check-cfg 'cfg(docsrs,test)' --check-cfg 'cfg(feature, values("default", "nightly", "proc-macro", "span-locations"))' -C metadata=b7002920f7198407 -C extra-filename=-c3dd29a6287a876f --out-dir /opt/rustwide/target/debug/deps -L dependency=/opt/rustwide/target/debug/deps --extern unicode_ident=/opt/rustwide/target/debug/deps/libunicode_ident-772f13ecc3fc189a.rmeta --cap-lints allow --cap-lints=warn --cfg wrap_proc_macro --check-cfg 'cfg(fuzzing)' --check-cfg 'cfg(no_is_available)' --check-cfg 'cfg(no_literal_byte_character)' --check-cfg 'cfg(no_literal_c_string)' --check-cfg 'cfg(no_source_text)' --check-cfg 'cfg(proc_macro_span)' --check-cfg 'cfg(procmacro2_backtrace)' --check-cfg 'cfg(procmacro2_nightly_testing)' --check-cfg 'cfg(procmacro2_semver_exempt)' --check-cfg 'cfg(randomize_layout)' --check-cfg 'cfg(span_locations)' --check-cfg 'cfg(super_unstable)' --check-cfg 'cfg(wrap_proc_macro)'` (exit status: 101)
[INFO] running `Command { std: "docker" "inspect" "f6bad9c396f9d76236b49c596cc80810feda3372319535ac4f0d13f36f1615a7", kill_on_drop: false }`
[INFO] running `Command { std: "docker" "rm" "-f" "f6bad9c396f9d76236b49c596cc80810feda3372319535ac4f0d13f36f1615a7", kill_on_drop: false }`
[INFO] [stdout] f6bad9c396f9d76236b49c596cc80810feda3372319535ac4f0d13f36f1615a7
