[INFO] cloning repository https://github.com/theangryangel/doodba-operator
[INFO] running `Command { std: "git" "-c" "credential.helper=" "-c" "credential.helper=/workspace/cargo-home/bin/git-credential-null" "clone" "--bare" "https://github.com/theangryangel/doodba-operator" "/workspace/cache/git-repos/https%3A%2F%2Fgithub.com%2Ftheangryangel%2Fdoodba-operator", kill_on_drop: false }`
[INFO] [stderr] Cloning into bare repository '/workspace/cache/git-repos/https%3A%2F%2Fgithub.com%2Ftheangryangel%2Fdoodba-operator'...
[INFO] running `Command { std: "git" "rev-parse" "HEAD", kill_on_drop: false }`
[INFO] [stdout] 65db7686b187a3e1fa2a1fd44465522856e77a06
[INFO] documenting theangryangel/doodba-operator against beta-2025-02-18 for beta-1.86-rustdoc-1
[INFO] running `Command { std: "git" "clone" "/workspace/cache/git-repos/https%3A%2F%2Fgithub.com%2Ftheangryangel%2Fdoodba-operator" "/workspace/builds/worker-7-tc2/source", kill_on_drop: false }`
[INFO] [stderr] Cloning into '/workspace/builds/worker-7-tc2/source'...
[INFO] [stderr] done.
[INFO] validating manifest of git repo https://github.com/theangryangel/doodba-operator on toolchain beta-2025-02-18
[INFO] running `Command { std: CARGO_HOME="/workspace/cargo-home" RUSTUP_HOME="/workspace/rustup-home" "/workspace/cargo-home/bin/cargo" "+beta-2025-02-18" "metadata" "--manifest-path" "Cargo.toml" "--no-deps", kill_on_drop: false }`
[INFO] started tweaking git repo https://github.com/theangryangel/doodba-operator
[INFO] finished tweaking git repo https://github.com/theangryangel/doodba-operator
[INFO] tweaked toml for git repo https://github.com/theangryangel/doodba-operator written to /workspace/builds/worker-7-tc2/source/Cargo.toml
[INFO] crate git repo https://github.com/theangryangel/doodba-operator already has a lockfile, it will not be regenerated
[INFO] running `Command { std: CARGO_HOME="/workspace/cargo-home" RUSTUP_HOME="/workspace/rustup-home" "/workspace/cargo-home/bin/cargo" "+beta-2025-02-18" "fetch" "--manifest-path" "Cargo.toml", kill_on_drop: false }`
[INFO] running `Command { std: "docker" "create" "-v" "/var/lib/crater-agent-workspace/builds/worker-7-tc2/target:/opt/rustwide/target:rw,Z" "-v" "/var/lib/crater-agent-workspace/builds/worker-7-tc2/source:/opt/rustwide/workdir:ro,Z" "-v" "/var/lib/crater-agent-workspace/cargo-home:/opt/rustwide/cargo-home:ro,Z" "-v" "/var/lib/crater-agent-workspace/rustup-home:/opt/rustwide/rustup-home:ro,Z" "-e" "SOURCE_DIR=/opt/rustwide/workdir" "-e" "CARGO_TARGET_DIR=/opt/rustwide/target" "-e" "CARGO_HOME=/opt/rustwide/cargo-home" "-e" "RUSTUP_HOME=/opt/rustwide/rustup-home" "-w" "/opt/rustwide/workdir" "-m" "1610612736" "--user" "0:0" "--network" "none" "ghcr.io/rust-lang/crates-build-env/linux@sha256:3959728d45483eb673ba100a951a6b9f5012970368db2a9e08e0ac9b67c8a5ad" "/opt/rustwide/cargo-home/bin/cargo" "+beta-2025-02-18" "metadata" "--no-deps" "--format-version=1", kill_on_drop: false }`
[INFO] [stdout] 531d8a100667a5fe9b58a528c4f4fd0c873a2111acf386ff4884defd43acf621
[INFO] running `Command { std: "docker" "start" "-a" "531d8a100667a5fe9b58a528c4f4fd0c873a2111acf386ff4884defd43acf621", kill_on_drop: false }`
[INFO] running `Command { std: "docker" "inspect" "531d8a100667a5fe9b58a528c4f4fd0c873a2111acf386ff4884defd43acf621", kill_on_drop: false }`
[INFO] running `Command { std: "docker" "rm" "-f" "531d8a100667a5fe9b58a528c4f4fd0c873a2111acf386ff4884defd43acf621", kill_on_drop: false }`
[INFO] [stdout] 531d8a100667a5fe9b58a528c4f4fd0c873a2111acf386ff4884defd43acf621
[INFO] running `Command { std: "docker" "create" "-v" "/var/lib/crater-agent-workspace/builds/worker-7-tc2/target:/opt/rustwide/target:rw,Z" "-v" "/var/lib/crater-agent-workspace/builds/worker-7-tc2/source:/opt/rustwide/workdir:ro,Z" "-v" "/var/lib/crater-agent-workspace/cargo-home:/opt/rustwide/cargo-home:ro,Z" "-v" "/var/lib/crater-agent-workspace/rustup-home:/opt/rustwide/rustup-home:ro,Z" "-e" "SOURCE_DIR=/opt/rustwide/workdir" "-e" "CARGO_TARGET_DIR=/opt/rustwide/target" "-e" "CARGO_INCREMENTAL=0" "-e" "RUST_BACKTRACE=full" "-e" "RUSTFLAGS=--cap-lints=warn" "-e" "RUSTDOCFLAGS=--cap-lints=warn" "-e" "CARGO_HOME=/opt/rustwide/cargo-home" "-e" "RUSTUP_HOME=/opt/rustwide/rustup-home" "-w" "/opt/rustwide/workdir" "-m" "1610612736" "--user" "0:0" "--network" "none" "ghcr.io/rust-lang/crates-build-env/linux@sha256:3959728d45483eb673ba100a951a6b9f5012970368db2a9e08e0ac9b67c8a5ad" "/opt/rustwide/cargo-home/bin/cargo" "+beta-2025-02-18" "doc" "--frozen" "--no-deps" "--document-private-items" "--message-format=json", kill_on_drop: false }`
[INFO] [stdout] b8611ec2c69f9706224367f7d9d880f0cf0a7b00b02783443846c40acd59430a
[INFO] running `Command { std: "docker" "start" "-a" "b8611ec2c69f9706224367f7d9d880f0cf0a7b00b02783443846c40acd59430a", kill_on_drop: false }`
[INFO] [stderr]    Compiling proc-macro2 v1.0.66
[INFO] [stderr]    Compiling unicode-ident v1.0.11
[INFO] [stderr]    Compiling autocfg v1.1.0
[INFO] [stderr]    Compiling libc v0.2.147
[INFO] [stderr]     Checking cfg-if v1.0.0
[INFO] [stderr]     Checking once_cell v1.18.0
[INFO] [stderr]     Checking pin-project-lite v0.2.10
[INFO] [stderr]     Checking itoa v1.0.9
[INFO] [stderr]    Compiling serde v1.0.171
[INFO] [stderr]    Compiling futures-core v0.3.28
[INFO] [stderr]     Checking futures-sink v0.3.28
[INFO] [stderr]    Compiling futures-channel v0.3.28
[INFO] [stderr]    Compiling futures-task v0.3.28
[INFO] [stderr]    Compiling syn v1.0.109
[INFO] [stderr]    Compiling memchr v2.5.0
[INFO] [stderr]    Compiling slab v0.4.8
[INFO] [stderr]     Checking bytes v1.4.0
[INFO] [stderr]    Compiling futures-util v0.3.28
[INFO] [stderr]     Checking log v0.4.19
[INFO] [stderr]    Compiling tokio v1.29.1
[INFO] [stderr]     Checking tracing-core v0.1.31
[INFO] [stderr]     Checking pin-utils v0.1.0
[INFO] [stderr]    Compiling cc v1.0.79
[INFO] [stderr]    Compiling pkg-config v0.3.27
[INFO] [stderr]     Checking hashbrown v0.14.0
[INFO] [stderr]     Checking equivalent v1.0.1
[INFO] [stderr]     Checking futures-io v0.3.28
[INFO] [stderr]    Compiling quote v1.0.31
[INFO] [stderr]     Checking indexmap v2.0.0
[INFO] [stderr]     Checking socket2 v0.4.9
[INFO] [stderr]     Checking mio v0.8.8
[INFO] [stderr]    Compiling syn v2.0.26
[INFO] [stderr]     Checking num_cpus v1.16.0
[INFO] [stderr]     Checking signal-hook-registry v1.4.1
[INFO] [stderr]     Checking ryu v1.0.15
[INFO] [stderr]     Checking fnv v1.0.7
[INFO] [stderr]    Compiling serde_json v1.0.103
[INFO] [stderr]     Checking http v0.2.9
[INFO] [stderr]    Compiling num-traits v0.2.15
[INFO] [stderr]     Checking bitflags v2.3.3
[INFO] [stderr]     Checking tinyvec_macros v0.1.1
[INFO] [stderr]     Checking tinyvec v1.6.0
[INFO] [stderr]    Compiling httparse v1.8.0
[INFO] [stderr]     Checking tower-service v0.3.2
[INFO] [stderr]     Checking getrandom v0.2.10
[INFO] [stderr]    Compiling lock_api v0.4.10
[INFO] [stderr]    Compiling thiserror v1.0.43
[INFO] [stderr]    Compiling openssl-sys v0.9.90
[INFO] [stderr]     Checking http-body v0.4.5
[INFO] [stderr]    Compiling openssl v0.10.55
[INFO] [stderr]     Checking foreign-types-shared v0.1.1
[INFO] [stderr]     Checking percent-encoding v2.3.0
[INFO] [stderr]    Compiling parking_lot_core v0.9.8
[INFO] [stderr]     Checking unicode-bidi v0.3.13
[INFO] [stderr]     Checking try-lock v0.2.4
[INFO] [stderr]     Checking smallvec v1.11.0
[INFO] [stderr]     Checking want v0.3.1
[INFO] [stderr]     Checking unicode-normalization v0.1.22
[INFO] [stderr]     Checking form_urlencoded v1.2.0
[INFO] [stderr]     Checking ordered-float v2.10.0
[INFO] [stderr]     Checking foreign-types v0.3.2
[INFO] [stderr]    Compiling schemars v0.8.12
[INFO] [stderr]    Compiling rustix v0.38.4
[INFO] [stderr]     Checking bitflags v1.3.2
[INFO] [stderr]     Checking scopeguard v1.2.0
[INFO] [stderr]    Compiling k8s-openapi v0.18.0
[INFO] [stderr]    Compiling tokio-openssl v0.6.3
[INFO] [stderr]     Checking tower-layer v0.3.2
[INFO] [stderr]     Checking idna v0.4.0
[INFO] [stderr]     Checking iana-time-zone v0.1.57
[INFO] [stderr]     Checking httpdate v1.0.2
[INFO] [stderr]     Checking rand_core v0.6.4
[INFO] [stderr]     Checking ppv-lite86 v0.2.17
[INFO] [stderr]     Checking linux-raw-sys v0.4.3
[INFO] [stderr]    Compiling hyper-openssl v0.9.2
[INFO] [stderr]    Compiling version_check v0.9.4
[INFO] [stderr]     Checking base64 v0.21.2
[INFO] [stderr]     Checking url v2.4.0
[INFO] [stderr]    Compiling strsim v0.10.0
[INFO] [stderr]     Checking linked-hash-map v0.5.6
[INFO] [stderr]     Checking dyn-clone v1.0.12
[INFO] [stderr]    Compiling ident_case v1.0.1
[INFO] [stderr]     Checking rand_chacha v0.3.1
[INFO] [stderr]     Checking linked_hash_set v0.1.4
[INFO] [stderr]    Compiling ahash v0.8.3
[INFO] [stderr]     Checking parking_lot v0.12.1
[INFO] [stderr]     Checking dirs-sys-next v0.1.2
[INFO] [stderr]    Compiling async-trait v0.1.71
[INFO] [stderr]     Checking unsafe-libyaml v0.2.9
[INFO] [stderr]     Checking base64 v0.20.0
[INFO] [stderr]     Checking zeroize v1.6.0
[INFO] [stderr]     Checking http-range-header v0.3.0
[INFO] [stderr]     Checking mime v0.3.17
[INFO] [stderr]     Checking utf8parse v0.2.1
[INFO] [stderr]     Checking base64 v0.13.1
[INFO] [stderr]     Checking anstyle-parse v0.2.1
[INFO] [stderr]     Checking dirs-next v2.0.0
[INFO] [stderr]     Checking rand v0.8.5
[INFO] [stderr]     Checking instant v0.1.12
[INFO] [stderr]     Checking pem v1.1.1
[INFO] [stderr]     Checking anstyle v1.0.1
[INFO] [stderr]     Checking anstyle-query v1.0.0
[INFO] [stderr]     Checking colorchoice v1.0.0
[INFO] [stderr]     Checking either v1.8.1
[INFO] [stderr]     Checking is-terminal v0.4.9
[INFO] [stderr]     Checking lazy_static v1.4.0
[INFO] [stderr]     Checking anstream v0.3.2
[INFO] [stderr]     Checking overload v0.1.1
[INFO] [stderr]     Checking clap_lex v0.5.0
[INFO] [stderr]    Compiling heck v0.4.1
[INFO] [stderr]    Compiling anyhow v1.0.72
[INFO] [stderr]     Checking nu-ansi-term v0.46.0
[INFO] [stderr]     Checking clap_builder v4.3.15
[INFO] [stderr]     Checking backoff v0.4.0
[INFO] [stderr]    Compiling serde_derive_internals v0.26.0
[INFO] [stderr]    Compiling darling_core v0.14.4
[INFO] [stderr]     Checking sharded-slab v0.1.4
[INFO] [stderr]     Checking tracing-log v0.1.3
[INFO] [stderr]     Checking thread_local v1.1.7
[INFO] [stderr]     Checking tracing-subscriber v0.3.17
[INFO] [stderr]     Checking if_chain v1.0.2
[INFO] [stderr]    Compiling schemars_derive v0.8.12
[INFO] [stderr]    Compiling derivative v2.2.0
[INFO] [stderr]    Compiling serde_derive v1.0.171
[INFO] [stderr]    Compiling futures-macro v0.3.28
[INFO] [stderr]    Compiling tokio-macros v2.1.0
[INFO] [stderr]    Compiling tracing-attributes v0.1.26
[INFO] [stderr]    Compiling thiserror-impl v1.0.43
[INFO] [stderr]     Checking tracing v0.1.37
[INFO] [stderr]    Compiling openssl-macros v0.1.1
[INFO] [stderr]    Compiling pin-project-internal v1.1.2
[INFO] [stdout] error: linking with `cc` failed: exit status: 1
[INFO] [stdout]   |
[INFO] [stdout]   = note:  "cc" "-Wl,--version-script=/tmp/rustcYwWpyw/list" "-Wl,--no-undefined-version" "-m64" "/tmp/rustcYwWpyw/symbols.o" "<10 object files omitted>" "/opt/rustwide/target/debug/deps/schemars_derive-f6550ddf5a9f5664.3uu8posd67l2ub2vzk4bj12r2.rcgu.rmeta" "<1 object files omitted>" "-Wl,--as-needed" "-Wl,-Bstatic" "/opt/rustwide/target/debug/deps/{libserde_derive_internals-e76559a9ae0f00ed.rlib,libsyn-dd518a5f2920dcdd.rlib,libquote-f73059c501a60190.rlib,libproc_macro2-a76bc3967f104a04.rlib,libunicode_ident-88a20ab10d75ac1b.rlib}.rlib" "<sysroot>/lib/rustlib/x86_64-unknown-linux-gnu/lib/{libproc_macro-*,libstd-*,libpanic_unwind-*,libobject-*,libmemchr-*,libaddr2line-*,libgimli-*,librustc_demangle-*,libstd_detect-*,libhashbrown-*,librustc_std_workspace_alloc-*,libminiz_oxide-*,libadler2-*,libunwind-*,libcfg_if-*,liblibc-*,liballoc-*,librustc_std_workspace_core-*,libcore-*,libcompiler_builtins-*}.rlib" "-Wl,-Bdynamic" "-lgcc_s" "-lutil" "-lrt" "-lpthread" "-lm" "-ldl" "-lc" "-Wl,--eh-frame-hdr" "-Wl,-z,noexecstack" "-L" "<sysroot>/lib/rustlib/x86_64-unknown-linux-gnu/lib" "-o" "/opt/rustwide/target/debug/deps/libschemars_derive-f6550ddf5a9f5664.so" "-Wl,--gc-sections" "-shared" "-Wl,-z,relro,-z,now" "-nodefaultlibs"
[INFO] [stdout]   = note: some arguments are omitted. use `--verbose` to show all linker arguments
[INFO] [stdout]   = note: /usr/bin/ld: final link failed: No space left on device
[INFO] [stdout]           collect2: error: ld returned 1 exit status
[INFO] [stdout]           
[INFO] [stdout] 
[INFO] [stdout] 
[INFO] [stdout] error: linking with `cc` failed: exit status: 1
[INFO] [stdout]   |
[INFO] [stdout]   = note:  "cc" "-Wl,--version-script=/tmp/rustcg0e9W4/list" "-Wl,--no-undefined-version" "-m64" "/tmp/rustcg0e9W4/symbols.o" "<1 object files omitted>" "/opt/rustwide/target/debug/deps/openssl_macros-38d151023b2e254f.bc1d0rlx4upji7m1fdg5hq3cn.rcgu.rmeta" "<1 object files omitted>" "-Wl,--as-needed" "-Wl,-Bstatic" "/opt/rustwide/target/debug/deps/{libsyn-ece67afae78300d5.rlib,libquote-f73059c501a60190.rlib,libproc_macro2-a76bc3967f104a04.rlib,libunicode_ident-88a20ab10d75ac1b.rlib}.rlib" "<sysroot>/lib/rustlib/x86_64-unknown-linux-gnu/lib/{libproc_macro-*,libstd-*,libpanic_unwind-*,libobject-*,libmemchr-*,libaddr2line-*,libgimli-*,librustc_demangle-*,libstd_detect-*,libhashbrown-*,librustc_std_workspace_alloc-*,libminiz_oxide-*,libadler2-*,libunwind-*,libcfg_if-*,liblibc-*,liballoc-*,librustc_std_workspace_core-*,libcore-*,libcompiler_builtins-*}.rlib" "-Wl,-Bdynamic" "-lgcc_s" "-lutil" "-lrt" "-lpthread" "-lm" "-ldl" "-lc" "-Wl,--eh-frame-hdr" "-Wl,-z,noexecstack" "-L" "<sysroot>/lib/rustlib/x86_64-unknown-linux-gnu/lib" "-o" "/opt/rustwide/target/debug/deps/libopenssl_macros-38d151023b2e254f.so" "-Wl,--gc-sections" "-shared" "-Wl,-z,relro,-z,now" "-nodefaultlibs"
[INFO] [stdout]   = note: some arguments are omitted. use `--verbose` to show all linker arguments
[INFO] [stdout]   = note: /usr/bin/ld: final link failed: No space left on device
[INFO] [stdout]           collect2: error: ld returned 1 exit status
[INFO] [stdout]           
[INFO] [stdout] 
[INFO] [stdout] 
[INFO] [stderr] error: could not compile `openssl-macros` (lib) due to 1 previous error
[INFO] [stderr] warning: build failed, waiting for other jobs to finish...
[INFO] [stderr] error: could not compile `schemars_derive` (lib) due to 1 previous error
[INFO] [stdout] error: linking with `cc` failed: exit status: 1
[INFO] [stdout]   |
[INFO] [stdout]   = note:  "cc" "-Wl,--version-script=/tmp/rustcM3xyvp/list" "-Wl,--no-undefined-version" "-m64" "/tmp/rustcM3xyvp/symbols.o" "<16 object files omitted>" "/opt/rustwide/target/debug/deps/derivative-5be46c9d2ef661a4.8ofrl9kg1147rove3sttjh8cr.rcgu.rmeta" "<1 object files omitted>" "-Wl,--as-needed" "-Wl,-Bstatic" "/opt/rustwide/target/debug/deps/{libsyn-dd518a5f2920dcdd.rlib,libquote-f73059c501a60190.rlib,libproc_macro2-a76bc3967f104a04.rlib,libunicode_ident-88a20ab10d75ac1b.rlib}.rlib" "<sysroot>/lib/rustlib/x86_64-unknown-linux-gnu/lib/{libproc_macro-*,libstd-*,libpanic_unwind-*,libobject-*,libmemchr-*,libaddr2line-*,libgimli-*,librustc_demangle-*,libstd_detect-*,libhashbrown-*,librustc_std_workspace_alloc-*,libminiz_oxide-*,libadler2-*,libunwind-*,libcfg_if-*,liblibc-*,liballoc-*,librustc_std_workspace_core-*,libcore-*,libcompiler_builtins-*}.rlib" "-Wl,-Bdynamic" "-lgcc_s" "-lutil" "-lrt" "-lpthread" "-lm" "-ldl" "-lc" "-Wl,--eh-frame-hdr" "-Wl,-z,noexecstack" "-L" "<sysroot>/lib/rustlib/x86_64-unknown-linux-gnu/lib" "-o" "/opt/rustwide/target/debug/deps/libderivative-5be46c9d2ef661a4.so" "-Wl,--gc-sections" "-shared" "-Wl,-z,relro,-z,now" "-nodefaultlibs"
[INFO] [stdout]   = note: some arguments are omitted. use `--verbose` to show all linker arguments
[INFO] [stdout]   = note: /usr/bin/ld: final link failed: No space left on device
[INFO] [stdout]           collect2: error: ld returned 1 exit status
[INFO] [stdout]           
[INFO] [stdout] 
[INFO] [stdout] 
[INFO] [stderr] error: could not compile `derivative` (lib) due to 1 previous error
[INFO] [stderr] rustc-LLVM ERROR: IO failure on output stream: No space left on device
[INFO] [stderr] error: could not compile `serde_derive` (lib)
[INFO] [stderr] 
[INFO] [stderr] Caused by:
[INFO] [stderr]   No space left on device (os error 28)
[INFO] [stderr] 
[INFO] [stderr] Caused by:
[INFO] [stderr]   failed to parse process output: `/opt/rustwide/rustup-home/toolchains/beta-2025-02-18-x86_64-unknown-linux-gnu/bin/rustc --crate-name serde_derive --edition=2015 /opt/rustwide/cargo-home/registry/src/index.crates.io-1949cf8c6b5b557f/serde_derive-1.0.171/src/lib.rs --error-format=json --json=diagnostic-rendered-ansi,artifacts,future-incompat --crate-type proc-macro --emit=dep-info,link -C prefer-dynamic -C embed-bitcode=no --cfg 'feature="default"' --check-cfg 'cfg(docsrs,test)' --check-cfg 'cfg(feature, values("default", "deserialize_in_place"))' -C metadata=80f9b74f2adef882 -C extra-filename=-5cabcdaf8b7d3b93 --out-dir /opt/rustwide/target/debug/deps -L dependency=/opt/rustwide/target/debug/deps --extern proc_macro2=/opt/rustwide/target/debug/deps/libproc_macro2-a76bc3967f104a04.rlib --extern quote=/opt/rustwide/target/debug/deps/libquote-f73059c501a60190.rlib --extern syn=/opt/rustwide/target/debug/deps/libsyn-ece67afae78300d5.rlib --extern proc_macro --cap-lints allow --cap-lints=warn` (exit status: 101)
[INFO] [stdout] error: failed to write to `/opt/rustwide/target/debug/deps/rmetaR5H2sY/lib.rmeta`: No space left on device (os error 28)
[INFO] [stdout] 
[INFO] [stdout] 
[INFO] [stderr] error: could not compile `tokio` (lib) due to 1 previous error
[INFO] running `Command { std: "docker" "inspect" "b8611ec2c69f9706224367f7d9d880f0cf0a7b00b02783443846c40acd59430a", kill_on_drop: false }`
[INFO] running `Command { std: "docker" "rm" "-f" "b8611ec2c69f9706224367f7d9d880f0cf0a7b00b02783443846c40acd59430a", kill_on_drop: false }`
[INFO] [stdout] b8611ec2c69f9706224367f7d9d880f0cf0a7b00b02783443846c40acd59430a
