[INFO] cloning repository https://github.com/synoet/async_anthropic
[INFO] running `Command { std: "git" "-c" "credential.helper=" "-c" "credential.helper=/workspace/cargo-home/bin/git-credential-null" "clone" "--bare" "https://github.com/synoet/async_anthropic" "/workspace/cache/git-repos/https%3A%2F%2Fgithub.com%2Fsynoet%2Fasync_anthropic", kill_on_drop: false }`
[INFO] [stderr] Cloning into bare repository '/workspace/cache/git-repos/https%3A%2F%2Fgithub.com%2Fsynoet%2Fasync_anthropic'...
[INFO] running `Command { std: "git" "rev-parse" "HEAD", kill_on_drop: false }`
[INFO] [stdout] ec20c6aa91ca45161019b7c911a99b5b018e1a64
[INFO] documenting synoet/async_anthropic against beta-2025-02-18 for beta-1.86-rustdoc-1
[INFO] running `Command { std: "git" "clone" "/workspace/cache/git-repos/https%3A%2F%2Fgithub.com%2Fsynoet%2Fasync_anthropic" "/workspace/builds/worker-0-tc2/source", kill_on_drop: false }`
[INFO] [stderr] Cloning into '/workspace/builds/worker-0-tc2/source'...
[INFO] [stderr] done.
[INFO] validating manifest of git repo https://github.com/synoet/async_anthropic on toolchain beta-2025-02-18
[INFO] running `Command { std: CARGO_HOME="/workspace/cargo-home" RUSTUP_HOME="/workspace/rustup-home" "/workspace/cargo-home/bin/cargo" "+beta-2025-02-18" "metadata" "--manifest-path" "Cargo.toml" "--no-deps", kill_on_drop: false }`
[INFO] started tweaking git repo https://github.com/synoet/async_anthropic
[INFO] finished tweaking git repo https://github.com/synoet/async_anthropic
[INFO] tweaked toml for git repo https://github.com/synoet/async_anthropic written to /workspace/builds/worker-0-tc2/source/Cargo.toml
[INFO] crate git repo https://github.com/synoet/async_anthropic already has a lockfile, it will not be regenerated
[INFO] running `Command { std: CARGO_HOME="/workspace/cargo-home" RUSTUP_HOME="/workspace/rustup-home" "/workspace/cargo-home/bin/cargo" "+beta-2025-02-18" "fetch" "--manifest-path" "Cargo.toml", kill_on_drop: false }`
[INFO] running `Command { std: "docker" "create" "-v" "/var/lib/crater-agent-workspace/builds/worker-0-tc2/target:/opt/rustwide/target:rw,Z" "-v" "/var/lib/crater-agent-workspace/builds/worker-0-tc2/source:/opt/rustwide/workdir:ro,Z" "-v" "/var/lib/crater-agent-workspace/cargo-home:/opt/rustwide/cargo-home:ro,Z" "-v" "/var/lib/crater-agent-workspace/rustup-home:/opt/rustwide/rustup-home:ro,Z" "-e" "SOURCE_DIR=/opt/rustwide/workdir" "-e" "CARGO_TARGET_DIR=/opt/rustwide/target" "-e" "CARGO_HOME=/opt/rustwide/cargo-home" "-e" "RUSTUP_HOME=/opt/rustwide/rustup-home" "-w" "/opt/rustwide/workdir" "-m" "1610612736" "--user" "0:0" "--network" "none" "ghcr.io/rust-lang/crates-build-env/linux@sha256:3959728d45483eb673ba100a951a6b9f5012970368db2a9e08e0ac9b67c8a5ad" "/opt/rustwide/cargo-home/bin/cargo" "+beta-2025-02-18" "metadata" "--no-deps" "--format-version=1", kill_on_drop: false }`
[INFO] [stdout] aea3644506387709325b7135745e6c5077e0f4e66de3b1e3bff79f32cb65d64c
[INFO] running `Command { std: "docker" "start" "-a" "aea3644506387709325b7135745e6c5077e0f4e66de3b1e3bff79f32cb65d64c", kill_on_drop: false }`
[INFO] running `Command { std: "docker" "inspect" "aea3644506387709325b7135745e6c5077e0f4e66de3b1e3bff79f32cb65d64c", kill_on_drop: false }`
[INFO] running `Command { std: "docker" "rm" "-f" "aea3644506387709325b7135745e6c5077e0f4e66de3b1e3bff79f32cb65d64c", kill_on_drop: false }`
[INFO] [stdout] aea3644506387709325b7135745e6c5077e0f4e66de3b1e3bff79f32cb65d64c
[INFO] running `Command { std: "docker" "create" "-v" "/var/lib/crater-agent-workspace/builds/worker-0-tc2/target:/opt/rustwide/target:rw,Z" "-v" "/var/lib/crater-agent-workspace/builds/worker-0-tc2/source:/opt/rustwide/workdir:ro,Z" "-v" "/var/lib/crater-agent-workspace/cargo-home:/opt/rustwide/cargo-home:ro,Z" "-v" "/var/lib/crater-agent-workspace/rustup-home:/opt/rustwide/rustup-home:ro,Z" "-e" "SOURCE_DIR=/opt/rustwide/workdir" "-e" "CARGO_TARGET_DIR=/opt/rustwide/target" "-e" "CARGO_INCREMENTAL=0" "-e" "RUST_BACKTRACE=full" "-e" "RUSTFLAGS=--cap-lints=warn" "-e" "RUSTDOCFLAGS=--cap-lints=warn" "-e" "CARGO_HOME=/opt/rustwide/cargo-home" "-e" "RUSTUP_HOME=/opt/rustwide/rustup-home" "-w" "/opt/rustwide/workdir" "-m" "1610612736" "--user" "0:0" "--network" "none" "ghcr.io/rust-lang/crates-build-env/linux@sha256:3959728d45483eb673ba100a951a6b9f5012970368db2a9e08e0ac9b67c8a5ad" "/opt/rustwide/cargo-home/bin/cargo" "+beta-2025-02-18" "doc" "--frozen" "--no-deps" "--document-private-items" "--message-format=json", kill_on_drop: false }`
[INFO] [stdout] e00bfa1d343c2b41cc5c4a51fc07502e1d06e0d94f6ad648514e14d4ea07fd6a
[INFO] running `Command { std: "docker" "start" "-a" "e00bfa1d343c2b41cc5c4a51fc07502e1d06e0d94f6ad648514e14d4ea07fd6a", kill_on_drop: false }`
[INFO] [stderr]    Compiling proc-macro2 v1.0.92
[INFO] [stderr]    Compiling unicode-ident v1.0.14
[INFO] [stderr]    Compiling libc v0.2.168
[INFO] [stderr]    Compiling autocfg v1.4.0
[INFO] [stderr]     Checking cfg-if v1.0.0
[INFO] [stderr]     Checking pin-project-lite v0.2.15
[INFO] [stderr]     Checking smallvec v1.13.2
[INFO] [stderr]     Checking memchr v2.7.4
[INFO] [stderr]    Compiling parking_lot_core v0.9.10
[INFO] [stderr]     Checking futures-core v0.3.31
[INFO] [stderr]     Checking bytes v1.9.0
[INFO] [stderr]     Checking once_cell v1.20.2
[INFO] [stderr]     Checking scopeguard v1.2.0
[INFO] [stderr]    Compiling shlex v1.3.0
[INFO] [stderr]     Checking futures-sink v0.3.31
[INFO] [stderr]     Checking stable_deref_trait v1.2.0
[INFO] [stderr]    Compiling cc v1.2.4
[INFO] [stderr]    Compiling lock_api v0.4.12
[INFO] [stderr]    Compiling slab v0.4.9
[INFO] [stderr]     Checking futures-channel v0.3.31
[INFO] [stderr]     Checking futures-io v0.3.31
[INFO] [stderr]     Checking pin-utils v0.1.0
[INFO] [stderr]     Checking futures-task v0.3.31
[INFO] [stderr]     Checking tracing-core v0.1.33
[INFO] [stderr]     Checking litemap v0.7.4
[INFO] [stderr]     Checking itoa v1.0.14
[INFO] [stderr]     Checking writeable v0.5.5
[INFO] [stderr]     Checking icu_locid_transform_data v1.5.0
[INFO] [stderr]     Checking icu_properties_data v1.5.0
[INFO] [stderr]     Checking fnv v1.0.7
[INFO] [stderr]    Compiling quote v1.0.37
[INFO] [stderr]     Checking http v1.2.0
[INFO] [stderr]     Checking percent-encoding v2.3.1
[INFO] [stderr]     Checking icu_normalizer_data v1.5.0
[INFO] [stderr]     Checking signal-hook-registry v1.4.2
[INFO] [stderr]     Checking socket2 v0.5.8
[INFO] [stderr]    Compiling syn v2.0.90
[INFO] [stderr]     Checking mio v1.0.3
[INFO] [stderr]     Checking getrandom v0.2.15
[INFO] [stderr]     Checking parking_lot v0.12.3
[INFO] [stderr]     Checking utf8_iter v1.0.4
[INFO] [stderr]     Checking utf16_iter v1.0.5
[INFO] [stderr]     Checking write16 v1.0.0
[INFO] [stderr]     Checking form_urlencoded v1.2.1
[INFO] [stderr]     Checking equivalent v1.0.1
[INFO] [stderr]    Compiling serde v1.0.216
[INFO] [stderr]    Compiling vcpkg v0.2.15
[INFO] [stderr]    Compiling httparse v1.9.5
[INFO] [stderr]     Checking byteorder v1.5.0
[INFO] [stderr]     Checking hashbrown v0.15.2
[INFO] [stderr]    Compiling pkg-config v0.3.31
[INFO] [stderr]     Checking http-body v1.0.1
[INFO] [stderr]     Checking atomic-waker v1.1.2
[INFO] [stderr]     Checking try-lock v0.2.5
[INFO] [stderr]     Checking rand_core v0.6.4
[INFO] [stderr]     Checking want v0.3.1
[INFO] [stderr]     Checking tinyvec_macros v0.1.1
[INFO] [stderr]     Checking rustls-pki-types v1.10.1
[INFO] [stderr]     Checking httpdate v1.0.3
[INFO] [stderr]    Compiling thiserror v1.0.69
[INFO] [stderr]     Checking tinyvec v1.8.0
[INFO] [stderr]     Checking indexmap v2.7.0
[INFO] [stderr]    Compiling heck v0.5.0
[INFO] [stderr]     Checking ryu v1.0.18
[INFO] [stderr]     Checking tower-service v0.3.3
[INFO] [stderr]    Compiling openssl-sys v0.9.104
[INFO] [stderr]    Compiling serde_json v1.0.133
[INFO] [stderr]     Checking openssl-probe v0.1.5
[INFO] [stderr]    Compiling ring v0.17.8
[INFO] [stderr]    Compiling openssl v0.10.68
[INFO] [stderr]     Checking log v0.4.22
[INFO] [stderr]     Checking foreign-types-shared v0.1.1
[INFO] [stderr]     Checking ipnet v2.10.1
[INFO] [stderr]     Checking foreign-types v0.3.2
[INFO] [stderr]     Checking data-encoding v2.6.0
[INFO] [stderr]    Compiling native-tls v0.2.12
[INFO] [stderr]     Checking match_cfg v0.1.0
[INFO] [stderr]     Checking bitflags v2.6.0
[INFO] [stderr]     Checking hostname v0.3.1
[INFO] [stderr]     Checking linked-hash-map v0.5.6
[INFO] [stderr]    Compiling ident_case v1.0.1
[INFO] [stderr]     Checking spin v0.9.8
[INFO] [stderr]     Checking untrusted v0.9.0
[INFO] [stderr]    Compiling unicase v2.8.0
[INFO] [stderr]    Compiling strsim v0.11.1
[INFO] [stderr]     Checking quick-error v1.2.3
[INFO] [stderr]     Checking lru-cache v0.1.2
[INFO] [stderr]     Checking base64 v0.22.1
[INFO] [stderr]     Checking resolv-conf v0.7.0
[INFO] [stderr]    Compiling rustls v0.23.20
[INFO] [stderr]    Compiling mime_guess v2.0.5
[INFO] [stderr]     Checking rustls-pemfile v2.2.0
[INFO] [stderr]     Checking aho-corasick v1.1.3
[INFO] [stderr]    Compiling num-traits v0.2.19
[INFO] [stdout] error: linking with `cc` failed: exit status: 1
[INFO] [stdout]   |
[INFO] [stdout]   = note:  "cc" "-m64" "/tmp/rustcNWIvXA/symbols.o" "<2 object files omitted>" "-Wl,--as-needed" "-Wl,-Bstatic" "<sysroot>/lib/rustlib/x86_64-unknown-linux-gnu/lib/{libstd-*,libpanic_unwind-*,libobject-*,libmemchr-*,libaddr2line-*,libgimli-*,librustc_demangle-*,libstd_detect-*,libhashbrown-*,librustc_std_workspace_alloc-*,libminiz_oxide-*,libadler2-*,libunwind-*,libcfg_if-*,liblibc-*,liballoc-*,librustc_std_workspace_core-*,libcore-*,libcompiler_builtins-*}.rlib" "-Wl,-Bdynamic" "-lgcc_s" "-lutil" "-lrt" "-lpthread" "-lm" "-ldl" "-lc" "-Wl,--eh-frame-hdr" "-Wl,-z,noexecstack" "-L" "<sysroot>/lib/rustlib/x86_64-unknown-linux-gnu/lib" "-o" "/opt/rustwide/target/debug/build/rustls-1cb9b1b22131380f/build_script_build-1cb9b1b22131380f" "-Wl,--gc-sections" "-pie" "-Wl,-z,relro,-z,now" "-nodefaultlibs"
[INFO] [stdout]   = note: some arguments are omitted. use `--verbose` to show all linker arguments
[INFO] [stdout]   = note: /usr/bin/ld: final link failed: No space left on device
[INFO] [stdout]           collect2: error: ld returned 1 exit status
[INFO] [stdout]           
[INFO] [stdout] 
[INFO] [stdout] 
[INFO] [stderr] error: could not compile `rustls` (build script) due to 1 previous error
[INFO] [stderr] warning: build failed, waiting for other jobs to finish...
[INFO] [stdout] error: couldn't create a temp dir: No space left on device (os error 28) at path "/opt/rustwide/target/debug/deps/rmetaloyC3p"
[INFO] [stdout] 
[INFO] [stdout] 
[INFO] [stderr] rustc-LLVM ERROR: IO failure on output stream: No space left on device
[INFO] [stderr] error: could not compile `mime_guess` (build script)
[INFO] [stderr] 
[INFO] [stderr] Caused by:
[INFO] [stderr]   process didn't exit successfully: `/opt/rustwide/rustup-home/toolchains/beta-2025-02-18-x86_64-unknown-linux-gnu/bin/rustc --crate-name build_script_build --edition=2015 /opt/rustwide/cargo-home/registry/src/index.crates.io-1949cf8c6b5b557f/mime_guess-2.0.5/build.rs --error-format=json --json=diagnostic-rendered-ansi,artifacts,future-incompat --crate-type bin --emit=dep-info,link -C embed-bitcode=no --check-cfg 'cfg(docsrs,test)' --check-cfg 'cfg(feature, values("default", "rev-mappings"))' -C metadata=3cae8a1fe1e6859d -C extra-filename=-fe996340e3591fec --out-dir /opt/rustwide/target/debug/build/mime_guess-fe996340e3591fec -L dependency=/opt/rustwide/target/debug/deps --extern unicase=/opt/rustwide/target/debug/deps/libunicase-9a0fd787de9357a7.rlib --cap-lints allow --cap-lints=warn` (exit status: 101)
[INFO] [stderr] error: could not compile `base64` (lib) due to 1 previous error
[INFO] [stderr] warning: ring@0.17.8: crypto/curve25519/curve25519.c:1928:1: fatal error: error writing to /tmp/ccixaVGj.s: No space left on device
[INFO] [stderr] warning: ring@0.17.8:  1928 | }
[INFO] [stderr] warning: ring@0.17.8:       | ^
[INFO] [stderr] warning: ring@0.17.8: compilation terminated.
[INFO] [stderr] error: failed to run custom build command for `ring v0.17.8`
[INFO] [stderr] note: To improve backtraces for build dependencies, set the CARGO_PROFILE_DEV_BUILD_OVERRIDE_DEBUG=true environment variable to enable debug information generation.
[INFO] [stderr] 
[INFO] [stderr] Caused by:
[INFO] [stderr]   process didn't exit successfully: `/opt/rustwide/target/debug/build/ring-79af16ac3202d6e8/build-script-build` (exit status: 1)
[INFO] [stderr]   --- stdout
[INFO] [stderr]   cargo:rerun-if-env-changed=RING_PREGENERATE_ASM
[INFO] [stderr]   cargo:rustc-env=RING_CORE_PREFIX=ring_core_0_17_8_
[INFO] [stderr]   OPT_LEVEL = Some(0)
[INFO] [stderr]   OUT_DIR = Some(/opt/rustwide/target/debug/build/ring-04cb5497781e8901/out)
[INFO] [stderr]   TARGET = Some(x86_64-unknown-linux-gnu)
[INFO] [stderr]   HOST = Some(x86_64-unknown-linux-gnu)
[INFO] [stderr]   cargo:rerun-if-env-changed=CC_x86_64-unknown-linux-gnu
[INFO] [stderr]   CC_x86_64-unknown-linux-gnu = None
[INFO] [stderr]   cargo:rerun-if-env-changed=CC_x86_64_unknown_linux_gnu
[INFO] [stderr]   CC_x86_64_unknown_linux_gnu = None
[INFO] [stderr]   cargo:rerun-if-env-changed=HOST_CC
[INFO] [stderr]   HOST_CC = None
[INFO] [stderr]   cargo:rerun-if-env-changed=CC
[INFO] [stderr]   CC = None
[INFO] [stderr]   cargo:rerun-if-env-changed=CC_ENABLE_DEBUG_OUTPUT
[INFO] [stderr]   RUSTC_WRAPPER = None
[INFO] [stderr]   cargo:rerun-if-env-changed=CRATE_CC_NO_DEFAULTS
[INFO] [stderr]   CRATE_CC_NO_DEFAULTS = None
[INFO] [stderr]   DEBUG = Some(true)
[INFO] [stderr]   CARGO_CFG_TARGET_FEATURE = Some(fxsr,sse,sse2)
[INFO] [stderr]   cargo:rerun-if-env-changed=CFLAGS_x86_64-unknown-linux-gnu
[INFO] [stderr]   CFLAGS_x86_64-unknown-linux-gnu = None
[INFO] [stderr]   cargo:rerun-if-env-changed=CFLAGS_x86_64_unknown_linux_gnu
[INFO] [stderr]   CFLAGS_x86_64_unknown_linux_gnu = None
[INFO] [stderr]   cargo:rerun-if-env-changed=HOST_CFLAGS
[INFO] [stderr]   HOST_CFLAGS = None
[INFO] [stderr]   cargo:rerun-if-env-changed=CFLAGS
[INFO] [stderr]   CFLAGS = None
[INFO] [stderr]   CARGO_ENCODED_RUSTFLAGS = Some(--cap-lints=warn)
[INFO] [stderr]   cargo:warning=crypto/curve25519/curve25519.c:1928:1: fatal error: error writing to /tmp/ccixaVGj.s: No space left on device
[INFO] [stderr]   cargo:warning= 1928 | }
[INFO] [stderr]   cargo:warning=      | ^
[INFO] [stderr]   cargo:warning=compilation terminated.
[INFO] [stderr] 
[INFO] [stderr]   --- stderr
[INFO] [stderr] 
[INFO] [stderr] 
[INFO] [stderr]   error occurred in cc-rs: Command LC_ALL="C" "cc" "-O0" "-ffunction-sections" "-fdata-sections" "-fPIC" "-gdwarf-4" "-fno-omit-frame-pointer" "-m64" "-I" "include" "-I" "/opt/rustwide/target/debug/build/ring-04cb5497781e8901/out" "-Wall" "-Wextra" "-fvisibility=hidden" "-std=c1x" "-Wall" "-Wbad-function-cast" "-Wcast-align" "-Wcast-qual" "-Wconversion" "-Wmissing-field-initializers" "-Wmissing-include-dirs" "-Wnested-externs" "-Wredundant-decls" "-Wshadow" "-Wsign-compare" "-Wsign-conversion" "-Wstrict-prototypes" "-Wundef" "-Wuninitialized" "-g3" "-DNDEBUG" "-o" "/opt/rustwide/target/debug/build/ring-04cb5497781e8901/out/172e8fe49fe517e0-curve25519.o" "-c" "crypto/curve25519/curve25519.c" with args cc did not execute successfully (status code exit status: 1).
[INFO] [stderr] 
[INFO] [stderr] 
[INFO] [stdout] error: error writing dependencies to `/opt/rustwide/target/debug/deps/aho_corasick-83ff3b60abb60fd1.d`: No space left on device (os error 28)
[INFO] [stdout] 
[INFO] [stdout] 
[INFO] [stdout] error: linking with `cc` failed: exit status: 1
[INFO] [stdout]   |
[INFO] [stdout]   = note:  "cc" "-m64" "/tmp/rustcTDDCJQ/symbols.o" "<2 object files omitted>" "-Wl,--as-needed" "-Wl,-Bstatic" "/opt/rustwide/target/debug/deps/{libautocfg-37e49257b5a6b323.rlib}.rlib" "<sysroot>/lib/rustlib/x86_64-unknown-linux-gnu/lib/{libstd-*,libpanic_unwind-*,libobject-*,libmemchr-*,libaddr2line-*,libgimli-*,librustc_demangle-*,libstd_detect-*,libhashbrown-*,librustc_std_workspace_alloc-*,libminiz_oxide-*,libadler2-*,libunwind-*,libcfg_if-*,liblibc-*,liballoc-*,librustc_std_workspace_core-*,libcore-*,libcompiler_builtins-*}.rlib" "-Wl,-Bdynamic" "-lgcc_s" "-lutil" "-lrt" "-lpthread" "-lm" "-ldl" "-lc" "-Wl,--eh-frame-hdr" "-Wl,-z,noexecstack" "-L" "<sysroot>/lib/rustlib/x86_64-unknown-linux-gnu/lib" "-o" "/opt/rustwide/target/debug/build/num-traits-07ee76a2fd6a1088/build_script_build-07ee76a2fd6a1088" "-Wl,--gc-sections" "-pie" "-Wl,-z,relro,-z,now" "-nodefaultlibs"
[INFO] [stdout]   = note: some arguments are omitted. use `--verbose` to show all linker arguments
[INFO] [stdout]   = note: /usr/bin/ld: final link failed: No space left on device
[INFO] [stdout]           collect2: error: ld returned 1 exit status
[INFO] [stdout]           
[INFO] [stdout] 
[INFO] [stdout] 
[INFO] [stderr] error: could not compile `num-traits` (build script) due to 1 previous error
[INFO] [stderr] error: could not compile `aho-corasick` (lib) due to 1 previous error
[INFO] [stdout] error: couldn't create a temp dir: No space left on device (os error 28) at path "/opt/rustwide/target/debug/deps/rmeta1DRb2J"
[INFO] [stdout] 
[INFO] [stdout] 
[INFO] [stderr] error: could not compile `openssl-sys` (lib) due to 1 previous error
[INFO] [stdout] error: couldn't create a temp dir: No space left on device (os error 28) at path "/opt/rustwide/target/debug/deps/rmetaWYjCv5"
[INFO] [stdout] 
[INFO] [stdout] 
[INFO] [stderr] error: could not compile `syn` (lib) due to 1 previous error
[INFO] running `Command { std: "docker" "inspect" "e00bfa1d343c2b41cc5c4a51fc07502e1d06e0d94f6ad648514e14d4ea07fd6a", kill_on_drop: false }`
[INFO] running `Command { std: "docker" "rm" "-f" "e00bfa1d343c2b41cc5c4a51fc07502e1d06e0d94f6ad648514e14d4ea07fd6a", kill_on_drop: false }`
[INFO] [stdout] e00bfa1d343c2b41cc5c4a51fc07502e1d06e0d94f6ad648514e14d4ea07fd6a
