[INFO] cloning repository https://github.com/syniox/oj
[INFO] running `Command { std: "git" "-c" "credential.helper=" "-c" "credential.helper=/workspace/cargo-home/bin/git-credential-null" "clone" "--bare" "https://github.com/syniox/oj" "/workspace/cache/git-repos/https%3A%2F%2Fgithub.com%2Fsyniox%2Foj", kill_on_drop: false }`
[INFO] [stderr] Cloning into bare repository '/workspace/cache/git-repos/https%3A%2F%2Fgithub.com%2Fsyniox%2Foj'...
[INFO] running `Command { std: "git" "rev-parse" "HEAD", kill_on_drop: false }`
[INFO] [stdout] eb66c5f32d3b578cce16cb50935e9dd072ac34e1
[INFO] documenting syniox/oj against beta-2025-02-18 for beta-1.86-rustdoc-1
[INFO] running `Command { std: "git" "clone" "/workspace/cache/git-repos/https%3A%2F%2Fgithub.com%2Fsyniox%2Foj" "/workspace/builds/worker-2-tc2/source", kill_on_drop: false }`
[INFO] [stderr] Cloning into '/workspace/builds/worker-2-tc2/source'...
[INFO] [stderr] done.
[INFO] validating manifest of git repo https://github.com/syniox/oj on toolchain beta-2025-02-18
[INFO] running `Command { std: CARGO_HOME="/workspace/cargo-home" RUSTUP_HOME="/workspace/rustup-home" "/workspace/cargo-home/bin/cargo" "+beta-2025-02-18" "metadata" "--manifest-path" "Cargo.toml" "--no-deps", kill_on_drop: false }`
[INFO] removed /workspace/builds/worker-2-tc2/source/.cargo/config.toml
[INFO] started tweaking git repo https://github.com/syniox/oj
[INFO] finished tweaking git repo https://github.com/syniox/oj
[INFO] tweaked toml for git repo https://github.com/syniox/oj written to /workspace/builds/worker-2-tc2/source/Cargo.toml
[INFO] crate git repo https://github.com/syniox/oj already has a lockfile, it will not be regenerated
[INFO] running `Command { std: CARGO_HOME="/workspace/cargo-home" RUSTUP_HOME="/workspace/rustup-home" "/workspace/cargo-home/bin/cargo" "+beta-2025-02-18" "fetch" "--manifest-path" "Cargo.toml", kill_on_drop: false }`
[INFO] running `Command { std: "docker" "create" "-v" "/var/lib/crater-agent-workspace/builds/worker-2-tc2/target:/opt/rustwide/target:rw,Z" "-v" "/var/lib/crater-agent-workspace/builds/worker-2-tc2/source:/opt/rustwide/workdir:ro,Z" "-v" "/var/lib/crater-agent-workspace/cargo-home:/opt/rustwide/cargo-home:ro,Z" "-v" "/var/lib/crater-agent-workspace/rustup-home:/opt/rustwide/rustup-home:ro,Z" "-e" "SOURCE_DIR=/opt/rustwide/workdir" "-e" "CARGO_TARGET_DIR=/opt/rustwide/target" "-e" "CARGO_HOME=/opt/rustwide/cargo-home" "-e" "RUSTUP_HOME=/opt/rustwide/rustup-home" "-w" "/opt/rustwide/workdir" "-m" "1610612736" "--user" "0:0" "--network" "none" "ghcr.io/rust-lang/crates-build-env/linux@sha256:3959728d45483eb673ba100a951a6b9f5012970368db2a9e08e0ac9b67c8a5ad" "/opt/rustwide/cargo-home/bin/cargo" "+beta-2025-02-18" "metadata" "--no-deps" "--format-version=1", kill_on_drop: false }`
[INFO] [stdout] 37c02c8c6922fbe25a6405e3642cff724f53e3cfb4d8562a6802f74cfc757e69
[INFO] running `Command { std: "docker" "start" "-a" "37c02c8c6922fbe25a6405e3642cff724f53e3cfb4d8562a6802f74cfc757e69", kill_on_drop: false }`
[INFO] running `Command { std: "docker" "inspect" "37c02c8c6922fbe25a6405e3642cff724f53e3cfb4d8562a6802f74cfc757e69", kill_on_drop: false }`
[INFO] running `Command { std: "docker" "rm" "-f" "37c02c8c6922fbe25a6405e3642cff724f53e3cfb4d8562a6802f74cfc757e69", kill_on_drop: false }`
[INFO] [stdout] 37c02c8c6922fbe25a6405e3642cff724f53e3cfb4d8562a6802f74cfc757e69
[INFO] running `Command { std: "docker" "create" "-v" "/var/lib/crater-agent-workspace/builds/worker-2-tc2/target:/opt/rustwide/target:rw,Z" "-v" "/var/lib/crater-agent-workspace/builds/worker-2-tc2/source:/opt/rustwide/workdir:ro,Z" "-v" "/var/lib/crater-agent-workspace/cargo-home:/opt/rustwide/cargo-home:ro,Z" "-v" "/var/lib/crater-agent-workspace/rustup-home:/opt/rustwide/rustup-home:ro,Z" "-e" "SOURCE_DIR=/opt/rustwide/workdir" "-e" "CARGO_TARGET_DIR=/opt/rustwide/target" "-e" "CARGO_INCREMENTAL=0" "-e" "RUST_BACKTRACE=full" "-e" "RUSTFLAGS=--cap-lints=warn" "-e" "RUSTDOCFLAGS=--cap-lints=warn" "-e" "CARGO_HOME=/opt/rustwide/cargo-home" "-e" "RUSTUP_HOME=/opt/rustwide/rustup-home" "-w" "/opt/rustwide/workdir" "-m" "1610612736" "--user" "0:0" "--network" "none" "ghcr.io/rust-lang/crates-build-env/linux@sha256:3959728d45483eb673ba100a951a6b9f5012970368db2a9e08e0ac9b67c8a5ad" "/opt/rustwide/cargo-home/bin/cargo" "+beta-2025-02-18" "doc" "--frozen" "--no-deps" "--document-private-items" "--message-format=json", kill_on_drop: false }`
[INFO] [stdout] 12da84f0c2c4c8b298b27a395a68d8aff82e789ff59f784e310791d665a5dfb3
[INFO] running `Command { std: "docker" "start" "-a" "12da84f0c2c4c8b298b27a395a68d8aff82e789ff59f784e310791d665a5dfb3", kill_on_drop: false }`
[INFO] [stderr]    Compiling libc v0.2.132
[INFO] [stderr]    Compiling autocfg v1.1.0
[INFO] [stderr]    Compiling version_check v0.9.4
[INFO] [stderr]    Compiling memchr v2.5.0
[INFO] [stderr]    Compiling proc-macro2 v1.0.43
[INFO] [stderr]    Compiling unicode-ident v1.0.3
[INFO] [stderr]    Compiling quote v1.0.21
[INFO] [stderr]    Compiling syn v1.0.99
[INFO] [stderr]    Compiling log v0.4.17
[INFO] [stderr]     Checking pin-project-lite v0.2.9
[INFO] [stderr]    Compiling futures-core v0.3.23
[INFO] [stderr]     Checking once_cell v1.13.1
[INFO] [stderr]    Compiling lock_api v0.4.8
[INFO] [stderr]     Checking bytes v1.2.1
[INFO] [stderr]    Compiling parking_lot_core v0.9.3
[INFO] [stderr]     Checking smallvec v1.9.0
[INFO] [stderr]     Checking scopeguard v1.1.0
[INFO] [stderr]    Compiling tokio v1.21.0
[INFO] [stderr]    Compiling typenum v1.15.0
[INFO] [stderr]     Checking itoa v1.0.3
[INFO] [stderr]    Compiling generic-array v0.14.6
[INFO] [stderr]    Compiling futures-task v0.3.23
[INFO] [stderr]     Checking tracing-core v0.1.29
[INFO] [stderr]    Compiling jobserver v0.1.24
[INFO] [stderr]     Checking signal-hook-registry v1.4.0
[INFO] [stderr]    Compiling cc v1.0.73
[INFO] [stderr]     Checking socket2 v0.4.6
[INFO] [stderr]     Checking mio v0.8.4
[INFO] [stderr]    Compiling serde_derive v1.0.144
[INFO] [stderr]    Compiling futures-util v0.3.23
[INFO] [stderr]     Checking tracing v0.1.36
[INFO] [stderr]     Checking parking_lot v0.12.1
[INFO] [stderr]     Checking getrandom v0.2.7
[INFO] [stderr]    Compiling indexmap v1.9.1
[INFO] [stderr]     Checking futures-sink v0.3.23
[INFO] [stderr]    Compiling serde v1.0.144
[INFO] [stderr]     Checking pin-utils v0.1.0
[INFO] [stderr]     Checking percent-encoding v2.1.0
[INFO] [stderr]    Compiling proc-macro-error-attr v1.0.4
[INFO] [stderr]    Compiling slab v0.4.7
[INFO] [stderr]     Checking hashbrown v0.12.3
[INFO] [stderr]    Compiling zstd-sys v2.0.1+zstd.1.5.2
[INFO] [stderr]    Compiling crc32fast v1.3.2
[INFO] [stderr]     Checking local-waker v0.1.3
[INFO] [stderr]     Checking alloc-no-stdlib v2.0.3
[INFO] [stderr]     Checking tinyvec_macros v0.1.0
[INFO] [stderr]     Checking matches v0.1.9
[INFO] [stderr]     Checking fnv v1.0.7
[INFO] [stderr]    Compiling zstd-safe v5.0.2+zstd.1.5.2
[INFO] [stderr]     Checking tinyvec v1.6.0
[INFO] [stderr]     Checking http v0.2.8
[INFO] [stderr]     Checking alloc-stdlib v0.2.1
[INFO] [stderr]     Checking block-buffer v0.10.2
[INFO] [stderr]     Checking crypto-common v0.1.6
[INFO] [stderr]    Compiling aho-corasick v0.7.18
[INFO] [stderr]     Checking rand_core v0.6.3
[INFO] [stderr]    Compiling proc-macro-error v1.0.4
[INFO] [stderr]    Compiling ahash v0.7.6
[INFO] [stderr]    Compiling num-traits v0.2.15
[INFO] [stderr]    Compiling httparse v1.7.1
[INFO] [stderr]    Compiling regex-syntax v0.6.27
[INFO] [stderr]    Compiling encoding_rs v0.8.31
[INFO] [stderr]     Checking bitflags v1.3.2
[INFO] [stderr]    Compiling cfg-if v1.0.0
[INFO] [stderr]     Checking ppv-lite86 v0.2.16
[INFO] [stderr]     Checking adler v1.0.2
[INFO] [stderr]    Compiling paste v1.0.8
[INFO] [stderr]     Checking miniz_oxide v0.5.3
[INFO] [stderr]     Checking rand_chacha v0.3.1
[INFO] [stderr]     Checking actix-service v2.0.2
[INFO] [stderr]     Checking unicode-normalization v0.1.21
[INFO] [stderr]     Checking digest v0.10.3
[INFO] [stderr]     Checking tokio-util v0.7.3
[INFO] [stderr]     Checking actix-rt v2.7.0
[INFO] [stderr]     Checking brotli-decompressor v2.3.2
[INFO] [stderr]     Checking form_urlencoded v1.0.1
[INFO] [stderr]     Checking actix-utils v3.0.0
[INFO] [stderr]    Compiling bytestring v1.1.0
[INFO] [stderr]    Compiling cookie v0.16.0
[INFO] [stderr]    Compiling num-integer v0.1.45
[INFO] [stderr]     Checking ryu v1.0.11
[INFO] [stderr]     Checking regex v1.6.0
[INFO] [stderr]     Checking cpufeatures v0.2.4
[INFO] [stderr]    Compiling serde_json v1.0.85
[INFO] [stderr]    Compiling convert_case v0.4.0
[INFO] [stderr]    Compiling time-macros v0.2.4
[INFO] [stderr]     Checking num_threads v0.1.6
[INFO] [stderr]    Compiling firestorm v0.5.1
[INFO] [stderr]     Checking unicode-bidi v0.3.8
[INFO] [stderr]     Checking brotli v3.3.4
[INFO] [stderr]     Checking idna v0.2.3
[INFO] [stderr]     Checking sha1 v0.10.1
[INFO] [stderr]     Checking h2 v0.3.14
[INFO] [stderr]     Checking actix-codec v0.5.0
[INFO] [stderr]     Checking flate2 v1.0.24
[INFO] [stderr]    Compiling derive_more v0.99.17
[INFO] [stderr]     Checking time v0.3.14
[INFO] [stderr]     Checking rand v0.8.5
[INFO] [stderr]    Compiling actix-router v0.5.0
[INFO] [stderr]     Checking local-channel v0.1.3
[INFO] [stderr]     Checking num_cpus v1.13.1
[INFO] [stderr]     Checking atty v0.2.14
[INFO] [stderr]     Checking base64 v0.13.0
[INFO] [stderr]     Checking httpdate v1.0.2
[INFO] [stderr]     Checking mime v0.3.16
[INFO] [stderr]     Checking termcolor v1.1.3
[INFO] [stderr]    Compiling heck v0.4.0
[INFO] [stderr]     Checking os_str_bytes v6.3.0
[INFO] [stderr]     Checking language-tags v0.3.2
[INFO] [stderr]    Compiling clap_derive v3.2.18
[INFO] [stderr]     Checking clap_lex v0.2.4
[INFO] [stderr]    Compiling actix-web-codegen v4.0.1
[INFO] [stderr]     Checking actix-server v2.1.1
[INFO] [stderr]    Compiling actix-macros v0.2.3
[INFO] [stderr]     Checking url v2.2.2
[INFO] [stderr]     Checking rand v0.4.6
[INFO] [stderr]     Checking time v0.1.44
[INFO] [stderr]     Checking iana-time-zone v0.1.47
[INFO] [stderr]     Checking humantime v2.1.0
[INFO] [stderr]     Checking textwrap v0.15.0
[INFO] [stdout] error: linking with `cc` failed: exit status: 1
[INFO] [stdout]   |
[INFO] [stdout]   = note:  "cc" "-Wl,--version-script=/tmp/rustcaPEAxM/list" "-Wl,--no-undefined-version" "-m64" "/tmp/rustcaPEAxM/symbols.o" "<5 object files omitted>" "/opt/rustwide/target/debug/deps/actix_web_codegen-53b679dba4519e96.1ylzyt73lhl489syk79s1jruv.rcgu.rmeta" "<1 object files omitted>" "-Wl,--as-needed" "-Wl,-Bstatic" "/opt/rustwide/target/debug/deps/{libsyn-1b9e8f2a2b3f1e9e.rlib,libactix_router-c83eb3c31eed6e0e.rlib,libhttp-6a28743c7e88f408.rlib,libitoa-eea4ff98a002962d.rlib,libfnv-ce5b1429b6d630b5.rlib,libbytestring-9b9bcd5b935e032b.rlib,libbytes-e45880ad2402db35.rlib,liblog-9ad0f754085dfc90.rlib,libcfg_if-8e26ab39f75c3a93.rlib,libregex-6b2a4c6a3ce6cbe1.rlib,libaho_corasick-4c78e255145956a0.rlib,libmemchr-70f28b7ef83d0974.rlib,libregex_syntax-8fa052be39a174ae.rlib,libfirestorm-78bc28ce722f9475.rlib,libserde-08d9ecbb1c9a35fa.rlib,libquote-3c56c4d23d526c36.rlib,libproc_macro2-66e4157d7f783cd3.rlib,libunicode_ident-20e0e92ef4f5857f.rlib}.rlib" "<sysroot>/lib/rustlib/x86_64-unknown-linux-gnu/lib/{libproc_macro-*,libstd-*,libpanic_unwind-*,libobject-*,libmemchr-*,libaddr2line-*,libgimli-*,librustc_demangle-*,libstd_detect-*,libhashbrown-*,librustc_std_workspace_alloc-*,libminiz_oxide-*,libadler2-*,libunwind-*,libcfg_if-*,liblibc-*,liballoc-*,librustc_std_workspace_core-*,libcore-*,libcompiler_builtins-*}.rlib" "-Wl,-Bdynamic" "-lgcc_s" "-lutil" "-lrt" "-lpthread" "-lm" "-ldl" "-lc" "-Wl,--eh-frame-hdr" "-Wl,-z,noexecstack" "-L" "<sysroot>/lib/rustlib/x86_64-unknown-linux-gnu/lib" "-o" "/opt/rustwide/target/debug/deps/libactix_web_codegen-53b679dba4519e96.so" "-Wl,--gc-sections" "-shared" "-Wl,-z,relro,-z,now" "-nodefaultlibs"
[INFO] [stdout]   = note: some arguments are omitted. use `--verbose` to show all linker arguments
[INFO] [stdout]   = note: /usr/bin/ld: final link failed: No space left on device
[INFO] [stdout]           collect2: error: ld returned 1 exit status
[INFO] [stdout]           
[INFO] [stdout] 
[INFO] [stdout] 
[INFO] [stderr] error: could not compile `actix-web-codegen` (lib) due to 1 previous error
[INFO] [stderr] warning: build failed, waiting for other jobs to finish...
[INFO] [stdout] error: couldn't create a temp dir: No space left on device (os error 28) at path "/opt/rustwide/target/debug/deps/rmetayniTA0"
[INFO] [stdout] 
[INFO] [stdout] 
[INFO] [stderr] rustc-LLVM ERROR: IO failure on output stream: No space left on device
[INFO] [stdout] error: couldn't create a temp dir: No space left on device (os error 28) at path "/opt/rustwide/target/debug/deps/rmetarKstf1"
[INFO] [stdout] 
[INFO] [stdout] 
[INFO] [stderr] error: could not compile `textwrap` (lib) due to 1 previous error
[INFO] [stdout] error: linking with `cc` failed: exit status: 1
[INFO] [stdout]   |
[INFO] [stdout]   = note:  "cc" "-Wl,--version-script=/tmp/rustcudt5Gt/list" "-Wl,--no-undefined-version" "-m64" "/tmp/rustcudt5Gt/symbols.o" "<1 object files omitted>" "/opt/rustwide/target/debug/deps/actix_macros-5ddd0335f272837c.7id3rt86y0ziolp3sr2omqrwi.rcgu.rmeta" "<1 object files omitted>" "-Wl,--as-needed" "-Wl,-Bstatic" "/opt/rustwide/target/debug/deps/{libsyn-1b9e8f2a2b3f1e9e.rlib,libquote-3c56c4d23d526c36.rlib,libproc_macro2-66e4157d7f783cd3.rlib,libunicode_ident-20e0e92ef4f5857f.rlib}.rlib" "<sysroot>/lib/rustlib/x86_64-unknown-linux-gnu/lib/{libproc_macro-*,libstd-*,libpanic_unwind-*,libobject-*,libmemchr-*,libaddr2line-*,libgimli-*,librustc_demangle-*,libstd_detect-*,libhashbrown-*,librustc_std_workspace_alloc-*,libminiz_oxide-*,libadler2-*,libunwind-*,libcfg_if-*,liblibc-*,liballoc-*,librustc_std_workspace_core-*,libcore-*,libcompiler_builtins-*}.rlib" "-Wl,-Bdynamic" "-lgcc_s" "-lutil" "-lrt" "-lpthread" "-lm" "-ldl" "-lc" "-Wl,--eh-frame-hdr" "-Wl,-z,noexecstack" "-L" "<sysroot>/lib/rustlib/x86_64-unknown-linux-gnu/lib" "-o" "/opt/rustwide/target/debug/deps/libactix_macros-5ddd0335f272837c.so" "-Wl,--gc-sections" "-shared" "-Wl,-z,relro,-z,now" "-nodefaultlibs"
[INFO] [stdout]   = note: some arguments are omitted. use `--verbose` to show all linker arguments
[INFO] [stdout]   = note: /usr/bin/ld: final link failed: No space left on device
[INFO] [stdout]           collect2: error: ld returned 1 exit status
[INFO] [stdout]           
[INFO] [stdout] 
[INFO] [stdout] 
[INFO] [stderr] error: could not compile `actix-macros` (lib) due to 1 previous error
[INFO] [stderr] error: could not compile `url` (lib) due to 1 previous error
[INFO] [stderr] error: could not compile `clap_derive` (lib)
[INFO] [stderr] 
[INFO] [stderr] Caused by:
[INFO] [stderr]   No space left on device (os error 28)
[INFO] [stderr] 
[INFO] [stderr] Caused by:
[INFO] [stderr]   failed to parse process output: `/opt/rustwide/rustup-home/toolchains/beta-2025-02-18-x86_64-unknown-linux-gnu/bin/rustc --crate-name clap_derive --edition=2021 /opt/rustwide/cargo-home/registry/src/index.crates.io-1949cf8c6b5b557f/clap_derive-3.2.18/src/lib.rs --error-format=json --json=diagnostic-rendered-ansi,artifacts,future-incompat --crate-type proc-macro --emit=dep-info,link -C prefer-dynamic -C embed-bitcode=no --cfg 'feature="default"' --check-cfg 'cfg(docsrs,test)' --check-cfg 'cfg(feature, values("debug", "default", "deprecated", "raw-deprecated", "unstable-v4"))' -C metadata=5c6d4bbe88a2b5d7 -C extra-filename=-1412e54b945dec54 --out-dir /opt/rustwide/target/debug/deps -L dependency=/opt/rustwide/target/debug/deps --extern heck=/opt/rustwide/target/debug/deps/libheck-565d767b6e855309.rlib --extern proc_macro_error=/opt/rustwide/target/debug/deps/libproc_macro_error-ac6cde4fc7a8ecd2.rlib --extern proc_macro2=/opt/rustwide/target/debug/deps/libproc_macro2-66e4157d7f783cd3.rlib --extern quote=/opt/rustwide/target/debug/deps/libquote-3c56c4d23d526c36.rlib --extern syn=/opt/rustwide/target/debug/deps/libsyn-1b9e8f2a2b3f1e9e.rlib --extern proc_macro --cap-lints allow --cap-lints=warn` (exit status: 101)
[INFO] [stdout] error: couldn't create a temp dir: No space left on device (os error 28) at path "/opt/rustwide/target/debug/deps/rmeta14dVL4"
[INFO] [stdout] 
[INFO] [stdout] 
[INFO] [stderr] error: could not compile `rand` (lib) due to 1 previous error
[INFO] [stdout] error: linking with `cc` failed: exit status: 1
[INFO] [stdout]   |
[INFO] [stdout]   = note:  "cc" "-Wl,--version-script=/tmp/rustc7lgR4a/list" "-Wl,--no-undefined-version" "-m64" "/tmp/rustc7lgR4a/symbols.o" "<16 object files omitted>" "/opt/rustwide/target/debug/deps/serde_derive-242013c330b88011.3in1wtnoge1ho417wpqf7sxsz.rcgu.rmeta" "<1 object files omitted>" "-Wl,--as-needed" "-Wl,-Bstatic" "/opt/rustwide/target/debug/deps/{libsyn-1b9e8f2a2b3f1e9e.rlib,libquote-3c56c4d23d526c36.rlib,libproc_macro2-66e4157d7f783cd3.rlib,libunicode_ident-20e0e92ef4f5857f.rlib}.rlib" "<sysroot>/lib/rustlib/x86_64-unknown-linux-gnu/lib/{libproc_macro-*,libstd-*,libpanic_unwind-*,libobject-*,libmemchr-*,libaddr2line-*,libgimli-*,librustc_demangle-*,libstd_detect-*,libhashbrown-*,librustc_std_workspace_alloc-*,libminiz_oxide-*,libadler2-*,libunwind-*,libcfg_if-*,liblibc-*,liballoc-*,librustc_std_workspace_core-*,libcore-*,libcompiler_builtins-*}.rlib" "-Wl,-Bdynamic" "-lgcc_s" "-lutil" "-lrt" "-lpthread" "-lm" "-ldl" "-lc" "-Wl,--eh-frame-hdr" "-Wl,-z,noexecstack" "-L" "<sysroot>/lib/rustlib/x86_64-unknown-linux-gnu/lib" "-o" "/opt/rustwide/target/debug/deps/libserde_derive-242013c330b88011.so" "-Wl,--gc-sections" "-shared" "-Wl,-z,relro,-z,now" "-nodefaultlibs"
[INFO] [stdout]   = note: some arguments are omitted. use `--verbose` to show all linker arguments
[INFO] [stdout]   = note: /usr/bin/ld: final link failed: No space left on device
[INFO] [stdout]           collect2: error: ld returned 1 exit status
[INFO] [stdout]           
[INFO] [stdout] 
[INFO] [stdout] 
[INFO] [stderr] error: could not compile `serde_derive` (lib) due to 1 previous error
[INFO] [stderr] warning: zstd-sys@2.0.1+zstd.1.5.2: /tmp/cc880h2w.s: Assembler messages:
[INFO] [stderr] warning: zstd-sys@2.0.1+zstd.1.5.2: /tmp/cc880h2w.s: Fatal error: can't write 60 bytes to section .debug_info of /opt/rustwide/target/debug/build/zstd-sys-50b26747371b637e/out/zstd/lib/common/debug.o: 'No space left on device'
[INFO] [stderr] warning: zstd-sys@2.0.1+zstd.1.5.2: /tmp/cc880h2w.s: Fatal error: /opt/rustwide/target/debug/build/zstd-sys-50b26747371b637e/out/zstd/lib/common/debug.o: No space left on device
[INFO] [stderr] warning: zstd-sys@2.0.1+zstd.1.5.2: zstd/lib/common/zstd_common.c:83:1: fatal error: error writing to /tmp/cc4zoyYG.s: No space left on device
[INFO] [stderr] warning: zstd-sys@2.0.1+zstd.1.5.2:    83 | }
[INFO] [stderr] warning: zstd-sys@2.0.1+zstd.1.5.2:       | ^
[INFO] [stderr] warning: zstd-sys@2.0.1+zstd.1.5.2: compilation terminated.
[INFO] [stderr] warning: zstd-sys@2.0.1+zstd.1.5.2: zstd/lib/common/pool.c:353:1: fatal error: error writing to /tmp/ccdBuy8F.s: No space left on device
[INFO] [stderr] warning: zstd-sys@2.0.1+zstd.1.5.2:   353 | }
[INFO] [stderr] warning: zstd-sys@2.0.1+zstd.1.5.2:       | ^
[INFO] [stderr] warning: zstd-sys@2.0.1+zstd.1.5.2: compilation terminated.
[INFO] [stderr] warning: zstd-sys@2.0.1+zstd.1.5.2: zstd/lib/common/error_private.c:56:1: fatal error: error writing to /tmp/ccYUajvH.s: No space left on device
[INFO] [stderr] warning: zstd-sys@2.0.1+zstd.1.5.2:    56 | }
[INFO] [stderr] warning: zstd-sys@2.0.1+zstd.1.5.2:       | ^
[INFO] [stderr] warning: zstd-sys@2.0.1+zstd.1.5.2: compilation terminated.
[INFO] [stderr] warning: zstd-sys@2.0.1+zstd.1.5.2: zstd/lib/common/fse_decompress.c:399:1: fatal error: error writing to /tmp/ccn7xvqh.s: No space left on device
[INFO] [stderr] warning: zstd-sys@2.0.1+zstd.1.5.2:   399 | }
[INFO] [stderr] warning: zstd-sys@2.0.1+zstd.1.5.2:       | ^
[INFO] [stderr] warning: zstd-sys@2.0.1+zstd.1.5.2: compilation terminated.
[INFO] [stderr] warning: zstd-sys@2.0.1+zstd.1.5.2: zstd/lib/compress/zstd_fast.c:675:1: fatal error: error writing to /tmp/ccQyYvQT.s: No space left on device
[INFO] [stderr] warning: zstd-sys@2.0.1+zstd.1.5.2:   675 | }
[INFO] [stderr] warning: zstd-sys@2.0.1+zstd.1.5.2:       | ^
[INFO] [stderr] warning: zstd-sys@2.0.1+zstd.1.5.2: compilation terminated.
[INFO] [stderr] error: failed to run custom build command for `zstd-sys v2.0.1+zstd.1.5.2`
[INFO] [stderr] note: To improve backtraces for build dependencies, set the CARGO_PROFILE_DEV_BUILD_OVERRIDE_DEBUG=true environment variable to enable debug information generation.
[INFO] [stderr] 
[INFO] [stderr] Caused by:
[INFO] [stderr]   process didn't exit successfully: `/opt/rustwide/target/debug/build/zstd-sys-3911b8e7875554a9/build-script-build` (exit status: 1)
[INFO] [stderr]   --- stdout
[INFO] [stderr]   TARGET = Some("x86_64-unknown-linux-gnu")
[INFO] [stderr]   HOST = Some("x86_64-unknown-linux-gnu")
[INFO] [stderr]   CC_x86_64-unknown-linux-gnu = None
[INFO] [stderr]   CC_x86_64_unknown_linux_gnu = None
[INFO] [stderr]   HOST_CC = None
[INFO] [stderr]   CC = None
[INFO] [stderr]   CFLAGS_x86_64-unknown-linux-gnu = None
[INFO] [stderr]   CFLAGS_x86_64_unknown_linux_gnu = None
[INFO] [stderr]   HOST_CFLAGS = None
[INFO] [stderr]   CFLAGS = None
[INFO] [stderr]   CRATE_CC_NO_DEFAULTS = None
[INFO] [stderr]   DEBUG = Some("true")
[INFO] [stderr]   CARGO_CFG_TARGET_FEATURE = Some("fxsr,sse,sse2")
[INFO] [stderr]   running: "cc" "-O3" "-ffunction-sections" "-fdata-sections" "-fPIC" "-g" "-fno-omit-frame-pointer" "-m64" "-I" "zstd/lib/" "-I" "zstd/lib/common" "-I" "zstd/lib/legacy" "-fvisibility=hidden" "-DZSTD_LIB_DEPRECATED=0" "-DXXH_PRIVATE_API=" "-DZSTDLIB_VISIBILITY=" "-DZDICTLIB_VISIBILITY=" "-DZSTDERRORLIB_VISIBILITY=" "-DZSTD_LEGACY_SUPPORT=1" "-o" "/opt/rustwide/target/debug/build/zstd-sys-50b26747371b637e/out/zstd/lib/common/entropy_common.o" "-c" "zstd/lib/common/entropy_common.c"
[INFO] [stderr]   exit status: 0
[INFO] [stderr]   running: "cc" "-O3" "-ffunction-sections" "-fdata-sections" "-fPIC" "-g" "-fno-omit-frame-pointer" "-m64" "-I" "zstd/lib/" "-I" "zstd/lib/common" "-I" "zstd/lib/legacy" "-fvisibility=hidden" "-DZSTD_LIB_DEPRECATED=0" "-DXXH_PRIVATE_API=" "-DZSTDLIB_VISIBILITY=" "-DZDICTLIB_VISIBILITY=" "-DZSTDERRORLIB_VISIBILITY=" "-DZSTD_LEGACY_SUPPORT=1" "-o" "/opt/rustwide/target/debug/build/zstd-sys-50b26747371b637e/out/zstd/lib/common/pool.o" "-c" "zstd/lib/common/pool.c"
[INFO] [stderr]   running: "cc" "-O3" "-ffunction-sections" "-fdata-sections" "-fPIC" "-g" "-fno-omit-frame-pointer" "-m64" "-I" "zstd/lib/" "-I" "zstd/lib/common" "-I" "zstd/lib/legacy" "-fvisibility=hidden" "-DZSTD_LIB_DEPRECATED=0" "-DXXH_PRIVATE_API=" "-DZSTDLIB_VISIBILITY=" "-DZDICTLIB_VISIBILITY=" "-DZSTDERRORLIB_VISIBILITY=" "-DZSTD_LEGACY_SUPPORT=1" "-o" "/opt/rustwide/target/debug/build/zstd-sys-50b26747371b637e/out/zstd/lib/common/threading.o" "-c" "zstd/lib/common/threading.c"
[INFO] [stderr]   exit status: 0
[INFO] [stderr]   running: "cc" "-O3" "-ffunction-sections" "-fdata-sections" "-fPIC" "-g" "-fno-omit-frame-pointer" "-m64" "-I" "zstd/lib/" "-I" "zstd/lib/common" "-I" "zstd/lib/legacy" "-fvisibility=hidden" "-DZSTD_LIB_DEPRECATED=0" "-DXXH_PRIVATE_API=" "-DZSTDLIB_VISIBILITY=" "-DZDICTLIB_VISIBILITY=" "-DZSTDERRORLIB_VISIBILITY=" "-DZSTD_LEGACY_SUPPORT=1" "-o" "/opt/rustwide/target/debug/build/zstd-sys-50b26747371b637e/out/zstd/lib/common/debug.o" "-c" "zstd/lib/common/debug.c"
[INFO] [stderr]   running: "cc" "-O3" "-ffunction-sections" "-fdata-sections" "-fPIC" "-g" "-fno-omit-frame-pointer" "-m64" "-I" "zstd/lib/" "-I" "zstd/lib/common" "-I" "zstd/lib/legacy" "-fvisibility=hidden" "-DZSTD_LIB_DEPRECATED=0" "-DXXH_PRIVATE_API=" "-DZSTDLIB_VISIBILITY=" "-DZDICTLIB_VISIBILITY=" "-DZSTDERRORLIB_VISIBILITY=" "-DZSTD_LEGACY_SUPPORT=1" "-o" "/opt/rustwide/target/debug/build/zstd-sys-50b26747371b637e/out/zstd/lib/common/error_private.o" "-c" "zstd/lib/common/error_private.c"
[INFO] [stderr]   running: "cc" "-O3" "-ffunction-sections" "-fdata-sections" "-fPIC" "-g" "-fno-omit-frame-pointer" "-m64" "-I" "zstd/lib/" "-I" "zstd/lib/common" "-I" "zstd/lib/legacy" "-fvisibility=hidden" "-DZSTD_LIB_DEPRECATED=0" "-DXXH_PRIVATE_API=" "-DZSTDLIB_VISIBILITY=" "-DZDICTLIB_VISIBILITY=" "-DZSTDERRORLIB_VISIBILITY=" "-DZSTD_LEGACY_SUPPORT=1" "-o" "/opt/rustwide/target/debug/build/zstd-sys-50b26747371b637e/out/zstd/lib/common/zstd_common.o" "-c" "zstd/lib/common/zstd_common.c"
[INFO] [stderr]   running: "cc" "-O3" "-ffunction-sections" "-fdata-sections" "-fPIC" "-g" "-fno-omit-frame-pointer" "-m64" "-I" "zstd/lib/" "-I" "zstd/lib/common" "-I" "zstd/lib/legacy" "-fvisibility=hidden" "-DZSTD_LIB_DEPRECATED=0" "-DXXH_PRIVATE_API=" "-DZSTDLIB_VISIBILITY=" "-DZDICTLIB_VISIBILITY=" "-DZSTDERRORLIB_VISIBILITY=" "-DZSTD_LEGACY_SUPPORT=1" "-o" "/opt/rustwide/target/debug/build/zstd-sys-50b26747371b637e/out/zstd/lib/common/fse_decompress.o" "-c" "zstd/lib/common/fse_decompress.c"
[INFO] [stderr]   cargo:warning=/tmp/cc880h2w.s: Assembler messages:
[INFO] [stderr]   cargo:warning=/tmp/cc880h2w.s: Fatal error: can't write 60 bytes to section .debug_info of /opt/rustwide/target/debug/build/zstd-sys-50b26747371b637e/out/zstd/lib/common/debug.o: 'No space left on device'
[INFO] [stderr]   cargo:warning=/tmp/cc880h2w.s: Fatal error: /opt/rustwide/target/debug/build/zstd-sys-50b26747371b637e/out/zstd/lib/common/debug.o: No space left on device
[INFO] [stderr]   exit status: 1
[INFO] [stderr]   running: "cc" "-O3" "-ffunction-sections" "-fdata-sections" "-fPIC" "-g" "-fno-omit-frame-pointer" "-m64" "-I" "zstd/lib/" "-I" "zstd/lib/common" "-I" "zstd/lib/legacy" "-fvisibility=hidden" "-DZSTD_LIB_DEPRECATED=0" "-DXXH_PRIVATE_API=" "-DZSTDLIB_VISIBILITY=" "-DZDICTLIB_VISIBILITY=" "-DZSTDERRORLIB_VISIBILITY=" "-DZSTD_LEGACY_SUPPORT=1" "-o" "/opt/rustwide/target/debug/build/zstd-sys-50b26747371b637e/out/zstd/lib/compress/zstd_fast.o" "-c" "zstd/lib/compress/zstd_fast.c"
[INFO] [stderr]   cargo:warning=zstd/lib/common/zstd_common.c:83:1: fatal error: error writing to /tmp/cc4zoyYG.s: No space left on device
[INFO] [stderr]   cargo:warning=   83 | }
[INFO] [stderr]   cargo:warning=      | ^
[INFO] [stderr]   cargo:warning=compilation terminated.
[INFO] [stderr]   cargo:warning=zstd/lib/common/pool.c:353:1: fatal error: error writing to /tmp/ccdBuy8F.s: No space left on device
[INFO] [stderr]   cargo:warning=  353 | }
[INFO] [stderr]   cargo:warning=      | ^
[INFO] [stderr]   cargo:warning=compilation terminated.
[INFO] [stderr]   exit status: 1
[INFO] [stderr]   exit status: 1
[INFO] [stderr]   cargo:warning=zstd/lib/common/error_private.c:56:1: fatal error: error writing to /tmp/ccYUajvH.s: No space left on device
[INFO] [stderr]   cargo:warning=   56 | }
[INFO] [stderr]   cargo:warning=      | ^
[INFO] [stderr]   cargo:warning=compilation terminated.
[INFO] [stderr]   exit status: 1
[INFO] [stderr]   cargo:warning=zstd/lib/common/fse_decompress.c:399:1: fatal error: error writing to /tmp/ccn7xvqh.s: No space left on device
[INFO] [stderr]   cargo:warning=  399 | }
[INFO] [stderr]   cargo:warning=      | ^
[INFO] [stderr]   cargo:warning=compilation terminated.
[INFO] [stderr]   exit status: 1
[INFO] [stderr]   cargo:warning=zstd/lib/compress/zstd_fast.c:675:1: fatal error: error writing to /tmp/ccQyYvQT.s: No space left on device
[INFO] [stderr]   cargo:warning=  675 | }
[INFO] [stderr]   cargo:warning=      | ^
[INFO] [stderr]   cargo:warning=compilation terminated.
[INFO] [stderr]   exit status: 1
[INFO] [stderr] 
[INFO] [stderr]   --- stderr
[INFO] [stderr] 
[INFO] [stderr] 
[INFO] [stderr]   error occurred: Command "cc" "-O3" "-ffunction-sections" "-fdata-sections" "-fPIC" "-g" "-fno-omit-frame-pointer" "-m64" "-I" "zstd/lib/" "-I" "zstd/lib/common" "-I" "zstd/lib/legacy" "-fvisibility=hidden" "-DZSTD_LIB_DEPRECATED=0" "-DXXH_PRIVATE_API=" "-DZSTDLIB_VISIBILITY=" "-DZDICTLIB_VISIBILITY=" "-DZSTDERRORLIB_VISIBILITY=" "-DZSTD_LEGACY_SUPPORT=1" "-o" "/opt/rustwide/target/debug/build/zstd-sys-50b26747371b637e/out/zstd/lib/common/pool.o" "-c" "zstd/lib/common/pool.c" with args "cc" did not execute successfully (status code exit status: 1).
[INFO] [stderr] 
[INFO] [stderr] 
[INFO] running `Command { std: "docker" "inspect" "12da84f0c2c4c8b298b27a395a68d8aff82e789ff59f784e310791d665a5dfb3", kill_on_drop: false }`
[INFO] running `Command { std: "docker" "rm" "-f" "12da84f0c2c4c8b298b27a395a68d8aff82e789ff59f784e310791d665a5dfb3", kill_on_drop: false }`
[INFO] [stdout] 12da84f0c2c4c8b298b27a395a68d8aff82e789ff59f784e310791d665a5dfb3
