[INFO] cloning repository https://github.com/spades9/image-tools
[INFO] running `Command { std: "git" "-c" "credential.helper=" "-c" "credential.helper=/workspace/cargo-home/bin/git-credential-null" "clone" "--bare" "https://github.com/spades9/image-tools" "/workspace/cache/git-repos/https%3A%2F%2Fgithub.com%2Fspades9%2Fimage-tools", kill_on_drop: false }`
[INFO] [stderr] Cloning into bare repository '/workspace/cache/git-repos/https%3A%2F%2Fgithub.com%2Fspades9%2Fimage-tools'...
[INFO] running `Command { std: "git" "rev-parse" "HEAD", kill_on_drop: false }`
[INFO] [stdout] 284c9f2fcd3d1fe9d36e9cd34db9e6a08d7ff9d2
[INFO] documenting spades9/image-tools against beta-2025-02-18 for beta-1.86-rustdoc-1
[INFO] running `Command { std: "git" "clone" "/workspace/cache/git-repos/https%3A%2F%2Fgithub.com%2Fspades9%2Fimage-tools" "/workspace/builds/worker-7-tc2/source", kill_on_drop: false }`
[INFO] [stderr] Cloning into '/workspace/builds/worker-7-tc2/source'...
[INFO] [stderr] done.
[INFO] validating manifest of git repo https://github.com/spades9/image-tools on toolchain beta-2025-02-18
[INFO] running `Command { std: CARGO_HOME="/workspace/cargo-home" RUSTUP_HOME="/workspace/rustup-home" "/workspace/cargo-home/bin/cargo" "+beta-2025-02-18" "metadata" "--manifest-path" "Cargo.toml" "--no-deps", kill_on_drop: false }`
[INFO] started tweaking git repo https://github.com/spades9/image-tools
[INFO] finished tweaking git repo https://github.com/spades9/image-tools
[INFO] tweaked toml for git repo https://github.com/spades9/image-tools written to /workspace/builds/worker-7-tc2/source/Cargo.toml
[INFO] crate git repo https://github.com/spades9/image-tools already has a lockfile, it will not be regenerated
[INFO] running `Command { std: CARGO_HOME="/workspace/cargo-home" RUSTUP_HOME="/workspace/rustup-home" "/workspace/cargo-home/bin/cargo" "+beta-2025-02-18" "fetch" "--manifest-path" "Cargo.toml", kill_on_drop: false }`
[INFO] running `Command { std: "docker" "create" "-v" "/var/lib/crater-agent-workspace/builds/worker-7-tc2/target:/opt/rustwide/target:rw,Z" "-v" "/var/lib/crater-agent-workspace/builds/worker-7-tc2/source:/opt/rustwide/workdir:ro,Z" "-v" "/var/lib/crater-agent-workspace/cargo-home:/opt/rustwide/cargo-home:ro,Z" "-v" "/var/lib/crater-agent-workspace/rustup-home:/opt/rustwide/rustup-home:ro,Z" "-e" "SOURCE_DIR=/opt/rustwide/workdir" "-e" "CARGO_TARGET_DIR=/opt/rustwide/target" "-e" "CARGO_HOME=/opt/rustwide/cargo-home" "-e" "RUSTUP_HOME=/opt/rustwide/rustup-home" "-w" "/opt/rustwide/workdir" "-m" "1610612736" "--user" "0:0" "--network" "none" "ghcr.io/rust-lang/crates-build-env/linux@sha256:3959728d45483eb673ba100a951a6b9f5012970368db2a9e08e0ac9b67c8a5ad" "/opt/rustwide/cargo-home/bin/cargo" "+beta-2025-02-18" "metadata" "--no-deps" "--format-version=1", kill_on_drop: false }`
[INFO] [stdout] 82ccb502bc19b18f42659d94ea07fbce76455f90ad3432f466cdb0b1330be236
[INFO] running `Command { std: "docker" "start" "-a" "82ccb502bc19b18f42659d94ea07fbce76455f90ad3432f466cdb0b1330be236", kill_on_drop: false }`
[INFO] running `Command { std: "docker" "inspect" "82ccb502bc19b18f42659d94ea07fbce76455f90ad3432f466cdb0b1330be236", kill_on_drop: false }`
[INFO] running `Command { std: "docker" "rm" "-f" "82ccb502bc19b18f42659d94ea07fbce76455f90ad3432f466cdb0b1330be236", kill_on_drop: false }`
[INFO] [stdout] 82ccb502bc19b18f42659d94ea07fbce76455f90ad3432f466cdb0b1330be236
[INFO] running `Command { std: "docker" "create" "-v" "/var/lib/crater-agent-workspace/builds/worker-7-tc2/target:/opt/rustwide/target:rw,Z" "-v" "/var/lib/crater-agent-workspace/builds/worker-7-tc2/source:/opt/rustwide/workdir:ro,Z" "-v" "/var/lib/crater-agent-workspace/cargo-home:/opt/rustwide/cargo-home:ro,Z" "-v" "/var/lib/crater-agent-workspace/rustup-home:/opt/rustwide/rustup-home:ro,Z" "-e" "SOURCE_DIR=/opt/rustwide/workdir" "-e" "CARGO_TARGET_DIR=/opt/rustwide/target" "-e" "CARGO_INCREMENTAL=0" "-e" "RUST_BACKTRACE=full" "-e" "RUSTFLAGS=--cap-lints=warn" "-e" "RUSTDOCFLAGS=--cap-lints=warn" "-e" "CARGO_HOME=/opt/rustwide/cargo-home" "-e" "RUSTUP_HOME=/opt/rustwide/rustup-home" "-w" "/opt/rustwide/workdir" "-m" "1610612736" "--user" "0:0" "--network" "none" "ghcr.io/rust-lang/crates-build-env/linux@sha256:3959728d45483eb673ba100a951a6b9f5012970368db2a9e08e0ac9b67c8a5ad" "/opt/rustwide/cargo-home/bin/cargo" "+beta-2025-02-18" "doc" "--frozen" "--no-deps" "--document-private-items" "--message-format=json", kill_on_drop: false }`
[INFO] [stdout] 98e15c9741e6f3005027180e7c34cb5eb86edf0d0a92cd7c0fda1b81cdcd87ef
[INFO] running `Command { std: "docker" "start" "-a" "98e15c9741e6f3005027180e7c34cb5eb86edf0d0a92cd7c0fda1b81cdcd87ef", kill_on_drop: false }`
[INFO] [stderr]    Compiling autocfg v1.1.0
[INFO] [stderr]    Compiling proc-macro2 v1.0.66
[INFO] [stderr]    Compiling unicode-ident v1.0.11
[INFO] [stderr]    Compiling libc v0.2.147
[INFO] [stderr]     Checking cfg-if v1.0.0
[INFO] [stderr]    Compiling pkg-config v0.3.27
[INFO] [stderr]    Compiling serde v1.0.188
[INFO] [stderr]    Compiling equivalent v1.0.1
[INFO] [stderr]    Compiling hashbrown v0.14.0
[INFO] [stderr]    Compiling winnow v0.5.7
[INFO] [stderr]    Compiling version_check v0.9.4
[INFO] [stderr]    Compiling memchr v2.5.0
[INFO] [stderr]    Compiling crossbeam-utils v0.8.16
[INFO] [stderr]    Compiling heck v0.4.1
[INFO] [stderr]    Compiling indexmap v2.0.0
[INFO] [stderr]    Compiling smallvec v1.11.0
[INFO] [stderr]     Checking bitflags v1.3.2
[INFO] [stderr]    Compiling crc32fast v1.3.2
[INFO] [stderr]     Checking log v0.4.20
[INFO] [stderr]    Compiling quote v1.0.32
[INFO] [stderr]    Compiling memoffset v0.9.0
[INFO] [stderr]    Compiling target-lexicon v0.12.11
[INFO] [stderr]    Compiling libm v0.2.7
[INFO] [stderr]    Compiling num-traits v0.2.16
[INFO] [stderr]    Compiling syn v2.0.28
[INFO] [stderr]    Compiling version-compare v0.1.1
[INFO] [stderr]    Compiling crossbeam-epoch v0.9.15
[INFO] [stderr]    Compiling atomic-polyfill v1.0.3
[INFO] [stderr]    Compiling xml-rs v0.8.16
[INFO] [stderr]     Checking critical-section v1.1.2
[INFO] [stderr]    Compiling cfg-expr v0.15.4
[INFO] [stderr]    Compiling syn v1.0.109
[INFO] [stderr]    Compiling futures-core v0.3.28
[INFO] [stderr]     Checking once_cell v1.18.0
[INFO] [stderr]    Compiling lock_api v0.4.10
[INFO] [stderr]    Compiling rayon-core v1.11.0
[INFO] [stderr]     Checking simd-adler32 v0.3.7
[INFO] [stderr]     Checking bytemuck v1.13.1
[INFO] [stderr]     Checking arrayvec v0.7.4
[INFO] [stderr]    Compiling unicode-general-category v0.6.0
[INFO] [stderr]    Compiling memoffset v0.6.5
[INFO] [stderr]     Checking libloading v0.8.0
[INFO] [stderr]     Checking adler v1.0.2
[INFO] [stderr]     Checking miniz_oxide v0.7.1
[INFO] [stderr]    Compiling slotmap v1.0.6
[INFO] [stderr]     Checking scopeguard v1.2.0
[INFO] [stderr]     Checking float-cmp v0.9.0
[INFO] [stderr]     Checking strict-num v0.1.1
[INFO] [stderr]    Compiling serde_spanned v0.6.3
[INFO] [stderr]    Compiling toml_datetime v0.6.3
[INFO] [stderr]    Compiling wayland-scanner v0.29.5
[INFO] [stderr]    Compiling toml_edit v0.19.14
[INFO] [stderr]    Compiling num-integer v0.1.45
[INFO] [stderr]    Compiling semver v1.0.18
[INFO] [stderr]     Checking flate2 v1.0.26
[INFO] [stderr]     Checking arrayref v0.3.7
[INFO] [stderr]    Compiling lazy_static v1.4.0
[INFO] [stderr]    Compiling thiserror v1.0.44
[INFO] [stderr]    Compiling aho-corasick v1.0.3
[INFO] [stderr]     Checking getrandom v0.2.10
[INFO] [stderr]    Compiling regex-syntax v0.7.4
[INFO] [stderr]     Checking nix v0.24.3
[INFO] [stderr]     Checking dlib v0.5.2
[INFO] [stderr]    Compiling num-rational v0.4.1
[INFO] [stderr]     Checking ttf-parser v0.19.1
[INFO] [stderr]     Checking pin-project-lite v0.2.12
[INFO] [stderr]    Compiling toml v0.7.6
[INFO] [stderr]    Compiling system-deps v6.1.1
[INFO] [stderr]    Compiling proc-macro-crate v1.3.1
[INFO] [stderr]    Compiling regex-automata v0.3.6
[INFO] [stderr]     Checking fdeflate v0.3.0
[INFO] [stderr]    Compiling wayland-sys v0.29.5
[INFO] [stderr]    Compiling slab v0.4.8
[INFO] [stderr]    Compiling rustversion v1.0.14
[INFO] [stderr]     Checking futures-sink v0.3.28
[INFO] [stderr]     Checking png v0.17.9
[INFO] [stderr]    Compiling tinyvec_macros v0.1.1
[INFO] [stderr]    Compiling cfg_aliases v0.1.1
[INFO] [stderr]     Checking event-listener v2.5.3
[INFO] [stderr]    Compiling tinyvec v1.6.0
[INFO] [stderr]    Compiling wayland-client v0.29.5
[INFO] [stderr]     Checking num_cpus v1.16.0
[INFO] [stderr]    Compiling pin-project-internal v1.1.3
[INFO] [stderr]    Compiling thiserror-impl v1.0.44
[INFO] [stderr]    Compiling khronos_api v3.1.0
[INFO] [stderr]     Checking static_assertions v1.1.0
[INFO] [stderr]    Compiling convert_case v0.4.0
[INFO] [stderr]     Checking futures-io v0.3.28
[INFO] [stderr]     Checking xmlparser v0.13.5
[INFO] [stderr]    Compiling typenum v1.16.0
[INFO] [stderr]     Checking byteorder v1.4.3
[INFO] [stderr]     Checking roxmltree v0.18.0
[INFO] [stderr]    Compiling regex v1.9.3
[INFO] [stderr]    Compiling strum_macros v0.25.2
[INFO] [stderr]     Checking crossbeam-deque v0.8.3
[INFO] [stderr]     Checking wayland-commons v0.29.5
[INFO] [stderr]    Compiling derive_more v0.99.17
[INFO] [stderr]     Checking crossbeam-channel v0.5.8
[INFO] [stderr]     Checking concurrent-queue v2.2.0
[INFO] [stderr]    Compiling generic-array v0.14.7
[INFO] [stderr]     Checking scoped-tls v1.0.1
[INFO] [stderr]     Checking parking v2.1.0
[INFO] [stderr]     Checking downcast-rs v1.2.0
[INFO] [stderr]     Checking waker-fn v1.1.0
[INFO] [stderr]     Checking minimal-lexical v0.2.1
[INFO] [stderr]     Checking fastrand v1.9.0
[INFO] [stderr]    Compiling tiny-skia-path v0.10.0
[INFO] [stderr]     Checking futures-lite v1.13.0
[INFO] [stderr]     Checking nom v7.1.3
[INFO] [stderr]    Compiling serde_derive v1.0.188
[INFO] [stderr]     Checking async-lock v2.8.0
[INFO] [stderr]    Compiling cpp_common v0.5.8
[INFO] [stderr]    Compiling kurbo v0.9.5
[INFO] [stderr]    Compiling wayland-protocols v0.29.5
[INFO] [stderr]    Compiling io-lifetimes v1.0.11
[INFO] [stderr]    Compiling siphasher v0.3.10
[INFO] [stderr]    Compiling svgtypes v0.11.0
[INFO] [stderr]     Checking xcursor v0.3.4
[INFO] [stderr]    Compiling gl_generator v0.14.0
[INFO] [stderr]    Compiling fontconfig-parser v0.5.3
[INFO] [stderr]    Compiling zvariant_utils v1.0.1
[INFO] [stderr]    Compiling rustc_version v0.4.0
[INFO] [stderr]    Compiling memmap2 v0.6.2
[INFO] [stderr]     Checking nix v0.25.1
[INFO] [stderr]    Compiling smithay-client-toolkit v0.16.0
[INFO] [stderr]    Compiling memoffset v0.7.1
[INFO] [stderr]    Compiling polling v2.8.0
[INFO] [stderr]     Checking unicode-script v0.5.5
[INFO] [stderr]    Compiling rctree v0.5.0
[INFO] [stderr]     Checking ttf-parser v0.18.1
[INFO] [stderr]     Checking unicode-bidi-mirroring v0.1.0
[INFO] [stderr]    Compiling unicode-bidi v0.3.13
[INFO] [stderr]    Compiling either v1.9.0
[INFO] [stderr]    Compiling rustix v0.37.23
[INFO] [stderr]    Compiling futures-task v0.3.28
[INFO] [stderr]     Checking vec_map v0.8.2
[INFO] [stderr]     Checking unicode-ccc v0.1.2
[INFO] [stderr]     Checking rayon v1.7.0
[INFO] [stderr]     Checking usvg-tree v0.34.0
[INFO] [stderr]     Checking calloop v0.10.6
[INFO] [stderr]     Checking fontdb v0.14.1
[INFO] [stderr]    Compiling field-offset v0.3.6
[INFO] [stderr]     Checking wayland-cursor v0.29.5
[INFO] [stderr]     Checking spin v0.9.8
[INFO] [stderr]     Checking pin-project v1.1.3
[INFO] [stderr]    Compiling enumflags2_derive v0.7.7
[INFO] [stderr]    Compiling glib-sys v0.16.3
[INFO] [stderr]     Checking euclid v0.22.9
[INFO] [stderr]     Checking rustybuzz v0.7.0
[INFO] [stderr]     Checking nanorand v0.7.0
[INFO] [stderr]     Checking memmap2 v0.5.10
[INFO] [stderr]    Compiling x11-dl v2.21.0
[INFO] [stderr]    Compiling ahash v0.8.3
[INFO] [stderr]    Compiling async-io v1.13.0
[INFO] [stderr]     Checking linux-raw-sys v0.3.8
[INFO] [stderr]    Compiling cc v1.0.79
[INFO] [stderr]    Compiling futures-util v0.3.28
[INFO] [stderr]     Checking async-task v4.4.0
[INFO] [stderr]    Compiling unicode-xid v0.2.4
[INFO] [stderr]     Checking weezl v0.1.7
[INFO] [stderr]    Compiling cpp_build v0.5.8
[INFO] [stderr]     Checking jpeg-decoder v0.3.0
[INFO] [stderr]     Checking enumflags2 v0.7.7
[INFO] [stderr]     Checking flume v0.10.14
[INFO] [stderr]     Checking lyon_geom v1.0.4
[INFO] [stderr]    Compiling zvariant_derive v3.15.0
[INFO] [stderr]     Checking crypto-common v0.1.6
[INFO] [stderr]     Checking block-buffer v0.10.4
[INFO] [stderr]     Checking async-channel v1.9.0
[INFO] [stderr]    Compiling gobject-sys v0.16.3
[INFO] [stderr]     Checking rand_core v0.6.4
[INFO] [stderr]     Checking zune-inflate v0.2.54
[INFO] [stderr]    Compiling simplecss v0.2.1
[INFO] [stderr]     Checking socket2 v0.4.9
[INFO] [stderr]    Compiling async-fs v1.6.0
[INFO] [stderr]    Compiling memoffset v0.8.0
[INFO] [stderr]     Checking instant v0.1.12
[INFO] [stderr]    Compiling async-trait v0.1.72
[INFO] [stderr]    Compiling imagesize v0.12.0
[INFO] [stderr]    Compiling data-url v0.2.0
[INFO] [stderr]     Checking color_quant v1.1.0
[INFO] [stderr]     Checking raw-window-handle v0.5.2
[INFO] [stderr]     Checking bit_field v0.10.2
[INFO] [stderr]     Checking atomic-waker v1.1.1
[INFO] [stderr]    Compiling unicode-vo v0.1.0
[INFO] [stderr]     Checking lebe v0.5.2
[INFO] [stderr]     Checking half v2.2.1
[INFO] [stderr]     Checking ppv-lite86 v0.2.17
[INFO] [stderr]     Checking pin-utils v0.1.0
[INFO] [stderr]     Checking usvg-text-layout v0.34.0
[INFO] [stderr]     Checking exr v1.7.0
[INFO] [stderr]     Checking usvg-parser v0.34.0
[INFO] [stderr]     Checking rand_chacha v0.3.1
[INFO] [stderr]     Checking zvariant v3.15.0
[INFO] [stderr]     Checking blocking v1.3.1
[INFO] [stderr]     Checking gif v0.12.0
[INFO] [stderr]     Checking digest v0.10.7
[INFO] [stderr]     Checking lyon_path v1.0.4
[INFO] [stderr]     Checking nix v0.26.2
[INFO] [stderr]     Checking tiff v0.9.0
[INFO] [stderr]    Compiling unicode-normalization v0.1.22
[INFO] [stderr]    Compiling tracing-attributes v0.1.26
[INFO] [stderr]    Compiling const-field-offset-macro v0.1.3
[INFO] [stderr]     Checking owned_ttf_parser v0.19.0
[INFO] [stderr]     Checking tiny-skia-path v0.8.4
[INFO] [stderr]     Checking rgb v0.8.36
[INFO] [stderr]     Checking qoi v0.4.1
[INFO] [stderr]     Checking tracing-core v0.1.31
[INFO] [stderr]     Checking xmlwriter v0.1.0
[INFO] [stderr]     Checking bitflags v2.3.3
[INFO] [stderr]    Compiling base64 v0.21.2
[INFO] [stderr]    Compiling percent-encoding v2.3.0
[INFO] [stderr]     Checking ab_glyph_rasterizer v0.1.8
[INFO] [stderr]     Checking pico-args v0.5.0
[INFO] [stderr]     Checking cpufeatures v0.2.9
[INFO] [stderr]     Checking sha1 v0.10.5
[INFO] [stderr]    Compiling usvg v0.34.1
[INFO] [stderr]     Checking ab_glyph v0.2.21
[INFO] [stderr]    Compiling form_urlencoded v1.2.0
[INFO] [stderr]     Checking tiny-skia v0.8.4
[INFO] [stderr]     Checking const-field-offset v0.1.3
[INFO] [stderr]     Checking image v0.24.7
[INFO] [stderr]    Compiling idna v0.4.0
[INFO] [stderr]     Checking xdg-home v1.0.0
[INFO] [stderr]     Checking tracing v0.1.37
[INFO] [stderr]    Compiling hashbrown v0.13.2
[INFO] [stderr]     Checking zbus_names v2.6.0
[INFO] [stderr]     Checking rand v0.8.5
[INFO] [stderr]    Compiling tiny-skia v0.10.0
[INFO] [stderr]    Compiling qttypes v0.2.9
[INFO] [stderr]     Checking async-executor v1.5.1
[INFO] [stderr]    Compiling glutin_egl_sys v0.5.1
[INFO] [stderr]    Compiling glutin_glx_sys v0.4.0
[INFO] [stderr]    Compiling zbus_macros v3.14.1
[INFO] [stderr]    Compiling derivative v2.2.0
[INFO] [stderr]    Compiling async-recursion v1.0.4
[INFO] [stderr]    Compiling num_enum_derive v0.6.1
[INFO] [stderr]    Compiling vtable-macro v0.1.10
[INFO] [stderr]    Compiling serde_repr v0.1.16
[INFO] [stderr]     Checking async-broadcast v0.5.1
[INFO] [stderr]    Compiling winit v0.28.6
[INFO] [stderr]    Compiling derive_utils v0.13.2
[INFO] [stderr]     Checking ordered-stream v0.2.0
[INFO] [stderr]     Checking mio v0.8.8
[INFO] [stderr]    Compiling wayland-sys v0.30.1
[INFO] [stderr]     Checking unicode-segmentation v1.10.1
[INFO] [stderr]    Compiling rustc-hash v1.1.0
[INFO] [stderr]    Compiling text-size v1.1.1
[INFO] [stderr]    Compiling termcolor v1.2.0
[INFO] [stderr]    Compiling hashbrown v0.12.3
[INFO] [stderr]    Compiling codemap v0.1.3
[INFO] [stderr]     Checking hex v0.4.3
[INFO] [stderr]    Compiling ttf-parser v0.15.2
[INFO] [stderr]    Compiling i-slint-compiler v1.1.1
[INFO] [stderr]    Compiling countme v3.0.1
[INFO] [stderr]    Compiling linked-hash-map v0.5.6
[INFO] [stderr]     Checking stable_deref_trait v1.2.0
[INFO] [stderr]     Checking vtable v0.1.10
[INFO] [stderr]    Compiling linked_hash_set v0.1.4
[INFO] [stderr]    Compiling rowan v0.15.11
[INFO] [stderr]    Compiling codemap-diagnostic v0.1.2
[INFO] [stderr]    Compiling i-slint-common v1.1.1
[INFO] [stderr]    Compiling num_enum v0.6.1
[INFO] [stderr]    Compiling auto_enums v0.8.2
[INFO] [stderr]    Compiling resvg v0.34.1
[INFO] [stderr]    Compiling fontdue v0.7.3
[INFO] [stderr]    Compiling lyon_extra v1.0.1
[INFO] [stderr]    Compiling url v2.4.0
[INFO] [stderr]     Checking lyon_algorithms v1.0.3
[INFO] [stderr]     Checking zbus v3.14.1
[INFO] [stderr]    Compiling itertools v0.11.0
[INFO] [stderr]    Compiling strum v0.25.0
[INFO] [stderr]    Compiling atspi-macros v0.2.0
[INFO] [stderr]    Compiling i-slint-core-macros v1.1.1
[INFO] [stderr]    Compiling glutin v0.30.10
[INFO] [stderr]    Compiling atk-sys v0.16.0
[INFO] [stderr]    Compiling gdk-sys v0.16.0
[INFO] [stderr]    Compiling gio-sys v0.16.3
[INFO] [stderr]     Checking x11rb-protocol v0.10.0
[INFO] [stderr]     Checking integer-sqrt v0.1.5
[INFO] [stderr]    Compiling css-color-parser2 v1.0.1
[INFO] [stderr]    Compiling aho-corasick v0.7.20
[INFO] [stderr]     Checking gethostname v0.2.3
[INFO] [stderr]    Compiling smol_str v0.2.0
[INFO] [stderr]     Checking accesskit v0.11.2
[INFO] [stderr]    Compiling dunce v1.0.4
[INFO] [stderr]     Checking clru v0.6.1
[INFO] [stderr]    Compiling by_address v1.1.0
[INFO] [stderr]     Checking unicode-linebreak v0.1.5
[INFO] [stderr]     Checking scoped-tls-hkt v0.1.2
[INFO] [stderr]     Checking pin-weak v1.1.0
[INFO] [stderr]     Checking i-slint-core v1.1.1
[INFO] [stderr]     Checking accesskit_consumer v0.15.2
[INFO] [stderr]    Compiling cpp_macros v0.5.8
[INFO] [stderr]    Compiling spin_on v0.1.1
[INFO] [stderr]    Compiling i-slint-backend-qt v1.1.1
[INFO] [stderr]     Checking atspi v0.10.1
[INFO] [stderr]    Compiling glutin-winit v0.3.0
[INFO] [stderr]    Compiling pango-sys v0.16.3
[INFO] [stderr]    Compiling gdk-pixbuf-sys v0.16.3
[INFO] [stderr]    Compiling cairo-sys-rs v0.16.3
[INFO] [stderr]     Checking libloading v0.7.4
[INFO] [stderr]     Checking generational-arena v0.2.9
[INFO] [stderr]     Checking glow v0.12.3
[INFO] [stderr]     Checking imgref v1.9.4
[INFO] [stderr]     Checking lru v0.10.1
[INFO] [stderr]     Checking fnv v1.0.7
[INFO] [stderr]     Checking cpp v0.5.8
[INFO] [stderr]     Checking femtovg v0.7.1
[INFO] [stderr]    Compiling i-slint-backend-winit v1.1.1
[INFO] [stderr]    Compiling gtk-sys v0.16.0
[INFO] [stderr]    Compiling parking_lot_core v0.9.8
[INFO] [stderr]    Compiling rustix v0.38.8
[INFO] [stderr]     Checking i-slint-renderer-femtovg v1.1.1
[INFO] [stderr]     Checking linux-raw-sys v0.4.5
[INFO] [stderr]     Checking x11rb v0.10.1
[INFO] [stderr]    Compiling i-slint-backend-selector v1.1.1
[INFO] [stderr]     Checking send_wrapper v0.6.0
[INFO] [stderr]    Compiling serde_json v1.0.105
[INFO] [stderr]     Checking x11-clipboard v0.7.1
[INFO] [stderr]    Compiling rfd v0.11.4
[INFO] [stderr]     Checking is-terminal v0.4.9
[INFO] [stderr]     Checking parking_lot v0.12.1
[INFO] [stderr]    Compiling slint-build v1.1.1
[INFO] [stderr]    Compiling tokio-macros v2.1.0
[INFO] [stderr]     Checking socket2 v0.5.3
[INFO] [stderr] rustc-LLVM ERROR: IO failure on output stream: No space left on device
[INFO] [stdout] error: failed to write to `/opt/rustwide/target/debug/deps/rmetaiNv1Za/lib.rmeta`: No space left on device (os error 28)
[INFO] [stdout] 
[INFO] [stdout] 
[INFO] [stderr] error: could not compile `socket2` (lib) due to 1 previous error
[INFO] [stderr] warning: build failed, waiting for other jobs to finish...
[INFO] [stderr] error: could not compile `i-slint-compiler` (lib)
[INFO] [stderr] 
[INFO] [stderr] Caused by:
[INFO] [stderr]   process didn't exit successfully: `/opt/rustwide/rustup-home/toolchains/beta-2025-02-18-x86_64-unknown-linux-gnu/bin/rustc --crate-name i_slint_compiler --edition=2021 /opt/rustwide/cargo-home/registry/src/index.crates.io-1949cf8c6b5b557f/i-slint-compiler-1.1.1/lib.rs --error-format=json --json=diagnostic-rendered-ansi,artifacts,future-incompat --crate-type lib --emit=dep-info,metadata,link -C embed-bitcode=no --cfg 'feature="codemap"' --cfg 'feature="codemap-diagnostic"' --cfg 'feature="display-diagnostics"' --cfg 'feature="fontdue"' --cfg 'feature="image"' --cfg 'feature="proc-macro2"' --cfg 'feature="proc_macro_span"' --cfg 'feature="quote"' --cfg 'feature="rust"' --cfg 'feature="software-renderer"' --check-cfg 'cfg(docsrs,test)' --check-cfg 'cfg(feature, values("codemap", "codemap-diagnostic", "cpp", "display-diagnostics", "fontdue", "image", "proc-macro2", "proc_macro_span", "quote", "rust", "software-renderer"))' -C metadata=4d1b21022102cd3b -C extra-filename=-4c4c0662a538b95b --out-dir /opt/rustwide/target/debug/deps -L dependency=/opt/rustwide/target/debug/deps --extern by_address=/opt/rustwide/target/debug/deps/libby_address-0ff6623cf7b12da0.rmeta --extern codemap=/opt/rustwide/target/debug/deps/libcodemap-840ed580e59725b3.rmeta --extern codemap_diagnostic=/opt/rustwide/target/debug/deps/libcodemap_diagnostic-6ecb512c50379da1.rmeta --extern css_color_parser2=/opt/rustwide/target/debug/deps/libcss_color_parser2-de2a70c65fece481.rmeta --extern derive_more=/opt/rustwide/target/debug/deps/libderive_more-2fcd5f8d62ea2cc0.so --extern dunce=/opt/rustwide/target/debug/deps/libdunce-72d861c452e08a8c.rmeta --extern fontdue=/opt/rustwide/target/debug/deps/libfontdue-71912a5e23533e5d.rmeta --extern i_slint_common=/opt/rustwide/target/debug/deps/libi_slint_common-906377231b6e8169.rmeta --extern image=/opt/rustwide/target/debug/deps/libimage-fa0a403ed526f24b.rmeta --extern itertools=/opt/rustwide/target/debug/deps/libitertools-44622b63760391c9.rmeta --extern linked_hash_set=/opt/rustwide/target/debug/deps/liblinked_hash_set-5f9d06ebf9b3bd2f.rmeta --extern lyon_extra=/opt/rustwide/target/debug/deps/liblyon_extra-162f6fe2225a949f.rmeta --extern lyon_path=/opt/rustwide/target/debug/deps/liblyon_path-bf792c9c5a016d65.rmeta --extern num_enum=/opt/rustwide/target/debug/deps/libnum_enum-d0995e9990c2de83.rmeta --extern once_cell=/opt/rustwide/target/debug/deps/libonce_cell-a06f02bb3fc39422.rmeta --extern proc_macro2=/opt/rustwide/target/debug/deps/libproc_macro2-a76bc3967f104a04.rmeta --extern quote=/opt/rustwide/target/debug/deps/libquote-ddb7c30f9bf71342.rmeta --extern resvg=/opt/rustwide/target/debug/deps/libresvg-34c4635a8ffcc35d.rmeta --extern rowan=/opt/rustwide/target/debug/deps/librowan-2810493ed0cbde6b.rmeta --extern smol_str=/opt/rustwide/target/debug/deps/libsmol_str-31a5650848e1a2c1.rmeta --extern strum=/opt/rustwide/target/debug/deps/libstrum-6806c49e816bc07a.rmeta --extern thiserror=/opt/rustwide/target/debug/deps/libthiserror-3f1ed39dfb2c9b29.rmeta --extern url=/opt/rustwide/target/debug/deps/liburl-646b5f342ea9a52c.rmeta --cap-lints allow --cap-lints=warn` (exit status: 101)
[INFO] [stderr] error: failed to run custom build command for `wayland-protocols v0.29.5`
[INFO] [stderr] note: To improve backtraces for build dependencies, set the CARGO_PROFILE_DEV_BUILD_OVERRIDE_DEBUG=true environment variable to enable debug information generation.
[INFO] [stderr] 
[INFO] [stderr] Caused by:
[INFO] [stderr]   process didn't exit successfully: `/opt/rustwide/target/debug/build/wayland-protocols-dac22d4f82ce166b/build-script-build` (exit status: 101)
[INFO] [stderr]   --- stdout
[INFO] [stderr]   cargo:rerun-if-changed-env=CARGO_FEATURE_CLIENT
[INFO] [stderr]   cargo:rerun-if-changed-env=CARGO_FEATURE_SERVER
[INFO] [stderr]   cargo:rerun-if-changed-env=CARGO_FEATURE_UNSTABLE_PROTOCOLS
[INFO] [stderr]   cargo:rerun-if-changed=./protocols/stable/presentation-time/presentation-time.xml
[INFO] [stderr]   cargo:rerun-if-changed=./protocols/stable/viewporter/viewporter.xml
[INFO] [stderr]   cargo:rerun-if-changed=./protocols/stable/xdg-shell/xdg-shell.xml
[INFO] [stderr]   cargo:rerun-if-changed=./protocols/staging/xdg-activation/xdg-activation-v1.xml
[INFO] [stderr]   cargo:rerun-if-changed=./misc/gtk-primary-selection.xml
[INFO] [stderr]   cargo:rerun-if-changed=./misc/input-method-unstable-v2.xml
[INFO] [stderr]   cargo:rerun-if-changed=./misc/server-decoration.xml
[INFO] [stderr]   cargo:rerun-if-changed=./protocols/unstable/fullscreen-shell/fullscreen-shell-unstable-v1.xml
[INFO] [stderr]   cargo:rerun-if-changed=./protocols/unstable/idle-inhibit/idle-inhibit-unstable-v1.xml
[INFO] [stderr]   cargo:rerun-if-changed=./protocols/unstable/input-method/input-method-unstable-v1.xml
[INFO] [stderr]   cargo:rerun-if-changed=./protocols/unstable/input-timestamps/input-timestamps-unstable-v1.xml
[INFO] [stderr]   cargo:rerun-if-changed=./protocols/unstable/keyboard-shortcuts-inhibit/keyboard-shortcuts-inhibit-unstable-v1.xml
[INFO] [stderr]   cargo:rerun-if-changed=./protocols/unstable/linux-dmabuf/linux-dmabuf-unstable-v1.xml
[INFO] [stderr]   cargo:rerun-if-changed=./protocols/unstable/linux-explicit-synchronization/linux-explicit-synchronization-unstable-v1.xml
[INFO] [stderr]   cargo:rerun-if-changed=./protocols/unstable/pointer-constraints/pointer-constraints-unstable-v1.xml
[INFO] [stderr]   cargo:rerun-if-changed=./protocols/unstable/pointer-gestures/pointer-gestures-unstable-v1.xml
[INFO] [stderr]   cargo:rerun-if-changed=./protocols/unstable/primary-selection/primary-selection-unstable-v1.xml
[INFO] [stderr]   cargo:rerun-if-changed=./protocols/unstable/relative-pointer/relative-pointer-unstable-v1.xml
[INFO] [stderr]   cargo:rerun-if-changed=./protocols/unstable/tablet/tablet-unstable-v1.xml
[INFO] [stderr]   cargo:rerun-if-changed=./protocols/unstable/tablet/tablet-unstable-v2.xml
[INFO] [stderr]   cargo:rerun-if-changed=./protocols/unstable/text-input/text-input-unstable-v1.xml
[INFO] [stderr]   cargo:rerun-if-changed=./protocols/unstable/text-input/text-input-unstable-v3.xml
[INFO] [stderr]   cargo:rerun-if-changed=./protocols/unstable/xdg-decoration/xdg-decoration-unstable-v1.xml
[INFO] [stderr]   cargo:rerun-if-changed=./protocols/unstable/xdg-foreign/xdg-foreign-unstable-v1.xml
[INFO] [stderr] 
[INFO] [stderr]   --- stderr
[INFO] [stderr]   error: 'rustfmt' is not installed for the toolchain 'beta-2025-02-18-x86_64-unknown-linux-gnu'.
[INFO] [stderr]   To install, run `rustup component add --toolchain beta-2025-02-18-x86_64-unknown-linux-gnu rustfmt`
[INFO] [stderr]   error: 'rustfmt' is not installed for the toolchain 'beta-2025-02-18-x86_64-unknown-linux-gnu'.
[INFO] [stderr]   To install, run `rustup component add --toolchain beta-2025-02-18-x86_64-unknown-linux-gnu rustfmt`
[INFO] [stderr]   error: 'rustfmt' is not installed for the toolchain 'beta-2025-02-18-x86_64-unknown-linux-gnu'.
[INFO] [stderr]   To install, run `rustup component add --toolchain beta-2025-02-18-x86_64-unknown-linux-gnu rustfmt`
[INFO] [stderr]   error: 'rustfmt' is not installed for the toolchain 'beta-2025-02-18-x86_64-unknown-linux-gnu'.
[INFO] [stderr]   To install, run `rustup component add --toolchain beta-2025-02-18-x86_64-unknown-linux-gnu rustfmt`
[INFO] [stderr]   error: 'rustfmt' is not installed for the toolchain 'beta-2025-02-18-x86_64-unknown-linux-gnu'.
[INFO] [stderr]   To install, run `rustup component add --toolchain beta-2025-02-18-x86_64-unknown-linux-gnu rustfmt`
[INFO] [stderr]   error: 'rustfmt' is not installed for the toolchain 'beta-2025-02-18-x86_64-unknown-linux-gnu'.
[INFO] [stderr]   To install, run `rustup component add --toolchain beta-2025-02-18-x86_64-unknown-linux-gnu rustfmt`
[INFO] [stderr]   error: 'rustfmt' is not installed for the toolchain 'beta-2025-02-18-x86_64-unknown-linux-gnu'.
[INFO] [stderr]   To install, run `rustup component add --toolchain beta-2025-02-18-x86_64-unknown-linux-gnu rustfmt`
[INFO] [stderr]   error: 'rustfmt' is not installed for the toolchain 'beta-2025-02-18-x86_64-unknown-linux-gnu'.
[INFO] [stderr]   To install, run `rustup component add --toolchain beta-2025-02-18-x86_64-unknown-linux-gnu rustfmt`
[INFO] [stderr]   error: 'rustfmt' is not installed for the toolchain 'beta-2025-02-18-x86_64-unknown-linux-gnu'.
[INFO] [stderr]   To install, run `rustup component add --toolchain beta-2025-02-18-x86_64-unknown-linux-gnu rustfmt`
[INFO] [stderr]   error: 'rustfmt' is not installed for the toolchain 'beta-2025-02-18-x86_64-unknown-linux-gnu'.
[INFO] [stderr]   To install, run `rustup component add --toolchain beta-2025-02-18-x86_64-unknown-linux-gnu rustfmt`
[INFO] [stderr]   error: 'rustfmt' is not installed for the toolchain 'beta-2025-02-18-x86_64-unknown-linux-gnu'.
[INFO] [stderr]   To install, run `rustup component add --toolchain beta-2025-02-18-x86_64-unknown-linux-gnu rustfmt`
[INFO] [stderr]   error: 'rustfmt' is not installed for the toolchain 'beta-2025-02-18-x86_64-unknown-linux-gnu'.
[INFO] [stderr]   To install, run `rustup component add --toolchain beta-2025-02-18-x86_64-unknown-linux-gnu rustfmt`
[INFO] [stderr]   error: 'rustfmt' is not installed for the toolchain 'beta-2025-02-18-x86_64-unknown-linux-gnu'.
[INFO] [stderr]   To install, run `rustup component add --toolchain beta-2025-02-18-x86_64-unknown-linux-gnu rustfmt`
[INFO] [stderr]   error: 'rustfmt' is not installed for the toolchain 'beta-2025-02-18-x86_64-unknown-linux-gnu'.
[INFO] [stderr]   To install, run `rustup component add --toolchain beta-2025-02-18-x86_64-unknown-linux-gnu rustfmt`
[INFO] [stderr]   error: 'rustfmt' is not installed for the toolchain 'beta-2025-02-18-x86_64-unknown-linux-gnu'.
[INFO] [stderr]   To install, run `rustup component add --toolchain beta-2025-02-18-x86_64-unknown-linux-gnu rustfmt`
[INFO] [stderr]   error: 'rustfmt' is not installed for the toolchain 'beta-2025-02-18-x86_64-unknown-linux-gnu'.
[INFO] [stderr]   To install, run `rustup component add --toolchain beta-2025-02-18-x86_64-unknown-linux-gnu rustfmt`
[INFO] [stderr]   error: 'rustfmt' is not installed for the toolchain 'beta-2025-02-18-x86_64-unknown-linux-gnu'.
[INFO] [stderr]   To install, run `rustup component add --toolchain beta-2025-02-18-x86_64-unknown-linux-gnu rustfmt`
[INFO] [stderr]   error: 'rustfmt' is not installed for the toolchain 'beta-2025-02-18-x86_64-unknown-linux-gnu'.
[INFO] [stderr]   To install, run `rustup component add --toolchain beta-2025-02-18-x86_64-unknown-linux-gnu rustfmt`
[INFO] [stderr]   error: 'rustfmt' is not installed for the toolchain 'beta-2025-02-18-x86_64-unknown-linux-gnu'.
[INFO] [stderr]   To install, run `rustup component add --toolchain beta-2025-02-18-x86_64-unknown-linux-gnu rustfmt`
[INFO] [stderr]   error: 'rustfmt' is not installed for the toolchain 'beta-2025-02-18-x86_64-unknown-linux-gnu'.
[INFO] [stderr]   To install, run `rustup component add --toolchain beta-2025-02-18-x86_64-unknown-linux-gnu rustfmt`
[INFO] [stderr]   error: 'rustfmt' is not installed for the toolchain 'beta-2025-02-18-x86_64-unknown-linux-gnu'.
[INFO] [stderr]   To install, run `rustup component add --toolchain beta-2025-02-18-x86_64-unknown-linux-gnu rustfmt`
[INFO] [stderr]   error: 'rustfmt' is not installed for the toolchain 'beta-2025-02-18-x86_64-unknown-linux-gnu'.
[INFO] [stderr]   To install, run `rustup component add --toolchain beta-2025-02-18-x86_64-unknown-linux-gnu rustfmt`
[INFO] [stderr]   error: 'rustfmt' is not installed for the toolchain 'beta-2025-02-18-x86_64-unknown-linux-gnu'.
[INFO] [stderr]   To install, run `rustup component add --toolchain beta-2025-02-18-x86_64-unknown-linux-gnu rustfmt`
[INFO] [stderr] 
[INFO] [stderr]   thread 'main' panicked at /opt/rustwide/cargo-home/registry/src/index.crates.io-1949cf8c6b5b557f/wayland-scanner-0.29.5/src/lib.rs:156:40:
[INFO] [stderr]   called `Result::unwrap()` on an `Err` value: Os { code: 28, kind: StorageFull, message: "No space left on device" }
[INFO] [stderr]   stack backtrace:
[INFO] [stderr]      0:     0x636858d07650 - std::backtrace_rs::backtrace::libunwind::trace::h8ddfbb338e69e199
[INFO] [stderr]                                  at /rustc/f0cb41030579cd1a6f72bd23f38e677052d5d485/library/std/src/../../backtrace/src/backtrace/libunwind.rs:117:9
[INFO] [stderr]      1:     0x636858d07650 - std::backtrace_rs::backtrace::trace_unsynchronized::h4b42ed801e8ee862
[INFO] [stderr]                                  at /rustc/f0cb41030579cd1a6f72bd23f38e677052d5d485/library/std/src/../../backtrace/src/backtrace/mod.rs:66:14
[INFO] [stderr]      2:     0x636858d07650 - std::sys::backtrace::_print_fmt::hb90198f2c10bf707
[INFO] [stderr]                                  at /rustc/f0cb41030579cd1a6f72bd23f38e677052d5d485/library/std/src/sys/backtrace.rs:66:9
[INFO] [stderr]      3:     0x636858d07650 - <std::sys::backtrace::BacktraceLock::print::DisplayBacktrace as core::fmt::Display>::fmt::h0f123f0656f13ecf
[INFO] [stderr]                                  at /rustc/f0cb41030579cd1a6f72bd23f38e677052d5d485/library/std/src/sys/backtrace.rs:39:26
[INFO] [stderr]      4:     0x636858d28573 - core::fmt::rt::Argument::fmt::h12e51c1529489cd8
[INFO] [stderr]                                  at /rustc/f0cb41030579cd1a6f72bd23f38e677052d5d485/library/core/src/fmt/rt.rs:177:76
[INFO] [stderr]      5:     0x636858d28573 - core::fmt::write::h0abcdef7aa759353
[INFO] [stderr]                                  at /rustc/f0cb41030579cd1a6f72bd23f38e677052d5d485/library/core/src/fmt/mod.rs:1449:21
[INFO] [stderr]      6:     0x636858d04cb3 - std::io::Write::write_fmt::h35f2880f7855f55a
[INFO] [stderr]                                  at /rustc/f0cb41030579cd1a6f72bd23f38e677052d5d485/library/std/src/io/mod.rs:1890:15
[INFO] [stderr]      7:     0x636858d074a2 - std::sys::backtrace::BacktraceLock::print::h759bdab738e31d9d
[INFO] [stderr]                                  at /rustc/f0cb41030579cd1a6f72bd23f38e677052d5d485/library/std/src/sys/backtrace.rs:42:9
[INFO] [stderr]      8:     0x636858d083ff - std::panicking::default_hook::{{closure}}::h0616f7020c8b9e0d
[INFO] [stderr]                                  at /rustc/f0cb41030579cd1a6f72bd23f38e677052d5d485/library/std/src/panicking.rs:298:22
[INFO] [stderr]      9:     0x636858d0826a - std::panicking::default_hook::hcb4bf3fe9044f7f6
[INFO] [stderr]                                  at /rustc/f0cb41030579cd1a6f72bd23f38e677052d5d485/library/std/src/panicking.rs:325:9
[INFO] [stderr]     10:     0x636858d08da2 - std::panicking::rust_panic_with_hook::h2fd8d6252462d800
[INFO] [stderr]                                  at /rustc/f0cb41030579cd1a6f72bd23f38e677052d5d485/library/std/src/panicking.rs:831:13
[INFO] [stderr]     11:     0x636858d08b4a - std::panicking::begin_panic_handler::{{closure}}::h746cf6ba43e1c73f
[INFO] [stderr]                                  at /rustc/f0cb41030579cd1a6f72bd23f38e677052d5d485/library/std/src/panicking.rs:704:13
[INFO] [stderr]     12:     0x636858d07b69 - std::sys::backtrace::__rust_end_short_backtrace::hba3f7b171935b491
[INFO] [stderr]                                  at /rustc/f0cb41030579cd1a6f72bd23f38e677052d5d485/library/std/src/sys/backtrace.rs:168:18
[INFO] [stderr]     13:     0x636858d087dd - rust_begin_unwind
[INFO] [stderr]                                  at /rustc/f0cb41030579cd1a6f72bd23f38e677052d5d485/library/std/src/panicking.rs:695:5
[INFO] [stderr]     14:     0x636858c36120 - core::panicking::panic_fmt::h34cc4efb1683329b
[INFO] [stderr]                                  at /rustc/f0cb41030579cd1a6f72bd23f38e677052d5d485/library/core/src/panicking.rs:75:14
[INFO] [stderr]     15:     0x636858c364c6 - core::result::unwrap_failed::h7658f905fcb0751c
[INFO] [stderr]                                  at /rustc/f0cb41030579cd1a6f72bd23f38e677052d5d485/library/core/src/result.rs:1704:5
[INFO] [stderr]     16:     0x636858c48900 - wayland_scanner::generate_code_with_destructor_events::h3d05ab08d6e26408
[INFO] [stderr]     17:     0x636858c42c90 - build_script_build::generate_protocol::h06e18889a2765e08
[INFO] [stderr]     18:     0x636858c440d5 - build_script_build::main::h88152ccb0dcc4bf2
[INFO] [stderr]     19:     0x636858c45753 - core::ops::function::FnOnce::call_once::h0fccbadcddbd70c0
[INFO] [stderr]     20:     0x636858c45126 - std::sys::backtrace::__rust_begin_short_backtrace::hef41bc33727391d3
[INFO] [stderr]     21:     0x636858c3e679 - std::rt::lang_start::{{closure}}::h5ce7c7707ce21dc8
[INFO] [stderr]     22:     0x636858d01aa0 - core::ops::function::impls::<impl core::ops::function::FnOnce<A> for &F>::call_once::h9601c86577723145
[INFO] [stderr]                                  at /rustc/f0cb41030579cd1a6f72bd23f38e677052d5d485/library/core/src/ops/function.rs:284:13
[INFO] [stderr]     23:     0x636858d01aa0 - std::panicking::try::do_call::h8817ae430c5825c1
[INFO] [stderr]                                  at /rustc/f0cb41030579cd1a6f72bd23f38e677052d5d485/library/std/src/panicking.rs:587:40
[INFO] [stderr]     24:     0x636858d01aa0 - std::panicking::try::ha6c516562438d26b
[INFO] [stderr]                                  at /rustc/f0cb41030579cd1a6f72bd23f38e677052d5d485/library/std/src/panicking.rs:550:19
[INFO] [stderr]     25:     0x636858d01aa0 - std::panic::catch_unwind::hd30edb0fa8e1aa42
[INFO] [stderr]                                  at /rustc/f0cb41030579cd1a6f72bd23f38e677052d5d485/library/std/src/panic.rs:358:14
[INFO] [stderr]     26:     0x636858d01aa0 - std::rt::lang_start_internal::{{closure}}::h4ce5c96c39e994a5
[INFO] [stderr]                                  at /rustc/f0cb41030579cd1a6f72bd23f38e677052d5d485/library/std/src/rt.rs:168:24
[INFO] [stderr]     27:     0x636858d01aa0 - std::panicking::try::do_call::h397fda5d1714972f
[INFO] [stderr]                                  at /rustc/f0cb41030579cd1a6f72bd23f38e677052d5d485/library/std/src/panicking.rs:587:40
[INFO] [stderr]     28:     0x636858d01aa0 - std::panicking::try::ha72ffffb1d107af4
[INFO] [stderr]                                  at /rustc/f0cb41030579cd1a6f72bd23f38e677052d5d485/library/std/src/panicking.rs:550:19
[INFO] [stderr]     29:     0x636858d01aa0 - std::panic::catch_unwind::ha60eb34d643aa591
[INFO] [stderr]                                  at /rustc/f0cb41030579cd1a6f72bd23f38e677052d5d485/library/std/src/panic.rs:358:14
[INFO] [stderr]     30:     0x636858d01aa0 - std::rt::lang_start_internal::h051d1c050856cca6
[INFO] [stderr]                                  at /rustc/f0cb41030579cd1a6f72bd23f38e677052d5d485/library/std/src/rt.rs:164:5
[INFO] [stderr]     31:     0x636858c3e661 - std::rt::lang_start::h93c7ece2dac2265d
[INFO] [stderr]     32:     0x636858c44c85 - main
[INFO] [stderr]     33:     0x75fc93fb7d90 - <unknown>
[INFO] [stderr]     34:     0x75fc93fb7e40 - __libc_start_main
[INFO] [stderr]     35:     0x636858c36795 - _start
[INFO] [stderr]     36:                0x0 - <unknown>
[INFO] [stderr] warning: i-slint-backend-qt@1.1.1: /opt/rustwide/cargo-home/registry/src/index.crates.io-1949cf8c6b5b557f/cpp_build-0.5.8/src/lib.rs:2634:1: fatal error: error writing to /tmp/cc1L5CHq.s: No space left on device
[INFO] [stderr] warning: i-slint-backend-qt@1.1.1: compilation terminated.
[INFO] [stderr] error: failed to run custom build command for `i-slint-backend-qt v1.1.1`
[INFO] [stderr] note: To improve backtraces for build dependencies, set the CARGO_PROFILE_DEV_BUILD_OVERRIDE_DEBUG=true environment variable to enable debug information generation.
[INFO] [stderr] 
[INFO] [stderr] Caused by:
[INFO] [stderr]   process didn't exit successfully: `/opt/rustwide/target/debug/build/i-slint-backend-qt-87a34ab46687ab17/build-script-build` (exit status: 1)
[INFO] [stderr]   --- stdout
[INFO] [stderr]   cargo:rerun-if-env-changed=SLINT_NO_QT
[INFO] [stderr]   TARGET = Some("x86_64-unknown-linux-gnu")
[INFO] [stderr]   OPT_LEVEL = Some("0")
[INFO] [stderr]   HOST = Some("x86_64-unknown-linux-gnu")
[INFO] [stderr]   cargo:rerun-if-env-changed=CXX_x86_64-unknown-linux-gnu
[INFO] [stderr]   CXX_x86_64-unknown-linux-gnu = None
[INFO] [stderr]   cargo:rerun-if-env-changed=CXX_x86_64_unknown_linux_gnu
[INFO] [stderr]   CXX_x86_64_unknown_linux_gnu = None
[INFO] [stderr]   cargo:rerun-if-env-changed=HOST_CXX
[INFO] [stderr]   HOST_CXX = None
[INFO] [stderr]   cargo:rerun-if-env-changed=CXX
[INFO] [stderr]   CXX = None
[INFO] [stderr]   cargo:rerun-if-env-changed=CXXFLAGS_x86_64-unknown-linux-gnu
[INFO] [stderr]   CXXFLAGS_x86_64-unknown-linux-gnu = None
[INFO] [stderr]   cargo:rerun-if-env-changed=CXXFLAGS_x86_64_unknown_linux_gnu
[INFO] [stderr]   CXXFLAGS_x86_64_unknown_linux_gnu = None
[INFO] [stderr]   cargo:rerun-if-env-changed=HOST_CXXFLAGS
[INFO] [stderr]   HOST_CXXFLAGS = None
[INFO] [stderr]   cargo:rerun-if-env-changed=CXXFLAGS
[INFO] [stderr]   CXXFLAGS = None
[INFO] [stderr]   cargo:rerun-if-env-changed=CRATE_CC_NO_DEFAULTS
[INFO] [stderr]   CRATE_CC_NO_DEFAULTS = None
[INFO] [stderr]   DEBUG = Some("true")
[INFO] [stderr]   CARGO_CFG_TARGET_FEATURE = Some("fxsr,sse,sse2")
[INFO] [stderr]   cargo:rerun-if-env-changed=CXX_x86_64-unknown-linux-gnu
[INFO] [stderr]   CXX_x86_64-unknown-linux-gnu = None
[INFO] [stderr]   cargo:rerun-if-env-changed=CXX_x86_64_unknown_linux_gnu
[INFO] [stderr]   CXX_x86_64_unknown_linux_gnu = None
[INFO] [stderr]   cargo:rerun-if-env-changed=HOST_CXX
[INFO] [stderr]   HOST_CXX = None
[INFO] [stderr]   cargo:rerun-if-env-changed=CXX
[INFO] [stderr]   CXX = None
[INFO] [stderr]   cargo:rerun-if-env-changed=CXXFLAGS_x86_64-unknown-linux-gnu
[INFO] [stderr]   CXXFLAGS_x86_64-unknown-linux-gnu = None
[INFO] [stderr]   cargo:rerun-if-env-changed=CXXFLAGS_x86_64_unknown_linux_gnu
[INFO] [stderr]   CXXFLAGS_x86_64_unknown_linux_gnu = None
[INFO] [stderr]   cargo:rerun-if-env-changed=HOST_CXXFLAGS
[INFO] [stderr]   HOST_CXXFLAGS = None
[INFO] [stderr]   cargo:rerun-if-env-changed=CXXFLAGS
[INFO] [stderr]   CXXFLAGS = None
[INFO] [stderr]   cargo:rerun-if-env-changed=CRATE_CC_NO_DEFAULTS
[INFO] [stderr]   CRATE_CC_NO_DEFAULTS = None
[INFO] [stderr]   CARGO_CFG_TARGET_FEATURE = Some("fxsr,sse,sse2")
[INFO] [stderr]   cargo:rerun-if-env-changed=CXX_x86_64-unknown-linux-gnu
[INFO] [stderr]   CXX_x86_64-unknown-linux-gnu = None
[INFO] [stderr]   cargo:rerun-if-env-changed=CXX_x86_64_unknown_linux_gnu
[INFO] [stderr]   CXX_x86_64_unknown_linux_gnu = None
[INFO] [stderr]   cargo:rerun-if-env-changed=HOST_CXX
[INFO] [stderr]   HOST_CXX = None
[INFO] [stderr]   cargo:rerun-if-env-changed=CXX
[INFO] [stderr]   CXX = None
[INFO] [stderr]   cargo:rerun-if-env-changed=CXXFLAGS_x86_64-unknown-linux-gnu
[INFO] [stderr]   CXXFLAGS_x86_64-unknown-linux-gnu = None
[INFO] [stderr]   cargo:rerun-if-env-changed=CXXFLAGS_x86_64_unknown_linux_gnu
[INFO] [stderr]   CXXFLAGS_x86_64_unknown_linux_gnu = None
[INFO] [stderr]   cargo:rerun-if-env-changed=HOST_CXXFLAGS
[INFO] [stderr]   HOST_CXXFLAGS = None
[INFO] [stderr]   cargo:rerun-if-env-changed=CXXFLAGS
[INFO] [stderr]   CXXFLAGS = None
[INFO] [stderr]   cargo:rerun-if-env-changed=CRATE_CC_NO_DEFAULTS
[INFO] [stderr]   CRATE_CC_NO_DEFAULTS = None
[INFO] [stderr]   CARGO_CFG_TARGET_FEATURE = Some("fxsr,sse,sse2")
[INFO] [stderr]   running: "c++" "-O0" "-ffunction-sections" "-fdata-sections" "-fPIC" "-gdwarf-4" "-fno-omit-frame-pointer" "-m64" "-I" "/opt/rustwide/cargo-home/registry/src/index.crates.io-1949cf8c6b5b557f/i-slint-backend-qt-1.1.1" "-I" "/usr/include/x86_64-linux-gnu/qt5" "-Wall" "-Wextra" "-std=c++17" "-o" "/opt/rustwide/target/debug/build/i-slint-backend-qt-fad886bd056cd3a9/out/67c66fd637e95b9e-cpp_closures.o" "-c" "/opt/rustwide/target/debug/build/i-slint-backend-qt-fad886bd056cd3a9/out/rust_cpp/cpp_closures.cpp"
[INFO] [stderr]   cargo:warning=/opt/rustwide/cargo-home/registry/src/index.crates.io-1949cf8c6b5b557f/cpp_build-0.5.8/src/lib.rs:2634:1: fatal error: error writing to /tmp/cc1L5CHq.s: No space left on device
[INFO] [stderr]   cargo:warning=compilation terminated.
[INFO] [stderr]   exit status: 1
[INFO] [stderr] 
[INFO] [stderr]   --- stderr
[INFO] [stderr] 
[INFO] [stderr] 
[INFO] [stderr]   error occurred: ToolExecError: Command "c++" "-O0" "-ffunction-sections" "-fdata-sections" "-fPIC" "-gdwarf-4" "-fno-omit-frame-pointer" "-m64" "-I" "/opt/rustwide/cargo-home/registry/src/index.crates.io-1949cf8c6b5b557f/i-slint-backend-qt-1.1.1" "-I" "/usr/include/x86_64-linux-gnu/qt5" "-Wall" "-Wextra" "-std=c++17" "-o" "/opt/rustwide/target/debug/build/i-slint-backend-qt-fad886bd056cd3a9/out/67c66fd637e95b9e-cpp_closures.o" "-c" "/opt/rustwide/target/debug/build/i-slint-backend-qt-fad886bd056cd3a9/out/rust_cpp/cpp_closures.cpp" with args "c++" did not execute successfully (status code exit status: 1).
[INFO] [stderr] 
[INFO] [stderr] 
[INFO] running `Command { std: "docker" "inspect" "98e15c9741e6f3005027180e7c34cb5eb86edf0d0a92cd7c0fda1b81cdcd87ef", kill_on_drop: false }`
[INFO] running `Command { std: "docker" "rm" "-f" "98e15c9741e6f3005027180e7c34cb5eb86edf0d0a92cd7c0fda1b81cdcd87ef", kill_on_drop: false }`
[INFO] [stdout] 98e15c9741e6f3005027180e7c34cb5eb86edf0d0a92cd7c0fda1b81cdcd87ef
