[INFO] cloning repository https://github.com/simonsmd/fems_exporter
[INFO] running `Command { std: "git" "-c" "credential.helper=" "-c" "credential.helper=/workspace/cargo-home/bin/git-credential-null" "clone" "--bare" "https://github.com/simonsmd/fems_exporter" "/workspace/cache/git-repos/https%3A%2F%2Fgithub.com%2Fsimonsmd%2Ffems_exporter", kill_on_drop: false }`
[INFO] [stderr] Cloning into bare repository '/workspace/cache/git-repos/https%3A%2F%2Fgithub.com%2Fsimonsmd%2Ffems_exporter'...
[INFO] running `Command { std: "git" "rev-parse" "HEAD", kill_on_drop: false }`
[INFO] [stdout] 782ff5f9a6ad293c9e96bc7ab7b3953210efe8b2
[INFO] documenting simonsmd/fems_exporter against beta-2025-02-18 for beta-1.86-rustdoc-1
[INFO] running `Command { std: "git" "clone" "/workspace/cache/git-repos/https%3A%2F%2Fgithub.com%2Fsimonsmd%2Ffems_exporter" "/workspace/builds/worker-2-tc2/source", kill_on_drop: false }`
[INFO] [stderr] Cloning into '/workspace/builds/worker-2-tc2/source'...
[INFO] [stderr] done.
[INFO] validating manifest of git repo https://github.com/simonsmd/fems_exporter on toolchain beta-2025-02-18
[INFO] running `Command { std: CARGO_HOME="/workspace/cargo-home" RUSTUP_HOME="/workspace/rustup-home" "/workspace/cargo-home/bin/cargo" "+beta-2025-02-18" "metadata" "--manifest-path" "Cargo.toml" "--no-deps", kill_on_drop: false }`
[INFO] started tweaking git repo https://github.com/simonsmd/fems_exporter
[INFO] finished tweaking git repo https://github.com/simonsmd/fems_exporter
[INFO] tweaked toml for git repo https://github.com/simonsmd/fems_exporter written to /workspace/builds/worker-2-tc2/source/Cargo.toml
[INFO] crate git repo https://github.com/simonsmd/fems_exporter already has a lockfile, it will not be regenerated
[INFO] running `Command { std: CARGO_HOME="/workspace/cargo-home" RUSTUP_HOME="/workspace/rustup-home" "/workspace/cargo-home/bin/cargo" "+beta-2025-02-18" "fetch" "--manifest-path" "Cargo.toml", kill_on_drop: false }`
[INFO] [stderr] warning: `default_features` is deprecated in favor of `default-features` and will not work in the 2024 edition
[INFO] [stderr] (in the `tokio-modbus` dependency)
[INFO] running `Command { std: "docker" "create" "-v" "/var/lib/crater-agent-workspace/builds/worker-2-tc2/target:/opt/rustwide/target:rw,Z" "-v" "/var/lib/crater-agent-workspace/builds/worker-2-tc2/source:/opt/rustwide/workdir:ro,Z" "-v" "/var/lib/crater-agent-workspace/cargo-home:/opt/rustwide/cargo-home:ro,Z" "-v" "/var/lib/crater-agent-workspace/rustup-home:/opt/rustwide/rustup-home:ro,Z" "-e" "SOURCE_DIR=/opt/rustwide/workdir" "-e" "CARGO_TARGET_DIR=/opt/rustwide/target" "-e" "CARGO_HOME=/opt/rustwide/cargo-home" "-e" "RUSTUP_HOME=/opt/rustwide/rustup-home" "-w" "/opt/rustwide/workdir" "-m" "1610612736" "--user" "0:0" "--network" "none" "ghcr.io/rust-lang/crates-build-env/linux@sha256:3959728d45483eb673ba100a951a6b9f5012970368db2a9e08e0ac9b67c8a5ad" "/opt/rustwide/cargo-home/bin/cargo" "+beta-2025-02-18" "metadata" "--no-deps" "--format-version=1", kill_on_drop: false }`
[INFO] [stdout] 448ef05f2af4299756afb956eda97624f60f3173770b15a59262c04bbdeb871a
[INFO] running `Command { std: "docker" "start" "-a" "448ef05f2af4299756afb956eda97624f60f3173770b15a59262c04bbdeb871a", kill_on_drop: false }`
[INFO] running `Command { std: "docker" "inspect" "448ef05f2af4299756afb956eda97624f60f3173770b15a59262c04bbdeb871a", kill_on_drop: false }`
[INFO] running `Command { std: "docker" "rm" "-f" "448ef05f2af4299756afb956eda97624f60f3173770b15a59262c04bbdeb871a", kill_on_drop: false }`
[INFO] [stdout] 448ef05f2af4299756afb956eda97624f60f3173770b15a59262c04bbdeb871a
[INFO] running `Command { std: "docker" "create" "-v" "/var/lib/crater-agent-workspace/builds/worker-2-tc2/target:/opt/rustwide/target:rw,Z" "-v" "/var/lib/crater-agent-workspace/builds/worker-2-tc2/source:/opt/rustwide/workdir:ro,Z" "-v" "/var/lib/crater-agent-workspace/cargo-home:/opt/rustwide/cargo-home:ro,Z" "-v" "/var/lib/crater-agent-workspace/rustup-home:/opt/rustwide/rustup-home:ro,Z" "-e" "SOURCE_DIR=/opt/rustwide/workdir" "-e" "CARGO_TARGET_DIR=/opt/rustwide/target" "-e" "CARGO_INCREMENTAL=0" "-e" "RUST_BACKTRACE=full" "-e" "RUSTFLAGS=--cap-lints=warn" "-e" "RUSTDOCFLAGS=--cap-lints=warn" "-e" "CARGO_HOME=/opt/rustwide/cargo-home" "-e" "RUSTUP_HOME=/opt/rustwide/rustup-home" "-w" "/opt/rustwide/workdir" "-m" "1610612736" "--user" "0:0" "--network" "none" "ghcr.io/rust-lang/crates-build-env/linux@sha256:3959728d45483eb673ba100a951a6b9f5012970368db2a9e08e0ac9b67c8a5ad" "/opt/rustwide/cargo-home/bin/cargo" "+beta-2025-02-18" "doc" "--frozen" "--no-deps" "--document-private-items" "--message-format=json", kill_on_drop: false }`
[INFO] [stdout] 4f356351c94279fc25955c15f30fc4954a720ed3c05db27e8024e933ad7019bf
[INFO] running `Command { std: "docker" "start" "-a" "4f356351c94279fc25955c15f30fc4954a720ed3c05db27e8024e933ad7019bf", kill_on_drop: false }`
[INFO] [stderr] warning: `default_features` is deprecated in favor of `default-features` and will not work in the 2024 edition
[INFO] [stderr] (in the `tokio-modbus` dependency)
[INFO] [stderr]    Compiling proc-macro2 v1.0.67
[INFO] [stderr]    Compiling unicode-ident v1.0.12
[INFO] [stderr]    Compiling autocfg v1.1.0
[INFO] [stderr]    Compiling libc v0.2.153
[INFO] [stderr]     Checking pin-project-lite v0.2.13
[INFO] [stderr]    Compiling futures-core v0.3.28
[INFO] [stderr]     Checking cfg-if v1.0.0
[INFO] [stderr]     Checking once_cell v1.18.0
[INFO] [stderr]     Checking futures-sink v0.3.28
[INFO] [stderr]    Compiling futures-channel v0.3.28
[INFO] [stderr]    Compiling futures-task v0.3.28
[INFO] [stderr]     Checking bytes v1.5.0
[INFO] [stderr]    Compiling parking_lot_core v0.9.8
[INFO] [stderr]     Checking smallvec v1.11.1
[INFO] [stderr]    Compiling futures-util v0.3.28
[INFO] [stderr]    Compiling slab v0.4.9
[INFO] [stderr]    Compiling lock_api v0.4.10
[INFO] [stderr]     Checking tracing-core v0.1.31
[INFO] [stderr]    Compiling rustversion v1.0.14
[INFO] [stderr]     Checking log v0.4.20
[INFO] [stderr]     Checking futures-io v0.3.28
[INFO] [stderr]     Checking memchr v2.6.3
[INFO] [stderr]     Checking itoa v1.0.9
[INFO] [stderr]     Checking scopeguard v1.2.0
[INFO] [stderr]     Checking pin-utils v0.1.0
[INFO] [stderr]    Compiling quote v1.0.33
[INFO] [stderr]    Compiling serde v1.0.188
[INFO] [stderr]     Checking fnv v1.0.7
[INFO] [stderr]    Compiling async-trait v0.1.73
[INFO] [stderr]    Compiling syn v2.0.37
[INFO] [stderr]     Checking http v0.2.9
[INFO] [stderr]     Checking tower-service v0.3.2
[INFO] [stderr]     Checking utf8parse v0.2.1
[INFO] [stderr]    Compiling httparse v1.8.0
[INFO] [stderr]     Checking anstyle-parse v0.2.1
[INFO] [stderr]     Checking ryu v1.0.15
[INFO] [stderr]     Checking lazy_static v1.4.0
[INFO] [stderr]     Checking anstyle-query v1.0.0
[INFO] [stderr]     Checking tower-layer v0.3.2
[INFO] [stderr]     Checking try-lock v0.2.4
[INFO] [stderr]     Checking anstyle v1.0.3
[INFO] [stderr]     Checking colorchoice v1.0.0
[INFO] [stderr]     Checking signal-hook-registry v1.4.1
[INFO] [stderr]     Checking socket2 v0.5.4
[INFO] [stderr]     Checking mio v0.8.11
[INFO] [stderr]     Checking num_cpus v1.16.0
[INFO] [stderr]     Checking percent-encoding v2.3.0
[INFO] [stderr]     Checking parking_lot v0.12.1
[INFO] [stderr]    Compiling axum-core v0.3.4
[INFO] [stderr]    Compiling serde_json v1.0.107
[INFO] [stderr]     Checking form_urlencoded v1.2.0
[INFO] [stderr]     Checking http-body v0.4.5
[INFO] [stderr]    Compiling axum v0.6.20
[INFO] [stderr]     Checking anstream v0.5.0
[INFO] [stderr]     Checking socket2 v0.4.9
[INFO] [stderr]     Checking want v0.3.1
[INFO] [stderr]     Checking httpdate v1.0.3
[INFO] [stderr]     Checking mime v0.3.17
[INFO] [stderr]    Compiling heck v0.4.1
[INFO] [stderr]     Checking overload v0.1.1
[INFO] [stderr]     Checking clap_lex v0.5.1
[INFO] [stderr]     Checking strsim v0.10.0
[INFO] [stderr]     Checking nu-ansi-term v0.46.0
[INFO] [stderr]     Checking sharded-slab v0.1.4
[INFO] [stderr]     Checking tracing-log v0.1.3
[INFO] [stderr]     Checking thread_local v1.1.7
[INFO] [stderr]     Checking byteorder v1.4.3
[INFO] [stderr]     Checking clap_builder v4.4.4
[INFO] [stderr]     Checking bitflags v1.3.2
[INFO] [stderr]     Checking sync_wrapper v0.1.2
[INFO] [stderr]     Checking matchit v0.7.3
[INFO] [stderr]     Checking tracing-subscriber v0.3.17
[INFO] [stderr]    Compiling futures-macro v0.3.28
[INFO] [stderr]    Compiling tokio-macros v2.1.0
[INFO] [stderr]    Compiling tracing-attributes v0.1.26
[INFO] [stderr]    Compiling serde_derive v1.0.188
[INFO] [stderr]    Compiling pin-project-internal v1.1.3
[INFO] [stderr]    Compiling clap_derive v4.4.2
[INFO] [stderr]     Checking tokio v1.32.0
[INFO] [stdout] error: linking with `cc` failed: exit status: 1
[INFO] [stdout]   |
[INFO] [stdout]   = note:  "cc" "-Wl,--version-script=/tmp/rustcr5Tgyf/list" "-Wl,--no-undefined-version" "-m64" "/tmp/rustcr5Tgyf/symbols.o" "<8 object files omitted>" "/opt/rustwide/target/debug/deps/async_trait-3d6be123a371d3e8.aydt4iyq7ztt732s3ksx6y8u7.rcgu.rmeta" "<1 object files omitted>" "-Wl,--as-needed" "-Wl,-Bstatic" "/opt/rustwide/target/debug/deps/{libsyn-36b6d37ac7943cf9.rlib,libquote-cc398921682100ad.rlib,libproc_macro2-363352bf09b01f70.rlib,libunicode_ident-772f13ecc3fc189a.rlib}.rlib" "<sysroot>/lib/rustlib/x86_64-unknown-linux-gnu/lib/{libproc_macro-*,libstd-*,libpanic_unwind-*,libobject-*,libmemchr-*,libaddr2line-*,libgimli-*,librustc_demangle-*,libstd_detect-*,libhashbrown-*,librustc_std_workspace_alloc-*,libminiz_oxide-*,libadler2-*,libunwind-*,libcfg_if-*,liblibc-*,liballoc-*,librustc_std_workspace_core-*,libcore-*,libcompiler_builtins-*}.rlib" "-Wl,-Bdynamic" "-lgcc_s" "-lutil" "-lrt" "-lpthread" "-lm" "-ldl" "-lc" "-Wl,--eh-frame-hdr" "-Wl,-z,noexecstack" "-L" "<sysroot>/lib/rustlib/x86_64-unknown-linux-gnu/lib" "-o" "/opt/rustwide/target/debug/deps/libasync_trait-3d6be123a371d3e8.so" "-Wl,--gc-sections" "-shared" "-Wl,-z,relro,-z,now" "-nodefaultlibs"
[INFO] [stdout]   = note: some arguments are omitted. use `--verbose` to show all linker arguments
[INFO] [stdout]   = note: /usr/bin/ld: final link failed: No space left on device
[INFO] [stdout]           collect2: error: ld returned 1 exit status
[INFO] [stdout]           
[INFO] [stdout] 
[INFO] [stdout] 
[INFO] [stderr] error: could not compile `async-trait` (lib) due to 1 previous error
[INFO] [stderr] warning: build failed, waiting for other jobs to finish...
[INFO] [stdout] error: linking with `cc` failed: exit status: 1
[INFO] [stdout]   |
[INFO] [stdout]   = note:  "cc" "-Wl,--version-script=/tmp/rustcJzeQ3R/list" "-Wl,--no-undefined-version" "-m64" "/tmp/rustcJzeQ3R/symbols.o" "<11 object files omitted>" "/opt/rustwide/target/debug/deps/pin_project_internal-dfe2518bb3475218.1mjf9g3b12a6bea8sucb91bt2.rcgu.rmeta" "<1 object files omitted>" "-Wl,--as-needed" "-Wl,-Bstatic" "/opt/rustwide/target/debug/deps/{libsyn-36b6d37ac7943cf9.rlib,libquote-cc398921682100ad.rlib,libproc_macro2-363352bf09b01f70.rlib,libunicode_ident-772f13ecc3fc189a.rlib}.rlib" "<sysroot>/lib/rustlib/x86_64-unknown-linux-gnu/lib/{libproc_macro-*,libstd-*,libpanic_unwind-*,libobject-*,libmemchr-*,libaddr2line-*,libgimli-*,librustc_demangle-*,libstd_detect-*,libhashbrown-*,librustc_std_workspace_alloc-*,libminiz_oxide-*,libadler2-*,libunwind-*,libcfg_if-*,liblibc-*,liballoc-*,librustc_std_workspace_core-*,libcore-*,libcompiler_builtins-*}.rlib" "-Wl,-Bdynamic" "-lgcc_s" "-lutil" "-lrt" "-lpthread" "-lm" "-ldl" "-lc" "-Wl,--eh-frame-hdr" "-Wl,-z,noexecstack" "-L" "<sysroot>/lib/rustlib/x86_64-unknown-linux-gnu/lib" "-o" "/opt/rustwide/target/debug/deps/libpin_project_internal-dfe2518bb3475218.so" "-Wl,--gc-sections" "-shared" "-Wl,-z,relro,-z,now" "-nodefaultlibs"
[INFO] [stdout]   = note: some arguments are omitted. use `--verbose` to show all linker arguments
[INFO] [stdout]   = note: /usr/bin/ld: final link failed: No space left on device
[INFO] [stdout]           collect2: error: ld returned 1 exit status
[INFO] [stdout]           
[INFO] [stdout] 
[INFO] [stdout] 
[INFO] [stderr] error: could not compile `pin-project-internal` (lib) due to 1 previous error
[INFO] [stdout] error: linking with `cc` failed: exit status: 1
[INFO] [stdout]   |
[INFO] [stdout]   = note:  "cc" "-Wl,--version-script=/tmp/rustcljx4ZO/list" "-Wl,--no-undefined-version" "-m64" "/tmp/rustcljx4ZO/symbols.o" "<16 object files omitted>" "/opt/rustwide/target/debug/deps/tracing_attributes-c99551a886fba1d3.1xly0dqcftu5um4k2yb8c3mec.rcgu.rmeta" "<1 object files omitted>" "-Wl,--as-needed" "-Wl,-Bstatic" "/opt/rustwide/target/debug/deps/{libsyn-36b6d37ac7943cf9.rlib,libquote-cc398921682100ad.rlib,libproc_macro2-363352bf09b01f70.rlib,libunicode_ident-772f13ecc3fc189a.rlib}.rlib" "<sysroot>/lib/rustlib/x86_64-unknown-linux-gnu/lib/{libproc_macro-*,libstd-*,libpanic_unwind-*,libobject-*,libmemchr-*,libaddr2line-*,libgimli-*,librustc_demangle-*,libstd_detect-*,libhashbrown-*,librustc_std_workspace_alloc-*,libminiz_oxide-*,libadler2-*,libunwind-*,libcfg_if-*,liblibc-*,liballoc-*,librustc_std_workspace_core-*,libcore-*,libcompiler_builtins-*}.rlib" "-Wl,-Bdynamic" "-lgcc_s" "-lutil" "-lrt" "-lpthread" "-lm" "-ldl" "-lc" "-Wl,--eh-frame-hdr" "-Wl,-z,noexecstack" "-L" "<sysroot>/lib/rustlib/x86_64-unknown-linux-gnu/lib" "-o" "/opt/rustwide/target/debug/deps/libtracing_attributes-c99551a886fba1d3.so" "-Wl,--gc-sections" "-shared" "-Wl,-z,relro,-z,now" "-nodefaultlibs"
[INFO] [stdout]   = note: some arguments are omitted. use `--verbose` to show all linker arguments
[INFO] [stdout]   = note: /usr/bin/ld: final link failed: No space left on device
[INFO] [stdout]           collect2: error: ld returned 1 exit status
[INFO] [stdout]           
[INFO] [stdout] 
[INFO] [stdout] 
[INFO] [stdout] error: linking with `cc` failed: exit status: 1
[INFO] [stdout]   |
[INFO] [stdout]   = note:  "cc" "-Wl,--version-script=/tmp/rustcJs3Fcl/list" "-Wl,--no-undefined-version" "-m64" "/tmp/rustcJs3Fcl/symbols.o" "<6 object files omitted>" "/opt/rustwide/target/debug/deps/futures_macro-2dd69cecb6967241.ck1wxfocvvahmucy9s4rlkngx.rcgu.rmeta" "<1 object files omitted>" "-Wl,--as-needed" "-Wl,-Bstatic" "/opt/rustwide/target/debug/deps/{libsyn-36b6d37ac7943cf9.rlib,libquote-cc398921682100ad.rlib,libproc_macro2-363352bf09b01f70.rlib,libunicode_ident-772f13ecc3fc189a.rlib}.rlib" "<sysroot>/lib/rustlib/x86_64-unknown-linux-gnu/lib/{libproc_macro-*,libstd-*,libpanic_unwind-*,libobject-*,libmemchr-*,libaddr2line-*,libgimli-*,librustc_demangle-*,libstd_detect-*,libhashbrown-*,librustc_std_workspace_alloc-*,libminiz_oxide-*,libadler2-*,libunwind-*,libcfg_if-*,liblibc-*,liballoc-*,librustc_std_workspace_core-*,libcore-*,libcompiler_builtins-*}.rlib" "-Wl,-Bdynamic" "-lgcc_s" "-lutil" "-lrt" "-lpthread" "-lm" "-ldl" "-lc" "-Wl,--eh-frame-hdr" "-Wl,-z,noexecstack" "-L" "<sysroot>/lib/rustlib/x86_64-unknown-linux-gnu/lib" "-o" "/opt/rustwide/target/debug/deps/libfutures_macro-2dd69cecb6967241.so" "-Wl,--gc-sections" "-shared" "-Wl,-z,relro,-z,now" "-nodefaultlibs"
[INFO] [stdout]   = note: some arguments are omitted. use `--verbose` to show all linker arguments
[INFO] [stdout]   = note: /usr/bin/ld: final link failed: No space left on device
[INFO] [stdout]           collect2: error: ld returned 1 exit status
[INFO] [stdout]           
[INFO] [stdout] 
[INFO] [stdout] 
[INFO] [stderr] error: could not compile `tracing-attributes` (lib) due to 1 previous error
[INFO] [stderr] error: could not compile `futures-macro` (lib) due to 1 previous error
[INFO] [stderr] rustc-LLVM ERROR: IO failure on output stream: No space left on device
[INFO] [stderr] error: could not compile `clap_derive` (lib)
[INFO] [stderr] 
[INFO] [stderr] Caused by:
[INFO] [stderr]   process didn't exit successfully: `/opt/rustwide/rustup-home/toolchains/beta-2025-02-18-x86_64-unknown-linux-gnu/bin/rustc --crate-name clap_derive --edition=2021 /opt/rustwide/cargo-home/registry/src/index.crates.io-1949cf8c6b5b557f/clap_derive-4.4.2/src/lib.rs --error-format=json --json=diagnostic-rendered-ansi,artifacts,future-incompat --crate-type proc-macro --emit=dep-info,link -C prefer-dynamic -C embed-bitcode=no --cfg 'feature="default"' --check-cfg 'cfg(docsrs,test)' --check-cfg 'cfg(feature, values("debug", "default", "deprecated", "raw-deprecated", "unstable-v5"))' -C metadata=434c55300d868289 -C extra-filename=-29b1aefea39bd573 --out-dir /opt/rustwide/target/debug/deps -L dependency=/opt/rustwide/target/debug/deps --extern heck=/opt/rustwide/target/debug/deps/libheck-7ebb34bba86af95c.rlib --extern proc_macro2=/opt/rustwide/target/debug/deps/libproc_macro2-363352bf09b01f70.rlib --extern quote=/opt/rustwide/target/debug/deps/libquote-cc398921682100ad.rlib --extern syn=/opt/rustwide/target/debug/deps/libsyn-36b6d37ac7943cf9.rlib --extern proc_macro --cap-lints allow --cap-lints=warn` (exit status: 101)
[INFO] running `Command { std: "docker" "inspect" "4f356351c94279fc25955c15f30fc4954a720ed3c05db27e8024e933ad7019bf", kill_on_drop: false }`
[INFO] running `Command { std: "docker" "rm" "-f" "4f356351c94279fc25955c15f30fc4954a720ed3c05db27e8024e933ad7019bf", kill_on_drop: false }`
[INFO] [stdout] 4f356351c94279fc25955c15f30fc4954a720ed3c05db27e8024e933ad7019bf
