[INFO] cloning repository https://github.com/rust-lagit1/cargo
[INFO] running `Command { std: "git" "-c" "credential.helper=" "-c" "credential.helper=/workspace/cargo-home/bin/git-credential-null" "clone" "--bare" "https://github.com/rust-lagit1/cargo" "/workspace/cache/git-repos/https%3A%2F%2Fgithub.com%2Frust-lagit1%2Fcargo", kill_on_drop: false }`
[INFO] [stderr] Cloning into bare repository '/workspace/cache/git-repos/https%3A%2F%2Fgithub.com%2Frust-lagit1%2Fcargo'...
[INFO] running `Command { std: "git" "rev-parse" "HEAD", kill_on_drop: false }`
[INFO] [stdout] edd36eba5e0d6e0cfcb84bd0cc651ba8bf5e7f83
[INFO] documenting rust-lagit1/cargo against beta-2025-02-18 for beta-1.86-rustdoc-1
[INFO] running `Command { std: "git" "clone" "/workspace/cache/git-repos/https%3A%2F%2Fgithub.com%2Frust-lagit1%2Fcargo" "/workspace/builds/worker-5-tc2/source", kill_on_drop: false }`
[INFO] [stderr] Cloning into '/workspace/builds/worker-5-tc2/source'...
[INFO] [stderr] done.
[INFO] validating manifest of git repo https://github.com/rust-lagit1/cargo on toolchain beta-2025-02-18
[INFO] running `Command { std: CARGO_HOME="/workspace/cargo-home" RUSTUP_HOME="/workspace/rustup-home" "/workspace/cargo-home/bin/cargo" "+beta-2025-02-18" "metadata" "--manifest-path" "Cargo.toml" "--no-deps", kill_on_drop: false }`
[INFO] removed /workspace/builds/worker-5-tc2/source/.cargo/config.toml
[INFO] started tweaking git repo https://github.com/rust-lagit1/cargo
[INFO] finished tweaking git repo https://github.com/rust-lagit1/cargo
[INFO] tweaked toml for git repo https://github.com/rust-lagit1/cargo written to /workspace/builds/worker-5-tc2/source/Cargo.toml
[INFO] crate git repo https://github.com/rust-lagit1/cargo already has a lockfile, it will not be regenerated
[INFO] running `Command { std: CARGO_HOME="/workspace/cargo-home" RUSTUP_HOME="/workspace/rustup-home" "/workspace/cargo-home/bin/cargo" "+beta-2025-02-18" "fetch" "--manifest-path" "Cargo.toml", kill_on_drop: false }`
[INFO] running `Command { std: "docker" "create" "-v" "/var/lib/crater-agent-workspace/builds/worker-5-tc2/target:/opt/rustwide/target:rw,Z" "-v" "/var/lib/crater-agent-workspace/builds/worker-5-tc2/source:/opt/rustwide/workdir:ro,Z" "-v" "/var/lib/crater-agent-workspace/cargo-home:/opt/rustwide/cargo-home:ro,Z" "-v" "/var/lib/crater-agent-workspace/rustup-home:/opt/rustwide/rustup-home:ro,Z" "-e" "SOURCE_DIR=/opt/rustwide/workdir" "-e" "CARGO_TARGET_DIR=/opt/rustwide/target" "-e" "CARGO_HOME=/opt/rustwide/cargo-home" "-e" "RUSTUP_HOME=/opt/rustwide/rustup-home" "-w" "/opt/rustwide/workdir" "-m" "1610612736" "--user" "0:0" "--network" "none" "ghcr.io/rust-lang/crates-build-env/linux@sha256:3959728d45483eb673ba100a951a6b9f5012970368db2a9e08e0ac9b67c8a5ad" "/opt/rustwide/cargo-home/bin/cargo" "+beta-2025-02-18" "metadata" "--no-deps" "--format-version=1", kill_on_drop: false }`
[INFO] [stdout] 2def43c508cf4f6051652314324e66f33aacd3b2c14c91c5dbf7bcc72312c9db
[INFO] running `Command { std: "docker" "start" "-a" "2def43c508cf4f6051652314324e66f33aacd3b2c14c91c5dbf7bcc72312c9db", kill_on_drop: false }`
[INFO] running `Command { std: "docker" "inspect" "2def43c508cf4f6051652314324e66f33aacd3b2c14c91c5dbf7bcc72312c9db", kill_on_drop: false }`
[INFO] running `Command { std: "docker" "rm" "-f" "2def43c508cf4f6051652314324e66f33aacd3b2c14c91c5dbf7bcc72312c9db", kill_on_drop: false }`
[INFO] [stdout] 2def43c508cf4f6051652314324e66f33aacd3b2c14c91c5dbf7bcc72312c9db
[INFO] running `Command { std: "docker" "create" "-v" "/var/lib/crater-agent-workspace/builds/worker-5-tc2/target:/opt/rustwide/target:rw,Z" "-v" "/var/lib/crater-agent-workspace/builds/worker-5-tc2/source:/opt/rustwide/workdir:ro,Z" "-v" "/var/lib/crater-agent-workspace/cargo-home:/opt/rustwide/cargo-home:ro,Z" "-v" "/var/lib/crater-agent-workspace/rustup-home:/opt/rustwide/rustup-home:ro,Z" "-e" "SOURCE_DIR=/opt/rustwide/workdir" "-e" "CARGO_TARGET_DIR=/opt/rustwide/target" "-e" "CARGO_INCREMENTAL=0" "-e" "RUST_BACKTRACE=full" "-e" "RUSTFLAGS=--cap-lints=warn" "-e" "RUSTDOCFLAGS=--cap-lints=warn" "-e" "CARGO_HOME=/opt/rustwide/cargo-home" "-e" "RUSTUP_HOME=/opt/rustwide/rustup-home" "-w" "/opt/rustwide/workdir" "-m" "1610612736" "--user" "0:0" "--network" "none" "ghcr.io/rust-lang/crates-build-env/linux@sha256:3959728d45483eb673ba100a951a6b9f5012970368db2a9e08e0ac9b67c8a5ad" "/opt/rustwide/cargo-home/bin/cargo" "+beta-2025-02-18" "doc" "--frozen" "--no-deps" "--document-private-items" "--message-format=json", kill_on_drop: false }`
[INFO] [stdout] 4babf7a5bfc4cfc3a808944c1045d75dd11e70385da4590016605c1adc2d78b5
[INFO] running `Command { std: "docker" "start" "-a" "4babf7a5bfc4cfc3a808944c1045d75dd11e70385da4590016605c1adc2d78b5", kill_on_drop: false }`
[INFO] [stderr]    Compiling libc v0.2.158
[INFO] [stderr]    Compiling proc-macro2 v1.0.86
[INFO] [stderr]    Compiling unicode-ident v1.0.12
[INFO] [stderr]     Checking cfg-if v1.0.0
[INFO] [stderr]    Compiling shlex v1.3.0
[INFO] [stderr]     Checking memchr v2.7.4
[INFO] [stderr]    Compiling pkg-config v0.3.30
[INFO] [stderr]    Compiling vcpkg v0.2.15
[INFO] [stderr]     Checking regex-syntax v0.8.4
[INFO] [stderr]    Compiling thiserror v1.0.63
[INFO] [stderr]     Checking once_cell v1.19.0
[INFO] [stderr]    Compiling version_check v0.9.4
[INFO] [stderr]    Compiling autocfg v1.3.0
[INFO] [stderr]     Checking aho-corasick v1.1.3
[INFO] [stderr]    Compiling serde v1.0.204
[INFO] [stderr]     Checking tinyvec_macros v0.1.1
[INFO] [stderr]     Checking smallvec v1.13.2
[INFO] [stderr]     Checking tinyvec v1.8.0
[INFO] [stderr]    Compiling crossbeam-utils v0.8.19
[INFO] [stderr]    Compiling quote v1.0.36
[INFO] [stderr]    Compiling crc32fast v1.4.0
[INFO] [stderr]    Compiling syn v2.0.72
[INFO] [stderr]    Compiling lock_api v0.4.11
[INFO] [stderr]    Compiling jobserver v0.1.32
[INFO] [stderr]    Compiling parking_lot_core v0.9.9
[INFO] [stderr]     Checking unicode-normalization v0.1.23
[INFO] [stderr]     Checking gix-trace v0.1.10
[INFO] [stderr]     Checking scopeguard v1.2.0
[INFO] [stderr]     Checking fastrand v2.1.0
[INFO] [stderr]    Compiling cc v1.1.22
[INFO] [stderr]     Checking bitflags v2.6.0
[INFO] [stderr]     Checking faster-hex v0.9.0
[INFO] [stderr]     Checking parking_lot v0.12.1
[INFO] [stderr]     Checking same-file v1.0.6
[INFO] [stderr]     Checking walkdir v2.5.0
[INFO] [stderr]     Checking adler v1.0.2
[INFO] [stderr]     Checking miniz_oxide v0.7.2
[INFO] [stderr]     Checking crossbeam-channel v0.5.12
[INFO] [stderr]     Checking prodash v28.0.0
[INFO] [stderr]     Checking bytes v1.6.0
[INFO] [stderr]     Checking sha1_smol v1.0.0
[INFO] [stderr]     Checking itoa v1.0.11
[INFO] [stderr]    Compiling num-conv v0.1.0
[INFO] [stderr]     Checking regex-automata v0.4.7
[INFO] [stderr]    Compiling time-core v0.1.2
[INFO] [stderr]     Checking powerfmt v0.2.0
[INFO] [stderr]    Compiling time-macros v0.2.18
[INFO] [stderr]     Checking num_threads v0.1.7
[INFO] [stderr]    Compiling rustix v0.38.37
[INFO] [stderr]     Checking winnow v0.6.18
[INFO] [stderr]     Checking linux-raw-sys v0.4.14
[INFO] [stderr]    Compiling typenum v1.17.0
[INFO] [stderr]    Compiling ahash v0.8.11
[INFO] [stderr]     Checking zeroize v1.7.0
[INFO] [stderr]     Checking home v0.5.9
[INFO] [stderr]     Checking zerocopy v0.7.35
[INFO] [stderr]     Checking allocator-api2 v0.2.18
[INFO] [stderr]    Compiling libz-sys v1.1.18
[INFO] [stderr]    Compiling generic-array v0.14.7
[INFO] [stderr]     Checking hashbrown v0.14.5
[INFO] [stderr]     Checking subtle v2.5.0
[INFO] [stderr]    Compiling openssl-sys v0.9.92
[INFO] [stderr]     Checking flate2 v1.0.30
[INFO] [stderr]     Checking const-oid v0.9.6
[INFO] [stderr]     Checking memmap2 v0.9.4
[INFO] [stderr]     Checking getrandom v0.2.15
[INFO] [stderr]    Compiling libnghttp2-sys v0.1.10+1.61.0
[INFO] [stderr]     Checking percent-encoding v2.3.1
[INFO] [stderr]     Checking crypto-common v0.1.6
[INFO] [stderr]     Checking rand_core v0.6.4
[INFO] [stderr]     Checking bstr v1.9.1
[INFO] [stderr]     Checking block-buffer v0.10.4
[INFO] [stderr]     Checking unicode-bidi v0.3.15
[INFO] [stderr]     Checking form_urlencoded v1.2.1
[INFO] [stderr]     Checking digest v0.10.7
[INFO] [stderr]    Compiling curl-sys v0.4.74+curl-8.9.0
[INFO] [stderr]     Checking base64ct v1.6.0
[INFO] [stderr]     Checking tempfile v3.10.1
[INFO] [stderr]     Checking idna v0.5.0
[INFO] [stderr]     Checking pem-rfc7468 v0.7.0
[INFO] [stderr]     Checking gix-utils v0.1.12
[INFO] [stderr]     Checking unicode-bom v2.0.3
[INFO] [stderr]     Checking log v0.4.22
[INFO] [stderr]     Checking der v0.7.9
[INFO] [stderr]     Checking gix-sec v0.10.7
[INFO] [stderr]    Compiling serde_json v1.0.121
[INFO] [stderr]     Checking static_assertions v1.1.0
[INFO] [stderr]     Checking kstring v2.0.0
[INFO] [stderr]     Checking hmac v0.12.1
[INFO] [stderr]     Checking url v2.5.2
[INFO] [stderr]    Compiling libssh2-sys v0.3.0
[INFO] [stderr]     Checking shell-words v1.1.0
[INFO] [stderr]     Checking openssl-probe v0.1.5
[INFO] [stderr]    Compiling curl v0.4.46
[INFO] [stderr]     Checking ryu v1.0.18
[INFO] [stderr]     Checking ff v0.13.0
[INFO] [stderr]     Checking filetime v0.2.23
[INFO] [stderr]     Checking socket2 v0.5.6
[INFO] [stderr]     Checking tracing-core v0.1.32
[INFO] [stderr]     Checking base16ct v0.2.0
[INFO] [stderr]     Checking group v0.13.0
[INFO] [stderr]     Checking hkdf v0.12.4
[INFO] [stderr]     Checking crypto-bigint v0.5.5
[INFO] [stderr]    Compiling libgit2-sys v0.17.0+1.8.1
[INFO] [stderr]     Checking spki v0.7.3
[INFO] [stderr]    Compiling num-traits v0.2.19
[INFO] [stderr]     Checking pkcs8 v0.10.2
[INFO] [stderr]     Checking utf8parse v0.2.2
[INFO] [stderr]     Checking sec1 v0.7.3
[INFO] [stderr]     Checking cpufeatures v0.2.12
[INFO] [stderr]     Checking anstyle v1.0.8
[INFO] [stderr]     Checking pin-project-lite v0.2.14
[INFO] [stderr]    Compiling anyhow v1.0.86
[INFO] [stderr]     Checking anstyle-parse v0.2.5
[INFO] [stderr]     Checking fnv v1.0.7
[INFO] [stderr]     Checking colorchoice v1.0.2
[INFO] [stderr]     Checking anstyle-query v1.1.1
[INFO] [stderr]     Checking regex-syntax v0.6.29
[INFO] [stderr]     Checking equivalent v1.0.1
[INFO] [stderr]     Checking is_terminal_polyfill v1.70.1
[INFO] [stderr]     Checking indexmap v2.3.0
[INFO] [stderr]     Checking anstream v0.6.15
[INFO] [stderr]     Checking sha2 v0.10.8
[INFO] [stderr]    Compiling thiserror-impl v1.0.63
[INFO] [stderr]    Compiling serde_derive v1.0.204
[INFO] [stderr]    Compiling tracing-attributes v0.1.27
[INFO] [stderr]     Checking elliptic-curve v0.13.8
[INFO] [stderr]     Checking rfc6979 v0.4.0
[INFO] [stderr]     Checking terminal_size v0.3.0
[INFO] [stderr]     Checking signature v2.2.0
[INFO] [stderr]     Checking regex v1.10.5
[INFO] [stderr]    Compiling libsqlite3-sys v0.30.1
[INFO] [stderr]     Checking crossbeam-epoch v0.9.18
[INFO] [stderr]     Checking lazy_static v1.5.0
[INFO] [stderr]     Checking clap_lex v0.7.2
[INFO] [stderr]     Checking regex-automata v0.1.10
[INFO] [stderr]     Checking overload v0.1.1
[INFO] [stderr]     Checking typeid v1.0.0
[INFO] [stderr]    Compiling minimal-lexical v0.2.1
[INFO] [stderr]    Compiling semver v1.0.23
[INFO] [stderr]     Checking clru v0.6.1
[INFO] [stderr]     Checking strsim v0.11.1
[INFO] [stderr]     Checking base64 v0.22.1
[INFO] [stderr]     Checking clap_builder v4.5.18
[INFO] [stderr]     Checking gix-hash v0.14.2
[INFO] [stderr]     Checking gix-path v0.10.11
[INFO] [stderr]     Checking gix-validate v0.8.5
[INFO] [stderr]     Checking gix-chunk v0.4.8
[INFO] [stderr]     Checking gix-quote v0.4.12
[INFO] [stderr]     Checking gix-config-value v0.14.7
[INFO] [stderr]     Checking gix-command v0.3.8
[INFO] [stderr]     Checking gix-features v0.38.2
[INFO] [stderr]     Checking gix-hashtable v0.5.2
[INFO] [stderr]     Checking tracing v0.1.40
[INFO] [stderr]     Checking gix-bitmap v0.2.11
[INFO] [stderr]     Checking gix-packetline v0.17.5
[INFO] [stderr]    Compiling nom v7.1.3
[INFO] [stderr]     Checking gix-prompt v0.8.6
[INFO] [stderr]     Checking gix-fs v0.11.2
[INFO] [stderr]     Checking gix-commitgraph v0.24.3
[INFO] [stderr]     Checking gix-glob v0.16.4
[INFO] [stderr]     Checking gix-url v0.27.4
[INFO] [stderr]     Checking gix-tempfile v14.0.0
[INFO] [stderr]     Checking matchers v0.1.0
[INFO] [stderr]     Checking gix-lock v14.0.0
[INFO] [stderr]     Checking gix-credentials v0.24.4
[INFO] [stderr]     Checking gix-attributes v0.22.3
[INFO] [stderr]     Checking gix-ignore v0.11.3
[INFO] [stderr]     Checking gix-packetline-blocking v0.17.4
[INFO] [stderr]     Checking gix-transport v0.42.2
[INFO] [stderr]     Checking crossbeam-deque v0.8.5
[INFO] [stderr]     Checking gix-pathspec v0.7.6
[INFO] [stderr]     Checking nu-ansi-term v0.46.0
[INFO] [stderr]     Checking sharded-slab v0.1.7
[INFO] [stderr]     Checking ecdsa v0.16.9
[INFO] [stderr]     Checking primeorder v0.13.6
[INFO] [stderr]    Compiling tar v0.4.42
[INFO] [stderr]     Checking ordered-float v2.10.1
[INFO] [stderr]    Compiling maybe-async v0.2.10
[INFO] [stderr]     Checking tracing-log v0.2.0
[INFO] [stderr]     Checking globset v0.4.14
[INFO] [stderr]     Checking bitmaps v2.1.0
[INFO] [stderr]    Compiling blake3 v1.5.2
[INFO] [stderr]    Compiling im-rc v15.1.0
[INFO] [stderr]    Compiling unicase v2.7.0
[INFO] [stderr]     Checking thread_local v1.1.8
[INFO] [stderr]     Checking encoding_rs v0.8.33
[INFO] [stderr]     Checking fiat-crypto v0.2.7
[INFO] [stderr]     Checking arc-swap v1.7.1
[INFO] [stderr]     Checking ppv-lite86 v0.2.17
[INFO] [stderr]     Checking sized-chunks v0.6.5
[INFO] [stderr]     Checking tracing-subscriber v0.3.18
[INFO] [stderr]     Checking rand_chacha v0.3.1
[INFO] [stderr]    Compiling cargo v0.85.0 (/opt/rustwide/workdir)
[INFO] [stderr]    Compiling color-print-proc-macro v0.3.6
[INFO] [stderr]     Checking ignore v0.4.22
[INFO] [stderr]     Checking clap v4.5.18
[INFO] [stderr]     Checking p384 v0.13.0
[INFO] [stderr]    Compiling gix-macros v0.1.5
[INFO] [stderr]     Checking rand_xoshiro v0.6.0
[INFO] [stderr]     Checking ed25519-compact v2.1.1
[INFO] [stderr]     Checking hashlink v0.9.0
[INFO] [stderr]     Checking libloading v0.8.5
[INFO] [stderr]     Checking hex v0.4.3
[INFO] [stderr]     Checking fallible-streaming-iterator v0.1.9
[INFO] [stderr]     Checking is_executable v1.0.3
[INFO] [stderr]     Checking either v1.10.0
[INFO] [stderr]     Checking unicode-xid v0.2.4
[INFO] [stderr]     Checking arrayvec v0.7.4
[INFO] [stderr]     Checking constant_time_eq v0.3.0
[INFO] [stderr]     Checking unicode-width v0.1.13
[INFO] [stderr]     Checking arrayref v0.3.7
[INFO] [stderr]     Checking shell-escape v0.1.5
[INFO] [stderr]     Checking fallible-iterator v0.3.0
[INFO] [stderr]     Checking ct-codecs v1.1.1
[INFO] [stderr]     Checking annotate-snippets v0.11.4
[INFO] [stderr]     Checking cargo-util v0.2.17 (/opt/rustwide/workdir/crates/cargo-util)
[INFO] [stderr]     Checking deranged v0.3.11
[INFO] [stderr]     Checking serde_spanned v0.6.7
[INFO] [stderr]     Checking toml_datetime v0.6.8
[INFO] [stderr]     Checking erased-serde v0.4.5
[INFO] [stderr]     Checking toml_edit v0.22.20
[INFO] [stderr]     Checking serde-value v0.7.0
[INFO] [stderr]     Checking cargo-platform v0.1.9 (/opt/rustwide/workdir/crates/cargo-platform)
[INFO] [stderr]     Checking serde_ignored v0.1.10
[INFO] [stderr]     Checking serde-untagged v0.1.6
[INFO] [stderr]     Checking time v0.3.36
[INFO] [stderr]     Checking itertools v0.13.0
[INFO] [stderr]     Checking clap_complete v4.5.32
[INFO] [stderr]     Checking crates-io v0.40.7 (/opt/rustwide/workdir/crates/crates-io)
[INFO] [stderr]     Checking rustfix v0.8.8 (/opt/rustwide/workdir/crates/rustfix)
[INFO] [stderr]     Checking tracing-chrome v0.7.2
[INFO] [stderr]     Checking color-print v0.3.6
[INFO] [stderr]     Checking rand v0.8.5
[INFO] [stderr]     Checking toml v0.8.19
[INFO] [stderr]     Checking gix-date v0.8.7
[INFO] [stdout] error: failed to write to `/opt/rustwide/target/debug/deps/rmetacvRstA/lib.rmeta`: No space left on device (os error 28)
[INFO] [stdout] 
[INFO] [stdout] 
[INFO] [stdout] error: failed to write to `/opt/rustwide/target/debug/deps/rmeta8lOi4H/lib.rmeta`: No space left on device (os error 28)
[INFO] [stdout] 
[INFO] [stdout] 
[INFO] [stderr] error: could not compile `itertools` (lib) due to 1 previous error
[INFO] [stderr] warning: build failed, waiting for other jobs to finish...
[INFO] [stdout] error: failed to write to `/opt/rustwide/target/debug/deps/rmetafzy6ME/lib.rmeta`: No space left on device (os error 28)
[INFO] [stdout] 
[INFO] [stdout] 
[INFO] [stderr] error: could not compile `rand` (lib) due to 1 previous error
[INFO] [stderr] error: could not compile `gix-date` (lib) due to 1 previous error
[INFO] [stdout] error: failed to write to `/opt/rustwide/target/debug/deps/rmetatvcTrJ/lib.rmeta`: No space left on device (os error 28)
[INFO] [stdout] 
[INFO] [stdout] 
[INFO] [stderr] error: could not compile `im-rc` (lib) due to 1 previous error
[INFO] [stderr] warning: libsqlite3-sys@0.30.1: sqlite3/sqlite3.c:257672:1: fatal error: error writing to /tmp/cc0pCs4l.s: No space left on device
[INFO] [stderr] warning: libsqlite3-sys@0.30.1: 257672 | SQLITE_API const char *sqlite3_sourceid(void){ return SQLITE_SOURCE_ID; }
[INFO] [stderr] warning: libsqlite3-sys@0.30.1:        | ^~~~~~~~~~
[INFO] [stderr] warning: libsqlite3-sys@0.30.1: compilation terminated.
[INFO] [stderr] error: failed to run custom build command for `libsqlite3-sys v0.30.1`
[INFO] [stderr] note: To improve backtraces for build dependencies, set the CARGO_PROFILE_DEV_BUILD_OVERRIDE_DEBUG=true environment variable to enable debug information generation.
[INFO] [stderr] 
[INFO] [stderr] Caused by:
[INFO] [stderr]   process didn't exit successfully: `/opt/rustwide/target/debug/build/libsqlite3-sys-02aecabba041ba85/build-script-build` (exit status: 1)
[INFO] [stderr]   --- stdout
[INFO] [stderr]   cargo:rerun-if-env-changed=LIBSQLITE3_SYS_USE_PKG_CONFIG
[INFO] [stderr]   cargo:include=/opt/rustwide/cargo-home/registry/src/index.crates.io-1949cf8c6b5b557f/libsqlite3-sys-0.30.1/sqlite3
[INFO] [stderr]   cargo:rerun-if-changed=sqlite3/sqlite3.c
[INFO] [stderr]   cargo:rerun-if-changed=sqlite3/wasm32-wasi-vfs.c
[INFO] [stderr]   cargo:rerun-if-env-changed=SQLITE_MAX_VARIABLE_NUMBER
[INFO] [stderr]   cargo:rerun-if-env-changed=SQLITE_MAX_EXPR_DEPTH
[INFO] [stderr]   cargo:rerun-if-env-changed=SQLITE_MAX_COLUMN
[INFO] [stderr]   cargo:rerun-if-env-changed=LIBSQLITE3_FLAGS
[INFO] [stderr]   OUT_DIR = Some(/opt/rustwide/target/debug/build/libsqlite3-sys-7590ca6595ac282b/out)
[INFO] [stderr]   TARGET = Some(x86_64-unknown-linux-gnu)
[INFO] [stderr]   OPT_LEVEL = Some(0)
[INFO] [stderr]   HOST = Some(x86_64-unknown-linux-gnu)
[INFO] [stderr]   cargo:rerun-if-env-changed=CC_x86_64-unknown-linux-gnu
[INFO] [stderr]   CC_x86_64-unknown-linux-gnu = None
[INFO] [stderr]   cargo:rerun-if-env-changed=CC_x86_64_unknown_linux_gnu
[INFO] [stderr]   CC_x86_64_unknown_linux_gnu = None
[INFO] [stderr]   cargo:rerun-if-env-changed=HOST_CC
[INFO] [stderr]   HOST_CC = None
[INFO] [stderr]   cargo:rerun-if-env-changed=CC
[INFO] [stderr]   CC = None
[INFO] [stderr]   cargo:rerun-if-env-changed=CC_ENABLE_DEBUG_OUTPUT
[INFO] [stderr]   RUSTC_WRAPPER = None
[INFO] [stderr]   cargo:rerun-if-env-changed=CRATE_CC_NO_DEFAULTS
[INFO] [stderr]   CRATE_CC_NO_DEFAULTS = None
[INFO] [stderr]   DEBUG = Some(true)
[INFO] [stderr]   CARGO_CFG_TARGET_FEATURE = Some(fxsr,sse,sse2)
[INFO] [stderr]   cargo:rerun-if-env-changed=CFLAGS_x86_64-unknown-linux-gnu
[INFO] [stderr]   CFLAGS_x86_64-unknown-linux-gnu = None
[INFO] [stderr]   cargo:rerun-if-env-changed=CFLAGS_x86_64_unknown_linux_gnu
[INFO] [stderr]   CFLAGS_x86_64_unknown_linux_gnu = None
[INFO] [stderr]   cargo:rerun-if-env-changed=HOST_CFLAGS
[INFO] [stderr]   HOST_CFLAGS = None
[INFO] [stderr]   cargo:rerun-if-env-changed=CFLAGS
[INFO] [stderr]   CFLAGS = None
[INFO] [stderr]   cargo:warning=sqlite3/sqlite3.c:257672:1: fatal error: error writing to /tmp/cc0pCs4l.s: No space left on device
[INFO] [stderr]   cargo:warning=257672 | SQLITE_API const char *sqlite3_sourceid(void){ return SQLITE_SOURCE_ID; }
[INFO] [stderr]   cargo:warning=       | ^~~~~~~~~~
[INFO] [stderr]   cargo:warning=compilation terminated.
[INFO] [stderr] 
[INFO] [stderr]   --- stderr
[INFO] [stderr] 
[INFO] [stderr] 
[INFO] [stderr]   error occurred: Command "cc" "-O0" "-ffunction-sections" "-fdata-sections" "-fPIC" "-gdwarf-4" "-fno-omit-frame-pointer" "-m64" "-DSQLITE_CORE" "-DSQLITE_DEFAULT_FOREIGN_KEYS=1" "-DSQLITE_ENABLE_API_ARMOR" "-DSQLITE_ENABLE_COLUMN_METADATA" "-DSQLITE_ENABLE_DBSTAT_VTAB" "-DSQLITE_ENABLE_FTS3" "-DSQLITE_ENABLE_FTS3_PARENTHESIS" "-DSQLITE_ENABLE_FTS5" "-DSQLITE_ENABLE_JSON1" "-DSQLITE_ENABLE_LOAD_EXTENSION=1" "-DSQLITE_ENABLE_MEMORY_MANAGEMENT" "-DSQLITE_ENABLE_RTREE" "-DSQLITE_ENABLE_STAT4" "-DSQLITE_SOUNDEX" "-DSQLITE_THREADSAFE=1" "-DSQLITE_USE_URI" "-DHAVE_USLEEP=1" "-DHAVE_ISNAN" "-D_POSIX_THREAD_SAFE_FUNCTIONS" "-DHAVE_LOCALTIME_R" "-o" "/opt/rustwide/target/debug/build/libsqlite3-sys-7590ca6595ac282b/out/0343851c9008f270-sqlite3.o" "-c" "sqlite3/sqlite3.c" with args cc did not execute successfully (status code exit status: 1).
[INFO] [stderr] 
[INFO] [stderr] 
[INFO] [stderr] warning: libgit2-sys@0.17.0+1.8.1: failed to probe system libgit2: 
[INFO] [stderr] warning: libgit2-sys@0.17.0+1.8.1: libgit2/src/libgit2/diff.c:402:1: fatal error: error writing to /tmp/ccCkNXd4.s: No space left on device
[INFO] [stderr] warning: libgit2-sys@0.17.0+1.8.1:   402 | }
[INFO] [stderr] warning: libgit2-sys@0.17.0+1.8.1:       | ^
[INFO] [stderr] warning: libgit2-sys@0.17.0+1.8.1: compilation terminated.
[INFO] [stderr] warning: libgit2-sys@0.17.0+1.8.1: ToolExecError: Command "cc" "-O0" "-ffunction-sections" "-fdata-sections" "-fPIC" "-gdwarf-4" "-fno-omit-frame-pointer" "-m64" "-I" "/opt/rustwide/target/debug/build/libgit2-sys-aee8c27cddb78fde/out/include" "-I" "libgit2/src/libgit2" "-I" "libgit2/src/util" "-I" "libgit2/deps/llhttp" "-I" "libgit2/deps/xdiff" "-I" "libgit2/deps/pcre" "-I" "/opt/rustwide/target/debug/build/libssh2-sys-ac277e13a320a436/out/include" "-I" "/usr/include" "-I" "/usr/include" "-fvisibility=hidden" "-DGIT_REGEX_BUILTIN=1" "-DHAVE_STDINT_H=1" "-DHAVE_MEMMOVE=1" "-DNO_RECURSE=1" "-DNEWLINE=10" "-DPOSIX_MALLOC_THRESHOLD=10" "-DLINK_SIZE=2" "-DPARENS_NEST_LIMIT=250" "-DMATCH_LIMIT=10000000" "-DMATCH_LIMIT_RECURSION=MATCH_LIMIT" "-DMAX_NAME_SIZE=32" "-DMAX_NAME_COUNT=10000" "-DSHA1DC_NO_STANDARD_INCLUDES=1" "-DSHA1DC_CUSTOM_INCLUDE_SHA1_C=\"common.h\"" "-DSHA1DC_CUSTOM_INCLUDE_UBC_CHECK_C=\"common.h\"" "-o" "/opt/rustwide/target/debug/build/libgit2-sys-aee8c27cddb78fde/out/build/9646caca89e97167-diff.o" "-c" "libgit2/src/libgit2/diff.c" with args cc did not execute successfully (status code exit status: 1).cargo:warning=libgit2/src/libgit2/diff_driver.c:522:1: fatal error: error writing to /tmp/ccBoO4TE.s: No space left on device
[INFO] [stderr] warning: libgit2-sys@0.17.0+1.8.1:   522 | }
[INFO] [stderr] warning: libgit2-sys@0.17.0+1.8.1:       | ^
[INFO] [stderr] warning: libgit2-sys@0.17.0+1.8.1: compilation terminated.
[INFO] [stderr] warning: libgit2-sys@0.17.0+1.8.1: ToolExecError: Command "cc" "-O0" "-ffunction-sections" "-fdata-sections" "-fPIC" "-gdwarf-4" "-fno-omit-frame-pointer" "-m64" "-I" "/opt/rustwide/target/debug/build/libgit2-sys-aee8c27cddb78fde/out/include" "-I" "libgit2/src/libgit2" "-I" "libgit2/src/util" "-I" "libgit2/deps/llhttp" "-I" "libgit2/deps/xdiff" "-I" "libgit2/deps/pcre" "-I" "/opt/rustwide/target/debug/build/libssh2-sys-ac277e13a320a436/out/include" "-I" "/usr/include" "-I" "/usr/include" "-fvisibility=hidden" "-DGIT_REGEX_BUILTIN=1" "-DHAVE_STDINT_H=1" "-DHAVE_MEMMOVE=1" "-DNO_RECURSE=1" "-DNEWLINE=10" "-DPOSIX_MALLOC_THRESHOLD=10" "-DLINK_SIZE=2" "-DPARENS_NEST_LIMIT=250" "-DMATCH_LIMIT=10000000" "-DMATCH_LIMIT_RECURSION=MATCH_LIMIT" "-DMAX_NAME_SIZE=32" "-DMAX_NAME_COUNT=10000" "-DSHA1DC_NO_STANDARD_INCLUDES=1" "-DSHA1DC_CUSTOM_INCLUDE_SHA1_C=\"common.h\"" "-DSHA1DC_CUSTOM_INCLUDE_UBC_CHECK_C=\"common.h\"" "-o" "/opt/rustwide/target/debug/build/libgit2-sys-aee8c27cddb78fde/out/build/9646caca89e97167-diff_driver.o" "-c" "libgit2/src/libgit2/diff_driver.c" with args cc did not execute successfully (status code exit status: 1).cargo:warning=/tmp/ccFxfrry.s: Assembler messages:
[INFO] [stderr] warning: libgit2-sys@0.17.0+1.8.1: /tmp/ccFxfrry.s: Fatal error: can't write 26 bytes to section .text.git_atomic32_inc of /opt/rustwide/target/debug/build/libgit2-sys-aee8c27cddb78fde/out/build/9646caca89e97167-diff_parse.o: 'No space left on device'
[INFO] [stderr] warning: libgit2-sys@0.17.0+1.8.1: /tmp/ccFxfrry.s: Fatal error: /opt/rustwide/target/debug/build/libgit2-sys-aee8c27cddb78fde/out/build/9646caca89e97167-diff_parse.o: No space left on device
[INFO] [stderr] warning: libgit2-sys@0.17.0+1.8.1: ToolExecError: Command "cc" "-O0" "-ffunction-sections" "-fdata-sections" "-fPIC" "-gdwarf-4" "-fno-omit-frame-pointer" "-m64" "-I" "/opt/rustwide/target/debug/build/libgit2-sys-aee8c27cddb78fde/out/include" "-I" "libgit2/src/libgit2" "-I" "libgit2/src/util" "-I" "libgit2/deps/llhttp" "-I" "libgit2/deps/xdiff" "-I" "libgit2/deps/pcre" "-I" "/opt/rustwide/target/debug/build/libssh2-sys-ac277e13a320a436/out/include" "-I" "/usr/include" "-I" "/usr/include" "-fvisibility=hidden" "-DGIT_REGEX_BUILTIN=1" "-DHAVE_STDINT_H=1" "-DHAVE_MEMMOVE=1" "-DNO_RECURSE=1" "-DNEWLINE=10" "-DPOSIX_MALLOC_THRESHOLD=10" "-DLINK_SIZE=2" "-DPARENS_NEST_LIMIT=250" "-DMATCH_LIMIT=10000000" "-DMATCH_LIMIT_RECURSION=MATCH_LIMIT" "-DMAX_NAME_SIZE=32" "-DMAX_NAME_COUNT=10000" "-DSHA1DC_NO_STANDARD_INCLUDES=1" "-DSHA1DC_CUSTOM_INCLUDE_SHA1_C=\"common.h\"" "-DSHA1DC_CUSTOM_INCLUDE_UBC_CHECK_C=\"common.h\"" "-o" "/opt/rustwide/target/debug/build/libgit2-sys-aee8c27cddb78fde/out/build/9646caca89e97167-diff_parse.o" "-c" "libgit2/src/libgit2/diff_parse.c" with args cc did not execute successfully (status code exit status: 1).cargo:warning=/tmp/ccex8Z32.s: Assembler messages:
[INFO] [stderr] warning: libgit2-sys@0.17.0+1.8.1: /tmp/ccex8Z32.s: Fatal error: /opt/rustwide/target/debug/build/libgit2-sys-aee8c27cddb78fde/out/build/9646caca89e97167-diff_generate.o: No space left on device
[INFO] [stderr] warning: libgit2-sys@0.17.0+1.8.1: ToolExecError: Command "cc" "-O0" "-ffunction-sections" "-fdata-sections" "-fPIC" "-gdwarf-4" "-fno-omit-frame-pointer" "-m64" "-I" "/opt/rustwide/target/debug/build/libgit2-sys-aee8c27cddb78fde/out/include" "-I" "libgit2/src/libgit2" "-I" "libgit2/src/util" "-I" "libgit2/deps/llhttp" "-I" "libgit2/deps/xdiff" "-I" "libgit2/deps/pcre" "-I" "/opt/rustwide/target/debug/build/libssh2-sys-ac277e13a320a436/out/include" "-I" "/usr/include" "-I" "/usr/include" "-fvisibility=hidden" "-DGIT_REGEX_BUILTIN=1" "-DHAVE_STDINT_H=1" "-DHAVE_MEMMOVE=1" "-DNO_RECURSE=1" "-DNEWLINE=10" "-DPOSIX_MALLOC_THRESHOLD=10" "-DLINK_SIZE=2" "-DPARENS_NEST_LIMIT=250" "-DMATCH_LIMIT=10000000" "-DMATCH_LIMIT_RECURSION=MATCH_LIMIT" "-DMAX_NAME_SIZE=32" "-DMAX_NAME_COUNT=10000" "-DSHA1DC_NO_STANDARD_INCLUDES=1" "-DSHA1DC_CUSTOM_INCLUDE_SHA1_C=\"common.h\"" "-DSHA1DC_CUSTOM_INCLUDE_UBC_CHECK_C=\"common.h\"" "-o" "/opt/rustwide/target/debug/build/libgit2-sys-aee8c27cddb78fde/out/build/9646caca89e97167-diff_generate.o" "-c" "libgit2/src/libgit2/diff_generate.c" with args cc did not execute successfully (status code exit status: 1).
[INFO] [stderr] warning: libgit2-sys@0.17.0+1.8.1: libgit2/src/util/hash/openssl.c: In function 'git_hash_sha256_init':
[INFO] [stderr] warning: libgit2-sys@0.17.0+1.8.1: libgit2/src/util/hash/openssl.c:163:9: warning: 'SHA256_Init' is deprecated: Since OpenSSL 3.0 [-Wdeprecated-declarations]
[INFO] [stderr] warning: libgit2-sys@0.17.0+1.8.1:   163 |         if (SHA256_Init(&ctx->c) != 1) {
[INFO] [stderr] warning: libgit2-sys@0.17.0+1.8.1:       |         ^~
[INFO] [stderr] warning: libgit2-sys@0.17.0+1.8.1: In file included from libgit2/src/util/hash/openssl.h:14,
[INFO] [stderr] warning: libgit2-sys@0.17.0+1.8.1:                  from libgit2/src/util/hash/openssl.c:8:
[INFO] [stderr] warning: libgit2-sys@0.17.0+1.8.1: /usr/include/openssl/sha.h:73:27: note: declared here
[INFO] [stderr] warning: libgit2-sys@0.17.0+1.8.1:    73 | OSSL_DEPRECATEDIN_3_0 int SHA256_Init(SHA256_CTX *c);
[INFO] [stderr] warning: libgit2-sys@0.17.0+1.8.1:       |                           ^~~~~~~~~~~
[INFO] [stderr] warning: libgit2-sys@0.17.0+1.8.1: libgit2/src/util/hash/openssl.c: In function 'git_hash_sha256_update':
[INFO] [stderr] warning: libgit2-sys@0.17.0+1.8.1: libgit2/src/util/hash/openssl.c:175:9: warning: 'SHA256_Update' is deprecated: Since OpenSSL 3.0 [-Wdeprecated-declarations]
[INFO] [stderr] warning: libgit2-sys@0.17.0+1.8.1:   175 |         if (SHA256_Update(&ctx->c, data, len) != 1) {
[INFO] [stderr] warning: libgit2-sys@0.17.0+1.8.1:       |         ^~
[INFO] [stderr] warning: libgit2-sys@0.17.0+1.8.1: In file included from libgit2/src/util/hash/openssl.h:14,
[INFO] [stderr] warning: libgit2-sys@0.17.0+1.8.1:                  from libgit2/src/util/hash/openssl.c:8:
[INFO] [stderr] warning: libgit2-sys@0.17.0+1.8.1: /usr/include/openssl/sha.h:74:27: note: declared here
[INFO] [stderr] warning: libgit2-sys@0.17.0+1.8.1:    74 | OSSL_DEPRECATEDIN_3_0 int SHA256_Update(SHA256_CTX *c,
[INFO] [stderr] warning: libgit2-sys@0.17.0+1.8.1:       |                           ^~~~~~~~~~~~~
[INFO] [stderr] warning: libgit2-sys@0.17.0+1.8.1: libgit2/src/util/hash/openssl.c: In function 'git_hash_sha256_final':
[INFO] [stderr] warning: libgit2-sys@0.17.0+1.8.1: libgit2/src/util/hash/openssl.c:187:9: warning: 'SHA256_Final' is deprecated: Since OpenSSL 3.0 [-Wdeprecated-declarations]
[INFO] [stderr] warning: libgit2-sys@0.17.0+1.8.1:   187 |         if (SHA256_Final(out, &ctx->c) != 1) {
[INFO] [stderr] warning: libgit2-sys@0.17.0+1.8.1:       |         ^~
[INFO] [stderr] warning: libgit2-sys@0.17.0+1.8.1: In file included from libgit2/src/util/hash/openssl.h:14,
[INFO] [stderr] warning: libgit2-sys@0.17.0+1.8.1:                  from libgit2/src/util/hash/openssl.c:8:
[INFO] [stderr] warning: libgit2-sys@0.17.0+1.8.1: /usr/include/openssl/sha.h:76:27: note: declared here
[INFO] [stderr] warning: libgit2-sys@0.17.0+1.8.1:    76 | OSSL_DEPRECATEDIN_3_0 int SHA256_Final(unsigned char *md, SHA256_CTX *c);
[INFO] [stderr] warning: libgit2-sys@0.17.0+1.8.1:       |                           ^~~~~~~~~~~~
[INFO] [stderr] error: failed to run custom build command for `libgit2-sys v0.17.0+1.8.1`
[INFO] [stderr] note: To improve backtraces for build dependencies, set the CARGO_PROFILE_DEV_BUILD_OVERRIDE_DEBUG=true environment variable to enable debug information generation.
[INFO] [stderr] 
[INFO] [stderr] Caused by:
[INFO] [stderr]   process didn't exit successfully: `/opt/rustwide/target/debug/build/libgit2-sys-9982896b5e5d5f0e/build-script-build` (exit status: 1)
[INFO] [stderr]   --- stdout
[INFO] [stderr]   cargo:rerun-if-env-changed=LIBGIT2_NO_VENDOR
[INFO] [stderr]   cargo:rerun-if-env-changed=LIBGIT2_NO_PKG_CONFIG
[INFO] [stderr]   cargo:rerun-if-env-changed=PKG_CONFIG_x86_64-unknown-linux-gnu
[INFO] [stderr]   cargo:rerun-if-env-changed=PKG_CONFIG_x86_64_unknown_linux_gnu
[INFO] [stderr]   cargo:rerun-if-env-changed=HOST_PKG_CONFIG
[INFO] [stderr]   cargo:rerun-if-env-changed=PKG_CONFIG
[INFO] [stderr]   cargo:rerun-if-env-changed=LIBGIT2_STATIC
[INFO] [stderr]   cargo:rerun-if-env-changed=LIBGIT2_DYNAMIC
[INFO] [stderr]   cargo:rerun-if-env-changed=PKG_CONFIG_ALL_STATIC
[INFO] [stderr]   cargo:rerun-if-env-changed=PKG_CONFIG_ALL_DYNAMIC
[INFO] [stderr]   cargo:rerun-if-env-changed=PKG_CONFIG_PATH_x86_64-unknown-linux-gnu
[INFO] [stderr]   cargo:rerun-if-env-changed=PKG_CONFIG_PATH_x86_64_unknown_linux_gnu
[INFO] [stderr]   cargo:rerun-if-env-changed=HOST_PKG_CONFIG_PATH
[INFO] [stderr]   cargo:rerun-if-env-changed=PKG_CONFIG_PATH
[INFO] [stderr]   cargo:rerun-if-env-changed=PKG_CONFIG_LIBDIR_x86_64-unknown-linux-gnu
[INFO] [stderr]   cargo:rerun-if-env-changed=PKG_CONFIG_LIBDIR_x86_64_unknown_linux_gnu
[INFO] [stderr]   cargo:rerun-if-env-changed=HOST_PKG_CONFIG_LIBDIR
[INFO] [stderr]   cargo:rerun-if-env-changed=PKG_CONFIG_LIBDIR
[INFO] [stderr]   cargo:rerun-if-env-changed=PKG_CONFIG_SYSROOT_DIR_x86_64-unknown-linux-gnu
[INFO] [stderr]   cargo:rerun-if-env-changed=PKG_CONFIG_SYSROOT_DIR_x86_64_unknown_linux_gnu
[INFO] [stderr]   cargo:rerun-if-env-changed=HOST_PKG_CONFIG_SYSROOT_DIR
[INFO] [stderr]   cargo:rerun-if-env-changed=PKG_CONFIG_SYSROOT_DIR
[INFO] [stderr]   cargo:warning=failed to probe system libgit2: 
[INFO] [stderr]   pkg-config exited with status code 1
[INFO] [stderr]   > PKG_CONFIG_ALLOW_SYSTEM_LIBS=1 PKG_CONFIG_ALLOW_SYSTEM_CFLAGS=1 pkg-config --libs --cflags libgit2 libgit2 >= 1.8.1 libgit2 < 1.9.0
[INFO] [stderr] 
[INFO] [stderr]   The system library `libgit2` required by crate `libgit2-sys` was not found.
[INFO] [stderr]   The file `libgit2.pc` needs to be installed and the PKG_CONFIG_PATH environment variable must contain its parent directory.
[INFO] [stderr]   The PKG_CONFIG_PATH environment variable is not set.
[INFO] [stderr] 
[INFO] [stderr]   HINT: if you have installed the library, try setting PKG_CONFIG_PATH to the directory containing `libgit2.pc`.
[INFO] [stderr] 
[INFO] [stderr]   cargo:rustc-cfg=libgit2_vendored
[INFO] [stderr]   libgit2/include/git2.h => /opt/rustwide/target/debug/build/libgit2-sys-aee8c27cddb78fde/out/include/git2.h
[INFO] [stderr]   libgit2/include/git2/errors.h => /opt/rustwide/target/debug/build/libgit2-sys-aee8c27cddb78fde/out/include/git2/errors.h
[INFO] [stderr]   libgit2/include/git2/refs.h => /opt/rustwide/target/debug/build/libgit2-sys-aee8c27cddb78fde/out/include/git2/refs.h
[INFO] [stderr]   libgit2/include/git2/reflog.h => /opt/rustwide/target/debug/build/libgit2-sys-aee8c27cddb78fde/out/include/git2/reflog.h
[INFO] [stderr]   libgit2/include/git2/signature.h => /opt/rustwide/target/debug/build/libgit2-sys-aee8c27cddb78fde/out/include/git2/signature.h
[INFO] [stderr]   libgit2/include/git2/index.h => /opt/rustwide/target/debug/build/libgit2-sys-aee8c27cddb78fde/out/include/git2/index.h
[INFO] [stderr]   libgit2/include/git2/object.h => /opt/rustwide/target/debug/build/libgit2-sys-aee8c27cddb78fde/out/include/git2/object.h
[INFO] [stderr]   libgit2/include/git2/pack.h => /opt/rustwide/target/debug/build/libgit2-sys-aee8c27cddb78fde/out/include/git2/pack.h
[INFO] [stderr]   libgit2/include/git2/revert.h => /opt/rustwide/target/debug/build/libgit2-sys-aee8c27cddb78fde/out/include/git2/revert.h
[INFO] [stderr]   libgit2/include/git2/trace.h => /opt/rustwide/target/debug/build/libgit2-sys-aee8c27cddb78fde/out/include/git2/trace.h
[INFO] [stderr]   libgit2/include/git2/apply.h => /opt/rustwide/target/debug/build/libgit2-sys-aee8c27cddb78fde/out/include/git2/apply.h
[INFO] [stderr]   libgit2/include/git2/strarray.h => /opt/rustwide/target/debug/build/libgit2-sys-aee8c27cddb78fde/out/include/git2/strarray.h
[INFO] [stderr]   libgit2/include/git2/revwalk.h => /opt/rustwide/target/debug/build/libgit2-sys-aee8c27cddb78fde/out/include/git2/revwalk.h
[INFO] [stderr]   libgit2/include/git2/mailmap.h => /opt/rustwide/target/debug/build/libgit2-sys-aee8c27cddb78fde/out/include/git2/mailmap.h
[INFO] [stderr]   libgit2/include/git2/remote.h => /opt/rustwide/target/debug/build/libgit2-sys-aee8c27cddb78fde/out/include/git2/remote.h
[INFO] [stderr]   libgit2/include/git2/clone.h => /opt/rustwide/target/debug/build/libgit2-sys-aee8c27cddb78fde/out/include/git2/clone.h
[INFO] [stderr]   libgit2/include/git2/branch.h => /opt/rustwide/target/debug/build/libgit2-sys-aee8c27cddb78fde/out/include/git2/branch.h
[INFO] [stderr]   libgit2/include/git2/types.h => /opt/rustwide/target/debug/build/libgit2-sys-aee8c27cddb78fde/out/include/git2/types.h
[INFO] [stderr]   libgit2/include/git2/transport.h => /opt/rustwide/target/debug/build/libgit2-sys-aee8c27cddb78fde/out/include/git2/transport.h
[INFO] [stderr]   libgit2/include/git2/status.h => /opt/rustwide/target/debug/build/libgit2-sys-aee8c27cddb78fde/out/include/git2/status.h
[INFO] [stderr]   libgit2/include/git2/tag.h => /opt/rustwide/target/debug/build/libgit2-sys-aee8c27cddb78fde/out/include/git2/tag.h
[INFO] [stderr]   libgit2/include/git2/commit.h => /opt/rustwide/target/debug/build/libgit2-sys-aee8c27cddb78fde/out/include/git2/commit.h
[INFO] [stderr]   libgit2/include/git2/indexer.h => /opt/rustwide/target/debug/build/libgit2-sys-aee8c27cddb78fde/out/include/git2/indexer.h
[INFO] [stderr]   libgit2/include/git2/blob.h => /opt/rustwide/target/debug/build/libgit2-sys-aee8c27cddb78fde/out/include/git2/blob.h
[INFO] [stderr]   libgit2/include/git2/proxy.h => /opt/rustwide/target/debug/build/libgit2-sys-aee8c27cddb78fde/out/include/git2/proxy.h
[INFO] [stderr]   libgit2/include/git2/revparse.h => /opt/rustwide/target/debug/build/libgit2-sys-aee8c27cddb78fde/out/include/git2/revparse.h
[INFO] [stderr]   libgit2/include/git2/message.h => /opt/rustwide/target/debug/build/libgit2-sys-aee8c27cddb78fde/out/include/git2/message.h
[INFO] [stderr]   libgit2/include/git2/notes.h => /opt/rustwide/target/debug/build/libgit2-sys-aee8c27cddb78fde/out/include/git2/notes.h
[INFO] [stderr]   libgit2/include/git2/buffer.h => /opt/rustwide/target/debug/build/libgit2-sys-aee8c27cddb78fde/out/include/git2/buffer.h
[INFO] [stderr]   libgit2/include/git2/oidarray.h => /opt/rustwide/target/debug/build/libgit2-sys-aee8c27cddb78fde/out/include/git2/oidarray.h
[INFO] [stderr]   libgit2/include/git2/odb_backend.h => /opt/rustwide/target/debug/build/libgit2-sys-aee8c27cddb78fde/out/include/git2/odb_backend.h
[INFO] [stderr]   libgit2/include/git2/annotated_commit.h => /opt/rustwide/target/debug/build/libgit2-sys-aee8c27cddb78fde/out/include/git2/annotated_commit.h
[INFO] [stderr]   libgit2/include/git2/describe.h => /opt/rustwide/target/debug/build/libgit2-sys-aee8c27cddb78fde/out/include/git2/describe.h
[INFO] [stderr]   libgit2/include/git2/blame.h => /opt/rustwide/target/debug/build/libgit2-sys-aee8c27cddb78fde/out/include/git2/blame.h
[INFO] [stderr]   libgit2/include/git2/stdint.h => /opt/rustwide/target/debug/build/libgit2-sys-aee8c27cddb78fde/out/include/git2/stdint.h
[INFO] [stderr]   libgit2/include/git2/repository.h => /opt/rustwide/target/debug/build/libgit2-sys-aee8c27cddb78fde/out/include/git2/repository.h
[INFO] [stderr]   libgit2/include/git2/email.h => /opt/rustwide/target/debug/build/libgit2-sys-aee8c27cddb78fde/out/include/git2/email.h
[INFO] [stderr]   libgit2/include/git2/filter.h => /opt/rustwide/target/debug/build/libgit2-sys-aee8c27cddb78fde/out/include/git2/filter.h
[INFO] [stderr]   libgit2/include/git2/common.h => /opt/rustwide/target/debug/build/libgit2-sys-aee8c27cddb78fde/out/include/git2/common.h
[INFO] [stderr]   libgit2/include/git2/reset.h => /opt/rustwide/target/debug/build/libgit2-sys-aee8c27cddb78fde/out/include/git2/reset.h
[INFO] [stderr]   libgit2/include/git2/net.h => /opt/rustwide/target/debug/build/libgit2-sys-aee8c27cddb78fde/out/include/git2/net.h
[INFO] [stderr]   libgit2/include/git2/cherrypick.h => /opt/rustwide/target/debug/build/libgit2-sys-aee8c27cddb78fde/out/include/git2/cherrypick.h
[INFO] [stderr]   libgit2/include/git2/deprecated.h => /opt/rustwide/target/debug/build/libgit2-sys-aee8c27cddb78fde/out/include/git2/deprecated.h
[INFO] [stderr]   libgit2/include/git2/sys/errors.h => /opt/rustwide/target/debug/build/libgit2-sys-aee8c27cddb78fde/out/include/git2/sys/errors.h
[INFO] [stderr]   libgit2/include/git2/sys/refs.h => /opt/rustwide/target/debug/build/libgit2-sys-aee8c27cddb78fde/out/include/git2/sys/refs.h
[INFO] [stderr]   libgit2/include/git2/sys/midx.h => /opt/rustwide/target/debug/build/libgit2-sys-aee8c27cddb78fde/out/include/git2/sys/midx.h
[INFO] [stderr]   libgit2/include/git2/sys/reflog.h => /opt/rustwide/target/debug/build/libgit2-sys-aee8c27cddb78fde/out/include/git2/sys/reflog.h
[INFO] [stderr]   libgit2/include/git2/sys/index.h => /opt/rustwide/target/debug/build/libgit2-sys-aee8c27cddb78fde/out/include/git2/sys/index.h
[INFO] [stderr]   libgit2/include/git2/sys/mempack.h => /opt/rustwide/target/debug/build/libgit2-sys-aee8c27cddb78fde/out/include/git2/sys/mempack.h
[INFO] [stderr]   libgit2/include/git2/sys/remote.h => /opt/rustwide/target/debug/build/libgit2-sys-aee8c27cddb78fde/out/include/git2/sys/remote.h
[INFO] [stderr]   libgit2/include/git2/sys/transport.h => /opt/rustwide/target/debug/build/libgit2-sys-aee8c27cddb78fde/out/include/git2/sys/transport.h
[INFO] [stderr]   libgit2/include/git2/sys/commit_graph.h => /opt/rustwide/target/debug/build/libgit2-sys-aee8c27cddb78fde/out/include/git2/sys/commit_graph.h
[INFO] [stderr]   libgit2/include/git2/sys/openssl.h => /opt/rustwide/target/debug/build/libgit2-sys-aee8c27cddb78fde/out/include/git2/sys/openssl.h
[INFO] [stderr]   libgit2/include/git2/sys/commit.h => /opt/rustwide/target/debug/build/libgit2-sys-aee8c27cddb78fde/out/include/git2/sys/commit.h
[INFO] [stderr]   libgit2/include/git2/sys/hashsig.h => /opt/rustwide/target/debug/build/libgit2-sys-aee8c27cddb78fde/out/include/git2/sys/hashsig.h
[INFO] [stderr]   libgit2/include/git2/sys/alloc.h => /opt/rustwide/target/debug/build/libgit2-sys-aee8c27cddb78fde/out/include/git2/sys/alloc.h
[INFO] [stderr]   libgit2/include/git2/sys/odb_backend.h => /opt/rustwide/target/debug/build/libgit2-sys-aee8c27cddb78fde/out/include/git2/sys/odb_backend.h
[INFO] [stderr]   libgit2/include/git2/sys/cred.h => /opt/rustwide/target/debug/build/libgit2-sys-aee8c27cddb78fde/out/include/git2/sys/cred.h
[INFO] [stderr]   libgit2/include/git2/sys/repository.h => /opt/rustwide/target/debug/build/libgit2-sys-aee8c27cddb78fde/out/include/git2/sys/repository.h
[INFO] [stderr]   libgit2/include/git2/sys/path.h => /opt/rustwide/target/debug/build/libgit2-sys-aee8c27cddb78fde/out/include/git2/sys/path.h
[INFO] [stderr]   libgit2/include/git2/sys/email.h => /opt/rustwide/target/debug/build/libgit2-sys-aee8c27cddb78fde/out/include/git2/sys/email.h
[INFO] [stderr]   libgit2/include/git2/sys/filter.h => /opt/rustwide/target/debug/build/libgit2-sys-aee8c27cddb78fde/out/include/git2/sys/filter.h
[INFO] [stderr]   libgit2/include/git2/sys/merge.h => /opt/rustwide/target/debug/build/libgit2-sys-aee8c27cddb78fde/out/include/git2/sys/merge.h
[INFO] [stderr]   libgit2/include/git2/sys/config.h => /opt/rustwide/target/debug/build/libgit2-sys-aee8c27cddb78fde/out/include/git2/sys/config.h
[INFO] [stderr]   libgit2/include/git2/sys/stream.h => /opt/rustwide/target/debug/build/libgit2-sys-aee8c27cddb78fde/out/include/git2/sys/stream.h
[INFO] [stderr]   libgit2/include/git2/sys/credential.h => /opt/rustwide/target/debug/build/libgit2-sys-aee8c27cddb78fde/out/include/git2/sys/credential.h
[INFO] [stderr]   libgit2/include/git2/sys/diff.h => /opt/rustwide/target/debug/build/libgit2-sys-aee8c27cddb78fde/out/include/git2/sys/diff.h
[INFO] [stderr]   libgit2/include/git2/sys/refdb_backend.h => /opt/rustwide/target/debug/build/libgit2-sys-aee8c27cddb78fde/out/include/git2/sys/refdb_backend.h
[INFO] [stderr]   libgit2/include/git2/merge.h => /opt/rustwide/target/debug/build/libgit2-sys-aee8c27cddb78fde/out/include/git2/merge.h
[INFO] [stderr]   libgit2/include/git2/config.h => /opt/rustwide/target/debug/build/libgit2-sys-aee8c27cddb78fde/out/include/git2/config.h
[INFO] [stderr]   libgit2/include/git2/patch.h => /opt/rustwide/target/debug/build/libgit2-sys-aee8c27cddb78fde/out/include/git2/patch.h
[INFO] [stderr]   libgit2/include/git2/pathspec.h => /opt/rustwide/target/debug/build/libgit2-sys-aee8c27cddb78fde/out/include/git2/pathspec.h
[INFO] [stderr]   libgit2/include/git2/stash.h => /opt/rustwide/target/debug/build/libgit2-sys-aee8c27cddb78fde/out/include/git2/stash.h
[INFO] [stderr]   libgit2/include/git2/credential.h => /opt/rustwide/target/debug/build/libgit2-sys-aee8c27cddb78fde/out/include/git2/credential.h
[INFO] [stderr]   libgit2/include/git2/version.h => /opt/rustwide/target/debug/build/libgit2-sys-aee8c27cddb78fde/out/include/git2/version.h
[INFO] [stderr]   libgit2/include/git2/experimental.h => /opt/rustwide/target/debug/build/libgit2-sys-aee8c27cddb78fde/out/include/git2/experimental.h
[INFO] [stderr]   libgit2/include/git2/refspec.h => /opt/rustwide/target/debug/build/libgit2-sys-aee8c27cddb78fde/out/include/git2/refspec.h
[INFO] [stderr]   libgit2/include/git2/diff.h => /opt/rustwide/target/debug/build/libgit2-sys-aee8c27cddb78fde/out/include/git2/diff.h
[INFO] [stderr]   libgit2/include/git2/odb.h => /opt/rustwide/target/debug/build/libgit2-sys-aee8c27cddb78fde/out/include/git2/odb.h
[INFO] [stderr]   libgit2/include/git2/worktree.h => /opt/rustwide/target/debug/build/libgit2-sys-aee8c27cddb78fde/out/include/git2/worktree.h
[INFO] [stderr]   libgit2/include/git2/transaction.h => /opt/rustwide/target/debug/build/libgit2-sys-aee8c27cddb78fde/out/include/git2/transaction.h
[INFO] [stderr]   libgit2/include/git2/attr.h => /opt/rustwide/target/debug/build/libgit2-sys-aee8c27cddb78fde/out/include/git2/attr.h
[INFO] [stderr]   libgit2/include/git2/tree.h => /opt/rustwide/target/debug/build/libgit2-sys-aee8c27cddb78fde/out/include/git2/tree.h
[INFO] [stderr]   libgit2/include/git2/global.h => /opt/rustwide/target/debug/build/libgit2-sys-aee8c27cddb78fde/out/include/git2/global.h
[INFO] [stderr]   libgit2/include/git2/checkout.h => /opt/rustwide/target/debug/build/libgit2-sys-aee8c27cddb78fde/out/include/git2/checkout.h
[INFO] [stderr]   libgit2/include/git2/submodule.h => /opt/rustwide/target/debug/build/libgit2-sys-aee8c27cddb78fde/out/include/git2/submodule.h
[INFO] [stderr]   libgit2/include/git2/cred_helpers.h => /opt/rustwide/target/debug/build/libgit2-sys-aee8c27cddb78fde/out/include/git2/cred_helpers.h
[INFO] [stderr]   libgit2/include/git2/ignore.h => /opt/rustwide/target/debug/build/libgit2-sys-aee8c27cddb78fde/out/include/git2/ignore.h
[INFO] [stderr]   libgit2/include/git2/credential_helpers.h => /opt/rustwide/target/debug/build/libgit2-sys-aee8c27cddb78fde/out/include/git2/credential_helpers.h
[INFO] [stderr]   libgit2/include/git2/refdb.h => /opt/rustwide/target/debug/build/libgit2-sys-aee8c27cddb78fde/out/include/git2/refdb.h
[INFO] [stderr]   libgit2/include/git2/cert.h => /opt/rustwide/target/debug/build/libgit2-sys-aee8c27cddb78fde/out/include/git2/cert.h
[INFO] [stderr]   libgit2/include/git2/rebase.h => /opt/rustwide/target/debug/build/libgit2-sys-aee8c27cddb78fde/out/include/git2/rebase.h
[INFO] [stderr]   libgit2/include/git2/oid.h => /opt/rustwide/target/debug/build/libgit2-sys-aee8c27cddb78fde/out/include/git2/oid.h
[INFO] [stderr]   libgit2/include/git2/graph.h => /opt/rustwide/target/debug/build/libgit2-sys-aee8c27cddb78fde/out/include/git2/graph.h
[INFO] [stderr]   TARGET = Some(x86_64-unknown-linux-gnu)
[INFO] [stderr]   OPT_LEVEL = Some(0)
[INFO] [stderr]   HOST = Some(x86_64-unknown-linux-gnu)
[INFO] [stderr]   cargo:rerun-if-env-changed=CC_x86_64-unknown-linux-gnu
[INFO] [stderr]   CC_x86_64-unknown-linux-gnu = None
[INFO] [stderr]   cargo:rerun-if-env-changed=CC_x86_64_unknown_linux_gnu
[INFO] [stderr]   CC_x86_64_unknown_linux_gnu = None
[INFO] [stderr]   cargo:rerun-if-env-changed=HOST_CC
[INFO] [stderr]   HOST_CC = None
[INFO] [stderr]   cargo:rerun-if-env-changed=CC
[INFO] [stderr]   CC = None
[INFO] [stderr]   cargo:rerun-if-env-changed=CC_ENABLE_DEBUG_OUTPUT
[INFO] [stderr]   RUSTC_WRAPPER = None
[INFO] [stderr]   cargo:rerun-if-env-changed=CRATE_CC_NO_DEFAULTS
[INFO] [stderr]   CRATE_CC_NO_DEFAULTS = None
[INFO] [stderr]   DEBUG = Some(true)
[INFO] [stderr]   CARGO_CFG_TARGET_FEATURE = Some(fxsr,sse,sse2)
[INFO] [stderr]   cargo:rerun-if-env-changed=CFLAGS_x86_64-unknown-linux-gnu
[INFO] [stderr]   CFLAGS_x86_64-unknown-linux-gnu = None
[INFO] [stderr]   cargo:rerun-if-env-changed=CFLAGS_x86_64_unknown_linux_gnu
[INFO] [stderr]   CFLAGS_x86_64_unknown_linux_gnu = None
[INFO] [stderr]   cargo:rerun-if-env-changed=HOST_CFLAGS
[INFO] [stderr]   HOST_CFLAGS = None
[INFO] [stderr]   cargo:rerun-if-env-changed=CFLAGS
[INFO] [stderr]   CFLAGS = None
[INFO] [stderr]   exit status: 0
[INFO] [stderr]   exit status: 0
[INFO] [stderr]   exit status: 0
[INFO] [stderr]   exit status: 0
[INFO] [stderr]   exit status: 0
[INFO] [stderr]   exit status: 0
[INFO] [stderr]   exit status: 0
[INFO] [stderr]   exit status: 0
[INFO] [stderr]   exit status: 0
[INFO] [stderr]   exit status: 0
[INFO] [stderr]   exit status: 0
[INFO] [stderr]   exit status: 0
[INFO] [stderr]   exit status: 0
[INFO] [stderr]   exit status: 0
[INFO] [stderr]   exit status: 0
[INFO] [stderr]   exit status: 0
[INFO] [stderr]   exit status: 0
[INFO] [stderr]   exit status: 0
[INFO] [stderr]   exit status: 0
[INFO] [stderr]   exit status: 0
[INFO] [stderr]   exit status: 0
[INFO] [stderr]   exit status: 0
[INFO] [stderr]   exit status: 0
[INFO] [stderr]   exit status: 0
[INFO] [stderr]   cargo:warning=libgit2/src/libgit2/diff.c:402:1: fatal error: error writing to /tmp/ccCkNXd4.s: No space left on device
[INFO] [stderr]   cargo:warning=  402 | }
[INFO] [stderr]   cargo:warning=      | ^
[INFO] [stderr]   cargo:warning=compilation terminated.
[INFO] [stderr]   exit status: 0
[INFO] [stderr]   exit status: 0
[INFO] [stderr]   exit status: 0
[INFO] [stderr]   exit status: 1
[INFO] [stderr]   cargo:warning=ToolExecError: Command "cc" "-O0" "-ffunction-sections" "-fdata-sections" "-fPIC" "-gdwarf-4" "-fno-omit-frame-pointer" "-m64" "-I" "/opt/rustwide/target/debug/build/libgit2-sys-aee8c27cddb78fde/out/include" "-I" "libgit2/src/libgit2" "-I" "libgit2/src/util" "-I" "libgit2/deps/llhttp" "-I" "libgit2/deps/xdiff" "-I" "libgit2/deps/pcre" "-I" "/opt/rustwide/target/debug/build/libssh2-sys-ac277e13a320a436/out/include" "-I" "/usr/include" "-I" "/usr/include" "-fvisibility=hidden" "-DGIT_REGEX_BUILTIN=1" "-DHAVE_STDINT_H=1" "-DHAVE_MEMMOVE=1" "-DNO_RECURSE=1" "-DNEWLINE=10" "-DPOSIX_MALLOC_THRESHOLD=10" "-DLINK_SIZE=2" "-DPARENS_NEST_LIMIT=250" "-DMATCH_LIMIT=10000000" "-DMATCH_LIMIT_RECURSION=MATCH_LIMIT" "-DMAX_NAME_SIZE=32" "-DMAX_NAME_COUNT=10000" "-DSHA1DC_NO_STANDARD_INCLUDES=1" "-DSHA1DC_CUSTOM_INCLUDE_SHA1_C=\"common.h\"" "-DSHA1DC_CUSTOM_INCLUDE_UBC_CHECK_C=\"common.h\"" "-o" "/opt/rustwide/target/debug/build/libgit2-sys-aee8c27cddb78fde/out/build/9646caca89e97167-diff.o" "-c" "libgit2/src/libgit2/diff.c" with args cc did not execute successfully (status code exit status: 1).cargo:warning=libgit2/src/libgit2/diff_driver.c:522:1: fatal error: error writing to /tmp/ccBoO4TE.s: No space left on device
[INFO] [stderr]   cargo:warning=  522 | }
[INFO] [stderr]   cargo:warning=      | ^
[INFO] [stderr]   cargo:warning=compilation terminated.
[INFO] [stderr] 
[INFO] [stderr]   exit status: 1
[INFO] [stderr]   cargo:warning=ToolExecError: Command "cc" "-O0" "-ffunction-sections" "-fdata-sections" "-fPIC" "-gdwarf-4" "-fno-omit-frame-pointer" "-m64" "-I" "/opt/rustwide/target/debug/build/libgit2-sys-aee8c27cddb78fde/out/include" "-I" "libgit2/src/libgit2" "-I" "libgit2/src/util" "-I" "libgit2/deps/llhttp" "-I" "libgit2/deps/xdiff" "-I" "libgit2/deps/pcre" "-I" "/opt/rustwide/target/debug/build/libssh2-sys-ac277e13a320a436/out/include" "-I" "/usr/include" "-I" "/usr/include" "-fvisibility=hidden" "-DGIT_REGEX_BUILTIN=1" "-DHAVE_STDINT_H=1" "-DHAVE_MEMMOVE=1" "-DNO_RECURSE=1" "-DNEWLINE=10" "-DPOSIX_MALLOC_THRESHOLD=10" "-DLINK_SIZE=2" "-DPARENS_NEST_LIMIT=250" "-DMATCH_LIMIT=10000000" "-DMATCH_LIMIT_RECURSION=MATCH_LIMIT" "-DMAX_NAME_SIZE=32" "-DMAX_NAME_COUNT=10000" "-DSHA1DC_NO_STANDARD_INCLUDES=1" "-DSHA1DC_CUSTOM_INCLUDE_SHA1_C=\"common.h\"" "-DSHA1DC_CUSTOM_INCLUDE_UBC_CHECK_C=\"common.h\"" "-o" "/opt/rustwide/target/debug/build/libgit2-sys-aee8c27cddb78fde/out/build/9646caca89e97167-diff_driver.o" "-c" "libgit2/src/libgit2/diff_driver.c" with args cc did not execute successfully (status code exit status: 1).cargo:warning=/tmp/ccFxfrry.s: Assembler messages:
[INFO] [stderr]   cargo:warning=/tmp/ccFxfrry.s: Fatal error: can't write 26 bytes to section .text.git_atomic32_inc of /opt/rustwide/target/debug/build/libgit2-sys-aee8c27cddb78fde/out/build/9646caca89e97167-diff_parse.o: 'No space left on device'
[INFO] [stderr]   cargo:warning=/tmp/ccFxfrry.s: Fatal error: /opt/rustwide/target/debug/build/libgit2-sys-aee8c27cddb78fde/out/build/9646caca89e97167-diff_parse.o: No space left on device
[INFO] [stderr] 
[INFO] [stderr]   exit status: 1
[INFO] [stderr]   cargo:warning=ToolExecError: Command "cc" "-O0" "-ffunction-sections" "-fdata-sections" "-fPIC" "-gdwarf-4" "-fno-omit-frame-pointer" "-m64" "-I" "/opt/rustwide/target/debug/build/libgit2-sys-aee8c27cddb78fde/out/include" "-I" "libgit2/src/libgit2" "-I" "libgit2/src/util" "-I" "libgit2/deps/llhttp" "-I" "libgit2/deps/xdiff" "-I" "libgit2/deps/pcre" "-I" "/opt/rustwide/target/debug/build/libssh2-sys-ac277e13a320a436/out/include" "-I" "/usr/include" "-I" "/usr/include" "-fvisibility=hidden" "-DGIT_REGEX_BUILTIN=1" "-DHAVE_STDINT_H=1" "-DHAVE_MEMMOVE=1" "-DNO_RECURSE=1" "-DNEWLINE=10" "-DPOSIX_MALLOC_THRESHOLD=10" "-DLINK_SIZE=2" "-DPARENS_NEST_LIMIT=250" "-DMATCH_LIMIT=10000000" "-DMATCH_LIMIT_RECURSION=MATCH_LIMIT" "-DMAX_NAME_SIZE=32" "-DMAX_NAME_COUNT=10000" "-DSHA1DC_NO_STANDARD_INCLUDES=1" "-DSHA1DC_CUSTOM_INCLUDE_SHA1_C=\"common.h\"" "-DSHA1DC_CUSTOM_INCLUDE_UBC_CHECK_C=\"common.h\"" "-o" "/opt/rustwide/target/debug/build/libgit2-sys-aee8c27cddb78fde/out/build/9646caca89e97167-diff_parse.o" "-c" "libgit2/src/libgit2/diff_parse.c" with args cc did not execute successfully (status code exit status: 1).cargo:warning=/tmp/ccex8Z32.s: Assembler messages:
[INFO] [stderr]   cargo:warning=/tmp/ccex8Z32.s: Fatal error: /opt/rustwide/target/debug/build/libgit2-sys-aee8c27cddb78fde/out/build/9646caca89e97167-diff_generate.o: No space left on device
[INFO] [stderr] 
[INFO] [stderr]   exit status: 1
[INFO] [stderr]   cargo:warning=ToolExecError: Command "cc" "-O0" "-ffunction-sections" "-fdata-sections" "-fPIC" "-gdwarf-4" "-fno-omit-frame-pointer" "-m64" "-I" "/opt/rustwide/target/debug/build/libgit2-sys-aee8c27cddb78fde/out/include" "-I" "libgit2/src/libgit2" "-I" "libgit2/src/util" "-I" "libgit2/deps/llhttp" "-I" "libgit2/deps/xdiff" "-I" "libgit2/deps/pcre" "-I" "/opt/rustwide/target/debug/build/libssh2-sys-ac277e13a320a436/out/include" "-I" "/usr/include" "-I" "/usr/include" "-fvisibility=hidden" "-DGIT_REGEX_BUILTIN=1" "-DHAVE_STDINT_H=1" "-DHAVE_MEMMOVE=1" "-DNO_RECURSE=1" "-DNEWLINE=10" "-DPOSIX_MALLOC_THRESHOLD=10" "-DLINK_SIZE=2" "-DPARENS_NEST_LIMIT=250" "-DMATCH_LIMIT=10000000" "-DMATCH_LIMIT_RECURSION=MATCH_LIMIT" "-DMAX_NAME_SIZE=32" "-DMAX_NAME_COUNT=10000" "-DSHA1DC_NO_STANDARD_INCLUDES=1" "-DSHA1DC_CUSTOM_INCLUDE_SHA1_C=\"common.h\"" "-DSHA1DC_CUSTOM_INCLUDE_UBC_CHECK_C=\"common.h\"" "-o" "/opt/rustwide/target/debug/build/libgit2-sys-aee8c27cddb78fde/out/build/9646caca89e97167-diff_generate.o" "-c" "libgit2/src/libgit2/diff_generate.c" with args cc did not execute successfully (status code exit status: 1).
[INFO] [stderr]   exit status: 0
[INFO] [stderr]   exit status: 0
[INFO] [stderr]   exit status: 0
[INFO] [stderr]   exit status: 0
[INFO] [stderr]   exit status: 0
[INFO] [stderr]   exit status: 0
[INFO] [stderr]   exit status: 0
[INFO] [stderr]   exit status: 0
[INFO] [stderr]   exit status: 0
[INFO] [stderr]   exit status: 0
[INFO] [stderr]   exit status: 0
[INFO] [stderr]   exit status: 0
[INFO] [stderr]   exit status: 0
[INFO] [stderr]   exit status: 0
[INFO] [stderr]   exit status: 0
[INFO] [stderr]   exit status: 0
[INFO] [stderr]   exit status: 0
[INFO] [stderr]   exit status: 0
[INFO] [stderr]   exit status: 0
[INFO] [stderr]   exit status: 0
[INFO] [stderr]   exit status: 0
[INFO] [stderr]   exit status: 0
[INFO] [stderr]   exit status: 0
[INFO] [stderr]   exit status: 0
[INFO] [stderr]   exit status: 0
[INFO] [stderr]   exit status: 0
[INFO] [stderr]   exit status: 0
[INFO] [stderr]   exit status: 0
[INFO] [stderr]   exit status: 0
[INFO] [stderr]   exit status: 0
[INFO] [stderr]   exit status: 0
[INFO] [stderr]   exit status: 0
[INFO] [stderr]   exit status: 0
[INFO] [stderr]   exit status: 0
[INFO] [stderr]   exit status: 0
[INFO] [stderr]   exit status: 0
[INFO] [stderr]   exit status: 0
[INFO] [stderr]   exit status: 0
[INFO] [stderr]   exit status: 0
[INFO] [stderr]   exit status: 0
[INFO] [stderr]   exit status: 0
[INFO] [stderr]   exit status: 0
[INFO] [stderr]   exit status: 0
[INFO] [stderr]   exit status: 0
[INFO] [stderr]   exit status: 0
[INFO] [stderr]   exit status: 0
[INFO] [stderr]   exit status: 0
[INFO] [stderr]   exit status: 0
[INFO] [stderr]   exit status: 0
[INFO] [stderr]   exit status: 0
[INFO] [stderr]   exit status: 0
[INFO] [stderr]   exit status: 0
[INFO] [stderr]   exit status: 0
[INFO] [stderr]   exit status: 0
[INFO] [stderr]   exit status: 0
[INFO] [stderr]   exit status: 0
[INFO] [stderr]   exit status: 0
[INFO] [stderr]   exit status: 0
[INFO] [stderr]   exit status: 0
[INFO] [stderr]   exit status: 0
[INFO] [stderr]   exit status: 0
[INFO] [stderr]   exit status: 0
[INFO] [stderr]   exit status: 0
[INFO] [stderr]   exit status: 0
[INFO] [stderr]   exit status: 0
[INFO] [stderr]   exit status: 0
[INFO] [stderr]   exit status: 0
[INFO] [stderr]   exit status: 0
[INFO] [stderr]   exit status: 0
[INFO] [stderr]   exit status: 0
[INFO] [stderr]   exit status: 0
[INFO] [stderr]   exit status: 0
[INFO] [stderr]   exit status: 0
[INFO] [stderr]   exit status: 0
[INFO] [stderr]   exit status: 0
[INFO] [stderr]   exit status: 0
[INFO] [stderr]   exit status: 0
[INFO] [stderr]   exit status: 0
[INFO] [stderr]   exit status: 0
[INFO] [stderr]   exit status: 0
[INFO] [stderr]   exit status: 0
[INFO] [stderr]   exit status: 0
[INFO] [stderr]   exit status: 0
[INFO] [stderr]   exit status: 0
[INFO] [stderr]   exit status: 0
[INFO] [stderr]   exit status: 0
[INFO] [stderr]   exit status: 0
[INFO] [stderr]   exit status: 0
[INFO] [stderr]   exit status: 0
[INFO] [stderr]   exit status: 0
[INFO] [stderr]   exit status: 0
[INFO] [stderr]   exit status: 0
[INFO] [stderr]   exit status: 0
[INFO] [stderr]   exit status: 0
[INFO] [stderr]   exit status: 0
[INFO] [stderr]   exit status: 0
[INFO] [stderr]   exit status: 0
[INFO] [stderr]   exit status: 0
[INFO] [stderr]   exit status: 0
[INFO] [stderr]   exit status: 0
[INFO] [stderr]   exit status: 0
[INFO] [stderr]   exit status: 0
[INFO] [stderr]   exit status: 0
[INFO] [stderr]   exit status: 0
[INFO] [stderr]   exit status: 0
[INFO] [stderr]   exit status: 0
[INFO] [stderr]   exit status: 0
[INFO] [stderr]   exit status: 0
[INFO] [stderr]   exit status: 0
[INFO] [stderr]   exit status: 0
[INFO] [stderr]   exit status: 0
[INFO] [stderr]   exit status: 0
[INFO] [stderr]   exit status: 0
[INFO] [stderr]   exit status: 0
[INFO] [stderr]   exit status: 0
[INFO] [stderr]   exit status: 0
[INFO] [stderr]   exit status: 0
[INFO] [stderr]   exit status: 0
[INFO] [stderr]   exit status: 0
[INFO] [stderr]   exit status: 0
[INFO] [stderr]   exit status: 0
[INFO] [stderr]   exit status: 0
[INFO] [stderr]   exit status: 0
[INFO] [stderr]   exit status: 0
[INFO] [stderr]   exit status: 0
[INFO] [stderr]   exit status: 0
[INFO] [stderr]   exit status: 0
[INFO] [stderr]   exit status: 0
[INFO] [stderr]   exit status: 0
[INFO] [stderr]   exit status: 0
[INFO] [stderr]   exit status: 0
[INFO] [stderr]   exit status: 0
[INFO] [stderr]   exit status: 0
[INFO] [stderr]   exit status: 0
[INFO] [stderr]   exit status: 0
[INFO] [stderr]   exit status: 0
[INFO] [stderr]   exit status: 0
[INFO] [stderr]   exit status: 0
[INFO] [stderr]   exit status: 0
[INFO] [stderr]   exit status: 0
[INFO] [stderr]   exit status: 0
[INFO] [stderr]   exit status: 0
[INFO] [stderr]   exit status: 0
[INFO] [stderr]   exit status: 0
[INFO] [stderr]   exit status: 0
[INFO] [stderr]   exit status: 0
[INFO] [stderr]   exit status: 0
[INFO] [stderr]   exit status: 0
[INFO] [stderr]   exit status: 0
[INFO] [stderr]   exit status: 0
[INFO] [stderr]   exit status: 0
[INFO] [stderr]   exit status: 0
[INFO] [stderr]   exit status: 0
[INFO] [stderr]   exit status: 0
[INFO] [stderr]   exit status: 0
[INFO] [stderr]   exit status: 0
[INFO] [stderr]   exit status: 0
[INFO] [stderr]   exit status: 0
[INFO] [stderr]   exit status: 0
[INFO] [stderr]   exit status: 0
[INFO] [stderr]   cargo:warning=libgit2/src/util/hash/openssl.c: In function 'git_hash_sha256_init':
[INFO] [stderr]   cargo:warning=libgit2/src/util/hash/openssl.c:163:9: warning: 'SHA256_Init' is deprecated: Since OpenSSL 3.0 [-Wdeprecated-declarations]
[INFO] [stderr]   cargo:warning=  163 |         if (SHA256_Init(&ctx->c) != 1) {
[INFO] [stderr]   cargo:warning=      |         ^~
[INFO] [stderr]   cargo:warning=In file included from libgit2/src/util/hash/openssl.h:14,
[INFO] [stderr]   cargo:warning=                 from libgit2/src/util/hash/openssl.c:8:
[INFO] [stderr]   cargo:warning=/usr/include/openssl/sha.h:73:27: note: declared here
[INFO] [stderr]   cargo:warning=   73 | OSSL_DEPRECATEDIN_3_0 int SHA256_Init(SHA256_CTX *c);
[INFO] [stderr]   cargo:warning=      |                           ^~~~~~~~~~~
[INFO] [stderr]   cargo:warning=libgit2/src/util/hash/openssl.c: In function 'git_hash_sha256_update':
[INFO] [stderr]   cargo:warning=libgit2/src/util/hash/openssl.c:175:9: warning: 'SHA256_Update' is deprecated: Since OpenSSL 3.0 [-Wdeprecated-declarations]
[INFO] [stderr]   cargo:warning=  175 |         if (SHA256_Update(&ctx->c, data, len) != 1) {
[INFO] [stderr]   cargo:warning=      |         ^~
[INFO] [stderr]   cargo:warning=In file included from libgit2/src/util/hash/openssl.h:14,
[INFO] [stderr]   cargo:warning=                 from libgit2/src/util/hash/openssl.c:8:
[INFO] [stderr]   cargo:warning=/usr/include/openssl/sha.h:74:27: note: declared here
[INFO] [stderr]   cargo:warning=   74 | OSSL_DEPRECATEDIN_3_0 int SHA256_Update(SHA256_CTX *c,
[INFO] [stderr]   cargo:warning=      |                           ^~~~~~~~~~~~~
[INFO] [stderr]   cargo:warning=libgit2/src/util/hash/openssl.c: In function 'git_hash_sha256_final':
[INFO] [stderr]   cargo:warning=libgit2/src/util/hash/openssl.c:187:9: warning: 'SHA256_Final' is deprecated: Since OpenSSL 3.0 [-Wdeprecated-declarations]
[INFO] [stderr]   cargo:warning=  187 |         if (SHA256_Final(out, &ctx->c) != 1) {
[INFO] [stderr]   cargo:warning=      |         ^~
[INFO] [stderr]   cargo:warning=In file included from libgit2/src/util/hash/openssl.h:14,
[INFO] [stderr]   cargo:warning=                 from libgit2/src/util/hash/openssl.c:8:
[INFO] [stderr]   cargo:warning=/usr/include/openssl/sha.h:76:27: note: declared here
[INFO] [stderr]   cargo:warning=   76 | OSSL_DEPRECATEDIN_3_0 int SHA256_Final(unsigned char *md, SHA256_CTX *c);
[INFO] [stderr]   cargo:warning=      |                           ^~~~~~~~~~~~
[INFO] [stderr]   exit status: 0
[INFO] [stderr]   exit status: 0
[INFO] [stderr]   exit status: 0
[INFO] [stderr]   exit status: 0
[INFO] [stderr]   exit status: 0
[INFO] [stderr]   exit status: 0
[INFO] [stderr]   exit status: 0
[INFO] [stderr]   exit status: 0
[INFO] [stderr]   exit status: 0
[INFO] [stderr]   exit status: 0
[INFO] [stderr] 
[INFO] [stderr]   --- stderr
[INFO] [stderr] 
[INFO] [stderr] 
[INFO] [stderr]   error occurred: Command "cc" "-O0" "-ffunction-sections" "-fdata-sections" "-fPIC" "-gdwarf-4" "-fno-omit-frame-pointer" "-m64" "-I" "/opt/rustwide/target/debug/build/libgit2-sys-aee8c27cddb78fde/out/include" "-I" "libgit2/src/libgit2" "-I" "libgit2/src/util" "-I" "libgit2/deps/llhttp" "-I" "libgit2/deps/xdiff" "-I" "libgit2/deps/pcre" "-I" "/opt/rustwide/target/debug/build/libssh2-sys-ac277e13a320a436/out/include" "-I" "/usr/include" "-I" "/usr/include" "-fvisibility=hidden" "-DGIT_REGEX_BUILTIN=1" "-DHAVE_STDINT_H=1" "-DHAVE_MEMMOVE=1" "-DNO_RECURSE=1" "-DNEWLINE=10" "-DPOSIX_MALLOC_THRESHOLD=10" "-DLINK_SIZE=2" "-DPARENS_NEST_LIMIT=250" "-DMATCH_LIMIT=10000000" "-DMATCH_LIMIT_RECURSION=MATCH_LIMIT" "-DMAX_NAME_SIZE=32" "-DMAX_NAME_COUNT=10000" "-DSHA1DC_NO_STANDARD_INCLUDES=1" "-DSHA1DC_CUSTOM_INCLUDE_SHA1_C=\"common.h\"" "-DSHA1DC_CUSTOM_INCLUDE_UBC_CHECK_C=\"common.h\"" "-o" "/opt/rustwide/target/debug/build/libgit2-sys-aee8c27cddb78fde/out/build/9646caca89e97167-diff_generate.o" "-c" "libgit2/src/libgit2/diff_generate.c" with args cc did not execute successfully (status code exit status: 1).
[INFO] [stderr] 
[INFO] [stderr] 
[INFO] running `Command { std: "docker" "inspect" "4babf7a5bfc4cfc3a808944c1045d75dd11e70385da4590016605c1adc2d78b5", kill_on_drop: false }`
[INFO] running `Command { std: "docker" "rm" "-f" "4babf7a5bfc4cfc3a808944c1045d75dd11e70385da4590016605c1adc2d78b5", kill_on_drop: false }`
[INFO] [stdout] 4babf7a5bfc4cfc3a808944c1045d75dd11e70385da4590016605c1adc2d78b5
