[INFO] cloning repository https://github.com/pbusenius/polars-domain-lookup
[INFO] running `Command { std: "git" "-c" "credential.helper=" "-c" "credential.helper=/workspace/cargo-home/bin/git-credential-null" "clone" "--bare" "https://github.com/pbusenius/polars-domain-lookup" "/workspace/cache/git-repos/https%3A%2F%2Fgithub.com%2Fpbusenius%2Fpolars-domain-lookup", kill_on_drop: false }`
[INFO] [stderr] Cloning into bare repository '/workspace/cache/git-repos/https%3A%2F%2Fgithub.com%2Fpbusenius%2Fpolars-domain-lookup'...
[INFO] running `Command { std: "git" "rev-parse" "HEAD", kill_on_drop: false }`
[INFO] [stdout] c2496c78516be9603c27f5a2fbca229db09e7c21
[INFO] documenting pbusenius/polars-domain-lookup against beta-2025-02-18 for beta-1.86-rustdoc-1
[INFO] running `Command { std: "git" "clone" "/workspace/cache/git-repos/https%3A%2F%2Fgithub.com%2Fpbusenius%2Fpolars-domain-lookup" "/workspace/builds/worker-7-tc2/source", kill_on_drop: false }`
[INFO] [stderr] Cloning into '/workspace/builds/worker-7-tc2/source'...
[INFO] [stderr] done.
[INFO] validating manifest of git repo https://github.com/pbusenius/polars-domain-lookup on toolchain beta-2025-02-18
[INFO] running `Command { std: CARGO_HOME="/workspace/cargo-home" RUSTUP_HOME="/workspace/rustup-home" "/workspace/cargo-home/bin/cargo" "+beta-2025-02-18" "metadata" "--manifest-path" "Cargo.toml" "--no-deps", kill_on_drop: false }`
[INFO] removed /workspace/builds/worker-7-tc2/source/rust-toolchain.toml
[INFO] started tweaking git repo https://github.com/pbusenius/polars-domain-lookup
[INFO] finished tweaking git repo https://github.com/pbusenius/polars-domain-lookup
[INFO] tweaked toml for git repo https://github.com/pbusenius/polars-domain-lookup written to /workspace/builds/worker-7-tc2/source/Cargo.toml
[INFO] crate git repo https://github.com/pbusenius/polars-domain-lookup already has a lockfile, it will not be regenerated
[INFO] running `Command { std: CARGO_HOME="/workspace/cargo-home" RUSTUP_HOME="/workspace/rustup-home" "/workspace/cargo-home/bin/cargo" "+beta-2025-02-18" "fetch" "--manifest-path" "Cargo.toml", kill_on_drop: false }`
[INFO] [stderr]     Blocking waiting for file lock on package cache
[INFO] [stderr]     Updating crates.io index
[INFO] [stderr]     Blocking waiting for file lock on package cache
[ERROR] error running command: no output for 300 seconds
[INFO] documenting pbusenius/polars-domain-lookup against beta-2025-02-18 for beta-1.86-rustdoc-1
[INFO] running `Command { std: "git" "clone" "/workspace/cache/git-repos/https%3A%2F%2Fgithub.com%2Fpbusenius%2Fpolars-domain-lookup" "/workspace/builds/worker-7-tc2/source", kill_on_drop: false }`
[INFO] [stderr] Cloning into '/workspace/builds/worker-7-tc2/source'...
[INFO] [stderr] done.
[INFO] validating manifest of git repo https://github.com/pbusenius/polars-domain-lookup on toolchain beta-2025-02-18
[INFO] running `Command { std: CARGO_HOME="/workspace/cargo-home" RUSTUP_HOME="/workspace/rustup-home" "/workspace/cargo-home/bin/cargo" "+beta-2025-02-18" "metadata" "--manifest-path" "Cargo.toml" "--no-deps", kill_on_drop: false }`
[INFO] removed /workspace/builds/worker-7-tc2/source/rust-toolchain.toml
[INFO] started tweaking git repo https://github.com/pbusenius/polars-domain-lookup
[INFO] finished tweaking git repo https://github.com/pbusenius/polars-domain-lookup
[INFO] tweaked toml for git repo https://github.com/pbusenius/polars-domain-lookup written to /workspace/builds/worker-7-tc2/source/Cargo.toml
[INFO] crate git repo https://github.com/pbusenius/polars-domain-lookup already has a lockfile, it will not be regenerated
[INFO] running `Command { std: CARGO_HOME="/workspace/cargo-home" RUSTUP_HOME="/workspace/rustup-home" "/workspace/cargo-home/bin/cargo" "+beta-2025-02-18" "fetch" "--manifest-path" "Cargo.toml", kill_on_drop: false }`
[INFO] [stderr]     Blocking waiting for file lock on package cache
[INFO] [stderr]     Blocking waiting for file lock on package cache
[ERROR] error running command: no output for 300 seconds
[INFO] documenting pbusenius/polars-domain-lookup against beta-2025-02-18 for beta-1.86-rustdoc-1
[INFO] running `Command { std: "git" "clone" "/workspace/cache/git-repos/https%3A%2F%2Fgithub.com%2Fpbusenius%2Fpolars-domain-lookup" "/workspace/builds/worker-7-tc2/source", kill_on_drop: false }`
[INFO] [stderr] Cloning into '/workspace/builds/worker-7-tc2/source'...
[INFO] [stderr] done.
[INFO] validating manifest of git repo https://github.com/pbusenius/polars-domain-lookup on toolchain beta-2025-02-18
[INFO] running `Command { std: CARGO_HOME="/workspace/cargo-home" RUSTUP_HOME="/workspace/rustup-home" "/workspace/cargo-home/bin/cargo" "+beta-2025-02-18" "metadata" "--manifest-path" "Cargo.toml" "--no-deps", kill_on_drop: false }`
[INFO] removed /workspace/builds/worker-7-tc2/source/rust-toolchain.toml
[INFO] started tweaking git repo https://github.com/pbusenius/polars-domain-lookup
[INFO] finished tweaking git repo https://github.com/pbusenius/polars-domain-lookup
[INFO] tweaked toml for git repo https://github.com/pbusenius/polars-domain-lookup written to /workspace/builds/worker-7-tc2/source/Cargo.toml
[INFO] crate git repo https://github.com/pbusenius/polars-domain-lookup already has a lockfile, it will not be regenerated
[INFO] running `Command { std: CARGO_HOME="/workspace/cargo-home" RUSTUP_HOME="/workspace/rustup-home" "/workspace/cargo-home/bin/cargo" "+beta-2025-02-18" "fetch" "--manifest-path" "Cargo.toml", kill_on_drop: false }`
[INFO] [stderr]     Blocking waiting for file lock on package cache
[INFO] [stderr]     Blocking waiting for file lock on package cache
[ERROR] error running command: no output for 300 seconds
[INFO] documenting pbusenius/polars-domain-lookup against beta-2025-02-18 for beta-1.86-rustdoc-1
[INFO] running `Command { std: "git" "clone" "/workspace/cache/git-repos/https%3A%2F%2Fgithub.com%2Fpbusenius%2Fpolars-domain-lookup" "/workspace/builds/worker-7-tc2/source", kill_on_drop: false }`
[INFO] [stderr] Cloning into '/workspace/builds/worker-7-tc2/source'...
[INFO] [stderr] done.
[INFO] validating manifest of git repo https://github.com/pbusenius/polars-domain-lookup on toolchain beta-2025-02-18
[INFO] running `Command { std: CARGO_HOME="/workspace/cargo-home" RUSTUP_HOME="/workspace/rustup-home" "/workspace/cargo-home/bin/cargo" "+beta-2025-02-18" "metadata" "--manifest-path" "Cargo.toml" "--no-deps", kill_on_drop: false }`
[INFO] removed /workspace/builds/worker-7-tc2/source/rust-toolchain.toml
[INFO] started tweaking git repo https://github.com/pbusenius/polars-domain-lookup
[INFO] finished tweaking git repo https://github.com/pbusenius/polars-domain-lookup
[INFO] tweaked toml for git repo https://github.com/pbusenius/polars-domain-lookup written to /workspace/builds/worker-7-tc2/source/Cargo.toml
[INFO] crate git repo https://github.com/pbusenius/polars-domain-lookup already has a lockfile, it will not be regenerated
[INFO] running `Command { std: CARGO_HOME="/workspace/cargo-home" RUSTUP_HOME="/workspace/rustup-home" "/workspace/cargo-home/bin/cargo" "+beta-2025-02-18" "fetch" "--manifest-path" "Cargo.toml", kill_on_drop: false }`
[INFO] [stderr]     Blocking waiting for file lock on package cache
[INFO] [stderr]     Blocking waiting for file lock on package cache
[ERROR] error running command: no output for 300 seconds
[INFO] documenting pbusenius/polars-domain-lookup against beta-2025-02-18 for beta-1.86-rustdoc-1
[INFO] running `Command { std: "git" "clone" "/workspace/cache/git-repos/https%3A%2F%2Fgithub.com%2Fpbusenius%2Fpolars-domain-lookup" "/workspace/builds/worker-7-tc2/source", kill_on_drop: false }`
[INFO] [stderr] Cloning into '/workspace/builds/worker-7-tc2/source'...
[INFO] [stderr] done.
[INFO] validating manifest of git repo https://github.com/pbusenius/polars-domain-lookup on toolchain beta-2025-02-18
[INFO] running `Command { std: CARGO_HOME="/workspace/cargo-home" RUSTUP_HOME="/workspace/rustup-home" "/workspace/cargo-home/bin/cargo" "+beta-2025-02-18" "metadata" "--manifest-path" "Cargo.toml" "--no-deps", kill_on_drop: false }`
[INFO] removed /workspace/builds/worker-7-tc2/source/rust-toolchain.toml
[INFO] started tweaking git repo https://github.com/pbusenius/polars-domain-lookup
[INFO] finished tweaking git repo https://github.com/pbusenius/polars-domain-lookup
[INFO] tweaked toml for git repo https://github.com/pbusenius/polars-domain-lookup written to /workspace/builds/worker-7-tc2/source/Cargo.toml
[INFO] crate git repo https://github.com/pbusenius/polars-domain-lookup already has a lockfile, it will not be regenerated
[INFO] running `Command { std: CARGO_HOME="/workspace/cargo-home" RUSTUP_HOME="/workspace/rustup-home" "/workspace/cargo-home/bin/cargo" "+beta-2025-02-18" "fetch" "--manifest-path" "Cargo.toml", kill_on_drop: false }`
[INFO] [stderr]     Blocking waiting for file lock on package cache
[INFO] [stderr]  Downloading crates ...
[INFO] [stderr]   Downloaded pyo3-polars-derive v0.12.0
[INFO] [stderr]   Downloaded polars-error v0.44.2
[INFO] [stderr]   Downloaded polars-schema v0.44.2
[INFO] [stderr]   Downloaded iter-read v1.1.0
[INFO] [stderr]   Downloaded pyo3-polars v0.18.0
[INFO] [stderr]   Downloaded polars-utils v0.44.2
[INFO] [stderr]   Downloaded polars-ffi v0.44.2
[INFO] [stderr]   Downloaded target-features v0.1.6
[INFO] [stderr]   Downloaded atoi_simd v0.15.6
[INFO] [stderr]   Downloaded multiversion v0.7.4
[INFO] [stderr]   Downloaded polars-row v0.44.2
[INFO] [stderr]   Downloaded multiversion-macros v0.7.4
[INFO] [stderr]   Downloaded polars-compute v0.44.2
[INFO] [stderr]   Downloaded polars-ops v0.44.2
[INFO] [stderr]   Downloaded polars v0.44.2
[INFO] [stderr]   Downloaded polars-parquet v0.44.2
[INFO] [stderr]   Downloaded polars-io v0.44.2
[INFO] [stderr]   Downloaded polars-plan v0.44.2
[INFO] [stderr]   Downloaded serde-pickle v1.2.0
[INFO] [stderr]   Downloaded polars-arrow v0.44.2
[INFO] [stderr]   Downloaded polars-core v0.44.2
[INFO] running `Command { std: "docker" "create" "-v" "/var/lib/crater-agent-workspace/builds/worker-7-tc2/target:/opt/rustwide/target:rw,Z" "-v" "/var/lib/crater-agent-workspace/builds/worker-7-tc2/source:/opt/rustwide/workdir:ro,Z" "-v" "/var/lib/crater-agent-workspace/cargo-home:/opt/rustwide/cargo-home:ro,Z" "-v" "/var/lib/crater-agent-workspace/rustup-home:/opt/rustwide/rustup-home:ro,Z" "-e" "SOURCE_DIR=/opt/rustwide/workdir" "-e" "CARGO_TARGET_DIR=/opt/rustwide/target" "-e" "CARGO_HOME=/opt/rustwide/cargo-home" "-e" "RUSTUP_HOME=/opt/rustwide/rustup-home" "-w" "/opt/rustwide/workdir" "-m" "1610612736" "--user" "0:0" "--network" "none" "ghcr.io/rust-lang/crates-build-env/linux@sha256:3959728d45483eb673ba100a951a6b9f5012970368db2a9e08e0ac9b67c8a5ad" "/opt/rustwide/cargo-home/bin/cargo" "+beta-2025-02-18" "metadata" "--no-deps" "--format-version=1", kill_on_drop: false }`
[INFO] [stdout] a37304051becf18d3b1485d824c389bc47bf3febf38e54ca6fb8c3a59f0c99f3
[INFO] running `Command { std: "docker" "start" "-a" "a37304051becf18d3b1485d824c389bc47bf3febf38e54ca6fb8c3a59f0c99f3", kill_on_drop: false }`
[INFO] running `Command { std: "docker" "inspect" "a37304051becf18d3b1485d824c389bc47bf3febf38e54ca6fb8c3a59f0c99f3", kill_on_drop: false }`
[INFO] running `Command { std: "docker" "rm" "-f" "a37304051becf18d3b1485d824c389bc47bf3febf38e54ca6fb8c3a59f0c99f3", kill_on_drop: false }`
[INFO] [stdout] a37304051becf18d3b1485d824c389bc47bf3febf38e54ca6fb8c3a59f0c99f3
[INFO] running `Command { std: "docker" "create" "-v" "/var/lib/crater-agent-workspace/builds/worker-7-tc2/target:/opt/rustwide/target:rw,Z" "-v" "/var/lib/crater-agent-workspace/builds/worker-7-tc2/source:/opt/rustwide/workdir:ro,Z" "-v" "/var/lib/crater-agent-workspace/cargo-home:/opt/rustwide/cargo-home:ro,Z" "-v" "/var/lib/crater-agent-workspace/rustup-home:/opt/rustwide/rustup-home:ro,Z" "-e" "SOURCE_DIR=/opt/rustwide/workdir" "-e" "CARGO_TARGET_DIR=/opt/rustwide/target" "-e" "CARGO_INCREMENTAL=0" "-e" "RUST_BACKTRACE=full" "-e" "RUSTFLAGS=--cap-lints=warn" "-e" "RUSTDOCFLAGS=--cap-lints=warn" "-e" "CARGO_HOME=/opt/rustwide/cargo-home" "-e" "RUSTUP_HOME=/opt/rustwide/rustup-home" "-w" "/opt/rustwide/workdir" "-m" "1610612736" "--user" "0:0" "--network" "none" "ghcr.io/rust-lang/crates-build-env/linux@sha256:3959728d45483eb673ba100a951a6b9f5012970368db2a9e08e0ac9b67c8a5ad" "/opt/rustwide/cargo-home/bin/cargo" "+beta-2025-02-18" "doc" "--frozen" "--no-deps" "--document-private-items" "--message-format=json", kill_on_drop: false }`
[INFO] [stdout] ef190cfdaa38e88c54bfc2c254c46e24be811c91c2a1e446580cba2820c1d345
[INFO] running `Command { std: "docker" "start" "-a" "ef190cfdaa38e88c54bfc2c254c46e24be811c91c2a1e446580cba2820c1d345", kill_on_drop: false }`
[INFO] [stderr]    Compiling proc-macro2 v1.0.92
[INFO] [stderr]    Compiling unicode-ident v1.0.14
[INFO] [stderr]    Compiling libc v0.2.168
[INFO] [stderr]    Compiling version_check v0.9.5
[INFO] [stderr]    Compiling autocfg v1.4.0
[INFO] [stderr]    Compiling crossbeam-utils v0.8.20
[INFO] [stderr]    Compiling libm v0.2.11
[INFO] [stderr]    Compiling shlex v1.3.0
[INFO] [stderr]    Compiling rayon-core v1.12.1
[INFO] [stderr]    Compiling rustversion v1.0.18
[INFO] [stderr]    Compiling thiserror v1.0.69
[INFO] [stderr]    Compiling parking_lot_core v0.9.10
[INFO] [stderr]    Compiling target-features v0.1.6
[INFO] [stderr]     Checking cfg-if v1.0.0
[INFO] [stderr]    Compiling syn v1.0.109
[INFO] [stderr]    Compiling once_cell v1.20.2
[INFO] [stderr]    Compiling serde v1.0.216
[INFO] [stderr]    Compiling heck v0.5.0
[INFO] [stderr]    Compiling cc v1.2.3
[INFO] [stderr]     Checking byteorder v1.5.0
[INFO] [stderr]     Checking either v1.13.0
[INFO] [stderr]    Compiling ahash v0.8.11
[INFO] [stderr]    Compiling polars-utils v0.44.2
[INFO] [stderr]    Compiling polars-schema v0.44.2
[INFO] [stderr]    Compiling lock_api v0.4.12
[INFO] [stderr]    Compiling num-traits v0.2.19
[INFO] [stderr]     Checking array-init-cursor v0.2.0
[INFO] [stderr]     Checking allocator-api2 v0.2.21
[INFO] [stderr]     Checking planus v0.3.1
[INFO] [stderr]     Checking crossbeam-epoch v0.9.18
[INFO] [stderr]     Checking foldhash v0.1.3
[INFO] [stderr]    Compiling quote v1.0.37
[INFO] [stderr]     Checking crossbeam-deque v0.8.5
[INFO] [stderr]     Checking equivalent v1.0.1
[INFO] [stderr]    Compiling polars-core v0.44.2
[INFO] [stderr]     Checking ryu v1.0.18
[INFO] [stderr]     Checking static_assertions v1.1.0
[INFO] [stderr]     Checking smallvec v1.13.2
[INFO] [stderr]     Checking itoa v1.0.14
[INFO] [stderr]    Compiling syn v2.0.90
[INFO] [stderr]     Checking castaway v0.2.3
[INFO] [stderr]     Checking getrandom v0.2.15
[INFO] [stderr]     Checking scopeguard v1.2.0
[INFO] [stderr]    Compiling target-lexicon v0.12.16
[INFO] [stderr]     Checking simdutf8 v0.1.5
[INFO] [stderr]     Checking bitflags v2.6.0
[INFO] [stderr]     Checking memmap2 v0.7.1
[INFO] [stderr]     Checking raw-cpuid v11.2.0
[INFO] [stderr]     Checking bytes v1.9.0
[INFO] [stderr]     Checking parking_lot v0.12.3
[INFO] [stderr]     Checking rayon v1.10.0
[INFO] [stderr]    Compiling polars-arrow v0.44.2
[INFO] [stderr]     Checking chrono v0.4.39
[INFO] [stderr]     Checking fast-float v0.2.0
[INFO] [stderr]     Checking streaming-iterator v0.1.9
[INFO] [stderr]    Compiling psm v0.1.24
[INFO] [stderr]    Compiling stacker v0.1.17
[INFO] [stderr]     Checking dyn-clone v1.0.17
[INFO] [stderr]     Checking ethnum v1.5.0
[INFO] [stderr]     Checking atoi_simd v0.15.6
[INFO] [stderr]     Checking strength_reduce v0.2.4
[INFO] [stderr]    Compiling pyo3-build-config v0.21.2
[INFO] [stderr]    Compiling rand_core v0.6.4
[INFO] [stderr]    Compiling polars-compute v0.44.2
[INFO] [stderr]    Compiling memchr v2.7.4
[INFO] [stderr]    Compiling polars-ops v0.44.2
[INFO] [stderr]    Compiling regex-syntax v0.8.5
[INFO] [stderr]     Checking xxhash-rust v0.8.12
[INFO] [stderr]    Compiling polars-plan v0.44.2
[INFO] [stderr]    Compiling argminmax v0.6.2
[INFO] [stderr]    Compiling memoffset v0.9.1
[INFO] [stderr]    Compiling home v0.5.9
[INFO] [stderr]    Compiling heck v0.4.1
[INFO] [stderr]    Compiling portable-atomic v1.10.0
[INFO] [stderr]    Compiling glob v0.3.1
[INFO] [stderr]     Checking aho-corasick v1.1.3
[INFO] [stderr]    Compiling percent-encoding v2.3.1
[INFO] [stderr]     Checking fallible-streaming-iterator v0.1.9
[INFO] [stderr]     Checking num-integer v0.1.46
[INFO] [stderr]     Checking streaming-decompression v0.1.2
[INFO] [stderr]    Compiling polars v0.44.2
[INFO] [stderr]     Checking polars-parquet-format v0.1.0
[INFO] [stderr]     Checking base64 v0.22.1
[INFO] [stderr]     Checking num-bigint v0.4.6
[INFO] [stderr]     Checking iter-read v1.1.0
[INFO] [stderr]     Checking unindent v0.2.3
[INFO] [stderr]    Compiling indoc v2.0.5
[INFO] [stderr]    Compiling pyo3-ffi v0.21.2
[INFO] [stderr]    Compiling pyo3 v0.21.2
[INFO] [stderr]     Checking regex-automata v0.4.9
[INFO] [stderr]    Compiling pyo3-macros-backend v0.21.2
[INFO] [stderr]    Compiling zerocopy-derive v0.7.35
[INFO] [stderr]    Compiling serde_derive v1.0.216
[INFO] [stderr]    Compiling thiserror-impl v1.0.69
[INFO] [stderr]    Compiling bytemuck_derive v1.8.0
[INFO] [stderr]    Compiling strum_macros v0.26.4
[INFO] [stderr]    Compiling recursive-proc-macro-impl v0.1.1
[INFO] [stderr]    Compiling multiversion-macros v0.7.4
[INFO] [stderr]    Compiling recursive v0.1.1
[INFO] [stderr]     Checking regex v1.11.1
[INFO] [stderr]     Checking zerocopy v0.7.35
[INFO] [stderr]    Compiling polars-error v0.44.2
[INFO] [stderr]     Checking bytemuck v1.20.0
[INFO] [stderr]     Checking multiversion v0.7.4
[INFO] [stderr]     Checking ppv-lite86 v0.2.20
[INFO] [stderr]     Checking rand_chacha v0.3.1
[INFO] [stderr]    Compiling pyo3-macros v0.21.2
[INFO] [stderr]     Checking rand v0.8.5
[INFO] [stderr]     Checking rand_distr v0.4.3
[INFO] [stderr]     Checking polars-arrow-format v0.1.0
[INFO] [stderr]     Checking hashbrown v0.15.2
[INFO] [stderr]     Checking compact_str v0.8.0
[INFO] [stderr]     Checking hashbrown v0.14.5
[INFO] [stderr]     Checking serde-pickle v1.2.0
[INFO] [stderr]     Checking indexmap v2.7.0
[INFO] [stderr]     Checking polars-row v0.44.2
[INFO] [stderr]     Checking polars-parquet v0.44.2
[INFO] [stderr]     Checking polars-io v0.44.2
[INFO] [stderr]     Checking polars-ffi v0.44.2
[INFO] [stderr] error: could not compile `polars-core` (lib)
[INFO] [stderr] 
[INFO] [stderr] Caused by:
[INFO] [stderr]   process didn't exit successfully: `/opt/rustwide/rustup-home/toolchains/beta-2025-02-18-x86_64-unknown-linux-gnu/bin/rustc --crate-name polars_core --edition=2021 /opt/rustwide/cargo-home/registry/src/index.crates.io-1949cf8c6b5b557f/polars-core-0.44.2/src/lib.rs --error-format=json --json=diagnostic-rendered-ansi,artifacts,future-incompat --crate-type lib --emit=dep-info,metadata,link -C embed-bitcode=no --cfg 'feature="algorithm_group_by"' --cfg 'feature="lazy"' --cfg 'feature="rand"' --cfg 'feature="rand_distr"' --cfg 'feature="random"' --cfg 'feature="rows"' --cfg 'feature="zip_with"' --check-cfg 'cfg(docsrs,test)' --check-cfg 'cfg(feature, values("algorithm_group_by", "approx_unique", "avx512", "bigidx", "bitwise", "checked_arithmetic", "chrono", "chrono-tz", "comfy-table", "dataframe_arithmetic", "default", "describe", "diagonal_concat", "docs", "docs-selection", "dot_product", "dtype-array", "dtype-categorical", "dtype-date", "dtype-datetime", "dtype-decimal", "dtype-duration", "dtype-i16", "dtype-i8", "dtype-struct", "dtype-time", "dtype-u16", "dtype-u8", "dynamic_group_by", "fmt", "fmt_no_tty", "group_by_list", "is_first_distinct", "is_last_distinct", "lazy", "list_arithmetic", "ndarray", "nightly", "object", "partition_by", "performant", "product", "python", "rand", "rand_distr", "random", "regex", "reinterpret", "rolling_window", "rolling_window_by", "round_series", "row_hash", "rows", "serde", "serde-lazy", "serde_json", "simd", "strings", "take_opt_iter", "temporal", "timezones", "unique_counts", "zip_with"))' -C metadata=c3657a9c27f287a3 -C extra-filename=-0160874e2ea63711 --out-dir /opt/rustwide/target/debug/deps -L dependency=/opt/rustwide/target/debug/deps --extern ahash=/opt/rustwide/target/debug/deps/libahash-be29fd3f6e96f505.rmeta --extern bitflags=/opt/rustwide/target/debug/deps/libbitflags-f430fd7650947a59.rmeta --extern bytemuck=/opt/rustwide/target/debug/deps/libbytemuck-52864c7712b6f30f.rmeta --extern either=/opt/rustwide/target/debug/deps/libeither-caf9b5c923e27047.rmeta --extern hashbrown_old_nightly_hack=/opt/rustwide/target/debug/deps/libhashbrown-32abdd59cca15cce.rmeta --extern hashbrown=/opt/rustwide/target/debug/deps/libhashbrown-88deba2e669de576.rmeta --extern indexmap=/opt/rustwide/target/debug/deps/libindexmap-ac574eaa40ef4373.rmeta --extern num_traits=/opt/rustwide/target/debug/deps/libnum_traits-2e895c3856468487.rmeta --extern once_cell=/opt/rustwide/target/debug/deps/libonce_cell-533ec0805098c33b.rmeta --extern arrow=/opt/rustwide/target/debug/deps/libpolars_arrow-a5b795c8459d7f80.rmeta --extern polars_compute=/opt/rustwide/target/debug/deps/libpolars_compute-09ea09e1c788633d.rmeta --extern polars_error=/opt/rustwide/target/debug/deps/libpolars_error-31095425041dac9a.rmeta --extern polars_row=/opt/rustwide/target/debug/deps/libpolars_row-b9b3481eefbf0376.rmeta --extern polars_schema=/opt/rustwide/target/debug/deps/libpolars_schema-c2ecf899fe00b64d.rmeta --extern polars_utils=/opt/rustwide/target/debug/deps/libpolars_utils-875224db2fdfd589.rmeta --extern rand=/opt/rustwide/target/debug/deps/librand-416190ee530154ff.rmeta --extern rand_distr=/opt/rustwide/target/debug/deps/librand_distr-8b3ed085185de359.rmeta --extern rayon=/opt/rustwide/target/debug/deps/librayon-f4a75808b19b57c8.rmeta --extern strum_macros=/opt/rustwide/target/debug/deps/libstrum_macros-f2b9766069692770.so --extern thiserror=/opt/rustwide/target/debug/deps/libthiserror-d64de4f7d2f52a80.rmeta --extern xxhash_rust=/opt/rustwide/target/debug/deps/libxxhash_rust-6246419cb59501e7.rmeta --cap-lints allow --cap-lints=warn -L native=/opt/rustwide/target/debug/build/psm-1dcec354e2aee91d/out` (signal: 9, SIGKILL: kill)
[INFO] [stderr] warning: build failed, waiting for other jobs to finish...
[INFO] running `Command { std: "docker" "inspect" "ef190cfdaa38e88c54bfc2c254c46e24be811c91c2a1e446580cba2820c1d345", kill_on_drop: false }`
[INFO] running `Command { std: "docker" "rm" "-f" "ef190cfdaa38e88c54bfc2c254c46e24be811c91c2a1e446580cba2820c1d345", kill_on_drop: false }`
[INFO] [stdout] ef190cfdaa38e88c54bfc2c254c46e24be811c91c2a1e446580cba2820c1d345
