[INFO] cloning repository https://github.com/khorolets/near-lake-pulse
[INFO] running `Command { std: "git" "-c" "credential.helper=" "-c" "credential.helper=/workspace/cargo-home/bin/git-credential-null" "clone" "--bare" "https://github.com/khorolets/near-lake-pulse" "/workspace/cache/git-repos/https%3A%2F%2Fgithub.com%2Fkhorolets%2Fnear-lake-pulse", kill_on_drop: false }`
[INFO] [stderr] Cloning into bare repository '/workspace/cache/git-repos/https%3A%2F%2Fgithub.com%2Fkhorolets%2Fnear-lake-pulse'...
[INFO] running `Command { std: "git" "rev-parse" "HEAD", kill_on_drop: false }`
[INFO] [stdout] fc76428ceb06187b20d1d539351000808c842ae8
[INFO] documenting khorolets/near-lake-pulse against beta-2025-02-18 for beta-1.86-rustdoc-1
[INFO] running `Command { std: "git" "clone" "/workspace/cache/git-repos/https%3A%2F%2Fgithub.com%2Fkhorolets%2Fnear-lake-pulse" "/workspace/builds/worker-5-tc2/source", kill_on_drop: false }`
[INFO] [stderr] Cloning into '/workspace/builds/worker-5-tc2/source'...
[INFO] [stderr] done.
[INFO] validating manifest of git repo https://github.com/khorolets/near-lake-pulse on toolchain beta-2025-02-18
[INFO] running `Command { std: CARGO_HOME="/workspace/cargo-home" RUSTUP_HOME="/workspace/rustup-home" "/workspace/cargo-home/bin/cargo" "+beta-2025-02-18" "metadata" "--manifest-path" "Cargo.toml" "--no-deps", kill_on_drop: false }`
[INFO] started tweaking git repo https://github.com/khorolets/near-lake-pulse
[INFO] finished tweaking git repo https://github.com/khorolets/near-lake-pulse
[INFO] tweaked toml for git repo https://github.com/khorolets/near-lake-pulse written to /workspace/builds/worker-5-tc2/source/Cargo.toml
[INFO] crate git repo https://github.com/khorolets/near-lake-pulse already has a lockfile, it will not be regenerated
[INFO] running `Command { std: CARGO_HOME="/workspace/cargo-home" RUSTUP_HOME="/workspace/rustup-home" "/workspace/cargo-home/bin/cargo" "+beta-2025-02-18" "fetch" "--manifest-path" "Cargo.toml", kill_on_drop: false }`
[INFO] running `Command { std: "docker" "create" "-v" "/var/lib/crater-agent-workspace/builds/worker-5-tc2/target:/opt/rustwide/target:rw,Z" "-v" "/var/lib/crater-agent-workspace/builds/worker-5-tc2/source:/opt/rustwide/workdir:ro,Z" "-v" "/var/lib/crater-agent-workspace/cargo-home:/opt/rustwide/cargo-home:ro,Z" "-v" "/var/lib/crater-agent-workspace/rustup-home:/opt/rustwide/rustup-home:ro,Z" "-e" "SOURCE_DIR=/opt/rustwide/workdir" "-e" "CARGO_TARGET_DIR=/opt/rustwide/target" "-e" "CARGO_HOME=/opt/rustwide/cargo-home" "-e" "RUSTUP_HOME=/opt/rustwide/rustup-home" "-w" "/opt/rustwide/workdir" "-m" "1610612736" "--user" "0:0" "--network" "none" "ghcr.io/rust-lang/crates-build-env/linux@sha256:3959728d45483eb673ba100a951a6b9f5012970368db2a9e08e0ac9b67c8a5ad" "/opt/rustwide/cargo-home/bin/cargo" "+beta-2025-02-18" "metadata" "--no-deps" "--format-version=1", kill_on_drop: false }`
[INFO] [stdout] f10fa8b6fc806bc8b1b0a58a4f09d5288f1e4363224380389d2441d057aa6c60
[INFO] running `Command { std: "docker" "start" "-a" "f10fa8b6fc806bc8b1b0a58a4f09d5288f1e4363224380389d2441d057aa6c60", kill_on_drop: false }`
[INFO] running `Command { std: "docker" "inspect" "f10fa8b6fc806bc8b1b0a58a4f09d5288f1e4363224380389d2441d057aa6c60", kill_on_drop: false }`
[INFO] running `Command { std: "docker" "rm" "-f" "f10fa8b6fc806bc8b1b0a58a4f09d5288f1e4363224380389d2441d057aa6c60", kill_on_drop: false }`
[INFO] [stdout] f10fa8b6fc806bc8b1b0a58a4f09d5288f1e4363224380389d2441d057aa6c60
[INFO] running `Command { std: "docker" "create" "-v" "/var/lib/crater-agent-workspace/builds/worker-5-tc2/target:/opt/rustwide/target:rw,Z" "-v" "/var/lib/crater-agent-workspace/builds/worker-5-tc2/source:/opt/rustwide/workdir:ro,Z" "-v" "/var/lib/crater-agent-workspace/cargo-home:/opt/rustwide/cargo-home:ro,Z" "-v" "/var/lib/crater-agent-workspace/rustup-home:/opt/rustwide/rustup-home:ro,Z" "-e" "SOURCE_DIR=/opt/rustwide/workdir" "-e" "CARGO_TARGET_DIR=/opt/rustwide/target" "-e" "CARGO_INCREMENTAL=0" "-e" "RUST_BACKTRACE=full" "-e" "RUSTFLAGS=--cap-lints=warn" "-e" "RUSTDOCFLAGS=--cap-lints=warn" "-e" "CARGO_HOME=/opt/rustwide/cargo-home" "-e" "RUSTUP_HOME=/opt/rustwide/rustup-home" "-w" "/opt/rustwide/workdir" "-m" "1610612736" "--user" "0:0" "--network" "none" "ghcr.io/rust-lang/crates-build-env/linux@sha256:3959728d45483eb673ba100a951a6b9f5012970368db2a9e08e0ac9b67c8a5ad" "/opt/rustwide/cargo-home/bin/cargo" "+beta-2025-02-18" "doc" "--frozen" "--no-deps" "--document-private-items" "--message-format=json", kill_on_drop: false }`
[INFO] [stdout] 4a5926a543181a424a24199ce4b2fedf47d67fb29848d2dff336ed79c455a928
[INFO] running `Command { std: "docker" "start" "-a" "4a5926a543181a424a24199ce4b2fedf47d67fb29848d2dff336ed79c455a928", kill_on_drop: false }`
[INFO] [stderr]    Compiling proc-macro2 v1.0.52
[INFO] [stderr]    Compiling unicode-ident v1.0.0
[INFO] [stderr]    Compiling syn v1.0.109
[INFO] [stderr]    Compiling libc v0.2.121
[INFO] [stderr]    Compiling autocfg v1.1.0
[INFO] [stderr]    Compiling memchr v2.4.1
[INFO] [stderr]     Checking once_cell v1.17.0
[INFO] [stderr]     Checking pin-project-lite v0.2.9
[INFO] [stderr]    Compiling log v0.4.17
[INFO] [stderr]     Checking smallvec v1.10.0
[INFO] [stderr]     Checking bytes v1.1.0
[INFO] [stderr]    Compiling futures-core v0.3.25
[INFO] [stderr]     Checking scopeguard v1.1.0
[INFO] [stderr]    Compiling parking_lot_core v0.9.1
[INFO] [stderr]     Checking futures-sink v0.3.25
[INFO] [stderr]     Checking itoa v1.0.1
[INFO] [stderr]    Compiling serde_derive v1.0.156
[INFO] [stderr]     Checking lock_api v0.4.6
[INFO] [stderr]    Compiling futures-channel v0.3.25
[INFO] [stderr]    Compiling futures-task v0.3.25
[INFO] [stderr]    Compiling serde v1.0.156
[INFO] [stderr]    Compiling futures-util v0.3.25
[INFO] [stderr]     Checking futures-io v0.3.25
[INFO] [stderr]     Checking slab v0.4.5
[INFO] [stderr]     Checking pin-utils v0.1.0
[INFO] [stderr]     Checking tracing-core v0.1.30
[INFO] [stderr]    Compiling typenum v1.15.0
[INFO] [stderr]    Compiling generic-array v0.14.5
[INFO] [stderr]     Checking fnv v1.0.7
[INFO] [stderr]     Checking hashbrown v0.12.3
[INFO] [stderr]     Checking percent-encoding v2.2.0
[INFO] [stderr]     Checking http v0.2.8
[INFO] [stderr]    Compiling indexmap v1.9.2
[INFO] [stderr]    Compiling num-traits v0.2.14
[INFO] [stderr]    Compiling num-integer v0.1.44
[INFO] [stderr]     Checking ryu v1.0.9
[INFO] [stderr]    Compiling httparse v1.6.0
[INFO] [stderr]    Compiling jobserver v0.1.24
[INFO] [stderr]     Checking num_cpus v1.13.1
[INFO] [stderr]     Checking socket2 v0.4.4
[INFO] [stderr]     Checking signal-hook-registry v1.4.0
[INFO] [stderr]     Checking mio v0.8.2
[INFO] [stderr]     Checking getrandom v0.2.5
[INFO] [stderr]    Compiling quote v1.0.18
[INFO] [stderr]     Checking ppv-lite86 v0.2.16
[INFO] [stderr]     Checking parking_lot v0.12.0
[INFO] [stderr]     Checking httpdate v1.0.2
[INFO] [stderr]    Compiling cc v1.0.73
[INFO] [stderr]     Checking tower-service v0.3.1
[INFO] [stderr]     Checking try-lock v0.2.3
[INFO] [stderr]     Checking lazy_static v1.4.0
[INFO] [stderr]     Checking rand_core v0.6.3
[INFO] [stderr]     Checking num_threads v0.1.5
[INFO] [stderr]     Checking want v0.3.0
[INFO] [stderr]     Checking http-body v0.4.5
[INFO] [stderr]    Compiling time-macros v0.2.3
[INFO] [stderr]     Checking subtle v2.4.1
[INFO] [stderr]     Checking regex-syntax v0.6.25
[INFO] [stderr]     Checking outref v0.1.0
[INFO] [stderr]    Compiling either v1.6.1
[INFO] [stderr]     Checking simd-abstraction v0.7.1
[INFO] [stderr]     Checking cpufeatures v0.2.2
[INFO] [stderr]    Compiling crc32fast v1.3.2
[INFO] [stderr]     Checking rand_chacha v0.3.1
[INFO] [stderr]    Compiling unicode-xid v0.2.2
[INFO] [stderr]     Checking aho-corasick v0.7.18
[INFO] [stderr]    Compiling semver v1.0.6
[INFO] [stderr]     Checking openssl-probe v0.1.5
[INFO] [stderr]    Compiling anyhow v1.0.56
[INFO] [stderr]     Checking tower-layer v0.3.1
[INFO] [stderr]     Checking base64-simd v0.7.0
[INFO] [stderr]    Compiling thiserror v1.0.38
[INFO] [stderr]     Checking spin v0.5.2
[INFO] [stderr]     Checking untrusted v0.7.1
[INFO] [stderr]     Checking rand v0.8.5
[INFO] [stderr]     Checking bytes-utils v0.1.2
[INFO] [stderr]    Compiling itertools v0.10.5
[INFO] [stderr]    Compiling ahash v0.7.6
[INFO] [stderr]    Compiling rustls v0.20.8
[INFO] [stderr]     Checking form_urlencoded v1.1.0
[INFO] [stderr]    Compiling ring v0.16.20
[INFO] [stderr]    Compiling rustc_version v0.4.0
[INFO] [stderr]    Compiling crossbeam-utils v0.8.15
[INFO] [stderr]    Compiling ident_case v1.0.1
[INFO] [stderr]    Compiling strsim v0.10.0
[INFO] [stderr]     Checking tinyvec_macros v0.1.0
[INFO] [stderr]     Checking base64 v0.21.0
[INFO] [stderr]     Checking tinyvec v1.5.1
[INFO] [stderr]    Compiling pkg-config v0.3.25
[INFO] [stderr]     Checking regex v1.5.5
[INFO] [stderr]     Checking block-buffer v0.10.2
[INFO] [stderr]     Checking crypto-common v0.1.3
[INFO] [stderr]    Compiling heck v0.4.0
[INFO] [stderr]     Checking digest v0.10.5
[INFO] [stderr]    Compiling getrandom v0.1.16
[INFO] [stderr]     Checking base64 v0.13.0
[INFO] [stderr]    Compiling serde_json v1.0.79
[INFO] [stderr]     Checking sha2 v0.10.6
[INFO] [stderr]    Compiling which v4.4.0
[INFO] [stderr]     Checking rustls-pemfile v1.0.2
[INFO] [stderr]     Checking rustls-native-certs v0.6.2
[INFO] [stderr]    Compiling proc-macro-error-attr v1.0.4
[INFO] [stderr]    Compiling openssl-sys v0.9.72
[INFO] [stderr]    Compiling convert_case v0.4.0
[INFO] [stderr]    Compiling async-trait v0.1.66
[INFO] [stderr]     Checking unicode-bidi v0.3.7
[INFO] [stderr]     Checking unicode-normalization v0.1.19
[INFO] [stderr]     Checking crossbeam-channel v0.5.7
[INFO] [stderr]    Compiling prost-build v0.9.0
[INFO] [stderr]    Compiling aws-types v0.53.0
[INFO] [stderr]     Checking regex-automata v0.1.10
[INFO] [stderr]    Compiling proc-macro-error v1.0.4
[INFO] [stderr]    Compiling unicode-segmentation v1.10.1
[INFO] [stderr]     Checking fastrand v1.8.0
[INFO] [stderr]    Compiling rustversion v1.0.11
[INFO] [stderr]     Checking time v0.3.7
[INFO] [stderr]    Compiling fixedbitset v0.4.2
[INFO] [stderr]    Compiling remove_dir_all v0.5.3
[INFO] [stderr]     Checking rand_core v0.5.1
[INFO] [stderr]    Compiling tempfile v3.3.0
[INFO] [stderr]     Checking hashbrown v0.11.2
[INFO] [stderr]     Checking digest v0.9.0
[INFO] [stderr]    Compiling unicase v2.6.0
[INFO] [stderr]    Compiling heck v0.3.3
[INFO] [stderr]    Compiling crunchy v0.2.2
[INFO] [stderr]    Compiling multimap v0.8.3
[INFO] [stderr]     Checking byteorder v1.4.3
[INFO] [stderr]    Compiling secp256k1-sys v0.6.1
[INFO] [stderr]     Checking tracing-log v0.1.3
[INFO] [stderr]     Checking sharded-slab v0.1.4
[INFO] [stderr]    Compiling num-bigint v0.3.3
[INFO] [stderr]     Checking thread_local v1.1.4
[INFO] [stderr]     Checking foreign-types-shared v0.1.1
[INFO] [stderr]     Checking static_assertions v1.1.0
[INFO] [stderr]     Checking overload v0.1.1
[INFO] [stderr]     Checking opaque-debug v0.3.0
[INFO] [stderr]    Compiling openssl v0.10.38
[INFO] [stderr]     Checking nu-ansi-term v0.46.0
[INFO] [stderr]     Checking foreign-types v0.3.2
[INFO] [stderr]     Checking matchers v0.1.0
[INFO] [stderr]     Checking rand_chacha v0.2.2
[INFO] [stderr]    Compiling petgraph v0.6.3
[INFO] [stderr]     Checking hmac v0.12.1
[INFO] [stderr]     Checking idna v0.3.0
[INFO] [stderr]     Checking block-buffer v0.9.0
[INFO] [stderr]    Compiling zstd-sys v1.6.3+zstd.1.5.2
[INFO] [stderr]     Checking time v0.1.43
[INFO] [stderr]    Compiling num-rational v0.3.2
[INFO] [stderr]    Compiling encoding_rs v0.8.30
[INFO] [stderr]    Compiling native-tls v0.2.10
[INFO] [stderr]    Compiling protobuf v2.27.1
[INFO] [stderr]     Checking aws-smithy-types v0.53.1
[INFO] [stderr]     Checking signature v1.5.0
[INFO] [stderr]     Checking sha2 v0.9.9
[INFO] [stderr]     Checking ed25519 v1.4.1
[INFO] [stderr]     Checking rand v0.7.3
[INFO] [stderr]     Checking fixed-hash v0.7.0
[INFO] [stderr]     Checking crypto-mac v0.8.0
[INFO] [stderr]     Checking cipher v0.2.5
[INFO] [stderr]     Checking bs58 v0.4.0
[INFO] [stderr]     Checking mime v0.3.16
[INFO] [stderr]     Checking json_comments v0.2.1
[INFO] [stderr]    Compiling prometheus v0.13.3
[INFO] [stderr]    Compiling mime_guess v2.0.4
[INFO] [stderr]     Checking c2-chacha v0.3.3
[INFO] [stderr]     Checking near-config-utils v0.16.0
[INFO] [stderr]     Checking blake2 v0.9.2
[INFO] [stderr]    Compiling crc32c v0.6.3
[INFO] [stderr]     Checking aws-smithy-eventstream v0.53.1
[INFO] [stderr]     Checking aws-smithy-json v0.53.1
[INFO] [stderr]     Checking os_str_bytes v6.0.0
[INFO] [stderr]     Checking atty v0.2.14
[INFO] [stderr]    Compiling fs2 v0.4.3
[INFO] [stderr]    Compiling erasable v1.2.1
[INFO] [stderr]    Compiling miniz_oxide v0.4.4
[INFO] [stderr]     Checking textwrap v0.15.0
[INFO] [stderr]     Checking termcolor v1.1.3
[INFO] [stderr]    Compiling reed-solomon-erasure v4.0.2
[INFO] [stderr]     Checking local-waker v0.1.2
[INFO] [stderr]    Compiling zstd-safe v4.1.4+zstd.1.5.2
[INFO] [stderr]     Checking alloc-no-stdlib v2.0.3
[INFO] [stderr]     Checking near-stdx v0.16.0
[INFO] [stderr]     Checking xmlparser v0.13.5
[INFO] [stderr]     Checking alloc-stdlib v0.2.1
[INFO] [stderr]     Checking urlencoding v2.1.0
[INFO] [stderr]     Checking adler v1.0.2
[INFO] [stderr]     Checking aws-smithy-xml v0.53.1
[INFO] [stderr]    Compiling paste v1.0.6
[INFO] [stderr]     Checking unsafe-libyaml v0.2.7
[INFO] [stdout] error: failed to write to `/opt/rustwide/target/debug/deps/rmetaB5opcQ/lib.rmeta`: No space left on device (os error 28)
[INFO] [stdout] 
[INFO] [stdout] 
[INFO] [stderr] error: could not compile `petgraph` (lib) due to 1 previous error
[INFO] [stderr] warning: build failed, waiting for other jobs to finish...
[INFO] [stderr] rustc-LLVM ERROR: IO failure on output stream: No space left on device
[INFO] [stdout] error: error writing metadata object file: No space left on device (os error 28)
[INFO] [stdout] 
[INFO] [stdout] 
[INFO] [stderr] error: could not compile `paste` (lib) due to 1 previous error
[INFO] [stdout] error: failed to write to `/opt/rustwide/target/debug/deps/rmetaAo13jw/lib.rmeta`: No space left on device (os error 28)
[INFO] [stdout] 
[INFO] [stdout] 
[INFO] [stderr] error: could not compile `regex` (lib)
[INFO] [stderr] 
[INFO] [stderr] Caused by:
[INFO] [stderr]   No space left on device (os error 28)
[INFO] [stderr] 
[INFO] [stderr] Caused by:
[INFO] [stderr]   failed to parse process output: `/opt/rustwide/rustup-home/toolchains/beta-2025-02-18-x86_64-unknown-linux-gnu/bin/rustc --crate-name regex --edition=2018 /opt/rustwide/cargo-home/registry/src/index.crates.io-1949cf8c6b5b557f/regex-1.5.5/src/lib.rs --error-format=json --json=diagnostic-rendered-ansi,artifacts,future-incompat --crate-type lib --emit=dep-info,metadata,link -C embed-bitcode=no --cfg 'feature="aho-corasick"' --cfg 'feature="default"' --cfg 'feature="memchr"' --cfg 'feature="perf"' --cfg 'feature="perf-cache"' --cfg 'feature="perf-dfa"' --cfg 'feature="perf-inline"' --cfg 'feature="perf-literal"' --cfg 'feature="std"' --cfg 'feature="unicode"' --cfg 'feature="unicode-age"' --cfg 'feature="unicode-bool"' --cfg 'feature="unicode-case"' --cfg 'feature="unicode-gencat"' --cfg 'feature="unicode-perl"' --cfg 'feature="unicode-script"' --cfg 'feature="unicode-segment"' --check-cfg 'cfg(docsrs,test)' --check-cfg 'cfg(feature, values("aho-corasick", "default", "memchr", "pattern", "perf", "perf-cache", "perf-dfa", "perf-inline", "perf-literal", "std", "unicode", "unicode-age", "unicode-bool", "unicode-case", "unicode-gencat", "unicode-perl", "unicode-script", "unicode-segment", "unstable", "use_std"))' -C metadata=d40cf20b4ab25409 -C extra-filename=-1e60822fcefe602d --out-dir /opt/rustwide/target/debug/deps -L dependency=/opt/rustwide/target/debug/deps --extern aho_corasick=/opt/rustwide/target/debug/deps/libaho_corasick-f62817971f6ae2a9.rmeta --extern memchr=/opt/rustwide/target/debug/deps/libmemchr-e43a26487a1f8142.rmeta --extern regex_syntax=/opt/rustwide/target/debug/deps/libregex_syntax-864515eb402d68a0.rmeta --cap-lints allow --cap-lints=warn` (exit status: 101)
[INFO] [stderr] error: could not compile `termcolor` (lib) due to 1 previous error
[INFO] [stderr] error: could not parse/generate dep info at: /opt/rustwide/target/debug/deps/aws_smithy_xml-4e37158db041d1e5.d
[INFO] [stderr] 
[INFO] [stderr] Caused by:
[INFO] [stderr]   failed to write `/opt/rustwide/target/debug/.fingerprint/aws-smithy-xml-4e37158db041d1e5/dep-lib-aws_smithy_xml`
[INFO] [stderr] 
[INFO] [stderr] Caused by:
[INFO] [stderr]   No space left on device (os error 28)
[INFO] [stdout] error: couldn't create a temp dir: No space left on device (os error 28) at path "/tmp/rustcuiFL5y"
[INFO] [stdout] 
[INFO] [stdout] 
[INFO] [stderr] error: could not compile `itoa` (lib) due to 1 previous error
[INFO] [stdout] error: couldn't create a temp dir: No space left on device (os error 28) at path "/opt/rustwide/target/debug/deps/rmetaJOzeiA"
[INFO] [stdout] 
[INFO] [stdout] 
[INFO] [stderr] error: could not compile `erasable` (lib) due to 1 previous error
[INFO] [stderr] error: failed to write `/opt/rustwide/target/debug/build/ring-b7f226ffd008c4a4/output`
[INFO] [stderr] 
[INFO] [stderr] Caused by:
[INFO] [stderr]   No space left on device (os error 28)
[INFO] [stdout] error: failed to write to `/opt/rustwide/target/debug/deps/rmetaZqh71z/lib.rmeta`: No space left on device (os error 28)
[INFO] [stdout] 
[INFO] [stdout] 
[INFO] [stderr] error: could not compile `num-bigint` (lib) due to 1 previous error
[INFO] [stdout] error: failed to write to `/opt/rustwide/target/debug/deps/rmetaCnH2hT/lib.rmeta`: No space left on device (os error 28)
[INFO] [stdout] 
[INFO] [stdout] 
[INFO] [stdout] error: couldn't create a temp dir: No space left on device (os error 28) at path "/opt/rustwide/target/debug/deps/rmetaYdggpm"
[INFO] [stdout] 
[INFO] [stdout] 
[INFO] [stdout] error: couldn't create a temp dir: No space left on device (os error 28) at path "/opt/rustwide/target/debug/deps/rmetao9ufQc"
[INFO] [stdout] 
[INFO] [stdout] 
[INFO] [stderr] error: could not compile `unsafe-libyaml` (lib) due to 1 previous error
[INFO] [stderr] error: could not compile `miniz_oxide` (lib) due to 1 previous error
[INFO] [stderr] error: could not compile `encoding_rs` (lib) due to 1 previous error
[INFO] [stderr] warning: secp256k1-sys@0.6.1: depend/secp256k1/src/precomputed_ecmult.c:16459:1: fatal error: error writing to /tmp/ccYvTGTS.s: No space left on device
[INFO] [stderr] warning: secp256k1-sys@0.6.1: 16459 | };
[INFO] [stderr] warning: secp256k1-sys@0.6.1:       | ^
[INFO] [stderr] warning: secp256k1-sys@0.6.1: compilation terminated.
[INFO] [stderr] error: failed to run custom build command for `secp256k1-sys v0.6.1`
[INFO] [stderr] note: To improve backtraces for build dependencies, set the CARGO_PROFILE_DEV_BUILD_OVERRIDE_DEBUG=true environment variable to enable debug information generation.
[INFO] [stderr] 
[INFO] [stderr] Caused by:
[INFO] [stderr]   process didn't exit successfully: `/opt/rustwide/target/debug/build/secp256k1-sys-39091bd406a9872a/build-script-build` (exit status: 1)
[INFO] [stderr]   --- stdout
[INFO] [stderr]   TARGET = Some("x86_64-unknown-linux-gnu")
[INFO] [stderr]   OPT_LEVEL = Some("0")
[INFO] [stderr]   HOST = Some("x86_64-unknown-linux-gnu")
[INFO] [stderr]   CC_x86_64-unknown-linux-gnu = None
[INFO] [stderr]   CC_x86_64_unknown_linux_gnu = None
[INFO] [stderr]   HOST_CC = None
[INFO] [stderr]   CC = None
[INFO] [stderr]   CFLAGS_x86_64-unknown-linux-gnu = None
[INFO] [stderr]   CFLAGS_x86_64_unknown_linux_gnu = None
[INFO] [stderr]   HOST_CFLAGS = None
[INFO] [stderr]   CFLAGS = None
[INFO] [stderr]   CRATE_CC_NO_DEFAULTS = None
[INFO] [stderr]   DEBUG = Some("true")
[INFO] [stderr]   CARGO_CFG_TARGET_FEATURE = Some("fxsr,sse,sse2")
[INFO] [stderr]   CC_x86_64-unknown-linux-gnu = None
[INFO] [stderr]   CC_x86_64_unknown_linux_gnu = None
[INFO] [stderr]   HOST_CC = None
[INFO] [stderr]   CC = None
[INFO] [stderr]   CFLAGS_x86_64-unknown-linux-gnu = None
[INFO] [stderr]   CFLAGS_x86_64_unknown_linux_gnu = None
[INFO] [stderr]   HOST_CFLAGS = None
[INFO] [stderr]   CFLAGS = None
[INFO] [stderr]   CRATE_CC_NO_DEFAULTS = None
[INFO] [stderr]   CARGO_CFG_TARGET_FEATURE = Some("fxsr,sse,sse2")
[INFO] [stderr]   running: "cc" "-O0" "-ffunction-sections" "-fdata-sections" "-fPIC" "-g" "-fno-omit-frame-pointer" "-m64" "-I" "depend/secp256k1/" "-I" "depend/secp256k1/include" "-I" "depend/secp256k1/src" "-Wall" "-Wextra" "-Wno-unused-function" "-DSECP256K1_API=" "-DENABLE_MODULE_ECDH=1" "-DENABLE_MODULE_SCHNORRSIG=1" "-DENABLE_MODULE_EXTRAKEYS=1" "-DUSE_NUM_NONE=1" "-DUSE_FIELD_INV_BUILTIN=1" "-DUSE_SCALAR_INV_BUILTIN=1" "-DECMULT_GEN_PREC_BITS=4" "-DECMULT_WINDOW_SIZE=15" "-DUSE_EXTERNAL_DEFAULT_CALLBACKS=1" "-DENABLE_MODULE_RECOVERY=1" "-o" "/opt/rustwide/target/debug/build/secp256k1-sys-48faeab870044782/out/depend/secp256k1/contrib/lax_der_parsing.o" "-c" "depend/secp256k1/contrib/lax_der_parsing.c"
[INFO] [stderr]   exit status: 0
[INFO] [stderr]   running: "cc" "-O0" "-ffunction-sections" "-fdata-sections" "-fPIC" "-g" "-fno-omit-frame-pointer" "-m64" "-I" "depend/secp256k1/" "-I" "depend/secp256k1/include" "-I" "depend/secp256k1/src" "-Wall" "-Wextra" "-Wno-unused-function" "-DSECP256K1_API=" "-DENABLE_MODULE_ECDH=1" "-DENABLE_MODULE_SCHNORRSIG=1" "-DENABLE_MODULE_EXTRAKEYS=1" "-DUSE_NUM_NONE=1" "-DUSE_FIELD_INV_BUILTIN=1" "-DUSE_SCALAR_INV_BUILTIN=1" "-DECMULT_GEN_PREC_BITS=4" "-DECMULT_WINDOW_SIZE=15" "-DUSE_EXTERNAL_DEFAULT_CALLBACKS=1" "-DENABLE_MODULE_RECOVERY=1" "-o" "/opt/rustwide/target/debug/build/secp256k1-sys-48faeab870044782/out/depend/secp256k1/src/precomputed_ecmult_gen.o" "-c" "depend/secp256k1/src/precomputed_ecmult_gen.c"
[INFO] [stderr]   exit status: 0
[INFO] [stderr]   running: "cc" "-O0" "-ffunction-sections" "-fdata-sections" "-fPIC" "-g" "-fno-omit-frame-pointer" "-m64" "-I" "depend/secp256k1/" "-I" "depend/secp256k1/include" "-I" "depend/secp256k1/src" "-Wall" "-Wextra" "-Wno-unused-function" "-DSECP256K1_API=" "-DENABLE_MODULE_ECDH=1" "-DENABLE_MODULE_SCHNORRSIG=1" "-DENABLE_MODULE_EXTRAKEYS=1" "-DUSE_NUM_NONE=1" "-DUSE_FIELD_INV_BUILTIN=1" "-DUSE_SCALAR_INV_BUILTIN=1" "-DECMULT_GEN_PREC_BITS=4" "-DECMULT_WINDOW_SIZE=15" "-DUSE_EXTERNAL_DEFAULT_CALLBACKS=1" "-DENABLE_MODULE_RECOVERY=1" "-o" "/opt/rustwide/target/debug/build/secp256k1-sys-48faeab870044782/out/depend/secp256k1/src/precomputed_ecmult.o" "-c" "depend/secp256k1/src/precomputed_ecmult.c"
[INFO] [stderr]   running: "cc" "-O0" "-ffunction-sections" "-fdata-sections" "-fPIC" "-g" "-fno-omit-frame-pointer" "-m64" "-I" "depend/secp256k1/" "-I" "depend/secp256k1/include" "-I" "depend/secp256k1/src" "-Wall" "-Wextra" "-Wno-unused-function" "-DSECP256K1_API=" "-DENABLE_MODULE_ECDH=1" "-DENABLE_MODULE_SCHNORRSIG=1" "-DENABLE_MODULE_EXTRAKEYS=1" "-DUSE_NUM_NONE=1" "-DUSE_FIELD_INV_BUILTIN=1" "-DUSE_SCALAR_INV_BUILTIN=1" "-DECMULT_GEN_PREC_BITS=4" "-DECMULT_WINDOW_SIZE=15" "-DUSE_EXTERNAL_DEFAULT_CALLBACKS=1" "-DENABLE_MODULE_RECOVERY=1" "-o" "/opt/rustwide/target/debug/build/secp256k1-sys-48faeab870044782/out/depend/secp256k1/src/secp256k1.o" "-c" "depend/secp256k1/src/secp256k1.c"
[INFO] [stderr]   exit status: 0
[INFO] [stderr]   cargo:warning=depend/secp256k1/src/precomputed_ecmult.c:16459:1: fatal error: error writing to /tmp/ccYvTGTS.s: No space left on device
[INFO] [stderr]   cargo:warning=16459 | };
[INFO] [stderr]   cargo:warning=      | ^
[INFO] [stderr]   cargo:warning=compilation terminated.
[INFO] [stderr]   exit status: 1
[INFO] [stderr] 
[INFO] [stderr]   --- stderr
[INFO] [stderr] 
[INFO] [stderr] 
[INFO] [stderr]   error occurred: Command "cc" "-O0" "-ffunction-sections" "-fdata-sections" "-fPIC" "-g" "-fno-omit-frame-pointer" "-m64" "-I" "depend/secp256k1/" "-I" "depend/secp256k1/include" "-I" "depend/secp256k1/src" "-Wall" "-Wextra" "-Wno-unused-function" "-DSECP256K1_API=" "-DENABLE_MODULE_ECDH=1" "-DENABLE_MODULE_SCHNORRSIG=1" "-DENABLE_MODULE_EXTRAKEYS=1" "-DUSE_NUM_NONE=1" "-DUSE_FIELD_INV_BUILTIN=1" "-DUSE_SCALAR_INV_BUILTIN=1" "-DECMULT_GEN_PREC_BITS=4" "-DECMULT_WINDOW_SIZE=15" "-DUSE_EXTERNAL_DEFAULT_CALLBACKS=1" "-DENABLE_MODULE_RECOVERY=1" "-o" "/opt/rustwide/target/debug/build/secp256k1-sys-48faeab870044782/out/depend/secp256k1/src/precomputed_ecmult.o" "-c" "depend/secp256k1/src/precomputed_ecmult.c" with args "cc" did not execute successfully (status code exit status: 1).
[INFO] [stderr] 
[INFO] [stderr] 
[INFO] [stdout] error: failed to write to `/opt/rustwide/target/debug/deps/rmetaZvCwQT/lib.rmeta`: No space left on device (os error 28)
[INFO] [stdout] 
[INFO] [stdout] 
[INFO] [stderr] error: could not compile `syn` (lib) due to 1 previous error
[INFO] [stdout] error: failed to write to `/opt/rustwide/target/debug/deps/rmetaIUBq5t/lib.rmeta`: No space left on device (os error 28)
[INFO] [stdout] 
[INFO] [stdout] 
[INFO] [stderr] error: could not compile `openssl` (lib) due to 1 previous error
[INFO] [stdout] error: couldn't create a temp dir: No space left on device (os error 28) at path "/opt/rustwide/target/debug/deps/rmetawPEEH2"
[INFO] [stdout] 
[INFO] [stdout] 
[INFO] [stderr] error: could not compile `protobuf` (lib) due to 1 previous error
[INFO] [stderr] warning: zstd-sys@1.6.3+zstd.1.5.2: zstd/lib/common/pool.c:353:1: fatal error: error writing to /tmp/cc1kfSZ1.s: No space left on device
[INFO] [stderr] warning: zstd-sys@1.6.3+zstd.1.5.2:   353 | }
[INFO] [stderr] warning: zstd-sys@1.6.3+zstd.1.5.2:       | ^
[INFO] [stderr] warning: zstd-sys@1.6.3+zstd.1.5.2: compilation terminated.
[INFO] [stderr] warning: zstd-sys@1.6.3+zstd.1.5.2: zstd/lib/common/error_private.c:56:1: fatal error: error writing to /tmp/ccVRdLVq.s: No space left on device
[INFO] [stderr] warning: zstd-sys@1.6.3+zstd.1.5.2:    56 | }
[INFO] [stderr] warning: zstd-sys@1.6.3+zstd.1.5.2:       | ^
[INFO] [stderr] warning: zstd-sys@1.6.3+zstd.1.5.2: compilation terminated.
[INFO] [stderr] warning: zstd-sys@1.6.3+zstd.1.5.2: zstd/lib/common/entropy_common.c:368:1: fatal error: error writing to /tmp/cc8x4jMI.s: No space left on device
[INFO] [stderr] warning: zstd-sys@1.6.3+zstd.1.5.2:   368 | }
[INFO] [stderr] warning: zstd-sys@1.6.3+zstd.1.5.2:       | ^
[INFO] [stderr] warning: zstd-sys@1.6.3+zstd.1.5.2: compilation terminated.
[INFO] [stderr] warning: zstd-sys@1.6.3+zstd.1.5.2: zstd/lib/common/fse_decompress.c:399:1: fatal error: error writing to /tmp/ccxudaED.s: No space left on device
[INFO] [stderr] warning: zstd-sys@1.6.3+zstd.1.5.2:   399 | }
[INFO] [stderr] warning: zstd-sys@1.6.3+zstd.1.5.2:       | ^
[INFO] [stderr] warning: zstd-sys@1.6.3+zstd.1.5.2: compilation terminated.
[INFO] [stderr] warning: zstd-sys@1.6.3+zstd.1.5.2: zstd/lib/compress/zstd_fast.c:675:1: fatal error: error writing to /tmp/ccx6H029.s: No space left on device
[INFO] [stderr] warning: zstd-sys@1.6.3+zstd.1.5.2:   675 | }
[INFO] [stderr] warning: zstd-sys@1.6.3+zstd.1.5.2:       | ^
[INFO] [stderr] warning: zstd-sys@1.6.3+zstd.1.5.2: compilation terminated.
[INFO] [stderr] error: failed to run custom build command for `zstd-sys v1.6.3+zstd.1.5.2`
[INFO] [stderr] note: To improve backtraces for build dependencies, set the CARGO_PROFILE_DEV_BUILD_OVERRIDE_DEBUG=true environment variable to enable debug information generation.
[INFO] [stderr] 
[INFO] [stderr] Caused by:
[INFO] [stderr]   process didn't exit successfully: `/opt/rustwide/target/debug/build/zstd-sys-e050384ef667447b/build-script-build` (exit status: 1)
[INFO] [stderr]   --- stdout
[INFO] [stderr]   TARGET = Some("x86_64-unknown-linux-gnu")
[INFO] [stderr]   HOST = Some("x86_64-unknown-linux-gnu")
[INFO] [stderr]   CC_x86_64-unknown-linux-gnu = None
[INFO] [stderr]   CC_x86_64_unknown_linux_gnu = None
[INFO] [stderr]   HOST_CC = None
[INFO] [stderr]   CC = None
[INFO] [stderr]   CFLAGS_x86_64-unknown-linux-gnu = None
[INFO] [stderr]   CFLAGS_x86_64_unknown_linux_gnu = None
[INFO] [stderr]   HOST_CFLAGS = None
[INFO] [stderr]   CFLAGS = None
[INFO] [stderr]   CRATE_CC_NO_DEFAULTS = None
[INFO] [stderr]   DEBUG = Some("true")
[INFO] [stderr]   CARGO_CFG_TARGET_FEATURE = Some("fxsr,sse,sse2")
[INFO] [stderr]   running: "cc" "-O3" "-ffunction-sections" "-fdata-sections" "-fPIC" "-g" "-fno-omit-frame-pointer" "-m64" "-I" "zstd/lib/" "-I" "zstd/lib/common" "-I" "zstd/lib/legacy" "-fvisibility=hidden" "-DZSTD_LIB_DEPRECATED=0" "-DXXH_PRIVATE_API=" "-DZSTDLIB_VISIBILITY=" "-DZDICTLIB_VISIBILITY=" "-DZSTDERRORLIB_VISIBILITY=" "-DZSTD_LEGACY_SUPPORT=1" "-o" "/opt/rustwide/target/debug/build/zstd-sys-7228fe169bf7d1a6/out/zstd/lib/common/entropy_common.o" "-c" "zstd/lib/common/entropy_common.c"
[INFO] [stderr]   running: "cc" "-O3" "-ffunction-sections" "-fdata-sections" "-fPIC" "-g" "-fno-omit-frame-pointer" "-m64" "-I" "zstd/lib/" "-I" "zstd/lib/common" "-I" "zstd/lib/legacy" "-fvisibility=hidden" "-DZSTD_LIB_DEPRECATED=0" "-DXXH_PRIVATE_API=" "-DZSTDLIB_VISIBILITY=" "-DZDICTLIB_VISIBILITY=" "-DZSTDERRORLIB_VISIBILITY=" "-DZSTD_LEGACY_SUPPORT=1" "-o" "/opt/rustwide/target/debug/build/zstd-sys-7228fe169bf7d1a6/out/zstd/lib/common/pool.o" "-c" "zstd/lib/common/pool.c"
[INFO] [stderr]   running: "cc" "-O3" "-ffunction-sections" "-fdata-sections" "-fPIC" "-g" "-fno-omit-frame-pointer" "-m64" "-I" "zstd/lib/" "-I" "zstd/lib/common" "-I" "zstd/lib/legacy" "-fvisibility=hidden" "-DZSTD_LIB_DEPRECATED=0" "-DXXH_PRIVATE_API=" "-DZSTDLIB_VISIBILITY=" "-DZDICTLIB_VISIBILITY=" "-DZSTDERRORLIB_VISIBILITY=" "-DZSTD_LEGACY_SUPPORT=1" "-o" "/opt/rustwide/target/debug/build/zstd-sys-7228fe169bf7d1a6/out/zstd/lib/common/threading.o" "-c" "zstd/lib/common/threading.c"
[INFO] [stderr]   exit status: 0
[INFO] [stderr]   running: "cc" "-O3" "-ffunction-sections" "-fdata-sections" "-fPIC" "-g" "-fno-omit-frame-pointer" "-m64" "-I" "zstd/lib/" "-I" "zstd/lib/common" "-I" "zstd/lib/legacy" "-fvisibility=hidden" "-DZSTD_LIB_DEPRECATED=0" "-DXXH_PRIVATE_API=" "-DZSTDLIB_VISIBILITY=" "-DZDICTLIB_VISIBILITY=" "-DZSTDERRORLIB_VISIBILITY=" "-DZSTD_LEGACY_SUPPORT=1" "-o" "/opt/rustwide/target/debug/build/zstd-sys-7228fe169bf7d1a6/out/zstd/lib/common/debug.o" "-c" "zstd/lib/common/debug.c"
[INFO] [stderr]   exit status: 0
[INFO] [stderr]   running: "cc" "-O3" "-ffunction-sections" "-fdata-sections" "-fPIC" "-g" "-fno-omit-frame-pointer" "-m64" "-I" "zstd/lib/" "-I" "zstd/lib/common" "-I" "zstd/lib/legacy" "-fvisibility=hidden" "-DZSTD_LIB_DEPRECATED=0" "-DXXH_PRIVATE_API=" "-DZSTDLIB_VISIBILITY=" "-DZDICTLIB_VISIBILITY=" "-DZSTDERRORLIB_VISIBILITY=" "-DZSTD_LEGACY_SUPPORT=1" "-o" "/opt/rustwide/target/debug/build/zstd-sys-7228fe169bf7d1a6/out/zstd/lib/common/fse_decompress.o" "-c" "zstd/lib/common/fse_decompress.c"
[INFO] [stderr]   running: "cc" "-O3" "-ffunction-sections" "-fdata-sections" "-fPIC" "-g" "-fno-omit-frame-pointer" "-m64" "-I" "zstd/lib/" "-I" "zstd/lib/common" "-I" "zstd/lib/legacy" "-fvisibility=hidden" "-DZSTD_LIB_DEPRECATED=0" "-DXXH_PRIVATE_API=" "-DZSTDLIB_VISIBILITY=" "-DZDICTLIB_VISIBILITY=" "-DZSTDERRORLIB_VISIBILITY=" "-DZSTD_LEGACY_SUPPORT=1" "-o" "/opt/rustwide/target/debug/build/zstd-sys-7228fe169bf7d1a6/out/zstd/lib/common/error_private.o" "-c" "zstd/lib/common/error_private.c"
[INFO] [stderr]   running: "cc" "-O3" "-ffunction-sections" "-fdata-sections" "-fPIC" "-g" "-fno-omit-frame-pointer" "-m64" "-I" "zstd/lib/" "-I" "zstd/lib/common" "-I" "zstd/lib/legacy" "-fvisibility=hidden" "-DZSTD_LIB_DEPRECATED=0" "-DXXH_PRIVATE_API=" "-DZSTDLIB_VISIBILITY=" "-DZDICTLIB_VISIBILITY=" "-DZSTDERRORLIB_VISIBILITY=" "-DZSTD_LEGACY_SUPPORT=1" "-o" "/opt/rustwide/target/debug/build/zstd-sys-7228fe169bf7d1a6/out/zstd/lib/common/zstd_common.o" "-c" "zstd/lib/common/zstd_common.c"
[INFO] [stderr]   cargo:warning=zstd/lib/common/pool.c:353:1: fatal error: error writing to /tmp/cc1kfSZ1.s: No space left on device
[INFO] [stderr]   cargo:warning=  353 | }
[INFO] [stderr]   cargo:warning=      | ^
[INFO] [stderr]   cargo:warning=compilation terminated.
[INFO] [stderr]   exit status: 1
[INFO] [stderr]   running: "cc" "-O3" "-ffunction-sections" "-fdata-sections" "-fPIC" "-g" "-fno-omit-frame-pointer" "-m64" "-I" "zstd/lib/" "-I" "zstd/lib/common" "-I" "zstd/lib/legacy" "-fvisibility=hidden" "-DZSTD_LIB_DEPRECATED=0" "-DXXH_PRIVATE_API=" "-DZSTDLIB_VISIBILITY=" "-DZDICTLIB_VISIBILITY=" "-DZSTDERRORLIB_VISIBILITY=" "-DZSTD_LEGACY_SUPPORT=1" "-o" "/opt/rustwide/target/debug/build/zstd-sys-7228fe169bf7d1a6/out/zstd/lib/compress/zstd_fast.o" "-c" "zstd/lib/compress/zstd_fast.c"
[INFO] [stderr]   cargo:warning=zstd/lib/common/error_private.c:56:1: fatal error: error writing to /tmp/ccVRdLVq.s: No space left on device
[INFO] [stderr]   cargo:warning=   56 | }
[INFO] [stderr]   cargo:warning=      | ^
[INFO] [stderr]   cargo:warning=compilation terminated.
[INFO] [stderr]   exit status: 1
[INFO] [stderr]   exit status: 0
[INFO] [stderr]   cargo:warning=zstd/lib/common/entropy_common.c:368:1: fatal error: error writing to /tmp/cc8x4jMI.s: No space left on device
[INFO] [stderr]   cargo:warning=  368 | }
[INFO] [stderr]   cargo:warning=      | ^
[INFO] [stderr]   cargo:warning=compilation terminated.
[INFO] [stderr]   exit status: 1
[INFO] [stderr]   cargo:warning=zstd/lib/common/fse_decompress.c:399:1: fatal error: error writing to /tmp/ccxudaED.s: No space left on device
[INFO] [stderr]   cargo:warning=  399 | }
[INFO] [stderr]   cargo:warning=      | ^
[INFO] [stderr]   cargo:warning=compilation terminated.
[INFO] [stderr]   exit status: 1
[INFO] [stderr]   cargo:warning=zstd/lib/compress/zstd_fast.c:675:1: fatal error: error writing to /tmp/ccx6H029.s: No space left on device
[INFO] [stderr]   cargo:warning=  675 | }
[INFO] [stderr]   cargo:warning=      | ^
[INFO] [stderr]   cargo:warning=compilation terminated.
[INFO] [stderr]   exit status: 1
[INFO] [stderr] 
[INFO] [stderr]   --- stderr
[INFO] [stderr] 
[INFO] [stderr] 
[INFO] [stderr]   error occurred: Command "cc" "-O3" "-ffunction-sections" "-fdata-sections" "-fPIC" "-g" "-fno-omit-frame-pointer" "-m64" "-I" "zstd/lib/" "-I" "zstd/lib/common" "-I" "zstd/lib/legacy" "-fvisibility=hidden" "-DZSTD_LIB_DEPRECATED=0" "-DXXH_PRIVATE_API=" "-DZSTDLIB_VISIBILITY=" "-DZDICTLIB_VISIBILITY=" "-DZSTDERRORLIB_VISIBILITY=" "-DZSTD_LEGACY_SUPPORT=1" "-o" "/opt/rustwide/target/debug/build/zstd-sys-7228fe169bf7d1a6/out/zstd/lib/common/entropy_common.o" "-c" "zstd/lib/common/entropy_common.c" with args "cc" did not execute successfully (status code exit status: 1).
[INFO] [stderr] 
[INFO] [stderr] 
[INFO] running `Command { std: "docker" "inspect" "4a5926a543181a424a24199ce4b2fedf47d67fb29848d2dff336ed79c455a928", kill_on_drop: false }`
[INFO] running `Command { std: "docker" "rm" "-f" "4a5926a543181a424a24199ce4b2fedf47d67fb29848d2dff336ed79c455a928", kill_on_drop: false }`
[INFO] [stdout] 4a5926a543181a424a24199ce4b2fedf47d67fb29848d2dff336ed79c455a928
