[INFO] cloning repository https://github.com/keirlawson/ji
[INFO] running `Command { std: "git" "-c" "credential.helper=" "-c" "credential.helper=/workspace/cargo-home/bin/git-credential-null" "clone" "--bare" "https://github.com/keirlawson/ji" "/workspace/cache/git-repos/https%3A%2F%2Fgithub.com%2Fkeirlawson%2Fji", kill_on_drop: false }`
[INFO] [stderr] Cloning into bare repository '/workspace/cache/git-repos/https%3A%2F%2Fgithub.com%2Fkeirlawson%2Fji'...
[INFO] running `Command { std: "git" "rev-parse" "HEAD", kill_on_drop: false }`
[INFO] [stdout] e646d4b9c432eb39a6d8eeda995d4aa38c4b921b
[INFO] documenting keirlawson/ji against beta-2025-02-18 for beta-1.86-rustdoc-1
[INFO] running `Command { std: "git" "clone" "/workspace/cache/git-repos/https%3A%2F%2Fgithub.com%2Fkeirlawson%2Fji" "/workspace/builds/worker-3-tc2/source", kill_on_drop: false }`
[INFO] [stderr] Cloning into '/workspace/builds/worker-3-tc2/source'...
[INFO] [stderr] done.
[INFO] validating manifest of git repo https://github.com/keirlawson/ji on toolchain beta-2025-02-18
[INFO] running `Command { std: CARGO_HOME="/workspace/cargo-home" RUSTUP_HOME="/workspace/rustup-home" "/workspace/cargo-home/bin/cargo" "+beta-2025-02-18" "metadata" "--manifest-path" "Cargo.toml" "--no-deps", kill_on_drop: false }`
[INFO] started tweaking git repo https://github.com/keirlawson/ji
[INFO] finished tweaking git repo https://github.com/keirlawson/ji
[INFO] tweaked toml for git repo https://github.com/keirlawson/ji written to /workspace/builds/worker-3-tc2/source/Cargo.toml
[INFO] crate git repo https://github.com/keirlawson/ji already has a lockfile, it will not be regenerated
[INFO] running `Command { std: CARGO_HOME="/workspace/cargo-home" RUSTUP_HOME="/workspace/rustup-home" "/workspace/cargo-home/bin/cargo" "+beta-2025-02-18" "fetch" "--manifest-path" "Cargo.toml", kill_on_drop: false }`
[INFO] [stderr]     Blocking waiting for file lock on package cache
[INFO] [stderr]     Blocking waiting for file lock on package cache
[INFO] running `Command { std: "docker" "create" "-v" "/var/lib/crater-agent-workspace/builds/worker-3-tc2/target:/opt/rustwide/target:rw,Z" "-v" "/var/lib/crater-agent-workspace/builds/worker-3-tc2/source:/opt/rustwide/workdir:ro,Z" "-v" "/var/lib/crater-agent-workspace/cargo-home:/opt/rustwide/cargo-home:ro,Z" "-v" "/var/lib/crater-agent-workspace/rustup-home:/opt/rustwide/rustup-home:ro,Z" "-e" "SOURCE_DIR=/opt/rustwide/workdir" "-e" "CARGO_TARGET_DIR=/opt/rustwide/target" "-e" "CARGO_HOME=/opt/rustwide/cargo-home" "-e" "RUSTUP_HOME=/opt/rustwide/rustup-home" "-w" "/opt/rustwide/workdir" "-m" "1610612736" "--user" "0:0" "--network" "none" "ghcr.io/rust-lang/crates-build-env/linux@sha256:3959728d45483eb673ba100a951a6b9f5012970368db2a9e08e0ac9b67c8a5ad" "/opt/rustwide/cargo-home/bin/cargo" "+beta-2025-02-18" "metadata" "--no-deps" "--format-version=1", kill_on_drop: false }`
[INFO] [stdout] 929b1e359a91c0292530ff5740486e64cf3a40cf32a8900960704d2c4c1ce91f
[INFO] running `Command { std: "docker" "start" "-a" "929b1e359a91c0292530ff5740486e64cf3a40cf32a8900960704d2c4c1ce91f", kill_on_drop: false }`
[INFO] running `Command { std: "docker" "inspect" "929b1e359a91c0292530ff5740486e64cf3a40cf32a8900960704d2c4c1ce91f", kill_on_drop: false }`
[INFO] running `Command { std: "docker" "rm" "-f" "929b1e359a91c0292530ff5740486e64cf3a40cf32a8900960704d2c4c1ce91f", kill_on_drop: false }`
[INFO] [stdout] 929b1e359a91c0292530ff5740486e64cf3a40cf32a8900960704d2c4c1ce91f
[INFO] running `Command { std: "docker" "create" "-v" "/var/lib/crater-agent-workspace/builds/worker-3-tc2/target:/opt/rustwide/target:rw,Z" "-v" "/var/lib/crater-agent-workspace/builds/worker-3-tc2/source:/opt/rustwide/workdir:ro,Z" "-v" "/var/lib/crater-agent-workspace/cargo-home:/opt/rustwide/cargo-home:ro,Z" "-v" "/var/lib/crater-agent-workspace/rustup-home:/opt/rustwide/rustup-home:ro,Z" "-e" "SOURCE_DIR=/opt/rustwide/workdir" "-e" "CARGO_TARGET_DIR=/opt/rustwide/target" "-e" "CARGO_INCREMENTAL=0" "-e" "RUST_BACKTRACE=full" "-e" "RUSTFLAGS=--cap-lints=warn" "-e" "RUSTDOCFLAGS=--cap-lints=warn" "-e" "CARGO_HOME=/opt/rustwide/cargo-home" "-e" "RUSTUP_HOME=/opt/rustwide/rustup-home" "-w" "/opt/rustwide/workdir" "-m" "1610612736" "--user" "0:0" "--network" "none" "ghcr.io/rust-lang/crates-build-env/linux@sha256:3959728d45483eb673ba100a951a6b9f5012970368db2a9e08e0ac9b67c8a5ad" "/opt/rustwide/cargo-home/bin/cargo" "+beta-2025-02-18" "doc" "--frozen" "--no-deps" "--document-private-items" "--message-format=json", kill_on_drop: false }`
[INFO] [stdout] d007fb03acf4f8c3e92e1776d6c8e942a8b0c4e1baea33a53e21cc58fb6f0252
[INFO] running `Command { std: "docker" "start" "-a" "d007fb03acf4f8c3e92e1776d6c8e942a8b0c4e1baea33a53e21cc58fb6f0252", kill_on_drop: false }`
[INFO] [stderr]    Compiling proc-macro2 v1.0.85
[INFO] [stderr]    Compiling unicode-ident v1.0.12
[INFO] [stderr]    Compiling libc v0.2.155
[INFO] [stderr]    Compiling autocfg v1.3.0
[INFO] [stderr]     Checking log v0.4.21
[INFO] [stderr]     Checking memchr v2.7.4
[INFO] [stderr]     Checking cfg-if v1.0.0
[INFO] [stderr]     Checking stable_deref_trait v1.2.0
[INFO] [stderr]     Checking bitflags v2.5.0
[INFO] [stderr]     Checking pin-project-lite v0.2.14
[INFO] [stderr]    Compiling cc v1.0.99
[INFO] [stderr]    Compiling pkg-config v0.3.30
[INFO] [stderr]    Compiling vcpkg v0.2.15
[INFO] [stderr]     Checking once_cell v1.19.0
[INFO] [stderr]     Checking bytes v1.6.0
[INFO] [stderr]     Checking smallvec v1.13.2
[INFO] [stderr]     Checking writeable v0.5.5
[INFO] [stderr]    Compiling crossbeam-utils v0.8.20
[INFO] [stderr]    Compiling version_check v0.9.4
[INFO] [stderr]     Checking litemap v0.7.3
[INFO] [stderr]     Checking itoa v1.0.11
[INFO] [stderr]     Checking futures-core v0.3.30
[INFO] [stderr]     Checking fnv v1.0.7
[INFO] [stderr]    Compiling serde v1.0.203
[INFO] [stderr]     Checking icu_locid_transform_data v1.5.0
[INFO] [stderr]    Compiling parking_lot_core v0.9.10
[INFO] [stderr]    Compiling openssl v0.10.64
[INFO] [stderr]     Checking foreign-types-shared v0.1.1
[INFO] [stderr]     Checking tracing-core v0.1.32
[INFO] [stderr]     Checking foreign-types v0.3.2
[INFO] [stderr]     Checking futures-io v0.3.30
[INFO] [stderr]     Checking scopeguard v1.2.0
[INFO] [stderr]    Compiling signal-hook v0.3.17
[INFO] [stderr]    Compiling proc-macro-error-attr v1.0.4
[INFO] [stderr]    Compiling syn v1.0.109
[INFO] [stderr]     Checking http v0.2.12
[INFO] [stderr]     Checking unicode-width v0.1.13
[INFO] [stderr]    Compiling slab v0.4.9
[INFO] [stderr]    Compiling lock_api v0.4.12
[INFO] [stderr]     Checking equivalent v1.0.1
[INFO] [stderr]    Compiling httparse v1.9.3
[INFO] [stderr]    Compiling quote v1.0.36
[INFO] [stderr]    Compiling native-tls v0.2.12
[INFO] [stderr]    Compiling rayon-core v1.12.1
[INFO] [stderr]     Checking icu_properties_data v1.5.0
[INFO] [stderr]    Compiling syn v2.0.66
[INFO] [stderr]     Checking mio v0.8.11
[INFO] [stderr]     Checking socket2 v0.5.7
[INFO] [stderr]     Checking futures-sink v0.3.30
[INFO] [stderr]     Checking hashbrown v0.14.5
[INFO] [stderr]     Checking pin-utils v0.1.0
[INFO] [stderr]     Checking futures-task v0.3.30
[INFO] [stderr]     Checking signal-hook-registry v1.4.2
[INFO] [stderr]     Checking aho-corasick v1.1.3
[INFO] [stderr]     Checking tracing v0.1.40
[INFO] [stderr]    Compiling proc-macro-error v1.0.4
[INFO] [stderr]     Checking futures-util v0.3.30
[INFO] [stderr]     Checking crossbeam-epoch v0.9.18
[INFO] [stderr]     Checking utf16_iter v1.0.5
[INFO] [stderr]     Checking regex-syntax v0.8.4
[INFO] [stderr]    Compiling rustix v0.38.34
[INFO] [stderr]     Checking openssl-probe v0.1.5
[INFO] [stderr]     Checking try-lock v0.2.5
[INFO] [stderr]     Checking utf8_iter v1.0.4
[INFO] [stderr]     Checking icu_normalizer_data v1.5.0
[INFO] [stderr]     Checking percent-encoding v2.3.1
[INFO] [stderr]     Checking write16 v1.0.0
[INFO] [stderr]     Checking want v0.3.1
[INFO] [stderr]     Checking parking_lot v0.12.3
[INFO] [stderr]     Checking form_urlencoded v1.2.1
[INFO] [stderr]     Checking tokio v1.38.0
[INFO] [stderr]     Checking crossbeam-deque v0.8.5
[INFO] [stderr]     Checking futures-channel v0.3.30
[INFO] [stderr]     Checking unicode-segmentation v1.11.0
[INFO] [stderr]     Checking http-body v0.4.6
[INFO] [stderr]     Checking ryu v1.0.18
[INFO] [stderr]    Compiling serde_json v1.0.117
[INFO] [stderr]     Checking tower-service v0.3.2
[INFO] [stderr]    Compiling thiserror v1.0.61
[INFO] [stderr]     Checking utf8parse v0.2.2
[INFO] [stderr]     Checking either v1.12.0
[INFO] [stderr]     Checking lazy_static v1.4.0
[INFO] [stderr]     Checking linux-raw-sys v0.4.14
[INFO] [stderr]     Checking httpdate v1.0.3
[INFO] [stderr]     Checking anstyle-parse v0.2.4
[INFO] [stderr]     Checking nucleo-matcher v0.3.1
[INFO] [stderr]    Compiling openssl-sys v0.9.102
[INFO] [stderr]     Checking indexmap v2.2.6
[INFO] [stderr]     Checking signal-hook-mio v0.2.3
[INFO] [stderr]     Checking atty v0.2.14
[INFO] [stderr]     Checking textwrap v0.11.0
[INFO] [stderr]     Checking base64 v0.21.7
[INFO] [stderr]     Checking ansi_term v0.12.1
[INFO] [stderr]     Checking bitflags v1.3.2
[INFO] [stderr]    Compiling heck v0.3.3
[INFO] [stderr]     Checking vec_map v0.8.2
[INFO] [stderr]     Checking anstyle v1.0.7
[INFO] [stderr]     Checking fastrand v2.1.0
[INFO] [stderr]     Checking rayon v1.10.0
[INFO] [stderr]    Compiling anyhow v1.0.86
[INFO] [stderr]     Checking colorchoice v1.0.1
[INFO] [stderr]     Checking is_terminal_polyfill v1.70.0
[INFO] [stderr]     Checking strsim v0.8.0
[INFO] [stderr]    Compiling myn v0.2.2
[INFO] [stderr]     Checking anstyle-query v1.1.0
[INFO] [stderr]     Checking rustls-pemfile v1.0.4
[INFO] [stderr]     Checking crossterm v0.27.0
[INFO] [stderr]     Checking anstream v0.6.14
[INFO] [stderr]     Checking console v0.15.8
[INFO] [stderr]     Checking clap v2.34.0
[INFO] [stderr]     Checking encoding_rs v0.8.34
[INFO] [stderr]     Checking humantime v2.1.0
[INFO] [stderr]     Checking mime v0.3.17
[INFO] [stderr]    Compiling onlyerror v0.1.4
[INFO] [stderr]     Checking regex-automata v0.4.7
[INFO] [stderr]     Checking zeroize v1.8.1
[INFO] [stderr]     Checking shell-words v1.1.0
[INFO] [stderr]     Checking ipnet v2.9.0
[INFO] [stderr]     Checking sync_wrapper v0.1.2
[INFO] [stderr]    Compiling structopt-derive v0.4.18
[INFO] [stderr]     Checking nucleo v0.5.0
[INFO] [stderr]     Checking tempfile v3.10.1
[INFO] [stderr]     Checking structopt v0.3.26
[INFO] [stderr]     Checking fuzzy-select v0.1.2
[INFO] [stderr]     Checking tokio-util v0.7.11
[INFO] [stderr]     Checking regex v1.10.5
[INFO] [stderr]     Checking h2 v0.3.26
[INFO] [stderr]     Checking env_filter v0.1.0
[INFO] [stderr]     Checking env_logger v0.11.3
[INFO] [stderr]    Compiling synstructure v0.13.1
[INFO] [stderr]     Checking hyper v0.14.29
[INFO] [stderr]    Compiling zerofrom-derive v0.1.4
[INFO] [stderr]    Compiling yoke-derive v0.7.4
[INFO] [stderr]    Compiling zerovec-derive v0.10.2
[INFO] [stderr]    Compiling displaydoc v0.2.4
[INFO] [stderr]    Compiling icu_provider_macros v1.5.0
[INFO] [stderr]    Compiling serde_derive v1.0.203
[INFO] [stderr]    Compiling openssl-macros v0.1.1
[INFO] [stderr]    Compiling thiserror-impl v1.0.61
[INFO] [stdout] error: linking with `cc` failed: exit status: 1
[INFO] [stdout]   |
[INFO] [stdout]   = note:  "cc" "-Wl,--version-script=/tmp/rustcPjD1aW/list" "-Wl,--no-undefined-version" "-m64" "/tmp/rustcPjD1aW/symbols.o" "<8 object files omitted>" "/opt/rustwide/target/debug/deps/displaydoc-d3f756b0e8f73298.5fbu5u24brn5azi99xmbf9q4k.rcgu.rmeta" "<1 object files omitted>" "-Wl,--as-needed" "-Wl,-Bstatic" "/opt/rustwide/target/debug/deps/{libsyn-5defaf1bd1d86c8f.rlib,libquote-bb8c1f70a0dc3570.rlib,libproc_macro2-2500cbbc8dc50aad.rlib,libunicode_ident-772f13ecc3fc189a.rlib}.rlib" "<sysroot>/lib/rustlib/x86_64-unknown-linux-gnu/lib/{libproc_macro-*,libstd-*,libpanic_unwind-*,libobject-*,libmemchr-*,libaddr2line-*,libgimli-*,librustc_demangle-*,libstd_detect-*,libhashbrown-*,librustc_std_workspace_alloc-*,libminiz_oxide-*,libadler2-*,libunwind-*,libcfg_if-*,liblibc-*,liballoc-*,librustc_std_workspace_core-*,libcore-*,libcompiler_builtins-*}.rlib" "-Wl,-Bdynamic" "-lgcc_s" "-lutil" "-lrt" "-lpthread" "-lm" "-ldl" "-lc" "-Wl,--eh-frame-hdr" "-Wl,-z,noexecstack" "-L" "<sysroot>/lib/rustlib/x86_64-unknown-linux-gnu/lib" "-o" "/opt/rustwide/target/debug/deps/libdisplaydoc-d3f756b0e8f73298.so" "-Wl,--gc-sections" "-shared" "-Wl,-z,relro,-z,now" "-nodefaultlibs"
[INFO] [stdout]   = note: some arguments are omitted. use `--verbose` to show all linker arguments
[INFO] [stdout]   = note: /usr/bin/ld: final link failed: No space left on device
[INFO] [stdout]           collect2: error: ld returned 1 exit status
[INFO] [stdout]           
[INFO] [stdout] 
[INFO] [stdout] 
[INFO] [stderr] error: could not compile `displaydoc` (lib) due to 1 previous error
[INFO] [stderr] warning: build failed, waiting for other jobs to finish...
[INFO] [stdout] error: linking with `cc` failed: exit status: 1
[INFO] [stdout]   |
[INFO] [stdout]   = note:  "cc" "-Wl,--version-script=/tmp/rustc81TmsS/list" "-Wl,--no-undefined-version" "-m64" "/tmp/rustc81TmsS/symbols.o" "<13 object files omitted>" "/opt/rustwide/target/debug/deps/zerofrom_derive-98895bdbf9778be1.8th8ex6b8z6tewtb0vj22jxrs.rcgu.rmeta" "<1 object files omitted>" "-Wl,--as-needed" "-Wl,-Bstatic" "/opt/rustwide/target/debug/deps/{libsynstructure-8383be027cb62bd8.rlib,libsyn-5defaf1bd1d86c8f.rlib,libquote-bb8c1f70a0dc3570.rlib,libproc_macro2-2500cbbc8dc50aad.rlib,libunicode_ident-772f13ecc3fc189a.rlib}.rlib" "<sysroot>/lib/rustlib/x86_64-unknown-linux-gnu/lib/{libproc_macro-*,libstd-*,libpanic_unwind-*,libobject-*,libmemchr-*,libaddr2line-*,libgimli-*,librustc_demangle-*,libstd_detect-*,libhashbrown-*,librustc_std_workspace_alloc-*,libminiz_oxide-*,libadler2-*,libunwind-*,libcfg_if-*,liblibc-*,liballoc-*,librustc_std_workspace_core-*,libcore-*,libcompiler_builtins-*}.rlib" "-Wl,-Bdynamic" "-lgcc_s" "-lutil" "-lrt" "-lpthread" "-lm" "-ldl" "-lc" "-Wl,--eh-frame-hdr" "-Wl,-z,noexecstack" "-L" "<sysroot>/lib/rustlib/x86_64-unknown-linux-gnu/lib" "-o" "/opt/rustwide/target/debug/deps/libzerofrom_derive-98895bdbf9778be1.so" "-Wl,--gc-sections" "-shared" "-Wl,-z,relro,-z,now" "-nodefaultlibs"
[INFO] [stdout]   = note: some arguments are omitted. use `--verbose` to show all linker arguments
[INFO] [stdout]   = note: /usr/bin/ld: final link failed: No space left on device
[INFO] [stdout]           collect2: error: ld returned 1 exit status
[INFO] [stdout]           
[INFO] [stdout] 
[INFO] [stdout] 
[INFO] [stdout] error: linking with `cc` failed: exit status: 1
[INFO] [stdout]   |
[INFO] [stdout]   = note:  "cc" "-Wl,--version-script=/tmp/rustcc7puE4/list" "-Wl,--no-undefined-version" "-m64" "/tmp/rustcc7puE4/symbols.o" "<1 object files omitted>" "/opt/rustwide/target/debug/deps/openssl_macros-1ceabf84177afe38.cswd065daxqporac05g94sq14.rcgu.rmeta" "<1 object files omitted>" "-Wl,--as-needed" "-Wl,-Bstatic" "/opt/rustwide/target/debug/deps/{libsyn-5defaf1bd1d86c8f.rlib,libquote-bb8c1f70a0dc3570.rlib,libproc_macro2-2500cbbc8dc50aad.rlib,libunicode_ident-772f13ecc3fc189a.rlib}.rlib" "<sysroot>/lib/rustlib/x86_64-unknown-linux-gnu/lib/{libproc_macro-*,libstd-*,libpanic_unwind-*,libobject-*,libmemchr-*,libaddr2line-*,libgimli-*,librustc_demangle-*,libstd_detect-*,libhashbrown-*,librustc_std_workspace_alloc-*,libminiz_oxide-*,libadler2-*,libunwind-*,libcfg_if-*,liblibc-*,liballoc-*,librustc_std_workspace_core-*,libcore-*,libcompiler_builtins-*}.rlib" "-Wl,-Bdynamic" "-lgcc_s" "-lutil" "-lrt" "-lpthread" "-lm" "-ldl" "-lc" "-Wl,--eh-frame-hdr" "-Wl,-z,noexecstack" "-L" "<sysroot>/lib/rustlib/x86_64-unknown-linux-gnu/lib" "-o" "/opt/rustwide/target/debug/deps/libopenssl_macros-1ceabf84177afe38.so" "-Wl,--gc-sections" "-shared" "-Wl,-z,relro,-z,now" "-nodefaultlibs"
[INFO] [stdout]   = note: some arguments are omitted. use `--verbose` to show all linker arguments
[INFO] [stdout]   = note: /usr/bin/ld: final link failed: No space left on device
[INFO] [stdout]           collect2: error: ld returned 1 exit status
[INFO] [stdout]           
[INFO] [stdout] 
[INFO] [stdout] 
[INFO] [stderr] error: could not compile `zerofrom-derive` (lib) due to 1 previous error
[INFO] [stdout] error: linking with `cc` failed: exit status: 1
[INFO] [stdout]   |
[INFO] [stdout]   = note:  "cc" "-Wl,--version-script=/tmp/rustcFerxOD/list" "-Wl,--no-undefined-version" "-m64" "/tmp/rustcFerxOD/symbols.o" "<12 object files omitted>" "/opt/rustwide/target/debug/deps/yoke_derive-9b5588f7d6e5f9a8.87qrhfq0b01qnhylcm2q3hmtt.rcgu.rmeta" "<1 object files omitted>" "-Wl,--as-needed" "-Wl,-Bstatic" "/opt/rustwide/target/debug/deps/{libsynstructure-8383be027cb62bd8.rlib,libsyn-5defaf1bd1d86c8f.rlib,libquote-bb8c1f70a0dc3570.rlib,libproc_macro2-2500cbbc8dc50aad.rlib,libunicode_ident-772f13ecc3fc189a.rlib}.rlib" "<sysroot>/lib/rustlib/x86_64-unknown-linux-gnu/lib/{libproc_macro-*,libstd-*,libpanic_unwind-*,libobject-*,libmemchr-*,libaddr2line-*,libgimli-*,librustc_demangle-*,libstd_detect-*,libhashbrown-*,librustc_std_workspace_alloc-*,libminiz_oxide-*,libadler2-*,libunwind-*,libcfg_if-*,liblibc-*,liballoc-*,librustc_std_workspace_core-*,libcore-*,libcompiler_builtins-*}.rlib" "-Wl,-Bdynamic" "-lgcc_s" "-lutil" "-lrt" "-lpthread" "-lm" "-ldl" "-lc" "-Wl,--eh-frame-hdr" "-Wl,-z,noexecstack" "-L" "<sysroot>/lib/rustlib/x86_64-unknown-linux-gnu/lib" "-o" "/opt/rustwide/target/debug/deps/libyoke_derive-9b5588f7d6e5f9a8.so" "-Wl,--gc-sections" "-shared" "-Wl,-z,relro,-z,now" "-nodefaultlibs"
[INFO] [stdout]   = note: some arguments are omitted. use `--verbose` to show all linker arguments
[INFO] [stdout]   = note: /usr/bin/ld: final link failed: No space left on device
[INFO] [stdout]           collect2: error: ld returned 1 exit status
[INFO] [stdout]           
[INFO] [stdout] 
[INFO] [stdout] 
[INFO] [stderr] error: could not compile `openssl-macros` (lib) due to 1 previous error
[INFO] [stderr] error: could not compile `yoke-derive` (lib) due to 1 previous error
[INFO] [stdout] error: couldn't create a temp dir: No space left on device (os error 28) at path "/opt/rustwide/target/debug/deps/rmeta6ozZw1"
[INFO] [stdout] 
[INFO] [stdout] 
[INFO] [stdout] error: linking with `cc` failed: exit status: 1
[INFO] [stdout]   |
[INFO] [stdout]   = note:  "cc" "-Wl,--version-script=/tmp/rustcI5bUHz/list" "-Wl,--no-undefined-version" "-m64" "/tmp/rustcI5bUHz/symbols.o" "<16 object files omitted>" "/opt/rustwide/target/debug/deps/thiserror_impl-e70adc068668f6dd.a0shrn5byk2x3emyxhxepwptd.rcgu.rmeta" "<1 object files omitted>" "-Wl,--as-needed" "-Wl,-Bstatic" "/opt/rustwide/target/debug/deps/{libsyn-5defaf1bd1d86c8f.rlib,libquote-bb8c1f70a0dc3570.rlib,libproc_macro2-2500cbbc8dc50aad.rlib,libunicode_ident-772f13ecc3fc189a.rlib}.rlib" "<sysroot>/lib/rustlib/x86_64-unknown-linux-gnu/lib/{libproc_macro-*,libstd-*,libpanic_unwind-*,libobject-*,libmemchr-*,libaddr2line-*,libgimli-*,librustc_demangle-*,libstd_detect-*,libhashbrown-*,librustc_std_workspace_alloc-*,libminiz_oxide-*,libadler2-*,libunwind-*,libcfg_if-*,liblibc-*,liballoc-*,librustc_std_workspace_core-*,libcore-*,libcompiler_builtins-*}.rlib" "-Wl,-Bdynamic" "-lgcc_s" "-lutil" "-lrt" "-lpthread" "-lm" "-ldl" "-lc" "-Wl,--eh-frame-hdr" "-Wl,-z,noexecstack" "-L" "<sysroot>/lib/rustlib/x86_64-unknown-linux-gnu/lib" "-o" "/opt/rustwide/target/debug/deps/libthiserror_impl-e70adc068668f6dd.so" "-Wl,--gc-sections" "-shared" "-Wl,-z,relro,-z,now" "-nodefaultlibs"
[INFO] [stdout]   = note: some arguments are omitted. use `--verbose` to show all linker arguments
[INFO] [stdout]   = note: /usr/bin/ld: final link failed: No space left on device
[INFO] [stdout]           collect2: error: ld returned 1 exit status
[INFO] [stdout]           
[INFO] [stdout] 
[INFO] [stdout] 
[INFO] [stdout] error: linking with `cc` failed: exit status: 1
[INFO] [stdout]   |
[INFO] [stdout]   = note:  "cc" "-Wl,--version-script=/tmp/rustcWboDAW/list" "-Wl,--no-undefined-version" "-m64" "/tmp/rustcWboDAW/symbols.o" "<10 object files omitted>" "/opt/rustwide/target/debug/deps/zerovec_derive-2e66eeba52d2b591.cn5i02jxy06phsw29tubh8uvy.rcgu.rmeta" "<1 object files omitted>" "-Wl,--as-needed" "-Wl,-Bstatic" "/opt/rustwide/target/debug/deps/{libsyn-5defaf1bd1d86c8f.rlib,libquote-bb8c1f70a0dc3570.rlib,libproc_macro2-2500cbbc8dc50aad.rlib,libunicode_ident-772f13ecc3fc189a.rlib}.rlib" "<sysroot>/lib/rustlib/x86_64-unknown-linux-gnu/lib/{libproc_macro-*,libstd-*,libpanic_unwind-*,libobject-*,libmemchr-*,libaddr2line-*,libgimli-*,librustc_demangle-*,libstd_detect-*,libhashbrown-*,librustc_std_workspace_alloc-*,libminiz_oxide-*,libadler2-*,libunwind-*,libcfg_if-*,liblibc-*,liballoc-*,librustc_std_workspace_core-*,libcore-*,libcompiler_builtins-*}.rlib" "-Wl,-Bdynamic" "-lgcc_s" "-lutil" "-lrt" "-lpthread" "-lm" "-ldl" "-lc" "-Wl,--eh-frame-hdr" "-Wl,-z,noexecstack" "-L" "<sysroot>/lib/rustlib/x86_64-unknown-linux-gnu/lib" "-o" "/opt/rustwide/target/debug/deps/libzerovec_derive-2e66eeba52d2b591.so" "-Wl,--gc-sections" "-shared" "-Wl,-z,relro,-z,now" "-nodefaultlibs"
[INFO] [stdout]   = note: some arguments are omitted. use `--verbose` to show all linker arguments
[INFO] [stdout]   = note: /usr/bin/ld: final link failed: No space left on device
[INFO] [stdout]           collect2: error: ld returned 1 exit status
[INFO] [stdout]           
[INFO] [stdout] 
[INFO] [stdout] 
[INFO] [stdout] error: linking with `cc` failed: exit status: 1
[INFO] [stdout]   |
[INFO] [stdout]   = note:  "cc" "-Wl,--version-script=/tmp/rustcuLq04X/list" "-Wl,--no-undefined-version" "-m64" "/tmp/rustcuLq04X/symbols.o" "<3 object files omitted>" "/opt/rustwide/target/debug/deps/icu_provider_macros-21b073ab68e5ea13.5nbvkjyzbbrxxgipq8t60z3zb.rcgu.rmeta" "<1 object files omitted>" "-Wl,--as-needed" "-Wl,-Bstatic" "/opt/rustwide/target/debug/deps/{libsyn-5defaf1bd1d86c8f.rlib,libquote-bb8c1f70a0dc3570.rlib,libproc_macro2-2500cbbc8dc50aad.rlib,libunicode_ident-772f13ecc3fc189a.rlib}.rlib" "<sysroot>/lib/rustlib/x86_64-unknown-linux-gnu/lib/{libproc_macro-*,libstd-*,libpanic_unwind-*,libobject-*,libmemchr-*,libaddr2line-*,libgimli-*,librustc_demangle-*,libstd_detect-*,libhashbrown-*,librustc_std_workspace_alloc-*,libminiz_oxide-*,libadler2-*,libunwind-*,libcfg_if-*,liblibc-*,liballoc-*,librustc_std_workspace_core-*,libcore-*,libcompiler_builtins-*}.rlib" "-Wl,-Bdynamic" "-lgcc_s" "-lutil" "-lrt" "-lpthread" "-lm" "-ldl" "-lc" "-Wl,--eh-frame-hdr" "-Wl,-z,noexecstack" "-L" "<sysroot>/lib/rustlib/x86_64-unknown-linux-gnu/lib" "-o" "/opt/rustwide/target/debug/deps/libicu_provider_macros-21b073ab68e5ea13.so" "-Wl,--gc-sections" "-shared" "-Wl,-z,relro,-z,now" "-nodefaultlibs"
[INFO] [stdout]   = note: some arguments are omitted. use `--verbose` to show all linker arguments
[INFO] [stdout]   = note: /usr/bin/ld: final link failed: No space left on device
[INFO] [stdout]           collect2: error: ld returned 1 exit status
[INFO] [stdout]           
[INFO] [stdout] 
[INFO] [stdout] 
[INFO] [stderr] error: could not compile `serde_derive` (lib) due to 1 previous error
[INFO] [stderr] error: could not compile `thiserror-impl` (lib) due to 1 previous error
[INFO] [stderr] error: could not compile `zerovec-derive` (lib) due to 1 previous error
[INFO] [stderr] error: could not compile `icu_provider_macros` (lib) due to 1 previous error
[INFO] running `Command { std: "docker" "inspect" "d007fb03acf4f8c3e92e1776d6c8e942a8b0c4e1baea33a53e21cc58fb6f0252", kill_on_drop: false }`
[INFO] running `Command { std: "docker" "rm" "-f" "d007fb03acf4f8c3e92e1776d6c8e942a8b0c4e1baea33a53e21cc58fb6f0252", kill_on_drop: false }`
[INFO] [stdout] d007fb03acf4f8c3e92e1776d6c8e942a8b0c4e1baea33a53e21cc58fb6f0252
