[INFO] cloning repository https://github.com/jito-labs/json-rpc-client
[INFO] running `Command { std: "git" "-c" "credential.helper=" "-c" "credential.helper=/workspace/cargo-home/bin/git-credential-null" "clone" "--bare" "https://github.com/jito-labs/json-rpc-client" "/workspace/cache/git-repos/https%3A%2F%2Fgithub.com%2Fjito-labs%2Fjson-rpc-client", kill_on_drop: false }`
[INFO] [stderr] Cloning into bare repository '/workspace/cache/git-repos/https%3A%2F%2Fgithub.com%2Fjito-labs%2Fjson-rpc-client'...
[INFO] running `Command { std: "git" "rev-parse" "HEAD", kill_on_drop: false }`
[INFO] [stdout] 7b6b37b170c0daf7ac6987f9f2f266e0f272657d
[INFO] documenting jito-labs/json-rpc-client against beta-2025-02-18 for beta-1.86-rustdoc-1
[INFO] running `Command { std: "git" "clone" "/workspace/cache/git-repos/https%3A%2F%2Fgithub.com%2Fjito-labs%2Fjson-rpc-client" "/workspace/builds/worker-3-tc2/source", kill_on_drop: false }`
[INFO] [stderr] Cloning into '/workspace/builds/worker-3-tc2/source'...
[INFO] [stderr] done.
[INFO] validating manifest of git repo https://github.com/jito-labs/json-rpc-client on toolchain beta-2025-02-18
[INFO] running `Command { std: CARGO_HOME="/workspace/cargo-home" RUSTUP_HOME="/workspace/rustup-home" "/workspace/cargo-home/bin/cargo" "+beta-2025-02-18" "metadata" "--manifest-path" "Cargo.toml" "--no-deps", kill_on_drop: false }`
[INFO] removed /workspace/builds/worker-3-tc2/source/rust-toolchain.toml
[INFO] started tweaking git repo https://github.com/jito-labs/json-rpc-client
[INFO] finished tweaking git repo https://github.com/jito-labs/json-rpc-client
[INFO] tweaked toml for git repo https://github.com/jito-labs/json-rpc-client written to /workspace/builds/worker-3-tc2/source/Cargo.toml
[INFO] crate git repo https://github.com/jito-labs/json-rpc-client already has a lockfile, it will not be regenerated
[INFO] running `Command { std: CARGO_HOME="/workspace/cargo-home" RUSTUP_HOME="/workspace/rustup-home" "/workspace/cargo-home/bin/cargo" "+beta-2025-02-18" "fetch" "--manifest-path" "Cargo.toml", kill_on_drop: false }`
[INFO] running `Command { std: "docker" "create" "-v" "/var/lib/crater-agent-workspace/builds/worker-3-tc2/target:/opt/rustwide/target:rw,Z" "-v" "/var/lib/crater-agent-workspace/builds/worker-3-tc2/source:/opt/rustwide/workdir:ro,Z" "-v" "/var/lib/crater-agent-workspace/cargo-home:/opt/rustwide/cargo-home:ro,Z" "-v" "/var/lib/crater-agent-workspace/rustup-home:/opt/rustwide/rustup-home:ro,Z" "-e" "SOURCE_DIR=/opt/rustwide/workdir" "-e" "CARGO_TARGET_DIR=/opt/rustwide/target" "-e" "CARGO_HOME=/opt/rustwide/cargo-home" "-e" "RUSTUP_HOME=/opt/rustwide/rustup-home" "-w" "/opt/rustwide/workdir" "-m" "1610612736" "--user" "0:0" "--network" "none" "ghcr.io/rust-lang/crates-build-env/linux@sha256:3959728d45483eb673ba100a951a6b9f5012970368db2a9e08e0ac9b67c8a5ad" "/opt/rustwide/cargo-home/bin/cargo" "+beta-2025-02-18" "metadata" "--no-deps" "--format-version=1", kill_on_drop: false }`
[INFO] [stdout] 773a5adace71437fb6edb9a5edf3b8ef03142f78106b400c27946d6fcf0a218b
[INFO] running `Command { std: "docker" "start" "-a" "773a5adace71437fb6edb9a5edf3b8ef03142f78106b400c27946d6fcf0a218b", kill_on_drop: false }`
[INFO] running `Command { std: "docker" "inspect" "773a5adace71437fb6edb9a5edf3b8ef03142f78106b400c27946d6fcf0a218b", kill_on_drop: false }`
[INFO] running `Command { std: "docker" "rm" "-f" "773a5adace71437fb6edb9a5edf3b8ef03142f78106b400c27946d6fcf0a218b", kill_on_drop: false }`
[INFO] [stdout] 773a5adace71437fb6edb9a5edf3b8ef03142f78106b400c27946d6fcf0a218b
[INFO] running `Command { std: "docker" "create" "-v" "/var/lib/crater-agent-workspace/builds/worker-3-tc2/target:/opt/rustwide/target:rw,Z" "-v" "/var/lib/crater-agent-workspace/builds/worker-3-tc2/source:/opt/rustwide/workdir:ro,Z" "-v" "/var/lib/crater-agent-workspace/cargo-home:/opt/rustwide/cargo-home:ro,Z" "-v" "/var/lib/crater-agent-workspace/rustup-home:/opt/rustwide/rustup-home:ro,Z" "-e" "SOURCE_DIR=/opt/rustwide/workdir" "-e" "CARGO_TARGET_DIR=/opt/rustwide/target" "-e" "CARGO_INCREMENTAL=0" "-e" "RUST_BACKTRACE=full" "-e" "RUSTFLAGS=--cap-lints=warn" "-e" "RUSTDOCFLAGS=--cap-lints=warn" "-e" "CARGO_HOME=/opt/rustwide/cargo-home" "-e" "RUSTUP_HOME=/opt/rustwide/rustup-home" "-w" "/opt/rustwide/workdir" "-m" "1610612736" "--user" "0:0" "--network" "none" "ghcr.io/rust-lang/crates-build-env/linux@sha256:3959728d45483eb673ba100a951a6b9f5012970368db2a9e08e0ac9b67c8a5ad" "/opt/rustwide/cargo-home/bin/cargo" "+beta-2025-02-18" "doc" "--frozen" "--no-deps" "--document-private-items" "--message-format=json", kill_on_drop: false }`
[INFO] [stdout] 8d92aa0124c0e7133323b9ed97c845000046dcaa9ed314d9e048d9ccbf2d2ac1
[INFO] running `Command { std: "docker" "start" "-a" "8d92aa0124c0e7133323b9ed97c845000046dcaa9ed314d9e048d9ccbf2d2ac1", kill_on_drop: false }`
[INFO] [stderr]    Compiling proc-macro2 v1.0.74
[INFO] [stderr]    Compiling unicode-ident v1.0.12
[INFO] [stderr]    Compiling version_check v0.9.4
[INFO] [stderr]    Compiling libc v0.2.151
[INFO] [stderr]    Compiling autocfg v1.1.0
[INFO] [stderr]     Checking cfg-if v1.0.0
[INFO] [stderr]    Compiling typenum v1.17.0
[INFO] [stderr]    Compiling serde v1.0.194
[INFO] [stderr]     Checking subtle v2.4.1
[INFO] [stderr]     Checking once_cell v1.19.0
[INFO] [stderr]    Compiling syn v1.0.109
[INFO] [stderr]    Compiling semver v1.0.20
[INFO] [stderr]     Checking ppv-lite86 v0.2.17
[INFO] [stderr]     Checking log v0.4.20
[INFO] [stderr]     Checking memchr v2.7.1
[INFO] [stderr]     Checking itoa v1.0.10
[INFO] [stderr]     Checking either v1.9.0
[INFO] [stderr]    Compiling getrandom v0.1.16
[INFO] [stderr]    Compiling crunchy v0.2.2
[INFO] [stderr]     Checking cpufeatures v0.2.11
[INFO] [stderr]     Checking opaque-debug v0.3.0
[INFO] [stderr]    Compiling thiserror v1.0.56
[INFO] [stderr]    Compiling crossbeam-utils v0.8.18
[INFO] [stderr]     Checking byteorder v1.5.0
[INFO] [stderr]     Checking zerocopy v0.7.32
[INFO] [stderr]     Checking block-padding v0.2.1
[INFO] [stderr]    Compiling generic-array v0.14.7
[INFO] [stderr]    Compiling num-traits v0.2.17
[INFO] [stderr]    Compiling num-integer v0.1.45
[INFO] [stderr]    Compiling ahash v0.8.5
[INFO] [stderr]    Compiling num-bigint v0.4.4
[INFO] [stderr]    Compiling rustc_version v0.4.0
[INFO] [stderr]    Compiling paste v1.0.14
[INFO] [stderr]     Checking lazy_static v1.4.0
[INFO] [stderr]     Checking tinyvec_macros v0.1.1
[INFO] [stderr]    Compiling wasm-bindgen-shared v0.2.89
[INFO] [stderr]     Checking tinyvec v1.6.0
[INFO] [stderr]     Checking itertools v0.10.5
[INFO] [stderr]    Compiling equivalent v1.0.1
[INFO] [stderr]    Compiling rayon-core v1.12.0
[INFO] [stderr]    Compiling quote v1.0.35
[INFO] [stderr]     Checking getrandom v0.2.11
[INFO] [stderr]    Compiling syn v2.0.46
[INFO] [stderr]    Compiling jobserver v0.1.27
[INFO] [stderr]     Checking rand_core v0.6.4
[INFO] [stderr]     Checking rand_core v0.5.1
[INFO] [stderr]     Checking ryu v1.0.16
[INFO] [stderr]     Checking crossbeam-epoch v0.9.17
[INFO] [stderr]     Checking rand_chacha v0.3.1
[INFO] [stderr]    Compiling cc v1.0.83
[INFO] [stderr]     Checking rand_chacha v0.2.2
[INFO] [stderr]     Checking hashbrown v0.13.2
[INFO] [stderr]    Compiling serde_json v1.0.110
[INFO] [stderr]    Compiling hashbrown v0.14.3
[INFO] [stderr]     Checking crossbeam-deque v0.8.4
[INFO] [stderr]     Checking rand v0.8.5
[INFO] [stderr]     Checking rand v0.7.3
[INFO] [stderr]    Compiling ahash v0.7.7
[INFO] [stderr]    Compiling bumpalo v3.14.0
[INFO] [stderr]    Compiling winnow v0.5.31
[INFO] [stderr]     Checking unicode-normalization v0.1.22
[INFO] [stderr]    Compiling toml_datetime v0.6.3
[INFO] [stderr]    Compiling feature-probe v0.1.1
[INFO] [stderr]    Compiling bv v0.11.1
[INFO] [stderr]     Checking bitmaps v2.1.0
[INFO] [stderr]    Compiling solana-frozen-abi-macro v1.17.25
[INFO] [stderr]    Compiling indexmap v2.1.0
[INFO] [stderr]    Compiling im v15.1.0
[INFO] [stderr]     Checking ark-std v0.4.0
[INFO] [stderr]    Compiling digest v0.9.0
[INFO] [stderr]    Compiling rustversion v1.0.14
[INFO] [stderr]     Checking keccak v0.1.4
[INFO] [stderr]    Compiling libsecp256k1-core v0.2.2
[INFO] [stderr]    Compiling anyhow v1.0.79
[INFO] [stderr]     Checking fnv v1.0.7
[INFO] [stderr]     Checking arrayref v0.3.7
[INFO] [stderr]     Checking rayon v1.8.0
[INFO] [stderr]     Checking rand_xoshiro v0.6.0
[INFO] [stderr]    Compiling blake3 v1.5.0
[INFO] [stderr]     Checking sized-chunks v0.6.5
[INFO] [stderr]    Compiling solana-frozen-abi v1.17.25
[INFO] [stderr]    Compiling memoffset v0.9.0
[INFO] [stderr]     Checking base64 v0.21.5
[INFO] [stderr]     Checking constant_time_eq v0.3.0
[INFO] [stderr]     Checking arrayvec v0.7.4
[INFO] [stderr]    Compiling wasm-bindgen v0.2.89
[INFO] [stderr]     Checking hashbrown v0.11.2
[INFO] [stderr]    Compiling solana-program v1.17.25
[INFO] [stderr]     Checking memmap2 v0.5.10
[INFO] [stderr]     Checking base64 v0.12.3
[INFO] [stderr]     Checking rustc-hash v1.1.0
[INFO] [stderr]     Checking bs58 v0.4.0
[INFO] [stderr]     Checking aho-corasick v1.1.2
[INFO] [stderr]     Checking percent-encoding v2.3.1
[INFO] [stderr]    Compiling strsim v0.10.0
[INFO] [stderr]     Checking regex-syntax v0.8.2
[INFO] [stderr]    Compiling ident_case v1.0.1
[INFO] [stderr]     Checking pin-project-lite v0.2.13
[INFO] [stderr]    Compiling pkg-config v0.3.28
[INFO] [stderr]     Checking signature v1.6.4
[INFO] [stderr]     Checking atty v0.2.14
[INFO] [stderr]     Checking humantime v2.1.0
[INFO] [stderr]     Checking termcolor v1.4.0
[INFO] [stderr]    Compiling solana-sdk v1.17.25
[INFO] [stderr]     Checking ed25519 v1.5.3
[INFO] [stderr]    Compiling lock_api v0.4.11
[INFO] [stderr]    Compiling libsecp256k1-gen-ecmult v0.2.1
[INFO] [stderr]    Compiling libsecp256k1-gen-genmult v0.2.1
[INFO] [stderr]     Checking derivation-path v0.2.0
[INFO] [stderr]    Compiling parking_lot_core v0.9.9
[INFO] [stderr]     Checking iana-time-zone v0.1.59
[INFO] [stderr]     Checking qstring v0.7.2
[INFO] [stderr]     Checking uriparse v0.6.4
[INFO] [stderr]     Checking scopeguard v1.2.0
[INFO] [stderr]     Checking smallvec v1.11.2
[INFO] [stderr]     Checking assert_matches v1.5.0
[INFO] [stderr]     Checking futures-core v0.3.30
[INFO] [stderr]     Checking bytes v1.5.0
[INFO] [stderr]    Compiling crypto-common v0.1.6
[INFO] [stderr]    Compiling libsecp256k1 v0.6.0
[INFO] [stderr]    Compiling block-buffer v0.10.4
[INFO] [stderr]    Compiling slab v0.4.9
[INFO] [stderr]     Checking futures-sink v0.3.30
[INFO] [stderr]    Compiling digest v0.10.7
[INFO] [stderr]    Compiling toml v0.5.11
[INFO] [stderr]     Checking socket2 v0.5.5
[INFO] [stderr]     Checking num_cpus v1.16.0
[INFO] [stderr]     Checking parking_lot v0.12.1
[INFO] [stderr]     Checking signal-hook-registry v1.4.1
[INFO] [stderr]     Checking mio v0.8.11
[INFO] [stderr]    Compiling toml_edit v0.19.15
[INFO] [stderr]    Compiling vcpkg v0.2.15
[INFO] [stderr]    Compiling sha2 v0.10.8
[INFO] [stderr]     Checking futures-channel v0.3.30
[INFO] [stderr]    Compiling ring v0.17.7
[INFO] [stderr]     Checking futures-io v0.3.30
[INFO] [stderr]     Checking futures-task v0.3.30
[INFO] [stderr]     Checking pin-utils v0.1.0
[INFO] [stderr]     Checking tracing-core v0.1.32
[INFO] [stderr]     Checking spin v0.9.8
[INFO] [stderr]     Checking untrusted v0.9.0
[INFO] [stderr]     Checking http v0.2.11
[INFO] [stderr]    Compiling httparse v1.8.0
[INFO] [stderr]    Compiling openssl v0.10.62
[INFO] [stderr]     Checking foreign-types-shared v0.1.1
[INFO] [stderr]    Compiling native-tls v0.2.11
[INFO] [stderr]     Checking foreign-types v0.3.2
[INFO] [stderr]     Checking alloc-no-stdlib v2.0.4
[INFO] [stderr]    Compiling crc32fast v1.3.2
[INFO] [stderr]     Checking try-lock v0.2.5
[INFO] [stderr]    Compiling rustls v0.21.10
[INFO] [stderr]     Checking http-body v0.4.6
[INFO] [stderr]     Checking want v0.3.1
[INFO] [stderr]     Checking alloc-stdlib v0.2.2
[INFO] [stderr]    Compiling num-bigint v0.2.6
[INFO] [stderr]     Checking tower-service v0.3.2
[INFO] [stderr]    Compiling openssl-sys v0.9.98
[INFO] [stderr]    Compiling proc-macro-crate v0.1.5
[INFO] [stderr]     Checking openssl-probe v0.1.5
[INFO] [stderr]     Checking adler v1.0.2
[INFO] [stderr]     Checking httpdate v1.0.3
[INFO] [stderr]     Checking form_urlencoded v1.2.1
[INFO] [stderr]     Checking brotli-decompressor v2.5.1
[INFO] [stderr]    Compiling num-complex v0.2.4
[INFO] [stderr]    Compiling num-iter v0.1.43
[INFO] [stderr]    Compiling num-rational v0.2.4
[INFO] [stderr]     Checking miniz_oxide v0.7.1
[INFO] [stderr]     Checking unicode-bidi v0.3.14
[INFO] [stderr]     Checking void v1.0.2
[INFO] [stderr]     Checking unreachable v1.0.0
[INFO] [stderr]    Compiling zstd-sys v2.0.9+zstd.1.5.5
[INFO] [stdout] error: linking with `cc` failed: exit status: 1
[INFO] [stdout]   |
[INFO] [stdout]   = note:  "cc" "-m64" "/tmp/rustcDAi0xt/symbols.o" "<4 object files omitted>" "-Wl,--as-needed" "-Wl,-Bstatic" "/opt/rustwide/target/debug/deps/{libvcpkg-fed90c7d7d7794a2.rlib,libpkg_config-602c2a51b4be2400.rlib,libcc-636d9bc8c6297088.rlib,libjobserver-375279be1a17fd0f.rlib,liblibc-42f0370938213853.rlib}.rlib" "<sysroot>/lib/rustlib/x86_64-unknown-linux-gnu/lib/{libstd-*,libpanic_unwind-*,libobject-*,libmemchr-*,libaddr2line-*,libgimli-*,librustc_demangle-*,libstd_detect-*,libhashbrown-*,librustc_std_workspace_alloc-*,libminiz_oxide-*,libadler2-*,libunwind-*,libcfg_if-*,liblibc-*,liballoc-*,librustc_std_workspace_core-*,libcore-*,libcompiler_builtins-*}.rlib" "-Wl,-Bdynamic" "-lgcc_s" "-lutil" "-lrt" "-lpthread" "-lm" "-ldl" "-lc" "-Wl,--eh-frame-hdr" "-Wl,-z,noexecstack" "-L" "<sysroot>/lib/rustlib/x86_64-unknown-linux-gnu/lib" "-o" "/opt/rustwide/target/debug/build/openssl-sys-f95144403956ba5f/build_script_main-f95144403956ba5f" "-Wl,--gc-sections" "-pie" "-Wl,-z,relro,-z,now" "-nodefaultlibs"
[INFO] [stdout]   = note: some arguments are omitted. use `--verbose` to show all linker arguments
[INFO] [stdout]   = note: /usr/bin/ld: final link failed: No space left on device
[INFO] [stdout]           collect2: error: ld returned 1 exit status
[INFO] [stdout]           
[INFO] [stdout] 
[INFO] [stdout] 
[INFO] [stdout] error: failed to write to `/opt/rustwide/target/debug/deps/rmetao6zla6/lib.rmeta`: No space left on device (os error 28)
[INFO] [stdout] 
[INFO] [stdout] 
[INFO] [stdout] error: failed to write to `/opt/rustwide/target/debug/deps/rmetaD1Irs0/lib.rmeta`: No space left on device (os error 28)
[INFO] [stdout] 
[INFO] [stdout] 
[INFO] [stderr] error: could not compile `openssl-sys` (build script) due to 1 previous error
[INFO] [stderr] warning: build failed, waiting for other jobs to finish...
[INFO] [stderr] error: could not compile `syn` (lib) due to 1 previous error
[INFO] [stderr] error: could not compile `hashbrown` (lib) due to 1 previous error
[INFO] [stderr] warning: blake3@1.5.0: c/blake3_avx512_x86-64_unix.S:8: fatal error: when writing output to /tmp/ccXZgyXz.s: No space left on device
[INFO] [stderr] warning: blake3@1.5.0:     8 | #endif
[INFO] [stderr] warning: blake3@1.5.0:       | 
[INFO] [stderr] warning: blake3@1.5.0: compilation terminated.
[INFO] [stderr] error: failed to run custom build command for `blake3 v1.5.0`
[INFO] [stderr] note: To improve backtraces for build dependencies, set the CARGO_PROFILE_DEV_BUILD_OVERRIDE_DEBUG=true environment variable to enable debug information generation.
[INFO] [stderr] 
[INFO] [stderr] Caused by:
[INFO] [stderr]   process didn't exit successfully: `/opt/rustwide/target/debug/build/blake3-b9561b3530bc8d4b/build-script-build` (exit status: 1)
[INFO] [stderr]   --- stdout
[INFO] [stderr]   cargo:rerun-if-env-changed=CARGO_FEATURE_PURE
[INFO] [stderr]   cargo:rerun-if-env-changed=CARGO_FEATURE_NO_NEON
[INFO] [stderr]   TARGET = Some("x86_64-unknown-linux-gnu")
[INFO] [stderr]   HOST = Some("x86_64-unknown-linux-gnu")
[INFO] [stderr]   cargo:rerun-if-env-changed=CC_x86_64-unknown-linux-gnu
[INFO] [stderr]   CC_x86_64-unknown-linux-gnu = None
[INFO] [stderr]   cargo:rerun-if-env-changed=CC_x86_64_unknown_linux_gnu
[INFO] [stderr]   CC_x86_64_unknown_linux_gnu = None
[INFO] [stderr]   cargo:rerun-if-env-changed=HOST_CC
[INFO] [stderr]   HOST_CC = None
[INFO] [stderr]   cargo:rerun-if-env-changed=CC
[INFO] [stderr]   CC = None
[INFO] [stderr]   cargo:rerun-if-env-changed=CRATE_CC_NO_DEFAULTS
[INFO] [stderr]   CRATE_CC_NO_DEFAULTS = None
[INFO] [stderr]   CARGO_CFG_TARGET_FEATURE = Some("fxsr,sse,sse2")
[INFO] [stderr]   cargo:rerun-if-env-changed=CFLAGS_x86_64-unknown-linux-gnu
[INFO] [stderr]   CFLAGS_x86_64-unknown-linux-gnu = None
[INFO] [stderr]   cargo:rerun-if-env-changed=CFLAGS_x86_64_unknown_linux_gnu
[INFO] [stderr]   CFLAGS_x86_64_unknown_linux_gnu = None
[INFO] [stderr]   cargo:rerun-if-env-changed=HOST_CFLAGS
[INFO] [stderr]   HOST_CFLAGS = None
[INFO] [stderr]   cargo:rerun-if-env-changed=CFLAGS
[INFO] [stderr]   CFLAGS = None
[INFO] [stderr]   cargo:rerun-if-env-changed=CC_x86_64-unknown-linux-gnu
[INFO] [stderr]   CC_x86_64-unknown-linux-gnu = None
[INFO] [stderr]   cargo:rerun-if-env-changed=CC_x86_64_unknown_linux_gnu
[INFO] [stderr]   CC_x86_64_unknown_linux_gnu = None
[INFO] [stderr]   cargo:rerun-if-env-changed=HOST_CC
[INFO] [stderr]   HOST_CC = None
[INFO] [stderr]   cargo:rerun-if-env-changed=CC
[INFO] [stderr]   CC = None
[INFO] [stderr]   cargo:rerun-if-env-changed=CRATE_CC_NO_DEFAULTS
[INFO] [stderr]   CRATE_CC_NO_DEFAULTS = None
[INFO] [stderr]   CARGO_CFG_TARGET_FEATURE = Some("fxsr,sse,sse2")
[INFO] [stderr]   cargo:rerun-if-env-changed=CFLAGS_x86_64-unknown-linux-gnu
[INFO] [stderr]   CFLAGS_x86_64-unknown-linux-gnu = None
[INFO] [stderr]   cargo:rerun-if-env-changed=CFLAGS_x86_64_unknown_linux_gnu
[INFO] [stderr]   CFLAGS_x86_64_unknown_linux_gnu = None
[INFO] [stderr]   cargo:rerun-if-env-changed=HOST_CFLAGS
[INFO] [stderr]   HOST_CFLAGS = None
[INFO] [stderr]   cargo:rerun-if-env-changed=CFLAGS
[INFO] [stderr]   CFLAGS = None
[INFO] [stderr]   cargo:rerun-if-env-changed=CARGO_FEATURE_PREFER_INTRINSICS
[INFO] [stderr]   cargo:rerun-if-env-changed=CARGO_FEATURE_PURE
[INFO] [stderr]   cargo:rustc-cfg=blake3_sse2_ffi
[INFO] [stderr]   cargo:rustc-cfg=blake3_sse41_ffi
[INFO] [stderr]   cargo:rustc-cfg=blake3_avx2_ffi
[INFO] [stderr]   TARGET = Some("x86_64-unknown-linux-gnu")
[INFO] [stderr]   OPT_LEVEL = Some("0")
[INFO] [stderr]   HOST = Some("x86_64-unknown-linux-gnu")
[INFO] [stderr]   cargo:rerun-if-env-changed=CC_x86_64-unknown-linux-gnu
[INFO] [stderr]   CC_x86_64-unknown-linux-gnu = None
[INFO] [stderr]   cargo:rerun-if-env-changed=CC_x86_64_unknown_linux_gnu
[INFO] [stderr]   CC_x86_64_unknown_linux_gnu = None
[INFO] [stderr]   cargo:rerun-if-env-changed=HOST_CC
[INFO] [stderr]   HOST_CC = None
[INFO] [stderr]   cargo:rerun-if-env-changed=CC
[INFO] [stderr]   CC = None
[INFO] [stderr]   cargo:rerun-if-env-changed=CRATE_CC_NO_DEFAULTS
[INFO] [stderr]   CRATE_CC_NO_DEFAULTS = None
[INFO] [stderr]   DEBUG = Some("true")
[INFO] [stderr]   CARGO_CFG_TARGET_FEATURE = Some("fxsr,sse,sse2")
[INFO] [stderr]   cargo:rerun-if-env-changed=CFLAGS_x86_64-unknown-linux-gnu
[INFO] [stderr]   CFLAGS_x86_64-unknown-linux-gnu = None
[INFO] [stderr]   cargo:rerun-if-env-changed=CFLAGS_x86_64_unknown_linux_gnu
[INFO] [stderr]   CFLAGS_x86_64_unknown_linux_gnu = None
[INFO] [stderr]   cargo:rerun-if-env-changed=HOST_CFLAGS
[INFO] [stderr]   HOST_CFLAGS = None
[INFO] [stderr]   cargo:rerun-if-env-changed=CFLAGS
[INFO] [stderr]   CFLAGS = None
[INFO] [stderr]   running: "cc" "-O0" "-ffunction-sections" "-fdata-sections" "-fPIC" "-gdwarf-4" "-fno-omit-frame-pointer" "-m64" "-Wall" "-Wextra" "-std=c11" "-o" "/opt/rustwide/target/debug/build/blake3-b288390161dcee69/out/c/blake3_sse2_x86-64_unix.o" "-c" "c/blake3_sse2_x86-64_unix.S"
[INFO] [stderr]   running: "cc" "-O0" "-ffunction-sections" "-fdata-sections" "-fPIC" "-gdwarf-4" "-fno-omit-frame-pointer" "-m64" "-Wall" "-Wextra" "-std=c11" "-o" "/opt/rustwide/target/debug/build/blake3-b288390161dcee69/out/c/blake3_sse41_x86-64_unix.o" "-c" "c/blake3_sse41_x86-64_unix.S"
[INFO] [stderr]   running: "cc" "-O0" "-ffunction-sections" "-fdata-sections" "-fPIC" "-gdwarf-4" "-fno-omit-frame-pointer" "-m64" "-Wall" "-Wextra" "-std=c11" "-o" "/opt/rustwide/target/debug/build/blake3-b288390161dcee69/out/c/blake3_avx2_x86-64_unix.o" "-c" "c/blake3_avx2_x86-64_unix.S"
[INFO] [stderr]   exit status: 0
[INFO] [stderr]   exit status: 0
[INFO] [stderr]   exit status: 0
[INFO] [stderr]   cargo:rerun-if-env-changed=AR_x86_64-unknown-linux-gnu
[INFO] [stderr]   AR_x86_64-unknown-linux-gnu = None
[INFO] [stderr]   cargo:rerun-if-env-changed=AR_x86_64_unknown_linux_gnu
[INFO] [stderr]   AR_x86_64_unknown_linux_gnu = None
[INFO] [stderr]   cargo:rerun-if-env-changed=HOST_AR
[INFO] [stderr]   HOST_AR = None
[INFO] [stderr]   cargo:rerun-if-env-changed=AR
[INFO] [stderr]   AR = None
[INFO] [stderr]   cargo:rerun-if-env-changed=ARFLAGS_x86_64-unknown-linux-gnu
[INFO] [stderr]   ARFLAGS_x86_64-unknown-linux-gnu = None
[INFO] [stderr]   cargo:rerun-if-env-changed=ARFLAGS_x86_64_unknown_linux_gnu
[INFO] [stderr]   ARFLAGS_x86_64_unknown_linux_gnu = None
[INFO] [stderr]   cargo:rerun-if-env-changed=HOST_ARFLAGS
[INFO] [stderr]   HOST_ARFLAGS = None
[INFO] [stderr]   cargo:rerun-if-env-changed=ARFLAGS
[INFO] [stderr]   ARFLAGS = None
[INFO] [stderr]   running: ZERO_AR_DATE="1" "ar" "cq" "/opt/rustwide/target/debug/build/blake3-b288390161dcee69/out/libblake3_sse2_sse41_avx2_assembly.a" "/opt/rustwide/target/debug/build/blake3-b288390161dcee69/out/c/blake3_sse2_x86-64_unix.o" "/opt/rustwide/target/debug/build/blake3-b288390161dcee69/out/c/blake3_sse41_x86-64_unix.o" "/opt/rustwide/target/debug/build/blake3-b288390161dcee69/out/c/blake3_avx2_x86-64_unix.o"
[INFO] [stderr]   exit status: 0
[INFO] [stderr]   running: "ar" "s" "/opt/rustwide/target/debug/build/blake3-b288390161dcee69/out/libblake3_sse2_sse41_avx2_assembly.a"
[INFO] [stderr]   exit status: 0
[INFO] [stderr]   cargo:rustc-link-lib=static=blake3_sse2_sse41_avx2_assembly
[INFO] [stderr]   cargo:rustc-link-search=native=/opt/rustwide/target/debug/build/blake3-b288390161dcee69/out
[INFO] [stderr]   cargo:rerun-if-env-changed=CARGO_FEATURE_PURE
[INFO] [stderr]   cargo:rerun-if-env-changed=CARGO_FEATURE_PREFER_INTRINSICS
[INFO] [stderr]   cargo:rustc-cfg=blake3_avx512_ffi
[INFO] [stderr]   TARGET = Some("x86_64-unknown-linux-gnu")
[INFO] [stderr]   OPT_LEVEL = Some("0")
[INFO] [stderr]   HOST = Some("x86_64-unknown-linux-gnu")
[INFO] [stderr]   cargo:rerun-if-env-changed=CC_x86_64-unknown-linux-gnu
[INFO] [stderr]   CC_x86_64-unknown-linux-gnu = None
[INFO] [stderr]   cargo:rerun-if-env-changed=CC_x86_64_unknown_linux_gnu
[INFO] [stderr]   CC_x86_64_unknown_linux_gnu = None
[INFO] [stderr]   cargo:rerun-if-env-changed=HOST_CC
[INFO] [stderr]   HOST_CC = None
[INFO] [stderr]   cargo:rerun-if-env-changed=CC
[INFO] [stderr]   CC = None
[INFO] [stderr]   cargo:rerun-if-env-changed=CRATE_CC_NO_DEFAULTS
[INFO] [stderr]   CRATE_CC_NO_DEFAULTS = None
[INFO] [stderr]   DEBUG = Some("true")
[INFO] [stderr]   CARGO_CFG_TARGET_FEATURE = Some("fxsr,sse,sse2")
[INFO] [stderr]   cargo:rerun-if-env-changed=CFLAGS_x86_64-unknown-linux-gnu
[INFO] [stderr]   CFLAGS_x86_64-unknown-linux-gnu = None
[INFO] [stderr]   cargo:rerun-if-env-changed=CFLAGS_x86_64_unknown_linux_gnu
[INFO] [stderr]   CFLAGS_x86_64_unknown_linux_gnu = None
[INFO] [stderr]   cargo:rerun-if-env-changed=HOST_CFLAGS
[INFO] [stderr]   HOST_CFLAGS = None
[INFO] [stderr]   cargo:rerun-if-env-changed=CFLAGS
[INFO] [stderr]   CFLAGS = None
[INFO] [stderr]   running: "cc" "-O0" "-ffunction-sections" "-fdata-sections" "-fPIC" "-gdwarf-4" "-fno-omit-frame-pointer" "-m64" "-Wall" "-Wextra" "-std=c11" "-mavx512f" "-mavx512vl" "-o" "/opt/rustwide/target/debug/build/blake3-b288390161dcee69/out/c/blake3_avx512_x86-64_unix.o" "-c" "c/blake3_avx512_x86-64_unix.S"
[INFO] [stderr]   cargo:warning=c/blake3_avx512_x86-64_unix.S:8: fatal error: when writing output to /tmp/ccXZgyXz.s: No space left on device
[INFO] [stderr] 
[INFO] [stderr]   cargo:warning=    8 | #endif
[INFO] [stderr] 
[INFO] [stderr]   cargo:warning=      | 
[INFO] [stderr] 
[INFO] [stderr]   cargo:warning=compilation terminated.
[INFO] [stderr] 
[INFO] [stderr]   exit status: 1
[INFO] [stderr] 
[INFO] [stderr]   --- stderr
[INFO] [stderr] 
[INFO] [stderr] 
[INFO] [stderr]   error occurred: Command "cc" "-O0" "-ffunction-sections" "-fdata-sections" "-fPIC" "-gdwarf-4" "-fno-omit-frame-pointer" "-m64" "-Wall" "-Wextra" "-std=c11" "-mavx512f" "-mavx512vl" "-o" "/opt/rustwide/target/debug/build/blake3-b288390161dcee69/out/c/blake3_avx512_x86-64_unix.o" "-c" "c/blake3_avx512_x86-64_unix.S" with args "cc" did not execute successfully (status code exit status: 1).
[INFO] [stderr] 
[INFO] [stderr] 
[INFO] [stdout] error: linking with `cc` failed: exit status: 1
[INFO] [stdout]   |
[INFO] [stdout]   = note:  "cc" "-m64" "/tmp/rustcpbnbsQ/symbols.o" "<4 object files omitted>" "-Wl,--as-needed" "-Wl,-Bstatic" "/opt/rustwide/target/debug/deps/{libcc-636d9bc8c6297088.rlib,libjobserver-375279be1a17fd0f.rlib,liblibc-42f0370938213853.rlib,libpkg_config-602c2a51b4be2400.rlib}.rlib" "<sysroot>/lib/rustlib/x86_64-unknown-linux-gnu/lib/{libstd-*,libpanic_unwind-*,libobject-*,libmemchr-*,libaddr2line-*,libgimli-*,librustc_demangle-*,libstd_detect-*,libhashbrown-*,librustc_std_workspace_alloc-*,libminiz_oxide-*,libadler2-*,libunwind-*,libcfg_if-*,liblibc-*,liballoc-*,librustc_std_workspace_core-*,libcore-*,libcompiler_builtins-*}.rlib" "-Wl,-Bdynamic" "-lgcc_s" "-lutil" "-lrt" "-lpthread" "-lm" "-ldl" "-lc" "-Wl,--eh-frame-hdr" "-Wl,-z,noexecstack" "-L" "<sysroot>/lib/rustlib/x86_64-unknown-linux-gnu/lib" "-o" "/opt/rustwide/target/debug/build/zstd-sys-3dd034cae2314be6/build_script_build-3dd034cae2314be6" "-Wl,--gc-sections" "-pie" "-Wl,-z,relro,-z,now" "-nodefaultlibs"
[INFO] [stdout]   = note: some arguments are omitted. use `--verbose` to show all linker arguments
[INFO] [stdout]   = note: /usr/bin/ld: final link failed: No space left on device
[INFO] [stdout]           collect2: error: ld returned 1 exit status
[INFO] [stdout]           
[INFO] [stdout] 
[INFO] [stdout] 
[INFO] [stderr] error: could not compile `zstd-sys` (build script) due to 1 previous error
[INFO] [stderr] warning: ring@0.17.7: crypto/fipsmodule/ec/p256.c:28: fatal error: error writing to /tmp/ccxYG7nD.s: No space left on device
[INFO] [stderr] warning: ring@0.17.7:    28 | 
[INFO] [stderr] warning: ring@0.17.7:       | 
[INFO] [stderr] warning: ring@0.17.7: compilation terminated.
[INFO] [stderr] warning: ring@0.17.7: ToolExecError: Command "cc" "-O0" "-ffunction-sections" "-fdata-sections" "-fPIC" "-gdwarf-4" "-fno-omit-frame-pointer" "-m64" "-I" "include" "-I" "/opt/rustwide/target/debug/build/ring-0b9832eee5c0e8fe/out" "-Wall" "-Wextra" "-fvisibility=hidden" "-std=c1x" "-pedantic" "-Wall" "-Wextra" "-Wbad-function-cast" "-Wcast-align" "-Wcast-qual" "-Wconversion" "-Wenum-compare" "-Wfloat-equal" "-Wformat=2" "-Winline" "-Winvalid-pch" "-Wmissing-field-initializers" "-Wmissing-include-dirs" "-Wnested-externs" "-Wredundant-decls" "-Wshadow" "-Wsign-compare" "-Wsign-conversion" "-Wstrict-prototypes" "-Wundef" "-Wuninitialized" "-Wwrite-strings" "-g3" "-DNDEBUG" "-o" "/opt/rustwide/target/debug/build/ring-0b9832eee5c0e8fe/out/crypto/fipsmodule/ec/p256.o" "-c" "crypto/fipsmodule/ec/p256.c" with args "cc" did not execute successfully (status code exit status: 1).running: "cc" "-O0" "-ffunction-sections" "-fdata-sections" "-fPIC" "-gdwarf-4" "-fno-omit-frame-pointer" "-m64" "-I" "include" "-I" "/opt/rustwide/target/debug/build/ring-0b9832eee5c0e8fe/out" "-Wall" "-Wextra" "-fvisibility=hidden" "-std=c1x" "-pedantic" "-Wall" "-Wextra" "-Wbad-function-cast" "-Wcast-align" "-Wcast-qual" "-Wconversion" "-Wenum-compare" "-Wfloat-equal" "-Wformat=2" "-Winline" "-Winvalid-pch" "-Wmissing-field-initializers" "-Wmissing-include-dirs" "-Wnested-externs" "-Wredundant-decls" "-Wshadow" "-Wsign-compare" "-Wsign-conversion" "-Wstrict-prototypes" "-Wundef" "-Wuninitialized" "-Wwrite-strings" "-g3" "-DNDEBUG" "-o" "/opt/rustwide/target/debug/build/ring-0b9832eee5c0e8fe/out/crypto/crypto.o" "-c" "crypto/crypto.c"
[INFO] [stderr] warning: ring@0.17.7: crypto/fipsmodule/aes/aes_nohw.c:959:1: fatal error: error writing to /tmp/ccOKinyU.s: No space left on device
[INFO] [stderr] warning: ring@0.17.7:   959 | }
[INFO] [stderr] warning: ring@0.17.7:       | ^
[INFO] [stderr] warning: ring@0.17.7: compilation terminated.
[INFO] [stderr] warning: ring@0.17.7: ToolExecError: Command "cc" "-O0" "-ffunction-sections" "-fdata-sections" "-fPIC" "-gdwarf-4" "-fno-omit-frame-pointer" "-m64" "-I" "include" "-I" "/opt/rustwide/target/debug/build/ring-0b9832eee5c0e8fe/out" "-Wall" "-Wextra" "-fvisibility=hidden" "-std=c1x" "-pedantic" "-Wall" "-Wextra" "-Wbad-function-cast" "-Wcast-align" "-Wcast-qual" "-Wconversion" "-Wenum-compare" "-Wfloat-equal" "-Wformat=2" "-Winline" "-Winvalid-pch" "-Wmissing-field-initializers" "-Wmissing-include-dirs" "-Wnested-externs" "-Wredundant-decls" "-Wshadow" "-Wsign-compare" "-Wsign-conversion" "-Wstrict-prototypes" "-Wundef" "-Wuninitialized" "-Wwrite-strings" "-g3" "-DNDEBUG" "-o" "/opt/rustwide/target/debug/build/ring-0b9832eee5c0e8fe/out/crypto/fipsmodule/aes/aes_nohw.o" "-c" "crypto/fipsmodule/aes/aes_nohw.c" with args "cc" did not execute successfully (status code exit status: 1).running: "cc" "-O0" "-ffunction-sections" "-fdata-sections" "-fPIC" "-gdwarf-4" "-fno-omit-frame-pointer" "-m64" "-I" "include" "-I" "/opt/rustwide/target/debug/build/ring-0b9832eee5c0e8fe/out" "-Wall" "-Wextra" "-fvisibility=hidden" "-std=c1x" "-pedantic" "-Wall" "-Wextra" "-Wbad-function-cast" "-Wcast-align" "-Wcast-qual" "-Wconversion" "-Wenum-compare" "-Wfloat-equal" "-Wformat=2" "-Winline" "-Winvalid-pch" "-Wmissing-field-initializers" "-Wmissing-include-dirs" "-Wnested-externs" "-Wredundant-decls" "-Wshadow" "-Wsign-compare" "-Wsign-conversion" "-Wstrict-prototypes" "-Wundef" "-Wuninitialized" "-Wwrite-strings" "-g3" "-DNDEBUG" "-o" "/opt/rustwide/target/debug/build/ring-0b9832eee5c0e8fe/out/crypto/cpu_intel.o" "-c" "crypto/cpu_intel.c"
[INFO] [stderr] warning: ring@0.17.7: crypto/mem.c:70:1: fatal error: error writing to /tmp/ccoxDDUe.s: No space left on device
[INFO] [stderr] warning: ring@0.17.7:    70 | }
[INFO] [stderr] warning: ring@0.17.7:       | ^
[INFO] [stderr] warning: ring@0.17.7: compilation terminated.
[INFO] [stderr] warning: ring@0.17.7: crypto/poly1305/poly1305.c:23: fatal error: error writing to /tmp/ccTD8s53.s: No space left on device
[INFO] [stderr] warning: ring@0.17.7:    23 | 
[INFO] [stderr] warning: ring@0.17.7:       | 
[INFO] [stderr] warning: ring@0.17.7: compilation terminated.
[INFO] [stderr] warning: ring@0.17.7: crypto/crypto.c:36:1: fatal error: error writing to /tmp/cc8WQAIT.s: No space left on device
[INFO] [stderr] warning: ring@0.17.7:    36 | HIDDEN uint32_t OPENSSL_ia32cap_P[4] = {0};
[INFO] [stderr] warning: ring@0.17.7:       | ^~~~~~
[INFO] [stderr] warning: ring@0.17.7: compilation terminated.
[INFO] [stderr] warning: ring@0.17.7: ToolExecError: Command "cc" "-O0" "-ffunction-sections" "-fdata-sections" "-fPIC" "-gdwarf-4" "-fno-omit-frame-pointer" "-m64" "-I" "include" "-I" "/opt/rustwide/target/debug/build/ring-0b9832eee5c0e8fe/out" "-Wall" "-Wextra" "-fvisibility=hidden" "-std=c1x" "-pedantic" "-Wall" "-Wextra" "-Wbad-function-cast" "-Wcast-align" "-Wcast-qual" "-Wconversion" "-Wenum-compare" "-Wfloat-equal" "-Wformat=2" "-Winline" "-Winvalid-pch" "-Wmissing-field-initializers" "-Wmissing-include-dirs" "-Wnested-externs" "-Wredundant-decls" "-Wshadow" "-Wsign-compare" "-Wsign-conversion" "-Wstrict-prototypes" "-Wundef" "-Wuninitialized" "-Wwrite-strings" "-g3" "-DNDEBUG" "-o" "/opt/rustwide/target/debug/build/ring-0b9832eee5c0e8fe/out/crypto/mem.o" "-c" "crypto/mem.c" with args "cc" did not execute successfully (status code exit status: 1).
[INFO] [stderr] warning: ring@0.17.7: ToolExecError: Command "cc" "-O0" "-ffunction-sections" "-fdata-sections" "-fPIC" "-gdwarf-4" "-fno-omit-frame-pointer" "-m64" "-I" "include" "-I" "/opt/rustwide/target/debug/build/ring-0b9832eee5c0e8fe/out" "-Wall" "-Wextra" "-fvisibility=hidden" "-std=c1x" "-pedantic" "-Wall" "-Wextra" "-Wbad-function-cast" "-Wcast-align" "-Wcast-qual" "-Wconversion" "-Wenum-compare" "-Wfloat-equal" "-Wformat=2" "-Winline" "-Winvalid-pch" "-Wmissing-field-initializers" "-Wmissing-include-dirs" "-Wnested-externs" "-Wredundant-decls" "-Wshadow" "-Wsign-compare" "-Wsign-conversion" "-Wstrict-prototypes" "-Wundef" "-Wuninitialized" "-Wwrite-strings" "-g3" "-DNDEBUG" "-o" "/opt/rustwide/target/debug/build/ring-0b9832eee5c0e8fe/out/crypto/poly1305/poly1305.o" "-c" "crypto/poly1305/poly1305.c" with args "cc" did not execute successfully (status code exit status: 1).
[INFO] [stderr] warning: ring@0.17.7: ToolExecError: Command "cc" "-O0" "-ffunction-sections" "-fdata-sections" "-fPIC" "-gdwarf-4" "-fno-omit-frame-pointer" "-m64" "-I" "include" "-I" "/opt/rustwide/target/debug/build/ring-0b9832eee5c0e8fe/out" "-Wall" "-Wextra" "-fvisibility=hidden" "-std=c1x" "-pedantic" "-Wall" "-Wextra" "-Wbad-function-cast" "-Wcast-align" "-Wcast-qual" "-Wconversion" "-Wenum-compare" "-Wfloat-equal" "-Wformat=2" "-Winline" "-Winvalid-pch" "-Wmissing-field-initializers" "-Wmissing-include-dirs" "-Wnested-externs" "-Wredundant-decls" "-Wshadow" "-Wsign-compare" "-Wsign-conversion" "-Wstrict-prototypes" "-Wundef" "-Wuninitialized" "-Wwrite-strings" "-g3" "-DNDEBUG" "-o" "/opt/rustwide/target/debug/build/ring-0b9832eee5c0e8fe/out/crypto/crypto.o" "-c" "crypto/crypto.c" with args "cc" did not execute successfully (status code exit status: 1).running: "cc" "-O0" "-ffunction-sections" "-fdata-sections" "-fPIC" "-gdwarf-4" "-fno-omit-frame-pointer" "-m64" "-I" "include" "-I" "/opt/rustwide/target/debug/build/ring-0b9832eee5c0e8fe/out" "-Wall" "-Wextra" "-fvisibility=hidden" "-std=c1x" "-pedantic" "-Wall" "-Wextra" "-Wbad-function-cast" "-Wcast-align" "-Wcast-qual" "-Wconversion" "-Wenum-compare" "-Wfloat-equal" "-Wformat=2" "-Winline" "-Winvalid-pch" "-Wmissing-field-initializers" "-Wmissing-include-dirs" "-Wnested-externs" "-Wredundant-decls" "-Wshadow" "-Wsign-compare" "-Wsign-conversion" "-Wstrict-prototypes" "-Wundef" "-Wuninitialized" "-Wwrite-strings" "-g3" "-DNDEBUG" "-o" "/opt/rustwide/target/debug/build/ring-0b9832eee5c0e8fe/out/crypto/poly1305/poly1305_vec.o" "-c" "crypto/poly1305/poly1305_vec.c"
[INFO] [stderr] warning: ring@0.17.7: crypto/poly1305/poly1305_vec.c:847:1: fatal error: error writing to /tmp/ccgw8kAp.s: No space left on device
[INFO] [stderr] warning: ring@0.17.7:   847 | }
[INFO] [stderr] warning: ring@0.17.7:       | ^
[INFO] [stderr] warning: ring@0.17.7: compilation terminated.
[INFO] [stderr] warning: ring@0.17.7: /tmp/ccZF5maU.s: Assembler messages:
[INFO] [stderr] warning: ring@0.17.7: /tmp/ccZF5maU.s: Fatal error: can't write 125 bytes to section .text of /opt/rustwide/target/debug/build/ring-0b9832eee5c0e8fe/out/05b370c1cc4dacf4-p256-x86_64-asm-elf.o: 'No space left on device'
[INFO] [stderr] warning: ring@0.17.7: /tmp/ccZF5maU.s: Fatal error: /opt/rustwide/target/debug/build/ring-0b9832eee5c0e8fe/out/05b370c1cc4dacf4-p256-x86_64-asm-elf.o: No space left on device
[INFO] [stderr] warning: ring@0.17.7: ToolExecError: Command "cc" "-O0" "-ffunction-sections" "-fdata-sections" "-fPIC" "-gdwarf-4" "-fno-omit-frame-pointer" "-m64" "-I" "include" "-I" "/opt/rustwide/target/debug/build/ring-0b9832eee5c0e8fe/out" "-Wall" "-Wextra" "-fvisibility=hidden" "-std=c1x" "-pedantic" "-Wall" "-Wextra" "-Wbad-function-cast" "-Wcast-align" "-Wcast-qual" "-Wconversion" "-Wenum-compare" "-Wfloat-equal" "-Wformat=2" "-Winline" "-Winvalid-pch" "-Wmissing-field-initializers" "-Wmissing-include-dirs" "-Wnested-externs" "-Wredundant-decls" "-Wshadow" "-Wsign-compare" "-Wsign-conversion" "-Wstrict-prototypes" "-Wundef" "-Wuninitialized" "-Wwrite-strings" "-g3" "-DNDEBUG" "-o" "/opt/rustwide/target/debug/build/ring-0b9832eee5c0e8fe/out/crypto/poly1305/poly1305_vec.o" "-c" "crypto/poly1305/poly1305_vec.c" with args "cc" did not execute successfully (status code exit status: 1).running: "cc" "-O0" "-ffunction-sections" "-fdata-sections" "-fPIC" "-gdwarf-4" "-fno-omit-frame-pointer" "-m64" "-I" "include" "-I" "/opt/rustwide/target/debug/build/ring-0b9832eee5c0e8fe/out" "-Wall" "-Wextra" "-fvisibility=hidden" "-std=c1x" "-pedantic" "-Wall" "-Wextra" "-Wbad-function-cast" "-Wcast-align" "-Wcast-qual" "-Wconversion" "-Wenum-compare" "-Wfloat-equal" "-Wformat=2" "-Winline" "-Winvalid-pch" "-Wmissing-field-initializers" "-Wmissing-include-dirs" "-Wnested-externs" "-Wredundant-decls" "-Wshadow" "-Wsign-compare" "-Wsign-conversion" "-Wstrict-prototypes" "-Wundef" "-Wuninitialized" "-Wwrite-strings" "-g3" "-DNDEBUG" "-o" "/opt/rustwide/target/debug/build/ring-0b9832eee5c0e8fe/out/05b370c1cc4dacf4-aesni-gcm-x86_64-elf.o" "-c" "/opt/rustwide/cargo-home/registry/src/index.crates.io-1949cf8c6b5b557f/ring-0.17.7/pregenerated/aesni-gcm-x86_64-elf.S"
[INFO] [stderr] warning: ring@0.17.7: ToolExecError: Command "cc" "-O0" "-ffunction-sections" "-fdata-sections" "-fPIC" "-gdwarf-4" "-fno-omit-frame-pointer" "-m64" "-I" "include" "-I" "/opt/rustwide/target/debug/build/ring-0b9832eee5c0e8fe/out" "-Wall" "-Wextra" "-fvisibility=hidden" "-std=c1x" "-pedantic" "-Wall" "-Wextra" "-Wbad-function-cast" "-Wcast-align" "-Wcast-qual" "-Wconversion" "-Wenum-compare" "-Wfloat-equal" "-Wformat=2" "-Winline" "-Winvalid-pch" "-Wmissing-field-initializers" "-Wmissing-include-dirs" "-Wnested-externs" "-Wredundant-decls" "-Wshadow" "-Wsign-compare" "-Wsign-conversion" "-Wstrict-prototypes" "-Wundef" "-Wuninitialized" "-Wwrite-strings" "-g3" "-DNDEBUG" "-o" "/opt/rustwide/target/debug/build/ring-0b9832eee5c0e8fe/out/05b370c1cc4dacf4-p256-x86_64-asm-elf.o" "-c" "/opt/rustwide/cargo-home/registry/src/index.crates.io-1949cf8c6b5b557f/ring-0.17.7/pregenerated/p256-x86_64-asm-elf.S" with args "cc" did not execute successfully (status code exit status: 1).running: "cc" "-O0" "-ffunction-sections" "-fdata-sections" "-fPIC" "-gdwarf-4" "-fno-omit-frame-pointer" "-m64" "-I" "include" "-I" "/opt/rustwide/target/debug/build/ring-0b9832eee5c0e8fe/out" "-Wall" "-Wextra" "-fvisibility=hidden" "-std=c1x" "-pedantic" "-Wall" "-Wextra" "-Wbad-function-cast" "-Wcast-align" "-Wcast-qual" "-Wconversion" "-Wenum-compare" "-Wfloat-equal" "-Wformat=2" "-Winline" "-Winvalid-pch" "-Wmissing-field-initializers" "-Wmissing-include-dirs" "-Wnested-externs" "-Wredundant-decls" "-Wshadow" "-Wsign-compare" "-Wsign-conversion" "-Wstrict-prototypes" "-Wundef" "-Wuninitialized" "-Wwrite-strings" "-g3" "-DNDEBUG" "-o" "/opt/rustwide/target/debug/build/ring-0b9832eee5c0e8fe/out/05b370c1cc4dacf4-ghash-x86_64-elf.o" "-c" "/opt/rustwide/cargo-home/registry/src/index.crates.io-1949cf8c6b5b557f/ring-0.17.7/pregenerated/ghash-x86_64-elf.S"
[INFO] [stderr] warning: ring@0.17.7: /opt/rustwide/cargo-home/registry/src/index.crates.io-1949cf8c6b5b557f/ring-0.17.7/pregenerated/ghash-x86_64-elf.S:5: fatal error: when writing output to /tmp/cccbO2Ee.s: No space left on device
[INFO] [stderr] warning: ring@0.17.7:     5 | 
[INFO] [stderr] warning: ring@0.17.7:       | 
[INFO] [stderr] warning: ring@0.17.7: compilation terminated.
[INFO] [stderr] warning: ring@0.17.7: /tmp/ccGCv9DA.s: Assembler messages:
[INFO] [stderr] warning: ring@0.17.7: /tmp/ccGCv9DA.s: Fatal error: can't write 52 bytes to section .text of /opt/rustwide/target/debug/build/ring-0b9832eee5c0e8fe/out/05b370c1cc4dacf4-aesni-gcm-x86_64-elf.o: 'No space left on device'
[INFO] [stderr] warning: ring@0.17.7: /tmp/ccGCv9DA.s: Fatal error: /opt/rustwide/target/debug/build/ring-0b9832eee5c0e8fe/out/05b370c1cc4dacf4-aesni-gcm-x86_64-elf.o: No space left on device
[INFO] [stderr] warning: ring@0.17.7: /opt/rustwide/cargo-home/registry/src/index.crates.io-1949cf8c6b5b557f/ring-0.17.7/pregenerated/sha512-x86_64-elf.S:5: fatal error: when writing output to /tmp/cc1hKriu.s: Invalid argument
[INFO] [stderr] warning: ring@0.17.7:     5 | 
[INFO] [stderr] warning: ring@0.17.7:       | 
[INFO] [stderr] warning: ring@0.17.7: compilation terminated.
[INFO] [stderr] warning: ring@0.17.7: crypto/curve25519/curve25519.c:1928:1: fatal error: error writing to /tmp/ccqsg785.s: No space left on device
[INFO] [stderr] warning: ring@0.17.7:  1928 | }
[INFO] [stderr] warning: ring@0.17.7:       | ^
[INFO] [stderr] warning: ring@0.17.7: compilation terminated.
[INFO] [stderr] warning: ring@0.17.7: /opt/rustwide/cargo-home/registry/src/index.crates.io-1949cf8c6b5b557f/ring-0.17.7/pregenerated/chacha20_poly1305_x86_64-elf.S:5: fatal error: when writing output to /tmp/ccajG2oz.s: Invalid argument
[INFO] [stderr] warning: ring@0.17.7:     5 | 
[INFO] [stderr] warning: ring@0.17.7:       | 
[INFO] [stderr] warning: ring@0.17.7: compilation terminated.
[INFO] [stderr] warning: ring@0.17.7: ToolExecError: Command "cc" "-O0" "-ffunction-sections" "-fdata-sections" "-fPIC" "-gdwarf-4" "-fno-omit-frame-pointer" "-m64" "-I" "include" "-I" "/opt/rustwide/target/debug/build/ring-0b9832eee5c0e8fe/out" "-Wall" "-Wextra" "-fvisibility=hidden" "-std=c1x" "-pedantic" "-Wall" "-Wextra" "-Wbad-function-cast" "-Wcast-align" "-Wcast-qual" "-Wconversion" "-Wenum-compare" "-Wfloat-equal" "-Wformat=2" "-Winline" "-Winvalid-pch" "-Wmissing-field-initializers" "-Wmissing-include-dirs" "-Wnested-externs" "-Wredundant-decls" "-Wshadow" "-Wsign-compare" "-Wsign-conversion" "-Wstrict-prototypes" "-Wundef" "-Wuninitialized" "-Wwrite-strings" "-g3" "-DNDEBUG" "-o" "/opt/rustwide/target/debug/build/ring-0b9832eee5c0e8fe/out/crypto/curve25519/curve25519.o" "-c" "crypto/curve25519/curve25519.c" with args "cc" did not execute successfully (status code exit status: 1).
[INFO] [stderr] warning: ring@0.17.7: ToolExecError: Command "cc" "-O0" "-ffunction-sections" "-fdata-sections" "-fPIC" "-gdwarf-4" "-fno-omit-frame-pointer" "-m64" "-I" "include" "-I" "/opt/rustwide/target/debug/build/ring-0b9832eee5c0e8fe/out" "-Wall" "-Wextra" "-fvisibility=hidden" "-std=c1x" "-pedantic" "-Wall" "-Wextra" "-Wbad-function-cast" "-Wcast-align" "-Wcast-qual" "-Wconversion" "-Wenum-compare" "-Wfloat-equal" "-Wformat=2" "-Winline" "-Winvalid-pch" "-Wmissing-field-initializers" "-Wmissing-include-dirs" "-Wnested-externs" "-Wredundant-decls" "-Wshadow" "-Wsign-compare" "-Wsign-conversion" "-Wstrict-prototypes" "-Wundef" "-Wuninitialized" "-Wwrite-strings" "-g3" "-DNDEBUG" "-o" "/opt/rustwide/target/debug/build/ring-0b9832eee5c0e8fe/out/05b370c1cc4dacf4-aesni-gcm-x86_64-elf.o" "-c" "/opt/rustwide/cargo-home/registry/src/index.crates.io-1949cf8c6b5b557f/ring-0.17.7/pregenerated/aesni-gcm-x86_64-elf.S" with args "cc" did not execute successfully (status code exit status: 1).
[INFO] [stderr] warning: ring@0.17.7: ToolExecError: Command "cc" "-O0" "-ffunction-sections" "-fdata-sections" "-fPIC" "-gdwarf-4" "-fno-omit-frame-pointer" "-m64" "-I" "include" "-I" "/opt/rustwide/target/debug/build/ring-0b9832eee5c0e8fe/out" "-Wall" "-Wextra" "-fvisibility=hidden" "-std=c1x" "-pedantic" "-Wall" "-Wextra" "-Wbad-function-cast" "-Wcast-align" "-Wcast-qual" "-Wconversion" "-Wenum-compare" "-Wfloat-equal" "-Wformat=2" "-Winline" "-Winvalid-pch" "-Wmissing-field-initializers" "-Wmissing-include-dirs" "-Wnested-externs" "-Wredundant-decls" "-Wshadow" "-Wsign-compare" "-Wsign-conversion" "-Wstrict-prototypes" "-Wundef" "-Wuninitialized" "-Wwrite-strings" "-g3" "-DNDEBUG" "-o" "/opt/rustwide/target/debug/build/ring-0b9832eee5c0e8fe/out/05b370c1cc4dacf4-ghash-x86_64-elf.o" "-c" "/opt/rustwide/cargo-home/registry/src/index.crates.io-1949cf8c6b5b557f/ring-0.17.7/pregenerated/ghash-x86_64-elf.S" with args "cc" did not execute successfully (status code exit status: 1).
[INFO] [stderr] warning: ring@0.17.7: ToolExecError: Command "cc" "-O0" "-ffunction-sections" "-fdata-sections" "-fPIC" "-gdwarf-4" "-fno-omit-frame-pointer" "-m64" "-I" "include" "-I" "/opt/rustwide/target/debug/build/ring-0b9832eee5c0e8fe/out" "-Wall" "-Wextra" "-fvisibility=hidden" "-std=c1x" "-pedantic" "-Wall" "-Wextra" "-Wbad-function-cast" "-Wcast-align" "-Wcast-qual" "-Wconversion" "-Wenum-compare" "-Wfloat-equal" "-Wformat=2" "-Winline" "-Winvalid-pch" "-Wmissing-field-initializers" "-Wmissing-include-dirs" "-Wnested-externs" "-Wredundant-decls" "-Wshadow" "-Wsign-compare" "-Wsign-conversion" "-Wstrict-prototypes" "-Wundef" "-Wuninitialized" "-Wwrite-strings" "-g3" "-DNDEBUG" "-o" "/opt/rustwide/target/debug/build/ring-0b9832eee5c0e8fe/out/05b370c1cc4dacf4-sha512-x86_64-elf.o" "-c" "/opt/rustwide/cargo-home/registry/src/index.crates.io-1949cf8c6b5b557f/ring-0.17.7/pregenerated/sha512-x86_64-elf.S" with args "cc" did not execute successfully (status code exit status: 1).
[INFO] [stderr] warning: ring@0.17.7: ToolExecError: Command "cc" "-O0" "-ffunction-sections" "-fdata-sections" "-fPIC" "-gdwarf-4" "-fno-omit-frame-pointer" "-m64" "-I" "include" "-I" "/opt/rustwide/target/debug/build/ring-0b9832eee5c0e8fe/out" "-Wall" "-Wextra" "-fvisibility=hidden" "-std=c1x" "-pedantic" "-Wall" "-Wextra" "-Wbad-function-cast" "-Wcast-align" "-Wcast-qual" "-Wconversion" "-Wenum-compare" "-Wfloat-equal" "-Wformat=2" "-Winline" "-Winvalid-pch" "-Wmissing-field-initializers" "-Wmissing-include-dirs" "-Wnested-externs" "-Wredundant-decls" "-Wshadow" "-Wsign-compare" "-Wsign-conversion" "-Wstrict-prototypes" "-Wundef" "-Wuninitialized" "-Wwrite-strings" "-g3" "-DNDEBUG" "-o" "/opt/rustwide/target/debug/build/ring-0b9832eee5c0e8fe/out/05b370c1cc4dacf4-chacha20_poly1305_x86_64-elf.o" "-c" "/opt/rustwide/cargo-home/registry/src/index.crates.io-1949cf8c6b5b557f/ring-0.17.7/pregenerated/chacha20_poly1305_x86_64-elf.S" with args "cc" did not execute successfully (status code exit status: 1).
[INFO] [stderr] error: failed to run custom build command for `ring v0.17.7`
[INFO] [stderr] note: To improve backtraces for build dependencies, set the CARGO_PROFILE_DEV_BUILD_OVERRIDE_DEBUG=true environment variable to enable debug information generation.
[INFO] [stderr] 
[INFO] [stderr] Caused by:
[INFO] [stderr]   process didn't exit successfully: `/opt/rustwide/target/debug/build/ring-02e5925b8851ec6b/build-script-build` (exit status: 1)
[INFO] [stderr]   --- stdout
[INFO] [stderr]   cargo:rerun-if-env-changed=RING_PREGENERATE_ASM
[INFO] [stderr]   cargo:rustc-env=RING_CORE_PREFIX=ring_core_0_17_7_
[INFO] [stderr]   OPT_LEVEL = Some("0")
[INFO] [stderr]   TARGET = Some("x86_64-unknown-linux-gnu")
[INFO] [stderr]   HOST = Some("x86_64-unknown-linux-gnu")
[INFO] [stderr]   cargo:rerun-if-env-changed=CC_x86_64-unknown-linux-gnu
[INFO] [stderr]   CC_x86_64-unknown-linux-gnu = None
[INFO] [stderr]   cargo:rerun-if-env-changed=CC_x86_64_unknown_linux_gnu
[INFO] [stderr]   CC_x86_64_unknown_linux_gnu = None
[INFO] [stderr]   cargo:rerun-if-env-changed=HOST_CC
[INFO] [stderr]   HOST_CC = None
[INFO] [stderr]   cargo:rerun-if-env-changed=CC
[INFO] [stderr]   CC = None
[INFO] [stderr]   cargo:rerun-if-env-changed=CRATE_CC_NO_DEFAULTS
[INFO] [stderr]   CRATE_CC_NO_DEFAULTS = None
[INFO] [stderr]   DEBUG = Some("true")
[INFO] [stderr]   CARGO_CFG_TARGET_FEATURE = Some("fxsr,sse,sse2")
[INFO] [stderr]   cargo:rerun-if-env-changed=CFLAGS_x86_64-unknown-linux-gnu
[INFO] [stderr]   CFLAGS_x86_64-unknown-linux-gnu = None
[INFO] [stderr]   cargo:rerun-if-env-changed=CFLAGS_x86_64_unknown_linux_gnu
[INFO] [stderr]   CFLAGS_x86_64_unknown_linux_gnu = None
[INFO] [stderr]   cargo:rerun-if-env-changed=HOST_CFLAGS
[INFO] [stderr]   HOST_CFLAGS = None
[INFO] [stderr]   cargo:rerun-if-env-changed=CFLAGS
[INFO] [stderr]   CFLAGS = None
[INFO] [stderr]   running: "cc" "-O0" "-ffunction-sections" "-fdata-sections" "-fPIC" "-gdwarf-4" "-fno-omit-frame-pointer" "-m64" "-I" "include" "-I" "/opt/rustwide/target/debug/build/ring-0b9832eee5c0e8fe/out" "-Wall" "-Wextra" "-fvisibility=hidden" "-std=c1x" "-pedantic" "-Wall" "-Wextra" "-Wbad-function-cast" "-Wcast-align" "-Wcast-qual" "-Wconversion" "-Wenum-compare" "-Wfloat-equal" "-Wformat=2" "-Winline" "-Winvalid-pch" "-Wmissing-field-initializers" "-Wmissing-include-dirs" "-Wnested-externs" "-Wredundant-decls" "-Wshadow" "-Wsign-compare" "-Wsign-conversion" "-Wstrict-prototypes" "-Wundef" "-Wuninitialized" "-Wwrite-strings" "-g3" "-DNDEBUG" "-o" "/opt/rustwide/target/debug/build/ring-0b9832eee5c0e8fe/out/crypto/curve25519/curve25519.o" "-c" "crypto/curve25519/curve25519.c"
[INFO] [stderr]   running: "cc" "-O0" "-ffunction-sections" "-fdata-sections" "-fPIC" "-gdwarf-4" "-fno-omit-frame-pointer" "-m64" "-I" "include" "-I" "/opt/rustwide/target/debug/build/ring-0b9832eee5c0e8fe/out" "-Wall" "-Wextra" "-fvisibility=hidden" "-std=c1x" "-pedantic" "-Wall" "-Wextra" "-Wbad-function-cast" "-Wcast-align" "-Wcast-qual" "-Wconversion" "-Wenum-compare" "-Wfloat-equal" "-Wformat=2" "-Winline" "-Winvalid-pch" "-Wmissing-field-initializers" "-Wmissing-include-dirs" "-Wnested-externs" "-Wredundant-decls" "-Wshadow" "-Wsign-compare" "-Wsign-conversion" "-Wstrict-prototypes" "-Wundef" "-Wuninitialized" "-Wwrite-strings" "-g3" "-DNDEBUG" "-o" "/opt/rustwide/target/debug/build/ring-0b9832eee5c0e8fe/out/crypto/fipsmodule/aes/aes_nohw.o" "-c" "crypto/fipsmodule/aes/aes_nohw.c"
[INFO] [stderr]   running: "cc" "-O0" "-ffunction-sections" "-fdata-sections" "-fPIC" "-gdwarf-4" "-fno-omit-frame-pointer" "-m64" "-I" "include" "-I" "/opt/rustwide/target/debug/build/ring-0b9832eee5c0e8fe/out" "-Wall" "-Wextra" "-fvisibility=hidden" "-std=c1x" "-pedantic" "-Wall" "-Wextra" "-Wbad-function-cast" "-Wcast-align" "-Wcast-qual" "-Wconversion" "-Wenum-compare" "-Wfloat-equal" "-Wformat=2" "-Winline" "-Winvalid-pch" "-Wmissing-field-initializers" "-Wmissing-include-dirs" "-Wnested-externs" "-Wredundant-decls" "-Wshadow" "-Wsign-compare" "-Wsign-conversion" "-Wstrict-prototypes" "-Wundef" "-Wuninitialized" "-Wwrite-strings" "-g3" "-DNDEBUG" "-o" "/opt/rustwide/target/debug/build/ring-0b9832eee5c0e8fe/out/crypto/fipsmodule/bn/montgomery.o" "-c" "crypto/fipsmodule/bn/montgomery.c"
[INFO] [stderr]   running: "cc" "-O0" "-ffunction-sections" "-fdata-sections" "-fPIC" "-gdwarf-4" "-fno-omit-frame-pointer" "-m64" "-I" "include" "-I" "/opt/rustwide/target/debug/build/ring-0b9832eee5c0e8fe/out" "-Wall" "-Wextra" "-fvisibility=hidden" "-std=c1x" "-pedantic" "-Wall" "-Wextra" "-Wbad-function-cast" "-Wcast-align" "-Wcast-qual" "-Wconversion" "-Wenum-compare" "-Wfloat-equal" "-Wformat=2" "-Winline" "-Winvalid-pch" "-Wmissing-field-initializers" "-Wmissing-include-dirs" "-Wnested-externs" "-Wredundant-decls" "-Wshadow" "-Wsign-compare" "-Wsign-conversion" "-Wstrict-prototypes" "-Wundef" "-Wuninitialized" "-Wwrite-strings" "-g3" "-DNDEBUG" "-o" "/opt/rustwide/target/debug/build/ring-0b9832eee5c0e8fe/out/crypto/fipsmodule/bn/montgomery_inv.o" "-c" "crypto/fipsmodule/bn/montgomery_inv.c"
[INFO] [stderr]   running: "cc" "-O0" "-ffunction-sections" "-fdata-sections" "-fPIC" "-gdwarf-4" "-fno-omit-frame-pointer" "-m64" "-I" "include" "-I" "/opt/rustwide/target/debug/build/ring-0b9832eee5c0e8fe/out" "-Wall" "-Wextra" "-fvisibility=hidden" "-std=c1x" "-pedantic" "-Wall" "-Wextra" "-Wbad-function-cast" "-Wcast-align" "-Wcast-qual" "-Wconversion" "-Wenum-compare" "-Wfloat-equal" "-Wformat=2" "-Winline" "-Winvalid-pch" "-Wmissing-field-initializers" "-Wmissing-include-dirs" "-Wnested-externs" "-Wredundant-decls" "-Wshadow" "-Wsign-compare" "-Wsign-conversion" "-Wstrict-prototypes" "-Wundef" "-Wuninitialized" "-Wwrite-strings" "-g3" "-DNDEBUG" "-o" "/opt/rustwide/target/debug/build/ring-0b9832eee5c0e8fe/out/crypto/fipsmodule/ec/ecp_nistz.o" "-c" "crypto/fipsmodule/ec/ecp_nistz.c"
[INFO] [stderr]   running: "cc" "-O0" "-ffunction-sections" "-fdata-sections" "-fPIC" "-gdwarf-4" "-fno-omit-frame-pointer" "-m64" "-I" "include" "-I" "/opt/rustwide/target/debug/build/ring-0b9832eee5c0e8fe/out" "-Wall" "-Wextra" "-fvisibility=hidden" "-std=c1x" "-pedantic" "-Wall" "-Wextra" "-Wbad-function-cast" "-Wcast-align" "-Wcast-qual" "-Wconversion" "-Wenum-compare" "-Wfloat-equal" "-Wformat=2" "-Winline" "-Winvalid-pch" "-Wmissing-field-initializers" "-Wmissing-include-dirs" "-Wnested-externs" "-Wredundant-decls" "-Wshadow" "-Wsign-compare" "-Wsign-conversion" "-Wstrict-prototypes" "-Wundef" "-Wuninitialized" "-Wwrite-strings" "-g3" "-DNDEBUG" "-o" "/opt/rustwide/target/debug/build/ring-0b9832eee5c0e8fe/out/crypto/fipsmodule/ec/gfp_p256.o" "-c" "crypto/fipsmodule/ec/gfp_p256.c"
[INFO] [stderr]   running: "cc" "-O0" "-ffunction-sections" "-fdata-sections" "-fPIC" "-gdwarf-4" "-fno-omit-frame-pointer" "-m64" "-I" "include" "-I" "/opt/rustwide/target/debug/build/ring-0b9832eee5c0e8fe/out" "-Wall" "-Wextra" "-fvisibility=hidden" "-std=c1x" "-pedantic" "-Wall" "-Wextra" "-Wbad-function-cast" "-Wcast-align" "-Wcast-qual" "-Wconversion" "-Wenum-compare" "-Wfloat-equal" "-Wformat=2" "-Winline" "-Winvalid-pch" "-Wmissing-field-initializers" "-Wmissing-include-dirs" "-Wnested-externs" "-Wredundant-decls" "-Wshadow" "-Wsign-compare" "-Wsign-conversion" "-Wstrict-prototypes" "-Wundef" "-Wuninitialized" "-Wwrite-strings" "-g3" "-DNDEBUG" "-o" "/opt/rustwide/target/debug/build/ring-0b9832eee5c0e8fe/out/crypto/fipsmodule/ec/gfp_p384.o" "-c" "crypto/fipsmodule/ec/gfp_p384.c"
[INFO] [stderr]   running: "cc" "-O0" "-ffunction-sections" "-fdata-sections" "-fPIC" "-gdwarf-4" "-fno-omit-frame-pointer" "-m64" "-I" "include" "-I" "/opt/rustwide/target/debug/build/ring-0b9832eee5c0e8fe/out" "-Wall" "-Wextra" "-fvisibility=hidden" "-std=c1x" "-pedantic" "-Wall" "-Wextra" "-Wbad-function-cast" "-Wcast-align" "-Wcast-qual" "-Wconversion" "-Wenum-compare" "-Wfloat-equal" "-Wformat=2" "-Winline" "-Winvalid-pch" "-Wmissing-field-initializers" "-Wmissing-include-dirs" "-Wnested-externs" "-Wredundant-decls" "-Wshadow" "-Wsign-compare" "-Wsign-conversion" "-Wstrict-prototypes" "-Wundef" "-Wuninitialized" "-Wwrite-strings" "-g3" "-DNDEBUG" "-o" "/opt/rustwide/target/debug/build/ring-0b9832eee5c0e8fe/out/crypto/fipsmodule/ec/p256.o" "-c" "crypto/fipsmodule/ec/p256.c"
[INFO] [stderr]   running: "cc" "-O0" "-ffunction-sections" "-fdata-sections" "-fPIC" "-gdwarf-4" "-fno-omit-frame-pointer" "-m64" "-I" "include" "-I" "/opt/rustwide/target/debug/build/ring-0b9832eee5c0e8fe/out" "-Wall" "-Wextra" "-fvisibility=hidden" "-std=c1x" "-pedantic" "-Wall" "-Wextra" "-Wbad-function-cast" "-Wcast-align" "-Wcast-qual" "-Wconversion" "-Wenum-compare" "-Wfloat-equal" "-Wformat=2" "-Winline" "-Winvalid-pch" "-Wmissing-field-initializers" "-Wmissing-include-dirs" "-Wnested-externs" "-Wredundant-decls" "-Wshadow" "-Wsign-compare" "-Wsign-conversion" "-Wstrict-prototypes" "-Wundef" "-Wuninitialized" "-Wwrite-strings" "-g3" "-DNDEBUG" "-o" "/opt/rustwide/target/debug/build/ring-0b9832eee5c0e8fe/out/crypto/limbs/limbs.o" "-c" "crypto/limbs/limbs.c"
[INFO] [stderr]   running: "cc" "-O0" "-ffunction-sections" "-fdata-sections" "-fPIC" "-gdwarf-4" "-fno-omit-frame-pointer" "-m64" "-I" "include" "-I" "/opt/rustwide/target/debug/build/ring-0b9832eee5c0e8fe/out" "-Wall" "-Wextra" "-fvisibility=hidden" "-std=c1x" "-pedantic" "-Wall" "-Wextra" "-Wbad-function-cast" "-Wcast-align" "-Wcast-qual" "-Wconversion" "-Wenum-compare" "-Wfloat-equal" "-Wformat=2" "-Winline" "-Winvalid-pch" "-Wmissing-field-initializers" "-Wmissing-include-dirs" "-Wnested-externs" "-Wredundant-decls" "-Wshadow" "-Wsign-compare" "-Wsign-conversion" "-Wstrict-prototypes" "-Wundef" "-Wuninitialized" "-Wwrite-strings" "-g3" "-DNDEBUG" "-o" "/opt/rustwide/target/debug/build/ring-0b9832eee5c0e8fe/out/crypto/mem.o" "-c" "crypto/mem.c"
[INFO] [stderr]   running: "cc" "-O0" "-ffunction-sections" "-fdata-sections" "-fPIC" "-gdwarf-4" "-fno-omit-frame-pointer" "-m64" "-I" "include" "-I" "/opt/rustwide/target/debug/build/ring-0b9832eee5c0e8fe/out" "-Wall" "-Wextra" "-fvisibility=hidden" "-std=c1x" "-pedantic" "-Wall" "-Wextra" "-Wbad-function-cast" "-Wcast-align" "-Wcast-qual" "-Wconversion" "-Wenum-compare" "-Wfloat-equal" "-Wformat=2" "-Winline" "-Winvalid-pch" "-Wmissing-field-initializers" "-Wmissing-include-dirs" "-Wnested-externs" "-Wredundant-decls" "-Wshadow" "-Wsign-compare" "-Wsign-conversion" "-Wstrict-prototypes" "-Wundef" "-Wuninitialized" "-Wwrite-strings" "-g3" "-DNDEBUG" "-o" "/opt/rustwide/target/debug/build/ring-0b9832eee5c0e8fe/out/crypto/poly1305/poly1305.o" "-c" "crypto/poly1305/poly1305.c"
[INFO] [stderr]   cargo:warning=crypto/fipsmodule/ec/p256.c:28: fatal error: error writing to /tmp/ccxYG7nD.s: No space left on device
[INFO] [stderr] 
[INFO] [stderr]   cargo:warning=   28 | 
[INFO] [stderr] 
[INFO] [stderr]   cargo:warning=      | 
[INFO] [stderr] 
[INFO] [stderr]   cargo:warning=compilation terminated.
[INFO] [stderr] 
[INFO] [stderr]   exit status: 0
[INFO] [stderr]   exit status: 0
[INFO] [stderr]   exit status: 0
[INFO] [stderr]   exit status: 0
[INFO] [stderr]   exit status: 1
[INFO] [stderr]   cargo:warning=ToolExecError: Command "cc" "-O0" "-ffunction-sections" "-fdata-sections" "-fPIC" "-gdwarf-4" "-fno-omit-frame-pointer" "-m64" "-I" "include" "-I" "/opt/rustwide/target/debug/build/ring-0b9832eee5c0e8fe/out" "-Wall" "-Wextra" "-fvisibility=hidden" "-std=c1x" "-pedantic" "-Wall" "-Wextra" "-Wbad-function-cast" "-Wcast-align" "-Wcast-qual" "-Wconversion" "-Wenum-compare" "-Wfloat-equal" "-Wformat=2" "-Winline" "-Winvalid-pch" "-Wmissing-field-initializers" "-Wmissing-include-dirs" "-Wnested-externs" "-Wredundant-decls" "-Wshadow" "-Wsign-compare" "-Wsign-conversion" "-Wstrict-prototypes" "-Wundef" "-Wuninitialized" "-Wwrite-strings" "-g3" "-DNDEBUG" "-o" "/opt/rustwide/target/debug/build/ring-0b9832eee5c0e8fe/out/crypto/fipsmodule/ec/p256.o" "-c" "crypto/fipsmodule/ec/p256.c" with args "cc" did not execute successfully (status code exit status: 1).running: "cc" "-O0" "-ffunction-sections" "-fdata-sections" "-fPIC" "-gdwarf-4" "-fno-omit-frame-pointer" "-m64" "-I" "include" "-I" "/opt/rustwide/target/debug/build/ring-0b9832eee5c0e8fe/out" "-Wall" "-Wextra" "-fvisibility=hidden" "-std=c1x" "-pedantic" "-Wall" "-Wextra" "-Wbad-function-cast" "-Wcast-align" "-Wcast-qual" "-Wconversion" "-Wenum-compare" "-Wfloat-equal" "-Wformat=2" "-Winline" "-Winvalid-pch" "-Wmissing-field-initializers" "-Wmissing-include-dirs" "-Wnested-externs" "-Wredundant-decls" "-Wshadow" "-Wsign-compare" "-Wsign-conversion" "-Wstrict-prototypes" "-Wundef" "-Wuninitialized" "-Wwrite-strings" "-g3" "-DNDEBUG" "-o" "/opt/rustwide/target/debug/build/ring-0b9832eee5c0e8fe/out/crypto/crypto.o" "-c" "crypto/crypto.c"
[INFO] [stderr]   cargo:warning=crypto/fipsmodule/aes/aes_nohw.c:959:1: fatal error: error writing to /tmp/ccOKinyU.s: No space left on device
[INFO] [stderr] 
[INFO] [stderr]   cargo:warning=  959 | }
[INFO] [stderr] 
[INFO] [stderr]   cargo:warning=      | ^
[INFO] [stderr] 
[INFO] [stderr]   cargo:warning=compilation terminated.
[INFO] [stderr] 
[INFO] [stderr] 
[INFO] [stderr]   exit status: 1
[INFO] [stderr]   cargo:warning=ToolExecError: Command "cc" "-O0" "-ffunction-sections" "-fdata-sections" "-fPIC" "-gdwarf-4" "-fno-omit-frame-pointer" "-m64" "-I" "include" "-I" "/opt/rustwide/target/debug/build/ring-0b9832eee5c0e8fe/out" "-Wall" "-Wextra" "-fvisibility=hidden" "-std=c1x" "-pedantic" "-Wall" "-Wextra" "-Wbad-function-cast" "-Wcast-align" "-Wcast-qual" "-Wconversion" "-Wenum-compare" "-Wfloat-equal" "-Wformat=2" "-Winline" "-Winvalid-pch" "-Wmissing-field-initializers" "-Wmissing-include-dirs" "-Wnested-externs" "-Wredundant-decls" "-Wshadow" "-Wsign-compare" "-Wsign-conversion" "-Wstrict-prototypes" "-Wundef" "-Wuninitialized" "-Wwrite-strings" "-g3" "-DNDEBUG" "-o" "/opt/rustwide/target/debug/build/ring-0b9832eee5c0e8fe/out/crypto/fipsmodule/aes/aes_nohw.o" "-c" "crypto/fipsmodule/aes/aes_nohw.c" with args "cc" did not execute successfully (status code exit status: 1).running: "cc" "-O0" "-ffunction-sections" "-fdata-sections" "-fPIC" "-gdwarf-4" "-fno-omit-frame-pointer" "-m64" "-I" "include" "-I" "/opt/rustwide/target/debug/build/ring-0b9832eee5c0e8fe/out" "-Wall" "-Wextra" "-fvisibility=hidden" "-std=c1x" "-pedantic" "-Wall" "-Wextra" "-Wbad-function-cast" "-Wcast-align" "-Wcast-qual" "-Wconversion" "-Wenum-compare" "-Wfloat-equal" "-Wformat=2" "-Winline" "-Winvalid-pch" "-Wmissing-field-initializers" "-Wmissing-include-dirs" "-Wnested-externs" "-Wredundant-decls" "-Wshadow" "-Wsign-compare" "-Wsign-conversion" "-Wstrict-prototypes" "-Wundef" "-Wuninitialized" "-Wwrite-strings" "-g3" "-DNDEBUG" "-o" "/opt/rustwide/target/debug/build/ring-0b9832eee5c0e8fe/out/crypto/cpu_intel.o" "-c" "crypto/cpu_intel.c"
[INFO] [stderr]   cargo:warning=crypto/mem.c:70:1: fatal error: error writing to /tmp/ccoxDDUe.s: No space left on device
[INFO] [stderr] 
[INFO] [stderr]   cargo:warning=   70 | }
[INFO] [stderr] 
[INFO] [stderr]   cargo:warning=      | ^
[INFO] [stderr] 
[INFO] [stderr]   cargo:warning=compilation terminated.
[INFO] [stderr] 
[INFO] [stderr]   cargo:warning=crypto/poly1305/poly1305.c:23: fatal error: error writing to /tmp/ccTD8s53.s: No space left on device
[INFO] [stderr] 
[INFO] [stderr]   cargo:warning=   23 | 
[INFO] [stderr] 
[INFO] [stderr]   cargo:warning=      | 
[INFO] [stderr] 
[INFO] [stderr]   cargo:warning=compilation terminated.
[INFO] [stderr] 
[INFO] [stderr]   cargo:warning=crypto/crypto.c:36:1: fatal error: error writing to /tmp/cc8WQAIT.s: No space left on device
[INFO] [stderr] 
[INFO] [stderr]   cargo:warning=   36 | HIDDEN uint32_t OPENSSL_ia32cap_P[4] = {0};
[INFO] [stderr] 
[INFO] [stderr]   cargo:warning=      | ^~~~~~
[INFO] [stderr] 
[INFO] [stderr]   cargo:warning=compilation terminated.
[INFO] [stderr] 
[INFO] [stderr]   running: "cc" "-O0" "-ffunction-sections" "-fdata-sections" "-fPIC" "-gdwarf-4" "-fno-omit-frame-pointer" "-m64" "-I" "include" "-I" "/opt/rustwide/target/debug/build/ring-0b9832eee5c0e8fe/out" "-Wall" "-Wextra" "-fvisibility=hidden" "-std=c1x" "-pedantic" "-Wall" "-Wextra" "-Wbad-function-cast" "-Wcast-align" "-Wcast-qual" "-Wconversion" "-Wenum-compare" "-Wfloat-equal" "-Wformat=2" "-Winline" "-Winvalid-pch" "-Wmissing-field-initializers" "-Wmissing-include-dirs" "-Wnested-externs" "-Wredundant-decls" "-Wshadow" "-Wsign-compare" "-Wsign-conversion" "-Wstrict-prototypes" "-Wundef" "-Wuninitialized" "-Wwrite-strings" "-g3" "-DNDEBUG" "-o" "/opt/rustwide/target/debug/build/ring-0b9832eee5c0e8fe/out/crypto/curve25519/curve25519_64_adx.o" "-c" "crypto/curve25519/curve25519_64_adx.c"
[INFO] [stderr] 
[INFO] [stderr]   exit status: 1
[INFO] [stderr]   cargo:warning=ToolExecError: Command "cc" "-O0" "-ffunction-sections" "-fdata-sections" "-fPIC" "-gdwarf-4" "-fno-omit-frame-pointer" "-m64" "-I" "include" "-I" "/opt/rustwide/target/debug/build/ring-0b9832eee5c0e8fe/out" "-Wall" "-Wextra" "-fvisibility=hidden" "-std=c1x" "-pedantic" "-Wall" "-Wextra" "-Wbad-function-cast" "-Wcast-align" "-Wcast-qual" "-Wconversion" "-Wenum-compare" "-Wfloat-equal" "-Wformat=2" "-Winline" "-Winvalid-pch" "-Wmissing-field-initializers" "-Wmissing-include-dirs" "-Wnested-externs" "-Wredundant-decls" "-Wshadow" "-Wsign-compare" "-Wsign-conversion" "-Wstrict-prototypes" "-Wundef" "-Wuninitialized" "-Wwrite-strings" "-g3" "-DNDEBUG" "-o" "/opt/rustwide/target/debug/build/ring-0b9832eee5c0e8fe/out/crypto/mem.o" "-c" "crypto/mem.c" with args "cc" did not execute successfully (status code exit status: 1).
[INFO] [stderr]   exit status: 1
[INFO] [stderr]   cargo:warning=ToolExecError: Command "cc" "-O0" "-ffunction-sections" "-fdata-sections" "-fPIC" "-gdwarf-4" "-fno-omit-frame-pointer" "-m64" "-I" "include" "-I" "/opt/rustwide/target/debug/build/ring-0b9832eee5c0e8fe/out" "-Wall" "-Wextra" "-fvisibility=hidden" "-std=c1x" "-pedantic" "-Wall" "-Wextra" "-Wbad-function-cast" "-Wcast-align" "-Wcast-qual" "-Wconversion" "-Wenum-compare" "-Wfloat-equal" "-Wformat=2" "-Winline" "-Winvalid-pch" "-Wmissing-field-initializers" "-Wmissing-include-dirs" "-Wnested-externs" "-Wredundant-decls" "-Wshadow" "-Wsign-compare" "-Wsign-conversion" "-Wstrict-prototypes" "-Wundef" "-Wuninitialized" "-Wwrite-strings" "-g3" "-DNDEBUG" "-o" "/opt/rustwide/target/debug/build/ring-0b9832eee5c0e8fe/out/crypto/poly1305/poly1305.o" "-c" "crypto/poly1305/poly1305.c" with args "cc" did not execute successfully (status code exit status: 1).
[INFO] [stderr]   exit status: 1
[INFO] [stderr]   cargo:warning=ToolExecError: Command "cc" "-O0" "-ffunction-sections" "-fdata-sections" "-fPIC" "-gdwarf-4" "-fno-omit-frame-pointer" "-m64" "-I" "include" "-I" "/opt/rustwide/target/debug/build/ring-0b9832eee5c0e8fe/out" "-Wall" "-Wextra" "-fvisibility=hidden" "-std=c1x" "-pedantic" "-Wall" "-Wextra" "-Wbad-function-cast" "-Wcast-align" "-Wcast-qual" "-Wconversion" "-Wenum-compare" "-Wfloat-equal" "-Wformat=2" "-Winline" "-Winvalid-pch" "-Wmissing-field-initializers" "-Wmissing-include-dirs" "-Wnested-externs" "-Wredundant-decls" "-Wshadow" "-Wsign-compare" "-Wsign-conversion" "-Wstrict-prototypes" "-Wundef" "-Wuninitialized" "-Wwrite-strings" "-g3" "-DNDEBUG" "-o" "/opt/rustwide/target/debug/build/ring-0b9832eee5c0e8fe/out/crypto/crypto.o" "-c" "crypto/crypto.c" with args "cc" did not execute successfully (status code exit status: 1).running: "cc" "-O0" "-ffunction-sections" "-fdata-sections" "-fPIC" "-gdwarf-4" "-fno-omit-frame-pointer" "-m64" "-I" "include" "-I" "/opt/rustwide/target/debug/build/ring-0b9832eee5c0e8fe/out" "-Wall" "-Wextra" "-fvisibility=hidden" "-std=c1x" "-pedantic" "-Wall" "-Wextra" "-Wbad-function-cast" "-Wcast-align" "-Wcast-qual" "-Wconversion" "-Wenum-compare" "-Wfloat-equal" "-Wformat=2" "-Winline" "-Winvalid-pch" "-Wmissing-field-initializers" "-Wmissing-include-dirs" "-Wnested-externs" "-Wredundant-decls" "-Wshadow" "-Wsign-compare" "-Wsign-conversion" "-Wstrict-prototypes" "-Wundef" "-Wuninitialized" "-Wwrite-strings" "-g3" "-DNDEBUG" "-o" "/opt/rustwide/target/debug/build/ring-0b9832eee5c0e8fe/out/crypto/poly1305/poly1305_vec.o" "-c" "crypto/poly1305/poly1305_vec.c"
[INFO] [stderr]   running: "cc" "-O0" "-ffunction-sections" "-fdata-sections" "-fPIC" "-gdwarf-4" "-fno-omit-frame-pointer" "-m64" "-I" "include" "-I" "/opt/rustwide/target/debug/build/ring-0b9832eee5c0e8fe/out" "-Wall" "-Wextra" "-fvisibility=hidden" "-std=c1x" "-pedantic" "-Wall" "-Wextra" "-Wbad-function-cast" "-Wcast-align" "-Wcast-qual" "-Wconversion" "-Wenum-compare" "-Wfloat-equal" "-Wformat=2" "-Winline" "-Winvalid-pch" "-Wmissing-field-initializers" "-Wmissing-include-dirs" "-Wnested-externs" "-Wredundant-decls" "-Wshadow" "-Wsign-compare" "-Wsign-conversion" "-Wstrict-prototypes" "-Wundef" "-Wuninitialized" "-Wwrite-strings" "-g3" "-DNDEBUG" "-o" "/opt/rustwide/target/debug/build/ring-0b9832eee5c0e8fe/out/third_party/fiat/asm/fiat_curve25519_adx_mul.o" "-c" "third_party/fiat/asm/fiat_curve25519_adx_mul.S"
[INFO] [stderr]   running: "cc" "-O0" "-ffunction-sections" "-fdata-sections" "-fPIC" "-gdwarf-4" "-fno-omit-frame-pointer" "-m64" "-I" "include" "-I" "/opt/rustwide/target/debug/build/ring-0b9832eee5c0e8fe/out" "-Wall" "-Wextra" "-fvisibility=hidden" "-std=c1x" "-pedantic" "-Wall" "-Wextra" "-Wbad-function-cast" "-Wcast-align" "-Wcast-qual" "-Wconversion" "-Wenum-compare" "-Wfloat-equal" "-Wformat=2" "-Winline" "-Winvalid-pch" "-Wmissing-field-initializers" "-Wmissing-include-dirs" "-Wnested-externs" "-Wredundant-decls" "-Wshadow" "-Wsign-compare" "-Wsign-conversion" "-Wstrict-prototypes" "-Wundef" "-Wuninitialized" "-Wwrite-strings" "-g3" "-DNDEBUG" "-o" "/opt/rustwide/target/debug/build/ring-0b9832eee5c0e8fe/out/third_party/fiat/asm/fiat_curve25519_adx_square.o" "-c" "third_party/fiat/asm/fiat_curve25519_adx_square.S"
[INFO] [stderr]   running: "cc" "-O0" "-ffunction-sections" "-fdata-sections" "-fPIC" "-gdwarf-4" "-fno-omit-frame-pointer" "-m64" "-I" "include" "-I" "/opt/rustwide/target/debug/build/ring-0b9832eee5c0e8fe/out" "-Wall" "-Wextra" "-fvisibility=hidden" "-std=c1x" "-pedantic" "-Wall" "-Wextra" "-Wbad-function-cast" "-Wcast-align" "-Wcast-qual" "-Wconversion" "-Wenum-compare" "-Wfloat-equal" "-Wformat=2" "-Winline" "-Winvalid-pch" "-Wmissing-field-initializers" "-Wmissing-include-dirs" "-Wnested-externs" "-Wredundant-decls" "-Wshadow" "-Wsign-compare" "-Wsign-conversion" "-Wstrict-prototypes" "-Wundef" "-Wuninitialized" "-Wwrite-strings" "-g3" "-DNDEBUG" "-o" "/opt/rustwide/target/debug/build/ring-0b9832eee5c0e8fe/out/crypto/fipsmodule/ec/p256-nistz.o" "-c" "crypto/fipsmodule/ec/p256-nistz.c"
[INFO] [stderr]   running: "cc" "-O0" "-ffunction-sections" "-fdata-sections" "-fPIC" "-gdwarf-4" "-fno-omit-frame-pointer" "-m64" "-I" "include" "-I" "/opt/rustwide/target/debug/build/ring-0b9832eee5c0e8fe/out" "-Wall" "-Wextra" "-fvisibility=hidden" "-std=c1x" "-pedantic" "-Wall" "-Wextra" "-Wbad-function-cast" "-Wcast-align" "-Wcast-qual" "-Wconversion" "-Wenum-compare" "-Wfloat-equal" "-Wformat=2" "-Winline" "-Winvalid-pch" "-Wmissing-field-initializers" "-Wmissing-include-dirs" "-Wnested-externs" "-Wredundant-decls" "-Wshadow" "-Wsign-compare" "-Wsign-conversion" "-Wstrict-prototypes" "-Wundef" "-Wuninitialized" "-Wwrite-strings" "-g3" "-DNDEBUG" "-o" "/opt/rustwide/target/debug/build/ring-0b9832eee5c0e8fe/out/05b370c1cc4dacf4-chacha-x86_64-elf.o" "-c" "/opt/rustwide/cargo-home/registry/src/index.crates.io-1949cf8c6b5b557f/ring-0.17.7/pregenerated/chacha-x86_64-elf.S"
[INFO] [stderr]   running: "cc" "-O0" "-ffunction-sections" "-fdata-sections" "-fPIC" "-gdwarf-4" "-fno-omit-frame-pointer" "-m64" "-I" "include" "-I" "/opt/rustwide/target/debug/build/ring-0b9832eee5c0e8fe/out" "-Wall" "-Wextra" "-fvisibility=hidden" "-std=c1x" "-pedantic" "-Wall" "-Wextra" "-Wbad-function-cast" "-Wcast-align" "-Wcast-qual" "-Wconversion" "-Wenum-compare" "-Wfloat-equal" "-Wformat=2" "-Winline" "-Winvalid-pch" "-Wmissing-field-initializers" "-Wmissing-include-dirs" "-Wnested-externs" "-Wredundant-decls" "-Wshadow" "-Wsign-compare" "-Wsign-conversion" "-Wstrict-prototypes" "-Wundef" "-Wuninitialized" "-Wwrite-strings" "-g3" "-DNDEBUG" "-o" "/opt/rustwide/target/debug/build/ring-0b9832eee5c0e8fe/out/05b370c1cc4dacf4-aesni-x86_64-elf.o" "-c" "/opt/rustwide/cargo-home/registry/src/index.crates.io-1949cf8c6b5b557f/ring-0.17.7/pregenerated/aesni-x86_64-elf.S"
[INFO] [stderr]   running: "cc" "-O0" "-ffunction-sections" "-fdata-sections" "-fPIC" "-gdwarf-4" "-fno-omit-frame-pointer" "-m64" "-I" "include" "-I" "/opt/rustwide/target/debug/build/ring-0b9832eee5c0e8fe/out" "-Wall" "-Wextra" "-fvisibility=hidden" "-std=c1x" "-pedantic" "-Wall" "-Wextra" "-Wbad-function-cast" "-Wcast-align" "-Wcast-qual" "-Wconversion" "-Wenum-compare" "-Wfloat-equal" "-Wformat=2" "-Winline" "-Winvalid-pch" "-Wmissing-field-initializers" "-Wmissing-include-dirs" "-Wnested-externs" "-Wredundant-decls" "-Wshadow" "-Wsign-compare" "-Wsign-conversion" "-Wstrict-prototypes" "-Wundef" "-Wuninitialized" "-Wwrite-strings" "-g3" "-DNDEBUG" "-o" "/opt/rustwide/target/debug/build/ring-0b9832eee5c0e8fe/out/05b370c1cc4dacf4-vpaes-x86_64-elf.o" "-c" "/opt/rustwide/cargo-home/registry/src/index.crates.io-1949cf8c6b5b557f/ring-0.17.7/pregenerated/vpaes-x86_64-elf.S"
[INFO] [stderr]   running: "cc" "-O0" "-ffunction-sections" "-fdata-sections" "-fPIC" "-gdwarf-4" "-fno-omit-frame-pointer" "-m64" "-I" "include" "-I" "/opt/rustwide/target/debug/build/ring-0b9832eee5c0e8fe/out" "-Wall" "-Wextra" "-fvisibility=hidden" "-std=c1x" "-pedantic" "-Wall" "-Wextra" "-Wbad-function-cast" "-Wcast-align" "-Wcast-qual" "-Wconversion" "-Wenum-compare" "-Wfloat-equal" "-Wformat=2" "-Winline" "-Winvalid-pch" "-Wmissing-field-initializers" "-Wmissing-include-dirs" "-Wnested-externs" "-Wredundant-decls" "-Wshadow" "-Wsign-compare" "-Wsign-conversion" "-Wstrict-prototypes" "-Wundef" "-Wuninitialized" "-Wwrite-strings" "-g3" "-DNDEBUG" "-o" "/opt/rustwide/target/debug/build/ring-0b9832eee5c0e8fe/out/05b370c1cc4dacf4-x86_64-mont-elf.o" "-c" "/opt/rustwide/cargo-home/registry/src/index.crates.io-1949cf8c6b5b557f/ring-0.17.7/pregenerated/x86_64-mont-elf.S"
[INFO] [stderr]   running: "cc" "-O0" "-ffunction-sections" "-fdata-sections" "-fPIC" "-gdwarf-4" "-fno-omit-frame-pointer" "-m64" "-I" "include" "-I" "/opt/rustwide/target/debug/build/ring-0b9832eee5c0e8fe/out" "-Wall" "-Wextra" "-fvisibility=hidden" "-std=c1x" "-pedantic" "-Wall" "-Wextra" "-Wbad-function-cast" "-Wcast-align" "-Wcast-qual" "-Wconversion" "-Wenum-compare" "-Wfloat-equal" "-Wformat=2" "-Winline" "-Winvalid-pch" "-Wmissing-field-initializers" "-Wmissing-include-dirs" "-Wnested-externs" "-Wredundant-decls" "-Wshadow" "-Wsign-compare" "-Wsign-conversion" "-Wstrict-prototypes" "-Wundef" "-Wuninitialized" "-Wwrite-strings" "-g3" "-DNDEBUG" "-o" "/opt/rustwide/target/debug/build/ring-0b9832eee5c0e8fe/out/05b370c1cc4dacf4-x86_64-mont5-elf.o" "-c" "/opt/rustwide/cargo-home/registry/src/index.crates.io-1949cf8c6b5b557f/ring-0.17.7/pregenerated/x86_64-mont5-elf.S"
[INFO] [stderr]   running: "cc" "-O0" "-ffunction-sections" "-fdata-sections" "-fPIC" "-gdwarf-4" "-fno-omit-frame-pointer" "-m64" "-I" "include" "-I" "/opt/rustwide/target/debug/build/ring-0b9832eee5c0e8fe/out" "-Wall" "-Wextra" "-fvisibility=hidden" "-std=c1x" "-pedantic" "-Wall" "-Wextra" "-Wbad-function-cast" "-Wcast-align" "-Wcast-qual" "-Wconversion" "-Wenum-compare" "-Wfloat-equal" "-Wformat=2" "-Winline" "-Winvalid-pch" "-Wmissing-field-initializers" "-Wmissing-include-dirs" "-Wnested-externs" "-Wredundant-decls" "-Wshadow" "-Wsign-compare" "-Wsign-conversion" "-Wstrict-prototypes" "-Wundef" "-Wuninitialized" "-Wwrite-strings" "-g3" "-DNDEBUG" "-o" "/opt/rustwide/target/debug/build/ring-0b9832eee5c0e8fe/out/05b370c1cc4dacf4-p256-x86_64-asm-elf.o" "-c" "/opt/rustwide/cargo-home/registry/src/index.crates.io-1949cf8c6b5b557f/ring-0.17.7/pregenerated/p256-x86_64-asm-elf.S"
[INFO] [stderr]   cargo:warning=crypto/poly1305/poly1305_vec.c:847:1: fatal error: error writing to /tmp/ccgw8kAp.s: No space left on device
[INFO] [stderr] 
[INFO] [stderr]   cargo:warning=  847 | }
[INFO] [stderr] 
[INFO] [stderr]   cargo:warning=      | ^
[INFO] [stderr] 
[INFO] [stderr]   cargo:warning=compilation terminated.
[INFO] [stderr] 
[INFO] [stderr]   cargo:warning=/tmp/ccZF5maU.s: Assembler messages:
[INFO] [stderr] 
[INFO] [stderr]   cargo:warning=/tmp/ccZF5maU.s: Fatal error: can't write 125 bytes to section .text of /opt/rustwide/target/debug/build/ring-0b9832eee5c0e8fe/out/05b370c1cc4dacf4-p256-x86_64-asm-elf.o: 'No space left on device'
[INFO] [stderr] 
[INFO] [stderr]   cargo:warning=/tmp/ccZF5maU.s: Fatal error: /opt/rustwide/target/debug/build/ring-0b9832eee5c0e8fe/out/05b370c1cc4dacf4-p256-x86_64-asm-elf.o: No space left on device
[INFO] [stderr] 
[INFO] [stderr] 
[INFO] [stderr]   exit status: 0
[INFO] [stderr]   exit status: 0
[INFO] [stderr]   exit status: 0
[INFO] [stderr]   exit status: 0
[INFO] [stderr]   exit status: 0
[INFO] [stderr]   exit status: 1
[INFO] [stderr]   cargo:warning=ToolExecError: Command "cc" "-O0" "-ffunction-sections" "-fdata-sections" "-fPIC" "-gdwarf-4" "-fno-omit-frame-pointer" "-m64" "-I" "include" "-I" "/opt/rustwide/target/debug/build/ring-0b9832eee5c0e8fe/out" "-Wall" "-Wextra" "-fvisibility=hidden" "-std=c1x" "-pedantic" "-Wall" "-Wextra" "-Wbad-function-cast" "-Wcast-align" "-Wcast-qual" "-Wconversion" "-Wenum-compare" "-Wfloat-equal" "-Wformat=2" "-Winline" "-Winvalid-pch" "-Wmissing-field-initializers" "-Wmissing-include-dirs" "-Wnested-externs" "-Wredundant-decls" "-Wshadow" "-Wsign-compare" "-Wsign-conversion" "-Wstrict-prototypes" "-Wundef" "-Wuninitialized" "-Wwrite-strings" "-g3" "-DNDEBUG" "-o" "/opt/rustwide/target/debug/build/ring-0b9832eee5c0e8fe/out/crypto/poly1305/poly1305_vec.o" "-c" "crypto/poly1305/poly1305_vec.c" with args "cc" did not execute successfully (status code exit status: 1).running: "cc" "-O0" "-ffunction-sections" "-fdata-sections" "-fPIC" "-gdwarf-4" "-fno-omit-frame-pointer" "-m64" "-I" "include" "-I" "/opt/rustwide/target/debug/build/ring-0b9832eee5c0e8fe/out" "-Wall" "-Wextra" "-fvisibility=hidden" "-std=c1x" "-pedantic" "-Wall" "-Wextra" "-Wbad-function-cast" "-Wcast-align" "-Wcast-qual" "-Wconversion" "-Wenum-compare" "-Wfloat-equal" "-Wformat=2" "-Winline" "-Winvalid-pch" "-Wmissing-field-initializers" "-Wmissing-include-dirs" "-Wnested-externs" "-Wredundant-decls" "-Wshadow" "-Wsign-compare" "-Wsign-conversion" "-Wstrict-prototypes" "-Wundef" "-Wuninitialized" "-Wwrite-strings" "-g3" "-DNDEBUG" "-o" "/opt/rustwide/target/debug/build/ring-0b9832eee5c0e8fe/out/05b370c1cc4dacf4-aesni-gcm-x86_64-elf.o" "-c" "/opt/rustwide/cargo-home/registry/src/index.crates.io-1949cf8c6b5b557f/ring-0.17.7/pregenerated/aesni-gcm-x86_64-elf.S"
[INFO] [stderr] 
[INFO] [stderr]   exit status: 0
[INFO] [stderr]   exit status: 0
[INFO] [stderr]   exit status: 0
[INFO] [stderr]   exit status: 1
[INFO] [stderr]   cargo:warning=ToolExecError: Command "cc" "-O0" "-ffunction-sections" "-fdata-sections" "-fPIC" "-gdwarf-4" "-fno-omit-frame-pointer" "-m64" "-I" "include" "-I" "/opt/rustwide/target/debug/build/ring-0b9832eee5c0e8fe/out" "-Wall" "-Wextra" "-fvisibility=hidden" "-std=c1x" "-pedantic" "-Wall" "-Wextra" "-Wbad-function-cast" "-Wcast-align" "-Wcast-qual" "-Wconversion" "-Wenum-compare" "-Wfloat-equal" "-Wformat=2" "-Winline" "-Winvalid-pch" "-Wmissing-field-initializers" "-Wmissing-include-dirs" "-Wnested-externs" "-Wredundant-decls" "-Wshadow" "-Wsign-compare" "-Wsign-conversion" "-Wstrict-prototypes" "-Wundef" "-Wuninitialized" "-Wwrite-strings" "-g3" "-DNDEBUG" "-o" "/opt/rustwide/target/debug/build/ring-0b9832eee5c0e8fe/out/05b370c1cc4dacf4-p256-x86_64-asm-elf.o" "-c" "/opt/rustwide/cargo-home/registry/src/index.crates.io-1949cf8c6b5b557f/ring-0.17.7/pregenerated/p256-x86_64-asm-elf.S" with args "cc" did not execute successfully (status code exit status: 1).running: "cc" "-O0" "-ffunction-sections" "-fdata-sections" "-fPIC" "-gdwarf-4" "-fno-omit-frame-pointer" "-m64" "-I" "include" "-I" "/opt/rustwide/target/debug/build/ring-0b9832eee5c0e8fe/out" "-Wall" "-Wextra" "-fvisibility=hidden" "-std=c1x" "-pedantic" "-Wall" "-Wextra" "-Wbad-function-cast" "-Wcast-align" "-Wcast-qual" "-Wconversion" "-Wenum-compare" "-Wfloat-equal" "-Wformat=2" "-Winline" "-Winvalid-pch" "-Wmissing-field-initializers" "-Wmissing-include-dirs" "-Wnested-externs" "-Wredundant-decls" "-Wshadow" "-Wsign-compare" "-Wsign-conversion" "-Wstrict-prototypes" "-Wundef" "-Wuninitialized" "-Wwrite-strings" "-g3" "-DNDEBUG" "-o" "/opt/rustwide/target/debug/build/ring-0b9832eee5c0e8fe/out/05b370c1cc4dacf4-ghash-x86_64-elf.o" "-c" "/opt/rustwide/cargo-home/registry/src/index.crates.io-1949cf8c6b5b557f/ring-0.17.7/pregenerated/ghash-x86_64-elf.S"
[INFO] [stderr]   running: "cc" "-O0" "-ffunction-sections" "-fdata-sections" "-fPIC" "-gdwarf-4" "-fno-omit-frame-pointer" "-m64" "-I" "include" "-I" "/opt/rustwide/target/debug/build/ring-0b9832eee5c0e8fe/out" "-Wall" "-Wextra" "-fvisibility=hidden" "-std=c1x" "-pedantic" "-Wall" "-Wextra" "-Wbad-function-cast" "-Wcast-align" "-Wcast-qual" "-Wconversion" "-Wenum-compare" "-Wfloat-equal" "-Wformat=2" "-Winline" "-Winvalid-pch" "-Wmissing-field-initializers" "-Wmissing-include-dirs" "-Wnested-externs" "-Wredundant-decls" "-Wshadow" "-Wsign-compare" "-Wsign-conversion" "-Wstrict-prototypes" "-Wundef" "-Wuninitialized" "-Wwrite-strings" "-g3" "-DNDEBUG" "-o" "/opt/rustwide/target/debug/build/ring-0b9832eee5c0e8fe/out/05b370c1cc4dacf4-sha512-x86_64-elf.o" "-c" "/opt/rustwide/cargo-home/registry/src/index.crates.io-1949cf8c6b5b557f/ring-0.17.7/pregenerated/sha512-x86_64-elf.S"
[INFO] [stderr]   running: "cc" "-O0" "-ffunction-sections" "-fdata-sections" "-fPIC" "-gdwarf-4" "-fno-omit-frame-pointer" "-m64" "-I" "include" "-I" "/opt/rustwide/target/debug/build/ring-0b9832eee5c0e8fe/out" "-Wall" "-Wextra" "-fvisibility=hidden" "-std=c1x" "-pedantic" "-Wall" "-Wextra" "-Wbad-function-cast" "-Wcast-align" "-Wcast-qual" "-Wconversion" "-Wenum-compare" "-Wfloat-equal" "-Wformat=2" "-Winline" "-Winvalid-pch" "-Wmissing-field-initializers" "-Wmissing-include-dirs" "-Wnested-externs" "-Wredundant-decls" "-Wshadow" "-Wsign-compare" "-Wsign-conversion" "-Wstrict-prototypes" "-Wundef" "-Wuninitialized" "-Wwrite-strings" "-g3" "-DNDEBUG" "-o" "/opt/rustwide/target/debug/build/ring-0b9832eee5c0e8fe/out/05b370c1cc4dacf4-chacha20_poly1305_x86_64-elf.o" "-c" "/opt/rustwide/cargo-home/registry/src/index.crates.io-1949cf8c6b5b557f/ring-0.17.7/pregenerated/chacha20_poly1305_x86_64-elf.S"
[INFO] [stderr]   running: "cc" "-O0" "-ffunction-sections" "-fdata-sections" "-fPIC" "-gdwarf-4" "-fno-omit-frame-pointer" "-m64" "-I" "include" "-I" "/opt/rustwide/target/debug/build/ring-0b9832eee5c0e8fe/out" "-Wall" "-Wextra" "-fvisibility=hidden" "-std=c1x" "-pedantic" "-Wall" "-Wextra" "-Wbad-function-cast" "-Wcast-align" "-Wcast-qual" "-Wconversion" "-Wenum-compare" "-Wfloat-equal" "-Wformat=2" "-Winline" "-Winvalid-pch" "-Wmissing-field-initializers" "-Wmissing-include-dirs" "-Wnested-externs" "-Wredundant-decls" "-Wshadow" "-Wsign-compare" "-Wsign-conversion" "-Wstrict-prototypes" "-Wundef" "-Wuninitialized" "-Wwrite-strings" "-g3" "-DNDEBUG" "-o" "/opt/rustwide/target/debug/build/ring-0b9832eee5c0e8fe/out/05b370c1cc4dacf4-sha256-x86_64-elf.o" "-c" "/opt/rustwide/cargo-home/registry/src/index.crates.io-1949cf8c6b5b557f/ring-0.17.7/pregenerated/sha256-x86_64-elf.S"
[INFO] [stderr]   cargo:warning=/opt/rustwide/cargo-home/registry/src/index.crates.io-1949cf8c6b5b557f/ring-0.17.7/pregenerated/ghash-x86_64-elf.S:5: fatal error: when writing output to /tmp/cccbO2Ee.s: No space left on device
[INFO] [stderr] 
[INFO] [stderr]   cargo:warning=    5 | 
[INFO] [stderr] 
[INFO] [stderr]   cargo:warning=      | 
[INFO] [stderr] 
[INFO] [stderr]   cargo:warning=compilation terminated.
[INFO] [stderr] 
[INFO] [stderr]   cargo:warning=/tmp/ccGCv9DA.s: Assembler messages:
[INFO] [stderr] 
[INFO] [stderr]   cargo:warning=/tmp/ccGCv9DA.s: Fatal error: can't write 52 bytes to section .text of /opt/rustwide/target/debug/build/ring-0b9832eee5c0e8fe/out/05b370c1cc4dacf4-aesni-gcm-x86_64-elf.o: 'No space left on device'
[INFO] [stderr] 
[INFO] [stderr]   cargo:warning=/tmp/ccGCv9DA.s: Fatal error: /opt/rustwide/target/debug/build/ring-0b9832eee5c0e8fe/out/05b370c1cc4dacf4-aesni-gcm-x86_64-elf.o: No space left on device
[INFO] [stderr] 
[INFO] [stderr]   cargo:warning=/opt/rustwide/cargo-home/registry/src/index.crates.io-1949cf8c6b5b557f/ring-0.17.7/pregenerated/sha512-x86_64-elf.S:5: fatal error: when writing output to /tmp/cc1hKriu.s: Invalid argument
[INFO] [stderr] 
[INFO] [stderr]   cargo:warning=    5 | 
[INFO] [stderr] 
[INFO] [stderr]   cargo:warning=      | 
[INFO] [stderr] 
[INFO] [stderr]   cargo:warning=compilation terminated.
[INFO] [stderr] 
[INFO] [stderr]   cargo:warning=crypto/curve25519/curve25519.c:1928:1: fatal error: error writing to /tmp/ccqsg785.s: No space left on device
[INFO] [stderr] 
[INFO] [stderr]   cargo:warning= 1928 | }
[INFO] [stderr] 
[INFO] [stderr]   cargo:warning=      | ^
[INFO] [stderr] 
[INFO] [stderr]   cargo:warning=compilation terminated.
[INFO] [stderr] 
[INFO] [stderr]   cargo:warning=/opt/rustwide/cargo-home/registry/src/index.crates.io-1949cf8c6b5b557f/ring-0.17.7/pregenerated/chacha20_poly1305_x86_64-elf.S:5: fatal error: when writing output to /tmp/ccajG2oz.s: Invalid argument
[INFO] [stderr] 
[INFO] [stderr]   cargo:warning=    5 | 
[INFO] [stderr] 
[INFO] [stderr]   cargo:warning=      | 
[INFO] [stderr] 
[INFO] [stderr]   cargo:warning=compilation terminated.
[INFO] [stderr] 
[INFO] [stderr] 
[INFO] [stderr]   exit status: 1
[INFO] [stderr]   cargo:warning=ToolExecError: Command "cc" "-O0" "-ffunction-sections" "-fdata-sections" "-fPIC" "-gdwarf-4" "-fno-omit-frame-pointer" "-m64" "-I" "include" "-I" "/opt/rustwide/target/debug/build/ring-0b9832eee5c0e8fe/out" "-Wall" "-Wextra" "-fvisibility=hidden" "-std=c1x" "-pedantic" "-Wall" "-Wextra" "-Wbad-function-cast" "-Wcast-align" "-Wcast-qual" "-Wconversion" "-Wenum-compare" "-Wfloat-equal" "-Wformat=2" "-Winline" "-Winvalid-pch" "-Wmissing-field-initializers" "-Wmissing-include-dirs" "-Wnested-externs" "-Wredundant-decls" "-Wshadow" "-Wsign-compare" "-Wsign-conversion" "-Wstrict-prototypes" "-Wundef" "-Wuninitialized" "-Wwrite-strings" "-g3" "-DNDEBUG" "-o" "/opt/rustwide/target/debug/build/ring-0b9832eee5c0e8fe/out/crypto/curve25519/curve25519.o" "-c" "crypto/curve25519/curve25519.c" with args "cc" did not execute successfully (status code exit status: 1).
[INFO] [stderr]   exit status: 0
[INFO] [stderr]   exit status: 1
[INFO] [stderr]   cargo:warning=ToolExecError: Command "cc" "-O0" "-ffunction-sections" "-fdata-sections" "-fPIC" "-gdwarf-4" "-fno-omit-frame-pointer" "-m64" "-I" "include" "-I" "/opt/rustwide/target/debug/build/ring-0b9832eee5c0e8fe/out" "-Wall" "-Wextra" "-fvisibility=hidden" "-std=c1x" "-pedantic" "-Wall" "-Wextra" "-Wbad-function-cast" "-Wcast-align" "-Wcast-qual" "-Wconversion" "-Wenum-compare" "-Wfloat-equal" "-Wformat=2" "-Winline" "-Winvalid-pch" "-Wmissing-field-initializers" "-Wmissing-include-dirs" "-Wnested-externs" "-Wredundant-decls" "-Wshadow" "-Wsign-compare" "-Wsign-conversion" "-Wstrict-prototypes" "-Wundef" "-Wuninitialized" "-Wwrite-strings" "-g3" "-DNDEBUG" "-o" "/opt/rustwide/target/debug/build/ring-0b9832eee5c0e8fe/out/05b370c1cc4dacf4-aesni-gcm-x86_64-elf.o" "-c" "/opt/rustwide/cargo-home/registry/src/index.crates.io-1949cf8c6b5b557f/ring-0.17.7/pregenerated/aesni-gcm-x86_64-elf.S" with args "cc" did not execute successfully (status code exit status: 1).
[INFO] [stderr]   exit status: 1
[INFO] [stderr]   cargo:warning=ToolExecError: Command "cc" "-O0" "-ffunction-sections" "-fdata-sections" "-fPIC" "-gdwarf-4" "-fno-omit-frame-pointer" "-m64" "-I" "include" "-I" "/opt/rustwide/target/debug/build/ring-0b9832eee5c0e8fe/out" "-Wall" "-Wextra" "-fvisibility=hidden" "-std=c1x" "-pedantic" "-Wall" "-Wextra" "-Wbad-function-cast" "-Wcast-align" "-Wcast-qual" "-Wconversion" "-Wenum-compare" "-Wfloat-equal" "-Wformat=2" "-Winline" "-Winvalid-pch" "-Wmissing-field-initializers" "-Wmissing-include-dirs" "-Wnested-externs" "-Wredundant-decls" "-Wshadow" "-Wsign-compare" "-Wsign-conversion" "-Wstrict-prototypes" "-Wundef" "-Wuninitialized" "-Wwrite-strings" "-g3" "-DNDEBUG" "-o" "/opt/rustwide/target/debug/build/ring-0b9832eee5c0e8fe/out/05b370c1cc4dacf4-ghash-x86_64-elf.o" "-c" "/opt/rustwide/cargo-home/registry/src/index.crates.io-1949cf8c6b5b557f/ring-0.17.7/pregenerated/ghash-x86_64-elf.S" with args "cc" did not execute successfully (status code exit status: 1).
[INFO] [stderr]   exit status: 1
[INFO] [stderr]   cargo:warning=ToolExecError: Command "cc" "-O0" "-ffunction-sections" "-fdata-sections" "-fPIC" "-gdwarf-4" "-fno-omit-frame-pointer" "-m64" "-I" "include" "-I" "/opt/rustwide/target/debug/build/ring-0b9832eee5c0e8fe/out" "-Wall" "-Wextra" "-fvisibility=hidden" "-std=c1x" "-pedantic" "-Wall" "-Wextra" "-Wbad-function-cast" "-Wcast-align" "-Wcast-qual" "-Wconversion" "-Wenum-compare" "-Wfloat-equal" "-Wformat=2" "-Winline" "-Winvalid-pch" "-Wmissing-field-initializers" "-Wmissing-include-dirs" "-Wnested-externs" "-Wredundant-decls" "-Wshadow" "-Wsign-compare" "-Wsign-conversion" "-Wstrict-prototypes" "-Wundef" "-Wuninitialized" "-Wwrite-strings" "-g3" "-DNDEBUG" "-o" "/opt/rustwide/target/debug/build/ring-0b9832eee5c0e8fe/out/05b370c1cc4dacf4-sha512-x86_64-elf.o" "-c" "/opt/rustwide/cargo-home/registry/src/index.crates.io-1949cf8c6b5b557f/ring-0.17.7/pregenerated/sha512-x86_64-elf.S" with args "cc" did not execute successfully (status code exit status: 1).
[INFO] [stderr]   exit status: 1
[INFO] [stderr]   cargo:warning=ToolExecError: Command "cc" "-O0" "-ffunction-sections" "-fdata-sections" "-fPIC" "-gdwarf-4" "-fno-omit-frame-pointer" "-m64" "-I" "include" "-I" "/opt/rustwide/target/debug/build/ring-0b9832eee5c0e8fe/out" "-Wall" "-Wextra" "-fvisibility=hidden" "-std=c1x" "-pedantic" "-Wall" "-Wextra" "-Wbad-function-cast" "-Wcast-align" "-Wcast-qual" "-Wconversion" "-Wenum-compare" "-Wfloat-equal" "-Wformat=2" "-Winline" "-Winvalid-pch" "-Wmissing-field-initializers" "-Wmissing-include-dirs" "-Wnested-externs" "-Wredundant-decls" "-Wshadow" "-Wsign-compare" "-Wsign-conversion" "-Wstrict-prototypes" "-Wundef" "-Wuninitialized" "-Wwrite-strings" "-g3" "-DNDEBUG" "-o" "/opt/rustwide/target/debug/build/ring-0b9832eee5c0e8fe/out/05b370c1cc4dacf4-chacha20_poly1305_x86_64-elf.o" "-c" "/opt/rustwide/cargo-home/registry/src/index.crates.io-1949cf8c6b5b557f/ring-0.17.7/pregenerated/chacha20_poly1305_x86_64-elf.S" with args "cc" did not execute successfully (status code exit status: 1).
[INFO] [stderr]   exit status: 0
[INFO] [stderr]   exit status: 0
[INFO] [stderr]   exit status: 0
[INFO] [stderr]   exit status: 0
[INFO] [stderr] 
[INFO] [stderr]   --- stderr
[INFO] [stderr] 
[INFO] [stderr] 
[INFO] [stderr]   error occurred: Command "cc" "-O0" "-ffunction-sections" "-fdata-sections" "-fPIC" "-gdwarf-4" "-fno-omit-frame-pointer" "-m64" "-I" "include" "-I" "/opt/rustwide/target/debug/build/ring-0b9832eee5c0e8fe/out" "-Wall" "-Wextra" "-fvisibility=hidden" "-std=c1x" "-pedantic" "-Wall" "-Wextra" "-Wbad-function-cast" "-Wcast-align" "-Wcast-qual" "-Wconversion" "-Wenum-compare" "-Wfloat-equal" "-Wformat=2" "-Winline" "-Winvalid-pch" "-Wmissing-field-initializers" "-Wmissing-include-dirs" "-Wnested-externs" "-Wredundant-decls" "-Wshadow" "-Wsign-compare" "-Wsign-conversion" "-Wstrict-prototypes" "-Wundef" "-Wuninitialized" "-Wwrite-strings" "-g3" "-DNDEBUG" "-o" "/opt/rustwide/target/debug/build/ring-0b9832eee5c0e8fe/out/05b370c1cc4dacf4-chacha20_poly1305_x86_64-elf.o" "-c" "/opt/rustwide/cargo-home/registry/src/index.crates.io-1949cf8c6b5b557f/ring-0.17.7/pregenerated/chacha20_poly1305_x86_64-elf.S" with args "cc" did not execute successfully (status code exit status: 1).
[INFO] [stderr] 
[INFO] [stderr] 
[INFO] [stdout] error: failed to write to `/opt/rustwide/target/debug/deps/rmeta2KnHKp/lib.rmeta`: No space left on device (os error 28)
[INFO] [stdout] 
[INFO] [stdout] 
[INFO] [stderr] error: could not compile `syn` (lib) due to 1 previous error
[INFO] running `Command { std: "docker" "inspect" "8d92aa0124c0e7133323b9ed97c845000046dcaa9ed314d9e048d9ccbf2d2ac1", kill_on_drop: false }`
[INFO] running `Command { std: "docker" "rm" "-f" "8d92aa0124c0e7133323b9ed97c845000046dcaa9ed314d9e048d9ccbf2d2ac1", kill_on_drop: false }`
[INFO] [stdout] 8d92aa0124c0e7133323b9ed97c845000046dcaa9ed314d9e048d9ccbf2d2ac1
