[INFO] cloning repository https://github.com/javdl/leptos-tutorial-csr
[INFO] running `Command { std: "git" "-c" "credential.helper=" "-c" "credential.helper=/workspace/cargo-home/bin/git-credential-null" "clone" "--bare" "https://github.com/javdl/leptos-tutorial-csr" "/workspace/cache/git-repos/https%3A%2F%2Fgithub.com%2Fjavdl%2Fleptos-tutorial-csr", kill_on_drop: false }`
[INFO] [stderr] Cloning into bare repository '/workspace/cache/git-repos/https%3A%2F%2Fgithub.com%2Fjavdl%2Fleptos-tutorial-csr'...
[INFO] running `Command { std: "git" "rev-parse" "HEAD", kill_on_drop: false }`
[INFO] [stdout] f6501b0a2e9e96ba2af50a201114324b1a54e66f
[INFO] documenting javdl/leptos-tutorial-csr against beta-2025-02-18 for beta-1.86-rustdoc-1
[INFO] running `Command { std: "git" "clone" "/workspace/cache/git-repos/https%3A%2F%2Fgithub.com%2Fjavdl%2Fleptos-tutorial-csr" "/workspace/builds/worker-5-tc2/source", kill_on_drop: false }`
[INFO] [stderr] Cloning into '/workspace/builds/worker-5-tc2/source'...
[INFO] [stderr] done.
[INFO] validating manifest of git repo https://github.com/javdl/leptos-tutorial-csr on toolchain beta-2025-02-18
[INFO] running `Command { std: CARGO_HOME="/workspace/cargo-home" RUSTUP_HOME="/workspace/rustup-home" "/workspace/cargo-home/bin/cargo" "+beta-2025-02-18" "metadata" "--manifest-path" "Cargo.toml" "--no-deps", kill_on_drop: false }`
[INFO] started tweaking git repo https://github.com/javdl/leptos-tutorial-csr
[INFO] finished tweaking git repo https://github.com/javdl/leptos-tutorial-csr
[INFO] tweaked toml for git repo https://github.com/javdl/leptos-tutorial-csr written to /workspace/builds/worker-5-tc2/source/Cargo.toml
[INFO] crate git repo https://github.com/javdl/leptos-tutorial-csr already has a lockfile, it will not be regenerated
[INFO] running `Command { std: CARGO_HOME="/workspace/cargo-home" RUSTUP_HOME="/workspace/rustup-home" "/workspace/cargo-home/bin/cargo" "+beta-2025-02-18" "fetch" "--manifest-path" "Cargo.toml", kill_on_drop: false }`
[INFO] running `Command { std: "docker" "create" "-v" "/var/lib/crater-agent-workspace/builds/worker-5-tc2/target:/opt/rustwide/target:rw,Z" "-v" "/var/lib/crater-agent-workspace/builds/worker-5-tc2/source:/opt/rustwide/workdir:ro,Z" "-v" "/var/lib/crater-agent-workspace/cargo-home:/opt/rustwide/cargo-home:ro,Z" "-v" "/var/lib/crater-agent-workspace/rustup-home:/opt/rustwide/rustup-home:ro,Z" "-e" "SOURCE_DIR=/opt/rustwide/workdir" "-e" "CARGO_TARGET_DIR=/opt/rustwide/target" "-e" "CARGO_HOME=/opt/rustwide/cargo-home" "-e" "RUSTUP_HOME=/opt/rustwide/rustup-home" "-w" "/opt/rustwide/workdir" "-m" "1610612736" "--user" "0:0" "--network" "none" "ghcr.io/rust-lang/crates-build-env/linux@sha256:3959728d45483eb673ba100a951a6b9f5012970368db2a9e08e0ac9b67c8a5ad" "/opt/rustwide/cargo-home/bin/cargo" "+beta-2025-02-18" "metadata" "--no-deps" "--format-version=1", kill_on_drop: false }`
[INFO] [stdout] bf3bbb4122c2eb01179b6420969cda14d4dc358ecd50d0f2fe13ed125825f2af
[INFO] running `Command { std: "docker" "start" "-a" "bf3bbb4122c2eb01179b6420969cda14d4dc358ecd50d0f2fe13ed125825f2af", kill_on_drop: false }`
[INFO] running `Command { std: "docker" "inspect" "bf3bbb4122c2eb01179b6420969cda14d4dc358ecd50d0f2fe13ed125825f2af", kill_on_drop: false }`
[INFO] running `Command { std: "docker" "rm" "-f" "bf3bbb4122c2eb01179b6420969cda14d4dc358ecd50d0f2fe13ed125825f2af", kill_on_drop: false }`
[INFO] [stdout] bf3bbb4122c2eb01179b6420969cda14d4dc358ecd50d0f2fe13ed125825f2af
[INFO] running `Command { std: "docker" "create" "-v" "/var/lib/crater-agent-workspace/builds/worker-5-tc2/target:/opt/rustwide/target:rw,Z" "-v" "/var/lib/crater-agent-workspace/builds/worker-5-tc2/source:/opt/rustwide/workdir:ro,Z" "-v" "/var/lib/crater-agent-workspace/cargo-home:/opt/rustwide/cargo-home:ro,Z" "-v" "/var/lib/crater-agent-workspace/rustup-home:/opt/rustwide/rustup-home:ro,Z" "-e" "SOURCE_DIR=/opt/rustwide/workdir" "-e" "CARGO_TARGET_DIR=/opt/rustwide/target" "-e" "CARGO_INCREMENTAL=0" "-e" "RUST_BACKTRACE=full" "-e" "RUSTFLAGS=--cap-lints=warn" "-e" "RUSTDOCFLAGS=--cap-lints=warn" "-e" "CARGO_HOME=/opt/rustwide/cargo-home" "-e" "RUSTUP_HOME=/opt/rustwide/rustup-home" "-w" "/opt/rustwide/workdir" "-m" "1610612736" "--user" "0:0" "--network" "none" "ghcr.io/rust-lang/crates-build-env/linux@sha256:3959728d45483eb673ba100a951a6b9f5012970368db2a9e08e0ac9b67c8a5ad" "/opt/rustwide/cargo-home/bin/cargo" "+beta-2025-02-18" "doc" "--frozen" "--no-deps" "--document-private-items" "--message-format=json", kill_on_drop: false }`
[INFO] [stdout] 5f788889b9e3b079c842aa337e86d25618004584cbdd778ee67e01864a3d9884
[INFO] running `Command { std: "docker" "start" "-a" "5f788889b9e3b079c842aa337e86d25618004584cbdd778ee67e01864a3d9884", kill_on_drop: false }`
[INFO] [stderr]    Compiling proc-macro2 v1.0.92
[INFO] [stderr]    Compiling unicode-ident v1.0.14
[INFO] [stderr]    Compiling autocfg v1.4.0
[INFO] [stderr]    Compiling libc v0.2.169
[INFO] [stderr]    Compiling version_check v0.9.5
[INFO] [stderr]     Checking memchr v2.7.4
[INFO] [stderr]    Compiling serde v1.0.217
[INFO] [stderr]    Compiling wasm-bindgen-shared v0.2.99
[INFO] [stderr]     Checking cfg-if v1.0.0
[INFO] [stderr]    Compiling bumpalo v3.16.0
[INFO] [stderr]    Compiling log v0.4.22
[INFO] [stderr]     Checking pin-project-lite v0.2.15
[INFO] [stderr]     Checking once_cell v1.20.2
[INFO] [stderr]    Compiling thiserror v1.0.69
[INFO] [stderr]    Compiling wasm-bindgen v0.2.99
[INFO] [stderr]     Checking futures-core v0.3.31
[INFO] [stderr]     Checking stable_deref_trait v1.2.0
[INFO] [stderr]     Checking futures-sink v0.3.31
[INFO] [stderr]    Compiling crossbeam-utils v0.8.21
[INFO] [stderr]    Compiling parking_lot_core v0.9.10
[INFO] [stderr]     Checking smallvec v1.13.2
[INFO] [stderr]     Checking futures-io v0.3.31
[INFO] [stderr]     Checking futures-channel v0.3.31
[INFO] [stderr]     Checking pin-utils v0.1.0
[INFO] [stderr]     Checking futures-task v0.3.31
[INFO] [stderr]     Checking litemap v0.7.4
[INFO] [stderr]     Checking writeable v0.5.5
[INFO] [stderr]    Compiling thiserror v2.0.9
[INFO] [stderr]    Compiling unicode-segmentation v1.12.0
[INFO] [stderr]    Compiling proc-macro-error-attr v1.0.4
[INFO] [stderr]     Checking hashbrown v0.15.2
[INFO] [stderr]     Checking equivalent v1.0.1
[INFO] [stderr]    Compiling proc-macro2-diagnostics v0.10.1
[INFO] [stderr]    Compiling proc-macro-error v1.0.4
[INFO] [stderr]     Checking scopeguard v1.2.0
[INFO] [stderr]     Checking parking v2.2.1
[INFO] [stderr]    Compiling unicode-xid v0.2.6
[INFO] [stderr]     Checking icu_locid_transform_data v1.5.0
[INFO] [stderr]    Compiling slab v0.4.9
[INFO] [stderr]    Compiling lock_api v0.4.12
[INFO] [stderr]    Compiling slotmap v1.0.7
[INFO] [stderr]     Checking throw_error v0.2.0
[INFO] [stderr]     Checking itoa v1.0.14
[INFO] [stderr]     Checking icu_properties_data v1.5.0
[INFO] [stderr]    Compiling serde_json v1.0.134
[INFO] [stderr]     Checking send_wrapper v0.6.0
[INFO] [stderr]     Checking write16 v1.0.0
[INFO] [stderr]    Compiling camino v1.1.9
[INFO] [stderr]    Compiling convert_case v0.6.0
[INFO] [stderr]     Checking utf8_iter v1.0.4
[INFO] [stderr]     Checking icu_normalizer_data v1.5.0
[INFO] [stderr]     Checking ryu v1.0.18
[INFO] [stderr]     Checking or_poisoned v0.1.0
[INFO] [stderr]    Compiling paste v1.0.15
[INFO] [stderr]    Compiling anyhow v1.0.95
[INFO] [stderr]     Checking utf16_iter v1.0.5
[INFO] [stderr]     Checking either v1.13.0
[INFO] [stderr]    Compiling xxhash-rust v0.8.15
[INFO] [stderr]     Checking percent-encoding v2.3.1
[INFO] [stderr]     Checking rustc-hash v2.1.0
[INFO] [stderr]     Checking guardian v1.2.0
[INFO] [stderr]     Checking winnow v0.6.22
[INFO] [stderr]     Checking utf8-width v0.1.7
[INFO] [stderr]     Checking concurrent-queue v2.5.0
[INFO] [stderr]     Checking itertools v0.13.0
[INFO] [stderr]     Checking bytes v1.9.0
[INFO] [stderr]    Compiling quote v1.0.38
[INFO] [stderr]     Checking fnv v1.0.7
[INFO] [stderr]     Checking indexmap v2.7.0
[INFO] [stderr]    Compiling yansi v1.0.1
[INFO] [stderr]     Checking event-listener v5.3.1
[INFO] [stderr]     Checking html-escape v0.2.13
[INFO] [stderr]     Checking form_urlencoded v1.2.1
[INFO] [stderr]    Compiling syn v2.0.94
[INFO] [stderr]    Compiling proc-macro-utils v0.10.0
[INFO] [stderr]     Checking event-listener-strategy v0.5.3
[INFO] [stderr]     Checking aho-corasick v1.1.3
[INFO] [stderr]    Compiling proc-macro-error-attr2 v2.0.0
[INFO] [stderr]    Compiling const_format_proc_macros v0.2.34
[INFO] [stderr]     Checking async-lock v3.4.0
[INFO] [stderr]     Checking num_cpus v1.16.0
[INFO] [stderr]     Checking http v1.2.0
[INFO] [stderr]     Checking either_of v0.1.2
[INFO] [stderr]     Checking parking_lot v0.12.3
[INFO] [stderr]    Compiling interpolator v0.5.0
[INFO] [stderr]     Checking linear-map v1.2.0
[INFO] [stderr]     Checking regex-syntax v0.8.5
[INFO] [stderr]    Compiling same-file v1.0.6
[INFO] [stderr]    Compiling prettyplease v0.2.25
[INFO] [stderr]     Checking next_tuple v0.1.0
[INFO] [stderr]     Checking drain_filter_polyfill v0.1.3
[INFO] [stderr]     Checking minimal-lexical v0.2.1
[INFO] [stderr]     Checking hashbrown v0.14.5
[INFO] [stderr]    Compiling collection_literals v1.0.1
[INFO] [stderr]     Checking const_str_slice_concat v0.1.0
[INFO] [stderr]     Checking nom v7.1.3
[INFO] [stderr]    Compiling walkdir v2.5.0
[INFO] [stderr]    Compiling manyhow-macros v0.11.4
[INFO] [stderr]    Compiling getrandom v0.2.15
[INFO] [stderr]     Checking pathdiff v0.2.3
[INFO] [stderr]    Compiling const_format v0.2.34
[INFO] [stderr]    Compiling uuid v1.11.0
[INFO] [stderr]     Checking dashmap v6.1.0
[INFO] [stderr]     Checking base64 v0.22.1
[INFO] [stderr]     Checking regex-automata v0.4.9
[INFO] [stderr]    Compiling synstructure v0.13.1
[INFO] [stderr]    Compiling wasm-bindgen-backend v0.2.99
[INFO] [stderr]    Compiling proc-macro-error2 v2.0.1
[INFO] [stderr]    Compiling server_fn_macro v0.7.2
[INFO] [stderr]    Compiling manyhow v0.11.4
[INFO] [stderr]     Checking regex v1.11.1
[INFO] [stderr]    Compiling serde_derive v1.0.217
[INFO] [stderr]    Compiling thiserror-impl v1.0.69
[INFO] [stderr]    Compiling zerovec-derive v0.10.3
[INFO] [stderr]    Compiling displaydoc v0.2.5
[INFO] [stderr]    Compiling futures-macro v0.3.31
[INFO] [stderr]    Compiling thiserror-impl v2.0.9
[INFO] [stderr]    Compiling icu_provider_macros v1.5.0
[INFO] [stderr]    Compiling derive-where v1.2.7
[INFO] [stderr]    Compiling syn_derive v0.1.8
[INFO] [stderr]    Compiling quote-use-macros v0.8.4
[INFO] [stderr]    Compiling reactive_stores_macro v0.1.0
[INFO] [stderr]    Compiling pin-project-internal v1.1.7
[INFO] [stderr]    Compiling server_fn_macro_default v0.7.2
[INFO] [stderr]    Compiling zerofrom-derive v0.1.5
[INFO] [stderr]    Compiling yoke-derive v0.7.5
[INFO] [stderr] rustc-LLVM ERROR: IO failure on output stream: No space left on device
[INFO] [stderr] rustc-LLVM ERROR: IO failure on output stream: No space left on device
[INFO] [stderr] error: could not compile `syn_derive` (lib)
[INFO] [stderr] 
[INFO] [stderr] Caused by:
[INFO] [stderr]   process didn't exit successfully: `/opt/rustwide/rustup-home/toolchains/beta-2025-02-18-x86_64-unknown-linux-gnu/bin/rustc --crate-name syn_derive --edition=2021 /opt/rustwide/cargo-home/registry/src/index.crates.io-1949cf8c6b5b557f/syn_derive-0.1.8/src/lib.rs --error-format=json --json=diagnostic-rendered-ansi,artifacts,future-incompat --crate-type proc-macro --emit=dep-info,link -C prefer-dynamic -C embed-bitcode=no --cfg 'feature="default"' --cfg 'feature="full"' --check-cfg 'cfg(docsrs,test)' --check-cfg 'cfg(feature, values("default", "full"))' -C metadata=ea72113936ef6b1e -C extra-filename=-e44e0781784870b4 --out-dir /opt/rustwide/target/debug/deps -L dependency=/opt/rustwide/target/debug/deps --extern proc_macro_error=/opt/rustwide/target/debug/deps/libproc_macro_error-613c05401a4f96f7.rlib --extern proc_macro2=/opt/rustwide/target/debug/deps/libproc_macro2-8427658e884d84f4.rlib --extern quote=/opt/rustwide/target/debug/deps/libquote-ad8976a845204110.rlib --extern syn=/opt/rustwide/target/debug/deps/libsyn-412176996379e3de.rlib --extern proc_macro --cap-lints allow --cap-lints=warn` (exit status: 101)
[INFO] [stderr] warning: build failed, waiting for other jobs to finish...
[INFO] [stderr] rustc-LLVM ERROR: IO failure on output stream: No space left on device
[INFO] [stderr] rustc-LLVM ERROR: IO failure on output stream: No space left on device
[INFO] [stdout] error: couldn't create a temp dir: No space left on device (os error 28) at path "/opt/rustwide/target/debug/deps/rmetaIzUCpG"
[INFO] [stdout] 
[INFO] [stdout] 
[INFO] [stderr] error: could not compile `reactive_stores_macro` (lib)
[INFO] [stderr] 
[INFO] [stderr] Caused by:
[INFO] [stderr]   process didn't exit successfully: `/opt/rustwide/rustup-home/toolchains/beta-2025-02-18-x86_64-unknown-linux-gnu/bin/rustc --crate-name reactive_stores_macro --edition=2021 /opt/rustwide/cargo-home/registry/src/index.crates.io-1949cf8c6b5b557f/reactive_stores_macro-0.1.0/src/lib.rs --error-format=json --json=diagnostic-rendered-ansi,artifacts,future-incompat --crate-type proc-macro --emit=dep-info,link -C prefer-dynamic -C embed-bitcode=no --check-cfg 'cfg(docsrs,test)' --check-cfg 'cfg(feature, values())' -C metadata=26ae19e3130d2c39 -C extra-filename=-a5b366f878d521f8 --out-dir /opt/rustwide/target/debug/deps -L dependency=/opt/rustwide/target/debug/deps --extern convert_case=/opt/rustwide/target/debug/deps/libconvert_case-b65c15e8e175a12f.rlib --extern proc_macro_error2=/opt/rustwide/target/debug/deps/libproc_macro_error2-92370a63d82e8180.rlib --extern proc_macro2=/opt/rustwide/target/debug/deps/libproc_macro2-8427658e884d84f4.rlib --extern quote=/opt/rustwide/target/debug/deps/libquote-ad8976a845204110.rlib --extern syn=/opt/rustwide/target/debug/deps/libsyn-412176996379e3de.rlib --extern proc_macro --cap-lints allow --cap-lints=warn` (exit status: 101)
[INFO] [stderr] error: could not compile `icu_provider_macros` (lib)
[INFO] [stderr] 
[INFO] [stderr] Caused by:
[INFO] [stderr]   No space left on device (os error 28)
[INFO] [stderr] 
[INFO] [stderr] Caused by:
[INFO] [stderr]   failed to parse process output: `/opt/rustwide/rustup-home/toolchains/beta-2025-02-18-x86_64-unknown-linux-gnu/bin/rustc --crate-name icu_provider_macros --edition=2021 /opt/rustwide/cargo-home/registry/src/index.crates.io-1949cf8c6b5b557f/icu_provider_macros-1.5.0/src/lib.rs --error-format=json --json=diagnostic-rendered-ansi,artifacts,future-incompat --crate-type proc-macro --emit=dep-info,link -C prefer-dynamic -C embed-bitcode=no --check-cfg 'cfg(docsrs,test)' --check-cfg 'cfg(feature, values())' -C metadata=14b93134ddd8f250 -C extra-filename=-d514a2dce2c2cd6d --out-dir /opt/rustwide/target/debug/deps -L dependency=/opt/rustwide/target/debug/deps --extern proc_macro2=/opt/rustwide/target/debug/deps/libproc_macro2-8427658e884d84f4.rlib --extern quote=/opt/rustwide/target/debug/deps/libquote-ad8976a845204110.rlib --extern syn=/opt/rustwide/target/debug/deps/libsyn-412176996379e3de.rlib --extern proc_macro --cap-lints allow --cap-lints=warn` (exit status: 101)
[INFO] [stderr] error: could not compile `quote-use-macros` (lib)
[INFO] [stderr] 
[INFO] [stderr] Caused by:
[INFO] [stderr]   No space left on device (os error 28)
[INFO] [stderr] 
[INFO] [stderr] Caused by:
[INFO] [stderr]   failed to parse process output: `/opt/rustwide/rustup-home/toolchains/beta-2025-02-18-x86_64-unknown-linux-gnu/bin/rustc --crate-name quote_use_macros --edition=2021 /opt/rustwide/cargo-home/registry/src/index.crates.io-1949cf8c6b5b557f/quote-use-macros-0.8.4/src/lib.rs --error-format=json --json=diagnostic-rendered-ansi,artifacts,future-incompat --crate-type proc-macro --emit=dep-info,link -C prefer-dynamic -C embed-bitcode=no --check-cfg 'cfg(docsrs,test)' --check-cfg 'cfg(feature, values())' -C metadata=bbdc9d40dea78376 -C extra-filename=-f5fe0866847f329e --out-dir /opt/rustwide/target/debug/deps -L dependency=/opt/rustwide/target/debug/deps --extern proc_macro_utils=/opt/rustwide/target/debug/deps/libproc_macro_utils-4c353f7d8da2066d.rlib --extern proc_macro2=/opt/rustwide/target/debug/deps/libproc_macro2-8427658e884d84f4.rlib --extern quote=/opt/rustwide/target/debug/deps/libquote-ad8976a845204110.rlib --extern syn=/opt/rustwide/target/debug/deps/libsyn-412176996379e3de.rlib --extern proc_macro --cap-lints allow --cap-lints=warn` (exit status: 101)
[INFO] [stderr] error: could not compile `derive-where` (lib) due to 1 previous error
[INFO] [stdout] error: linking with `cc` failed: exit status: 1
[INFO] [stdout]   |
[INFO] [stdout]   = note:  "cc" "-Wl,--version-script=/tmp/rustcgWKagY/list" "-Wl,--no-undefined-version" "-m64" "/tmp/rustcgWKagY/symbols.o" "<16 object files omitted>" "/opt/rustwide/target/debug/deps/thiserror_impl-331aff4e577b66e9.eh6px9qzqy3qhnqk3x7o3oii5.rcgu.rmeta" "<1 object files omitted>" "-Wl,--as-needed" "-Wl,-Bstatic" "/opt/rustwide/target/debug/deps/{libsyn-412176996379e3de.rlib,libquote-ad8976a845204110.rlib,libproc_macro2-8427658e884d84f4.rlib,libunicode_ident-239eb5de21455cec.rlib}.rlib" "<sysroot>/lib/rustlib/x86_64-unknown-linux-gnu/lib/{libproc_macro-*,libstd-*,libpanic_unwind-*,libobject-*,libmemchr-*,libaddr2line-*,libgimli-*,librustc_demangle-*,libstd_detect-*,libhashbrown-*,librustc_std_workspace_alloc-*,libminiz_oxide-*,libadler2-*,libunwind-*,libcfg_if-*,liblibc-*,liballoc-*,librustc_std_workspace_core-*,libcore-*,libcompiler_builtins-*}.rlib" "-Wl,-Bdynamic" "-lgcc_s" "-lutil" "-lrt" "-lpthread" "-lm" "-ldl" "-lc" "-Wl,--eh-frame-hdr" "-Wl,-z,noexecstack" "-L" "<sysroot>/lib/rustlib/x86_64-unknown-linux-gnu/lib" "-o" "/opt/rustwide/target/debug/deps/libthiserror_impl-331aff4e577b66e9.so" "-Wl,--gc-sections" "-shared" "-Wl,-z,relro,-z,now" "-nodefaultlibs"
[INFO] [stdout]   = note: some arguments are omitted. use `--verbose` to show all linker arguments
[INFO] [stdout]   = note: /usr/bin/ld: final link failed: No space left on device
[INFO] [stdout]           collect2: error: ld returned 1 exit status
[INFO] [stdout]           
[INFO] [stdout] 
[INFO] [stdout] 
[INFO] [stdout] error: linking with `cc` failed: exit status: 1
[INFO] [stdout]   |
[INFO] [stdout]   = note:  "cc" "-Wl,--version-script=/tmp/rustcToRR7i/list" "-Wl,--no-undefined-version" "-m64" "/tmp/rustcToRR7i/symbols.o" "<10 object files omitted>" "/opt/rustwide/target/debug/deps/zerovec_derive-e5f997857ce93f1e.bvyq6uay3iyrmakxznda85b7l.rcgu.rmeta" "<1 object files omitted>" "-Wl,--as-needed" "-Wl,-Bstatic" "/opt/rustwide/target/debug/deps/{libsyn-412176996379e3de.rlib,libquote-ad8976a845204110.rlib,libproc_macro2-8427658e884d84f4.rlib,libunicode_ident-239eb5de21455cec.rlib}.rlib" "<sysroot>/lib/rustlib/x86_64-unknown-linux-gnu/lib/{libproc_macro-*,libstd-*,libpanic_unwind-*,libobject-*,libmemchr-*,libaddr2line-*,libgimli-*,librustc_demangle-*,libstd_detect-*,libhashbrown-*,librustc_std_workspace_alloc-*,libminiz_oxide-*,libadler2-*,libunwind-*,libcfg_if-*,liblibc-*,liballoc-*,librustc_std_workspace_core-*,libcore-*,libcompiler_builtins-*}.rlib" "-Wl,-Bdynamic" "-lgcc_s" "-lutil" "-lrt" "-lpthread" "-lm" "-ldl" "-lc" "-Wl,--eh-frame-hdr" "-Wl,-z,noexecstack" "-L" "<sysroot>/lib/rustlib/x86_64-unknown-linux-gnu/lib" "-o" "/opt/rustwide/target/debug/deps/libzerovec_derive-e5f997857ce93f1e.so" "-Wl,--gc-sections" "-shared" "-Wl,-z,relro,-z,now" "-nodefaultlibs"
[INFO] [stdout]   = note: some arguments are omitted. use `--verbose` to show all linker arguments
[INFO] [stdout]   = note: /usr/bin/ld: final link failed: No space left on device
[INFO] [stdout]           collect2: error: ld returned 1 exit status
[INFO] [stdout]           
[INFO] [stdout] 
[INFO] [stdout] 
[INFO] [stderr] error: could not compile `thiserror-impl` (lib) due to 1 previous error
[INFO] [stderr] error: could not compile `zerovec-derive` (lib) due to 1 previous error
[INFO] [stdout] error: linking with `cc` failed: exit status: 1
[INFO] [stdout]   |
[INFO] [stdout]   = note:  "cc" "-Wl,--version-script=/tmp/rustcmwSqH7/list" "-Wl,--no-undefined-version" "-m64" "/tmp/rustcmwSqH7/symbols.o" "<12 object files omitted>" "/opt/rustwide/target/debug/deps/yoke_derive-f1ac721560da16b7.1fdbhhlfydspzj03cmb7ncklu.rcgu.rmeta" "<1 object files omitted>" "-Wl,--as-needed" "-Wl,-Bstatic" "/opt/rustwide/target/debug/deps/{libsynstructure-aa63bc05deb5b316.rlib,libsyn-412176996379e3de.rlib,libquote-ad8976a845204110.rlib,libproc_macro2-8427658e884d84f4.rlib,libunicode_ident-239eb5de21455cec.rlib}.rlib" "<sysroot>/lib/rustlib/x86_64-unknown-linux-gnu/lib/{libproc_macro-*,libstd-*,libpanic_unwind-*,libobject-*,libmemchr-*,libaddr2line-*,libgimli-*,librustc_demangle-*,libstd_detect-*,libhashbrown-*,librustc_std_workspace_alloc-*,libminiz_oxide-*,libadler2-*,libunwind-*,libcfg_if-*,liblibc-*,liballoc-*,librustc_std_workspace_core-*,libcore-*,libcompiler_builtins-*}.rlib" "-Wl,-Bdynamic" "-lgcc_s" "-lutil" "-lrt" "-lpthread" "-lm" "-ldl" "-lc" "-Wl,--eh-frame-hdr" "-Wl,-z,noexecstack" "-L" "<sysroot>/lib/rustlib/x86_64-unknown-linux-gnu/lib" "-o" "/opt/rustwide/target/debug/deps/libyoke_derive-f1ac721560da16b7.so" "-Wl,--gc-sections" "-shared" "-Wl,-z,relro,-z,now" "-nodefaultlibs"
[INFO] [stdout]   = note: some arguments are omitted. use `--verbose` to show all linker arguments
[INFO] [stdout]   = note: /usr/bin/ld: final link failed: No space left on device
[INFO] [stdout]           collect2: error: ld returned 1 exit status
[INFO] [stdout]           
[INFO] [stdout] 
[INFO] [stdout] 
[INFO] [stderr] error: could not compile `yoke-derive` (lib) due to 1 previous error
[INFO] [stdout] error: linking with `cc` failed: exit status: 1
[INFO] [stdout]   |
[INFO] [stdout]   = note:  "cc" "-Wl,--version-script=/tmp/rustc8u69Ca/list" "-Wl,--no-undefined-version" "-m64" "/tmp/rustc8u69Ca/symbols.o" "<6 object files omitted>" "/opt/rustwide/target/debug/deps/futures_macro-eaa29d892adebbd6.6i1r0lyeewhm4xrw5j6k4lv0q.rcgu.rmeta" "<1 object files omitted>" "-Wl,--as-needed" "-Wl,-Bstatic" "/opt/rustwide/target/debug/deps/{libsyn-412176996379e3de.rlib,libquote-ad8976a845204110.rlib,libproc_macro2-8427658e884d84f4.rlib,libunicode_ident-239eb5de21455cec.rlib}.rlib" "<sysroot>/lib/rustlib/x86_64-unknown-linux-gnu/lib/{libproc_macro-*,libstd-*,libpanic_unwind-*,libobject-*,libmemchr-*,libaddr2line-*,libgimli-*,librustc_demangle-*,libstd_detect-*,libhashbrown-*,librustc_std_workspace_alloc-*,libminiz_oxide-*,libadler2-*,libunwind-*,libcfg_if-*,liblibc-*,liballoc-*,librustc_std_workspace_core-*,libcore-*,libcompiler_builtins-*}.rlib" "-Wl,-Bdynamic" "-lgcc_s" "-lutil" "-lrt" "-lpthread" "-lm" "-ldl" "-lc" "-Wl,--eh-frame-hdr" "-Wl,-z,noexecstack" "-L" "<sysroot>/lib/rustlib/x86_64-unknown-linux-gnu/lib" "-o" "/opt/rustwide/target/debug/deps/libfutures_macro-eaa29d892adebbd6.so" "-Wl,--gc-sections" "-shared" "-Wl,-z,relro,-z,now" "-nodefaultlibs"
[INFO] [stdout]   = note: some arguments are omitted. use `--verbose` to show all linker arguments
[INFO] [stdout]   = note: /usr/bin/ld: final link failed: No space left on device
[INFO] [stdout]           collect2: error: ld returned 1 exit status
[INFO] [stdout]           
[INFO] [stdout] 
[INFO] [stdout] 
[INFO] [stderr] error: could not compile `futures-macro` (lib) due to 1 previous error
[INFO] running `Command { std: "docker" "inspect" "5f788889b9e3b079c842aa337e86d25618004584cbdd778ee67e01864a3d9884", kill_on_drop: false }`
[INFO] running `Command { std: "docker" "rm" "-f" "5f788889b9e3b079c842aa337e86d25618004584cbdd778ee67e01864a3d9884", kill_on_drop: false }`
[INFO] [stdout] 5f788889b9e3b079c842aa337e86d25618004584cbdd778ee67e01864a3d9884
