[INFO] cloning repository https://github.com/guillegr123/rust-download-installer-poc
[INFO] running `Command { std: "git" "-c" "credential.helper=" "-c" "credential.helper=/workspace/cargo-home/bin/git-credential-null" "clone" "--bare" "https://github.com/guillegr123/rust-download-installer-poc" "/workspace/cache/git-repos/https%3A%2F%2Fgithub.com%2Fguillegr123%2Frust-download-installer-poc", kill_on_drop: false }`
[INFO] [stderr] Cloning into bare repository '/workspace/cache/git-repos/https%3A%2F%2Fgithub.com%2Fguillegr123%2Frust-download-installer-poc'...
[INFO] running `Command { std: "git" "rev-parse" "HEAD", kill_on_drop: false }`
[INFO] [stdout] b102bb8257a74a3107d30849014abac12b097726
[INFO] documenting guillegr123/rust-download-installer-poc against beta-2025-02-18 for beta-1.86-rustdoc-1
[INFO] running `Command { std: "git" "clone" "/workspace/cache/git-repos/https%3A%2F%2Fgithub.com%2Fguillegr123%2Frust-download-installer-poc" "/workspace/builds/worker-5-tc2/source", kill_on_drop: false }`
[INFO] [stderr] Cloning into '/workspace/builds/worker-5-tc2/source'...
[INFO] [stderr] done.
[INFO] validating manifest of git repo https://github.com/guillegr123/rust-download-installer-poc on toolchain beta-2025-02-18
[INFO] running `Command { std: CARGO_HOME="/workspace/cargo-home" RUSTUP_HOME="/workspace/rustup-home" "/workspace/cargo-home/bin/cargo" "+beta-2025-02-18" "metadata" "--manifest-path" "Cargo.toml" "--no-deps", kill_on_drop: false }`
[INFO] started tweaking git repo https://github.com/guillegr123/rust-download-installer-poc
[INFO] finished tweaking git repo https://github.com/guillegr123/rust-download-installer-poc
[INFO] tweaked toml for git repo https://github.com/guillegr123/rust-download-installer-poc written to /workspace/builds/worker-5-tc2/source/Cargo.toml
[INFO] crate git repo https://github.com/guillegr123/rust-download-installer-poc already has a lockfile, it will not be regenerated
[INFO] running `Command { std: CARGO_HOME="/workspace/cargo-home" RUSTUP_HOME="/workspace/rustup-home" "/workspace/cargo-home/bin/cargo" "+beta-2025-02-18" "fetch" "--manifest-path" "Cargo.toml", kill_on_drop: false }`
[INFO] running `Command { std: "docker" "create" "-v" "/var/lib/crater-agent-workspace/builds/worker-5-tc2/target:/opt/rustwide/target:rw,Z" "-v" "/var/lib/crater-agent-workspace/builds/worker-5-tc2/source:/opt/rustwide/workdir:ro,Z" "-v" "/var/lib/crater-agent-workspace/cargo-home:/opt/rustwide/cargo-home:ro,Z" "-v" "/var/lib/crater-agent-workspace/rustup-home:/opt/rustwide/rustup-home:ro,Z" "-e" "SOURCE_DIR=/opt/rustwide/workdir" "-e" "CARGO_TARGET_DIR=/opt/rustwide/target" "-e" "CARGO_HOME=/opt/rustwide/cargo-home" "-e" "RUSTUP_HOME=/opt/rustwide/rustup-home" "-w" "/opt/rustwide/workdir" "-m" "1610612736" "--user" "0:0" "--network" "none" "ghcr.io/rust-lang/crates-build-env/linux@sha256:3959728d45483eb673ba100a951a6b9f5012970368db2a9e08e0ac9b67c8a5ad" "/opt/rustwide/cargo-home/bin/cargo" "+beta-2025-02-18" "metadata" "--no-deps" "--format-version=1", kill_on_drop: false }`
[INFO] [stdout] 9c143e64f9b19b7445c627de115ddbd535abbe024d5cb3acfc94ff556040b5d1
[INFO] running `Command { std: "docker" "start" "-a" "9c143e64f9b19b7445c627de115ddbd535abbe024d5cb3acfc94ff556040b5d1", kill_on_drop: false }`
[INFO] running `Command { std: "docker" "inspect" "9c143e64f9b19b7445c627de115ddbd535abbe024d5cb3acfc94ff556040b5d1", kill_on_drop: false }`
[INFO] running `Command { std: "docker" "rm" "-f" "9c143e64f9b19b7445c627de115ddbd535abbe024d5cb3acfc94ff556040b5d1", kill_on_drop: false }`
[INFO] [stdout] 9c143e64f9b19b7445c627de115ddbd535abbe024d5cb3acfc94ff556040b5d1
[INFO] running `Command { std: "docker" "create" "-v" "/var/lib/crater-agent-workspace/builds/worker-5-tc2/target:/opt/rustwide/target:rw,Z" "-v" "/var/lib/crater-agent-workspace/builds/worker-5-tc2/source:/opt/rustwide/workdir:ro,Z" "-v" "/var/lib/crater-agent-workspace/cargo-home:/opt/rustwide/cargo-home:ro,Z" "-v" "/var/lib/crater-agent-workspace/rustup-home:/opt/rustwide/rustup-home:ro,Z" "-e" "SOURCE_DIR=/opt/rustwide/workdir" "-e" "CARGO_TARGET_DIR=/opt/rustwide/target" "-e" "CARGO_INCREMENTAL=0" "-e" "RUST_BACKTRACE=full" "-e" "RUSTFLAGS=--cap-lints=warn" "-e" "RUSTDOCFLAGS=--cap-lints=warn" "-e" "CARGO_HOME=/opt/rustwide/cargo-home" "-e" "RUSTUP_HOME=/opt/rustwide/rustup-home" "-w" "/opt/rustwide/workdir" "-m" "1610612736" "--user" "0:0" "--network" "none" "ghcr.io/rust-lang/crates-build-env/linux@sha256:3959728d45483eb673ba100a951a6b9f5012970368db2a9e08e0ac9b67c8a5ad" "/opt/rustwide/cargo-home/bin/cargo" "+beta-2025-02-18" "doc" "--frozen" "--no-deps" "--document-private-items" "--message-format=json", kill_on_drop: false }`
[INFO] [stdout] 55523d2a398aa077f17932f633d8ec516b7eec219378105a0f1a9b91e753baf7
[INFO] running `Command { std: "docker" "start" "-a" "55523d2a398aa077f17932f633d8ec516b7eec219378105a0f1a9b91e753baf7", kill_on_drop: false }`
[INFO] [stderr]    Compiling proc-macro2 v1.0.24
[INFO] [stderr]    Compiling unicode-xid v0.2.1
[INFO] [stderr]    Compiling syn v1.0.60
[INFO] [stderr]    Compiling serde v1.0.123
[INFO] [stderr]    Compiling unicode-segmentation v1.7.1
[INFO] [stderr]    Compiling pkg-config v0.3.19
[INFO] [stderr]    Compiling strum v0.18.0
[INFO] [stderr]    Compiling version-compare v0.0.10
[INFO] [stderr]    Compiling libc v0.2.82
[INFO] [stderr]    Compiling cc v1.0.66
[INFO] [stderr]     Checking untrusted v0.7.1
[INFO] [stderr]     Checking once_cell v1.5.2
[INFO] [stderr]    Compiling bitflags v1.2.1
[INFO] [stderr]     Checking spin v0.5.2
[INFO] [stderr]     Checking matches v0.1.8
[INFO] [stderr]     Checking tinyvec_macros v0.1.0
[INFO] [stderr]    Compiling log v0.4.14
[INFO] [stderr]     Checking tinyvec v1.1.1
[INFO] [stderr]     Checking unicode-bidi v0.3.4
[INFO] [stderr]     Checking percent-encoding v2.1.0
[INFO] [stderr]     Checking cfg-if v1.0.0
[INFO] [stderr]     Checking base64 v0.13.0
[INFO] [stderr]     Checking boxfnonce v0.1.1
[INFO] [stderr]     Checking chunked_transfer v1.3.0
[INFO] [stderr]     Checking form_urlencoded v1.0.0
[INFO] [stderr]     Checking urlencoding v1.1.1
[INFO] [stderr]    Compiling heck v0.3.2
[INFO] [stderr]    Compiling webkit2gtk-sys v0.12.0
[INFO] [stderr]    Compiling quote v1.0.8
[INFO] [stderr]    Compiling ring v0.16.19
[INFO] [stderr]    Compiling webview-sys v0.6.1
[INFO] [stderr]    Compiling tinyfiledialogs v3.3.10
[INFO] [stderr]     Checking javascriptcore-rs-sys v0.2.0
[INFO] [stderr]     Checking unicode-normalization v0.1.16
[INFO] [stderr]     Checking idna v0.2.0
[INFO] [stderr]     Checking url v2.2.0
[INFO] [stderr]    Compiling toml v0.5.8
[INFO] [stderr]     Checking webpki v0.21.4
[INFO] [stderr]     Checking sct v0.6.0
[INFO] [stderr]     Checking rustls v0.19.0
[INFO] [stderr]     Checking webpki-roots v0.21.0
[INFO] [stderr]    Compiling thiserror-impl v1.0.23
[INFO] [stderr]    Compiling strum_macros v0.18.0
[INFO] [stderr]    Compiling thiserror v1.0.23
[INFO] [stderr]     Checking ureq v2.0.1
[INFO] [stderr]    Compiling system-deps v1.3.2
[INFO] [stderr]    Compiling glib-sys v0.10.1
[INFO] [stderr]    Compiling gobject-sys v0.10.0
[INFO] [stderr]    Compiling gio-sys v0.10.1
[INFO] [stderr]    Compiling pango-sys v0.10.0
[INFO] [stderr]    Compiling cairo-sys-rs v0.10.0
[INFO] [stderr]    Compiling gdk-pixbuf-sys v0.10.0
[INFO] [stderr]    Compiling atk-sys v0.10.0
[INFO] [stderr]    Compiling gdk-sys v0.10.0
[INFO] [stderr]    Compiling gtk-sys v0.10.0
[INFO] [stderr]    Compiling soup-sys v0.10.0
[INFO] [stdout] error: linking with `cc` failed: exit status: 1
[INFO] [stdout]   |
[INFO] [stdout]   = note:  "cc" "-m64" "/tmp/rustczzpkGi/symbols.o" "<2 object files omitted>" "-Wl,--as-needed" "-Wl,-Bstatic" "/opt/rustwide/target/debug/deps/{libsystem_deps-3779b0e8f98d16c3.rlib,libtoml-027141dfae722402.rlib,libserde-3cfcce4772f32fbb.rlib,libpkg_config-2fa5559eeab7f582.rlib,libversion_compare-3b9157e2ab9bc92d.rlib,libthiserror-5686831ae81f53c7.rlib,libstrum-5be5c2333486b859.rlib,libheck-d5cf58b9ba40352f.rlib,libunicode_segmentation-5499e038fcee254a.rlib}.rlib" "<sysroot>/lib/rustlib/x86_64-unknown-linux-gnu/lib/{libstd-*,libpanic_unwind-*,libobject-*,libmemchr-*,libaddr2line-*,libgimli-*,librustc_demangle-*,libstd_detect-*,libhashbrown-*,librustc_std_workspace_alloc-*,libminiz_oxide-*,libadler2-*,libunwind-*,libcfg_if-*,liblibc-*,liballoc-*,librustc_std_workspace_core-*,libcore-*,libcompiler_builtins-*}.rlib" "-Wl,-Bdynamic" "-lgcc_s" "-lutil" "-lrt" "-lpthread" "-lm" "-ldl" "-lc" "-Wl,--eh-frame-hdr" "-Wl,-z,noexecstack" "-L" "<sysroot>/lib/rustlib/x86_64-unknown-linux-gnu/lib" "-o" "/opt/rustwide/target/debug/build/gobject-sys-a4515eadd7020088/build_script_build-a4515eadd7020088" "-Wl,--gc-sections" "-pie" "-Wl,-z,relro,-z,now" "-nodefaultlibs"
[INFO] [stdout]   = note: some arguments are omitted. use `--verbose` to show all linker arguments
[INFO] [stdout]   = note: /usr/bin/ld: final link failed: No space left on device
[INFO] [stdout]           collect2: error: ld returned 1 exit status
[INFO] [stdout]           
[INFO] [stdout] 
[INFO] [stdout] 
[INFO] [stderr] error: could not compile `gobject-sys` (build script) due to 1 previous error
[INFO] [stderr] warning: build failed, waiting for other jobs to finish...
[INFO] [stdout] error: linking with `cc` failed: exit status: 1
[INFO] [stdout]   |
[INFO] [stdout]   = note:  "cc" "-m64" "/tmp/rustcDx0mZd/symbols.o" "<2 object files omitted>" "-Wl,--as-needed" "-Wl,-Bstatic" "/opt/rustwide/target/debug/deps/{libsystem_deps-3779b0e8f98d16c3.rlib,libtoml-027141dfae722402.rlib,libserde-3cfcce4772f32fbb.rlib,libpkg_config-2fa5559eeab7f582.rlib,libversion_compare-3b9157e2ab9bc92d.rlib,libthiserror-5686831ae81f53c7.rlib,libstrum-5be5c2333486b859.rlib,libheck-d5cf58b9ba40352f.rlib,libunicode_segmentation-5499e038fcee254a.rlib}.rlib" "<sysroot>/lib/rustlib/x86_64-unknown-linux-gnu/lib/{libstd-*,libpanic_unwind-*,libobject-*,libmemchr-*,libaddr2line-*,libgimli-*,librustc_demangle-*,libstd_detect-*,libhashbrown-*,librustc_std_workspace_alloc-*,libminiz_oxide-*,libadler2-*,libunwind-*,libcfg_if-*,liblibc-*,liballoc-*,librustc_std_workspace_core-*,libcore-*,libcompiler_builtins-*}.rlib" "-Wl,-Bdynamic" "-lgcc_s" "-lutil" "-lrt" "-lpthread" "-lm" "-ldl" "-lc" "-Wl,--eh-frame-hdr" "-Wl,-z,noexecstack" "-L" "<sysroot>/lib/rustlib/x86_64-unknown-linux-gnu/lib" "-o" "/opt/rustwide/target/debug/build/pango-sys-13af717c7785dc6e/build_script_build-13af717c7785dc6e" "-Wl,--gc-sections" "-pie" "-Wl,-z,relro,-z,now" "-nodefaultlibs"
[INFO] [stdout]   = note: some arguments are omitted. use `--verbose` to show all linker arguments
[INFO] [stdout]   = note: /usr/bin/ld: final link failed: No space left on device
[INFO] [stdout]           collect2: error: ld returned 1 exit status
[INFO] [stdout]           
[INFO] [stdout] 
[INFO] [stdout] 
[INFO] [stdout] error: linking with `cc` failed: exit status: 1
[INFO] [stdout]   |
[INFO] [stdout]   = note:  "cc" "-m64" "/tmp/rustcd9qZfB/symbols.o" "<2 object files omitted>" "-Wl,--as-needed" "-Wl,-Bstatic" "/opt/rustwide/target/debug/deps/{libsystem_deps-3779b0e8f98d16c3.rlib,libtoml-027141dfae722402.rlib,libserde-3cfcce4772f32fbb.rlib,libpkg_config-2fa5559eeab7f582.rlib,libversion_compare-3b9157e2ab9bc92d.rlib,libthiserror-5686831ae81f53c7.rlib,libstrum-5be5c2333486b859.rlib,libheck-d5cf58b9ba40352f.rlib,libunicode_segmentation-5499e038fcee254a.rlib}.rlib" "<sysroot>/lib/rustlib/x86_64-unknown-linux-gnu/lib/{libstd-*,libpanic_unwind-*,libobject-*,libmemchr-*,libaddr2line-*,libgimli-*,librustc_demangle-*,libstd_detect-*,libhashbrown-*,librustc_std_workspace_alloc-*,libminiz_oxide-*,libadler2-*,libunwind-*,libcfg_if-*,liblibc-*,liballoc-*,librustc_std_workspace_core-*,libcore-*,libcompiler_builtins-*}.rlib" "-Wl,-Bdynamic" "-lgcc_s" "-lutil" "-lrt" "-lpthread" "-lm" "-ldl" "-lc" "-Wl,--eh-frame-hdr" "-Wl,-z,noexecstack" "-L" "<sysroot>/lib/rustlib/x86_64-unknown-linux-gnu/lib" "-o" "/opt/rustwide/target/debug/build/gtk-sys-c1b57f5c6353e714/build_script_build-c1b57f5c6353e714" "-Wl,--gc-sections" "-pie" "-Wl,-z,relro,-z,now" "-nodefaultlibs"
[INFO] [stdout]   = note: some arguments are omitted. use `--verbose` to show all linker arguments
[INFO] [stdout]   = note: /usr/bin/ld: final link failed: No space left on device
[INFO] [stdout]           collect2: error: ld returned 1 exit status
[INFO] [stdout]           
[INFO] [stdout] 
[INFO] [stdout] 
[INFO] [stdout] error: linking with `cc` failed: exit status: 1
[INFO] [stdout]   |
[INFO] [stdout]   = note:  "cc" "-m64" "/tmp/rustcxRXgXF/symbols.o" "<2 object files omitted>" "-Wl,--as-needed" "-Wl,-Bstatic" "/opt/rustwide/target/debug/deps/{libsystem_deps-3779b0e8f98d16c3.rlib,libtoml-027141dfae722402.rlib,libserde-3cfcce4772f32fbb.rlib,libpkg_config-2fa5559eeab7f582.rlib,libversion_compare-3b9157e2ab9bc92d.rlib,libthiserror-5686831ae81f53c7.rlib,libstrum-5be5c2333486b859.rlib,libheck-d5cf58b9ba40352f.rlib,libunicode_segmentation-5499e038fcee254a.rlib}.rlib" "<sysroot>/lib/rustlib/x86_64-unknown-linux-gnu/lib/{libstd-*,libpanic_unwind-*,libobject-*,libmemchr-*,libaddr2line-*,libgimli-*,librustc_demangle-*,libstd_detect-*,libhashbrown-*,librustc_std_workspace_alloc-*,libminiz_oxide-*,libadler2-*,libunwind-*,libcfg_if-*,liblibc-*,liballoc-*,librustc_std_workspace_core-*,libcore-*,libcompiler_builtins-*}.rlib" "-Wl,-Bdynamic" "-lgcc_s" "-lutil" "-lrt" "-lpthread" "-lm" "-ldl" "-lc" "-Wl,--eh-frame-hdr" "-Wl,-z,noexecstack" "-L" "<sysroot>/lib/rustlib/x86_64-unknown-linux-gnu/lib" "-o" "/opt/rustwide/target/debug/build/atk-sys-649f285538b27cf8/build_script_build-649f285538b27cf8" "-Wl,--gc-sections" "-pie" "-Wl,-z,relro,-z,now" "-nodefaultlibs"
[INFO] [stdout]   = note: some arguments are omitted. use `--verbose` to show all linker arguments
[INFO] [stdout]   = note: /usr/bin/ld: final link failed: No space left on device
[INFO] [stdout]           collect2: error: ld returned 1 exit status
[INFO] [stdout]           
[INFO] [stdout] 
[INFO] [stdout] 
[INFO] [stderr] error: could not compile `pango-sys` (build script) due to 1 previous error
[INFO] [stderr] error: could not compile `gtk-sys` (build script) due to 1 previous error
[INFO] [stderr] error: could not compile `atk-sys` (build script) due to 1 previous error
[INFO] running `Command { std: "docker" "inspect" "55523d2a398aa077f17932f633d8ec516b7eec219378105a0f1a9b91e753baf7", kill_on_drop: false }`
[INFO] running `Command { std: "docker" "rm" "-f" "55523d2a398aa077f17932f633d8ec516b7eec219378105a0f1a9b91e753baf7", kill_on_drop: false }`
[INFO] [stdout] 55523d2a398aa077f17932f633d8ec516b7eec219378105a0f1a9b91e753baf7
