[INFO] cloning repository https://github.com/growing-scott/token-mint-rust
[INFO] running `Command { std: "git" "-c" "credential.helper=" "-c" "credential.helper=/workspace/cargo-home/bin/git-credential-null" "clone" "--bare" "https://github.com/growing-scott/token-mint-rust" "/workspace/cache/git-repos/https%3A%2F%2Fgithub.com%2Fgrowing-scott%2Ftoken-mint-rust", kill_on_drop: false }`
[INFO] [stderr] Cloning into bare repository '/workspace/cache/git-repos/https%3A%2F%2Fgithub.com%2Fgrowing-scott%2Ftoken-mint-rust'...
[INFO] running `Command { std: "git" "rev-parse" "HEAD", kill_on_drop: false }`
[INFO] [stdout] 214527880f7172bba5d9320252adb43d30e9d09a
[INFO] documenting growing-scott/token-mint-rust against beta-2025-02-18 for beta-1.86-rustdoc-1
[INFO] running `Command { std: "git" "clone" "/workspace/cache/git-repos/https%3A%2F%2Fgithub.com%2Fgrowing-scott%2Ftoken-mint-rust" "/workspace/builds/worker-3-tc2/source", kill_on_drop: false }`
[INFO] [stderr] Cloning into '/workspace/builds/worker-3-tc2/source'...
[INFO] [stderr] done.
[INFO] validating manifest of git repo https://github.com/growing-scott/token-mint-rust on toolchain beta-2025-02-18
[INFO] running `Command { std: CARGO_HOME="/workspace/cargo-home" RUSTUP_HOME="/workspace/rustup-home" "/workspace/cargo-home/bin/cargo" "+beta-2025-02-18" "metadata" "--manifest-path" "Cargo.toml" "--no-deps", kill_on_drop: false }`
[INFO] started tweaking git repo https://github.com/growing-scott/token-mint-rust
[INFO] finished tweaking git repo https://github.com/growing-scott/token-mint-rust
[INFO] tweaked toml for git repo https://github.com/growing-scott/token-mint-rust written to /workspace/builds/worker-3-tc2/source/Cargo.toml
[INFO] crate git repo https://github.com/growing-scott/token-mint-rust already has a lockfile, it will not be regenerated
[INFO] running `Command { std: CARGO_HOME="/workspace/cargo-home" RUSTUP_HOME="/workspace/rustup-home" "/workspace/cargo-home/bin/cargo" "+beta-2025-02-18" "fetch" "--manifest-path" "Cargo.toml", kill_on_drop: false }`
[INFO] running `Command { std: "docker" "create" "-v" "/var/lib/crater-agent-workspace/builds/worker-3-tc2/target:/opt/rustwide/target:rw,Z" "-v" "/var/lib/crater-agent-workspace/builds/worker-3-tc2/source:/opt/rustwide/workdir:ro,Z" "-v" "/var/lib/crater-agent-workspace/cargo-home:/opt/rustwide/cargo-home:ro,Z" "-v" "/var/lib/crater-agent-workspace/rustup-home:/opt/rustwide/rustup-home:ro,Z" "-e" "SOURCE_DIR=/opt/rustwide/workdir" "-e" "CARGO_TARGET_DIR=/opt/rustwide/target" "-e" "CARGO_HOME=/opt/rustwide/cargo-home" "-e" "RUSTUP_HOME=/opt/rustwide/rustup-home" "-w" "/opt/rustwide/workdir" "-m" "1610612736" "--user" "0:0" "--network" "none" "ghcr.io/rust-lang/crates-build-env/linux@sha256:3959728d45483eb673ba100a951a6b9f5012970368db2a9e08e0ac9b67c8a5ad" "/opt/rustwide/cargo-home/bin/cargo" "+beta-2025-02-18" "metadata" "--no-deps" "--format-version=1", kill_on_drop: false }`
[INFO] [stdout] 7b5d4cab769050a6411433031643a60ce4f5061a0616531ccd1a449594ebf836
[INFO] running `Command { std: "docker" "start" "-a" "7b5d4cab769050a6411433031643a60ce4f5061a0616531ccd1a449594ebf836", kill_on_drop: false }`
[INFO] running `Command { std: "docker" "inspect" "7b5d4cab769050a6411433031643a60ce4f5061a0616531ccd1a449594ebf836", kill_on_drop: false }`
[INFO] running `Command { std: "docker" "rm" "-f" "7b5d4cab769050a6411433031643a60ce4f5061a0616531ccd1a449594ebf836", kill_on_drop: false }`
[INFO] [stdout] 7b5d4cab769050a6411433031643a60ce4f5061a0616531ccd1a449594ebf836
[INFO] running `Command { std: "docker" "create" "-v" "/var/lib/crater-agent-workspace/builds/worker-3-tc2/target:/opt/rustwide/target:rw,Z" "-v" "/var/lib/crater-agent-workspace/builds/worker-3-tc2/source:/opt/rustwide/workdir:ro,Z" "-v" "/var/lib/crater-agent-workspace/cargo-home:/opt/rustwide/cargo-home:ro,Z" "-v" "/var/lib/crater-agent-workspace/rustup-home:/opt/rustwide/rustup-home:ro,Z" "-e" "SOURCE_DIR=/opt/rustwide/workdir" "-e" "CARGO_TARGET_DIR=/opt/rustwide/target" "-e" "CARGO_INCREMENTAL=0" "-e" "RUST_BACKTRACE=full" "-e" "RUSTFLAGS=--cap-lints=warn" "-e" "RUSTDOCFLAGS=--cap-lints=warn" "-e" "CARGO_HOME=/opt/rustwide/cargo-home" "-e" "RUSTUP_HOME=/opt/rustwide/rustup-home" "-w" "/opt/rustwide/workdir" "-m" "1610612736" "--user" "0:0" "--network" "none" "ghcr.io/rust-lang/crates-build-env/linux@sha256:3959728d45483eb673ba100a951a6b9f5012970368db2a9e08e0ac9b67c8a5ad" "/opt/rustwide/cargo-home/bin/cargo" "+beta-2025-02-18" "doc" "--frozen" "--no-deps" "--document-private-items" "--message-format=json", kill_on_drop: false }`
[INFO] [stdout] 2b78f8adc5a96fb16ba3b55c2249a59d16e66aa04ffc78c37ee7f8f63136ca70
[INFO] running `Command { std: "docker" "start" "-a" "2b78f8adc5a96fb16ba3b55c2249a59d16e66aa04ffc78c37ee7f8f63136ca70", kill_on_drop: false }`
[INFO] [stderr]    Compiling proc-macro2 v1.0.41
[INFO] [stderr]    Compiling unicode-ident v1.0.2
[INFO] [stderr]    Compiling quote v1.0.20
[INFO] [stderr]    Compiling syn v1.0.98
[INFO] [stderr]    Compiling libc v0.2.126
[INFO] [stderr]     Checking cfg-if v1.0.0
[INFO] [stderr]    Compiling autocfg v1.1.0
[INFO] [stderr]    Compiling version_check v0.9.4
[INFO] [stderr]    Compiling serde_derive v1.0.140
[INFO] [stderr]    Compiling serde v1.0.140
[INFO] [stderr]    Compiling typenum v1.15.0
[INFO] [stderr]     Checking once_cell v1.13.0
[INFO] [stderr]    Compiling memchr v2.5.0
[INFO] [stderr]    Compiling semver v1.0.12
[INFO] [stderr]     Checking subtle v2.4.1
[INFO] [stderr]    Compiling log v0.4.17
[INFO] [stderr]     Checking scopeguard v1.1.0
[INFO] [stderr]     Checking itoa v1.0.2
[INFO] [stderr]    Compiling unicode-xid v0.2.3
[INFO] [stderr]     Checking ppv-lite86 v0.2.16
[INFO] [stderr]     Checking cpufeatures v0.2.2
[INFO] [stderr]     Checking base64 v0.13.0
[INFO] [stderr]    Compiling getrandom v0.1.16
[INFO] [stderr]     Checking byteorder v1.4.3
[INFO] [stderr]    Compiling generic-array v0.14.5
[INFO] [stderr]    Compiling ahash v0.7.6
[INFO] [stderr]     Checking tinyvec_macros v0.1.0
[INFO] [stderr]    Compiling crossbeam-utils v0.8.11
[INFO] [stderr]    Compiling crunchy v0.2.2
[INFO] [stderr]     Checking tinyvec v1.6.0
[INFO] [stderr]    Compiling num-traits v0.2.15
[INFO] [stderr]    Compiling memoffset v0.6.5
[INFO] [stderr]     Checking opaque-debug v0.3.0
[INFO] [stderr]     Checking lazy_static v1.4.0
[INFO] [stderr]    Compiling crossbeam-epoch v0.9.10
[INFO] [stderr]     Checking pin-project-lite v0.2.9
[INFO] [stderr]    Compiling rustc_version v0.4.0
[INFO] [stderr]     Checking block-padding v0.2.1
[INFO] [stderr]    Compiling num-integer v0.1.45
[INFO] [stderr]     Checking ryu v1.0.10
[INFO] [stderr]    Compiling rayon-core v1.9.3
[INFO] [stderr]    Compiling lock_api v0.4.7
[INFO] [stderr]     Checking smallvec v1.9.0
[INFO] [stderr]    Compiling jobserver v0.1.24
[INFO] [stderr]    Compiling wasm-bindgen-shared v0.2.81
[INFO] [stderr]    Compiling serde_json v1.0.82
[INFO] [stderr]    Compiling rayon v1.5.3
[INFO] [stderr]     Checking fnv v1.0.7
[INFO] [stderr]    Compiling futures-core v0.3.21
[INFO] [stderr]     Checking bytes v1.2.0
[INFO] [stderr]    Compiling rustversion v1.0.8
[INFO] [stderr]    Compiling cc v1.0.73
[INFO] [stderr]     Checking crossbeam-channel v0.5.6
[INFO] [stderr]     Checking either v1.7.0
[INFO] [stderr]    Compiling feature-probe v0.1.1
[INFO] [stderr]    Compiling parking_lot_core v0.8.5
[INFO] [stderr]    Compiling bumpalo v3.10.0
[INFO] [stderr]    Compiling solana-frozen-abi-macro v1.11.4
[INFO] [stderr]    Compiling bv v0.11.1
[INFO] [stderr]     Checking bitmaps v2.1.0
[INFO] [stderr]     Checking aho-corasick v0.7.18
[INFO] [stderr]     Checking crossbeam-deque v0.8.2
[INFO] [stderr]    Compiling im v15.1.0
[INFO] [stderr]     Checking instant v0.1.12
[INFO] [stderr]     Checking regex-syntax v0.6.27
[INFO] [stderr]     Checking unicode-normalization v0.1.21
[INFO] [stderr]     Checking percent-encoding v2.1.0
[INFO] [stderr]     Checking arrayref v0.3.6
[INFO] [stderr]     Checking bitflags v1.3.2
[INFO] [stderr]     Checking keccak v0.1.2
[INFO] [stderr]    Compiling anyhow v1.0.58
[INFO] [stderr]    Compiling solana-frozen-abi v1.11.4
[INFO] [stderr]     Checking getrandom v0.2.7
[INFO] [stderr]     Checking num_cpus v1.13.1
[INFO] [stderr]    Compiling digest v0.9.0
[INFO] [stderr]    Compiling libsecp256k1-core v0.2.2
[INFO] [stderr]     Checking rand_core v0.5.1
[INFO] [stderr]     Checking rand_core v0.6.3
[INFO] [stderr]    Compiling ring v0.16.20
[INFO] [stderr]    Compiling blake3 v1.3.1
[INFO] [stderr]    Compiling tokio v1.14.1
[INFO] [stderr]     Checking rand_xoshiro v0.6.0
[INFO] [stderr]     Checking rand_chacha v0.2.2
[INFO] [stderr]    Compiling slab v0.4.7
[INFO] [stderr]     Checking arrayvec v0.7.2
[INFO] [stderr]     Checking rand v0.7.3
[INFO] [stderr]     Checking untrusted v0.7.1
[INFO] [stderr]     Checking spin v0.5.2
[INFO] [stderr]     Checking hashbrown v0.12.3
[INFO] [stderr]    Compiling wasm-bindgen v0.2.81
[INFO] [stderr]     Checking constant_time_eq v0.1.5
[INFO] [stderr]     Checking sized-chunks v0.6.5
[INFO] [stderr]     Checking hashbrown v0.11.2
[INFO] [stderr]     Checking parking_lot v0.11.2
[INFO] [stderr]    Compiling solana-program v1.11.4
[INFO] [stderr]     Checking mio v0.7.14
[INFO] [stderr]     Checking memmap2 v0.5.5
[INFO] [stderr]     Checking signal-hook-registry v1.4.0
[INFO] [stderr]     Checking base64 v0.12.3
[INFO] [stderr]    Compiling futures-task v0.3.21
[INFO] [stderr]     Checking futures-sink v0.3.21
[INFO] [stderr]     Checking bs58 v0.4.0
[INFO] [stderr]    Compiling futures-channel v0.3.21
[INFO] [stderr]     Checking rustc-hash v1.1.0
[INFO] [stderr]     Checking atty v0.2.14
[INFO] [stderr]     Checking itertools v0.10.3
[INFO] [stderr]    Compiling futures-util v0.3.21
[INFO] [stderr]     Checking termcolor v1.1.3
[INFO] [stderr]     Checking pin-utils v0.1.0
[INFO] [stderr]     Checking futures-io v0.3.21
[INFO] [stderr]     Checking signature v1.5.0
[INFO] [stderr]    Compiling rustls v0.20.6
[INFO] [stderr]    Compiling libsecp256k1-gen-genmult v0.2.1
[INFO] [stderr]    Compiling libsecp256k1-gen-ecmult v0.2.1
[INFO] [stderr]     Checking ed25519 v1.5.2
[INFO] [stderr]     Checking humantime v2.1.0
[INFO] [stderr]     Checking time v0.1.44
[INFO] [stderr]    Compiling solana-sdk v1.11.4
[INFO] [stderr]    Compiling indexmap v1.9.1
[INFO] [stderr]     Checking tracing-core v0.1.28
[INFO] [stderr]     Checking derivation-path v0.2.0
[INFO] [stderr]     Checking qstring v0.7.2
[INFO] [stderr]     Checking uriparse v0.6.4
[INFO] [stderr]     Checking matches v0.1.9
[INFO] [stderr]     Checking assert_matches v1.5.0
[INFO] [stderr]     Checking http v0.2.8
[INFO] [stderr]    Compiling httparse v1.7.1
[INFO] [stderr]    Compiling libsecp256k1 v0.6.0
[INFO] [stderr]     Checking form_urlencoded v1.0.1
[INFO] [stderr]     Checking socket2 v0.4.4
[INFO] [stderr]     Checking unicode-bidi v0.3.8
[INFO] [stderr]     Checking rustls-pemfile v1.0.0
[INFO] [stderr]    Compiling crc32fast v1.3.2
[INFO] [stderr]     Checking alloc-no-stdlib v2.0.3
[INFO] [stderr]     Checking try-lock v0.2.3
[INFO] [stderr]     Checking adler v1.0.2
[INFO] [stderr]     Checking idna v0.2.3
[INFO] [stderr]     Checking want v0.3.0
[INFO] [stderr]     Checking alloc-stdlib v0.2.1
[INFO] [stderr]     Checking miniz_oxide v0.5.3
[INFO] [stderr]     Checking brotli-decompressor v2.3.2
[INFO] [stderr]     Checking tower-service v0.3.2
[INFO] [stderr]    Compiling encoding_rs v0.8.31
[INFO] [stderr]     Checking httpdate v1.0.2
[INFO] [stderr]     Checking mime v0.3.16
[INFO] [stderr]     Checking ipnet v2.5.0
[INFO] [stderr]     Checking gethostname v0.2.3
[INFO] [stderr]    Compiling solana-program-runtime v1.11.4
[INFO] [stderr]     Checking libloading v0.7.3
[INFO] [stderr]     Checking flate2 v1.0.24
[INFO] [stderr]     Checking eager v0.1.0
[INFO] [stderr]    Compiling solana-vote-program v1.11.4
[INFO] [stderr]    Compiling proc-macro2 v0.4.30
[INFO] [stderr]    Compiling unicode-xid v0.1.0
[INFO] [stderr]     Checking regex v1.6.0
[INFO] [stderr]     Checking remove_dir_all v0.5.3
[INFO] [stderr]     Checking fastrand v1.8.0
[INFO] [stderr]    Compiling syn v0.15.44
[INFO] [stderr]     Checking http-body v0.4.5
[INFO] [stderr]     Checking unicode-width v0.1.9
[INFO] [stderr]     Checking tempfile v3.3.0
[INFO] [stderr]    Compiling zstd-sys v2.0.1+zstd.1.5.2
[INFO] [stderr]     Checking url v2.2.2
[INFO] [stderr]     Checking num_threads v0.1.6
[INFO] [stderr]    Compiling time-macros v0.2.4
[INFO] [stderr]     Checking rand_chacha v0.3.1
[INFO] [stderr]     Checking solana-rayon-threadlimit v1.11.4
[INFO] [stderr]     Checking terminal_size v0.1.17
[INFO] [stderr]    Compiling quote v0.6.13
[INFO] [stderr]    Compiling proc-macro-error-attr v1.0.4
[INFO] [stderr]    Compiling parking_lot_core v0.9.3
[INFO] [stderr]     Checking minimal-lexical v0.2.1
[INFO] [stderr]     Checking rand v0.8.5
[INFO] [stderr]     Checking errno v0.2.8
[INFO] [stderr]     Checking nix v0.24.2
[INFO] [stderr]     Checking nom v7.1.1
[INFO] [stderr]    Compiling num-bigint v0.2.6
[INFO] [stderr]    Compiling proc-macro-error v1.0.4
[INFO] [stderr]    Compiling pkg-config v0.3.25
[INFO] [stderr]    Compiling solana-perf v1.11.4
[INFO] [stderr]     Checking env_logger v0.9.0
[INFO] [stderr]     Checking brotli v3.3.4
[INFO] [stderr]     Checking console v0.15.0
[INFO] [stderr]    Compiling zstd-safe v5.0.2+zstd.1.5.2
[INFO] [stderr] error: could not parse/generate dep info at: /opt/rustwide/target/debug/build/solana-perf-972782b2d659f7a6/build_script_build-972782b2d659f7a6.d
[INFO] [stderr] 
[INFO] [stderr] Caused by:
[INFO] [stderr]   failed to write `/opt/rustwide/target/debug/.fingerprint/solana-perf-972782b2d659f7a6/dep-build-script-build-script-build`
[INFO] [stderr] 
[INFO] [stderr] Caused by:
[INFO] [stderr]   No space left on device (os error 28)
[INFO] [stderr] warning: build failed, waiting for other jobs to finish...
[INFO] [stdout] error: failed to write to `/opt/rustwide/target/debug/deps/rmetahQZatU/lib.rmeta`: No space left on device (os error 28)
[INFO] [stdout] 
[INFO] [stdout] 
[INFO] [stderr] error: could not compile `pkg-config` (lib) due to 1 previous error
[INFO] [stdout] error: linking with `cc` failed: exit status: 1
[INFO] [stdout]   |
[INFO] [stdout]   = note:  "cc" "-m64" "/tmp/rustcpKnqgl/symbols.o" "<2 object files omitted>" "-Wl,--as-needed" "-Wl,-Bstatic" "/opt/rustwide/target/debug/deps/{libversion_check-0dd5cecc5a541834.rlib}.rlib" "<sysroot>/lib/rustlib/x86_64-unknown-linux-gnu/lib/{libstd-*,libpanic_unwind-*,libobject-*,libmemchr-*,libaddr2line-*,libgimli-*,librustc_demangle-*,libstd_detect-*,libhashbrown-*,librustc_std_workspace_alloc-*,libminiz_oxide-*,libadler2-*,libunwind-*,libcfg_if-*,liblibc-*,liballoc-*,librustc_std_workspace_core-*,libcore-*,libcompiler_builtins-*}.rlib" "-Wl,-Bdynamic" "-lgcc_s" "-lutil" "-lrt" "-lpthread" "-lm" "-ldl" "-lc" "-Wl,--eh-frame-hdr" "-Wl,-z,noexecstack" "-L" "<sysroot>/lib/rustlib/x86_64-unknown-linux-gnu/lib" "-o" "/opt/rustwide/target/debug/build/proc-macro-error-05837e4541036a49/build_script_build-05837e4541036a49" "-Wl,--gc-sections" "-pie" "-Wl,-z,relro,-z,now" "-nodefaultlibs"
[INFO] [stdout]   = note: some arguments are omitted. use `--verbose` to show all linker arguments
[INFO] [stdout]   = note: /usr/bin/ld: final link failed: No space left on device
[INFO] [stdout]           collect2: error: ld returned 1 exit status
[INFO] [stdout]           
[INFO] [stdout] 
[INFO] [stdout] 
[INFO] [stderr] error: could not compile `proc-macro-error` (build script) due to 1 previous error
[INFO] [stdout] error: failed to write to `/opt/rustwide/target/debug/deps/rmeta3lAXPF/lib.rmeta`: No space left on device (os error 28)
[INFO] [stdout] 
[INFO] [stdout] 
[INFO] [stderr] error: could not compile `serde` (lib) due to 1 previous error
[INFO] [stderr] warning: zstd-sys@2.0.1+zstd.1.5.2: zstd/lib/common/threading.c:21:1: fatal error: error closing /tmp/ccJ0VLJV.s: No space left on device
[INFO] [stderr] warning: zstd-sys@2.0.1+zstd.1.5.2:    21 | int g_ZSTD_threading_useless_symbol;
[INFO] [stderr] warning: zstd-sys@2.0.1+zstd.1.5.2:       | ^~~
[INFO] [stderr] warning: zstd-sys@2.0.1+zstd.1.5.2: compilation terminated.
[INFO] [stderr] error: failed to run custom build command for `zstd-sys v2.0.1+zstd.1.5.2`
[INFO] [stderr] note: To improve backtraces for build dependencies, set the CARGO_PROFILE_DEV_BUILD_OVERRIDE_DEBUG=true environment variable to enable debug information generation.
[INFO] [stderr] 
[INFO] [stderr] Caused by:
[INFO] [stderr]   process didn't exit successfully: `/opt/rustwide/target/debug/build/zstd-sys-db1e56101b5437e6/build-script-build` (exit status: 1)
[INFO] [stderr]   --- stdout
[INFO] [stderr]   TARGET = Some("x86_64-unknown-linux-gnu")
[INFO] [stderr]   HOST = Some("x86_64-unknown-linux-gnu")
[INFO] [stderr]   CC_x86_64-unknown-linux-gnu = None
[INFO] [stderr]   CC_x86_64_unknown_linux_gnu = None
[INFO] [stderr]   HOST_CC = None
[INFO] [stderr]   CC = None
[INFO] [stderr]   CFLAGS_x86_64-unknown-linux-gnu = None
[INFO] [stderr]   CFLAGS_x86_64_unknown_linux_gnu = None
[INFO] [stderr]   HOST_CFLAGS = None
[INFO] [stderr]   CFLAGS = None
[INFO] [stderr]   CRATE_CC_NO_DEFAULTS = None
[INFO] [stderr]   DEBUG = Some("true")
[INFO] [stderr]   CARGO_CFG_TARGET_FEATURE = Some("fxsr,sse,sse2")
[INFO] [stderr]   running: "cc" "-O3" "-ffunction-sections" "-fdata-sections" "-fPIC" "-g" "-fno-omit-frame-pointer" "-m64" "-I" "zstd/lib/" "-I" "zstd/lib/common" "-I" "zstd/lib/legacy" "-fvisibility=hidden" "-DZSTD_LIB_DEPRECATED=0" "-DXXH_PRIVATE_API=" "-DZSTDLIB_VISIBILITY=" "-DZDICTLIB_VISIBILITY=" "-DZSTDERRORLIB_VISIBILITY=" "-DZSTD_LEGACY_SUPPORT=1" "-o" "/opt/rustwide/target/debug/build/zstd-sys-e0586b620ee11365/out/zstd/lib/common/entropy_common.o" "-c" "zstd/lib/common/entropy_common.c"
[INFO] [stderr]   exit status: 0
[INFO] [stderr]   running: "cc" "-O3" "-ffunction-sections" "-fdata-sections" "-fPIC" "-g" "-fno-omit-frame-pointer" "-m64" "-I" "zstd/lib/" "-I" "zstd/lib/common" "-I" "zstd/lib/legacy" "-fvisibility=hidden" "-DZSTD_LIB_DEPRECATED=0" "-DXXH_PRIVATE_API=" "-DZSTDLIB_VISIBILITY=" "-DZDICTLIB_VISIBILITY=" "-DZSTDERRORLIB_VISIBILITY=" "-DZSTD_LEGACY_SUPPORT=1" "-o" "/opt/rustwide/target/debug/build/zstd-sys-e0586b620ee11365/out/zstd/lib/common/pool.o" "-c" "zstd/lib/common/pool.c"
[INFO] [stderr]   running: "cc" "-O3" "-ffunction-sections" "-fdata-sections" "-fPIC" "-g" "-fno-omit-frame-pointer" "-m64" "-I" "zstd/lib/" "-I" "zstd/lib/common" "-I" "zstd/lib/legacy" "-fvisibility=hidden" "-DZSTD_LIB_DEPRECATED=0" "-DXXH_PRIVATE_API=" "-DZSTDLIB_VISIBILITY=" "-DZDICTLIB_VISIBILITY=" "-DZSTDERRORLIB_VISIBILITY=" "-DZSTD_LEGACY_SUPPORT=1" "-o" "/opt/rustwide/target/debug/build/zstd-sys-e0586b620ee11365/out/zstd/lib/common/threading.o" "-c" "zstd/lib/common/threading.c"
[INFO] [stderr]   running: "cc" "-O3" "-ffunction-sections" "-fdata-sections" "-fPIC" "-g" "-fno-omit-frame-pointer" "-m64" "-I" "zstd/lib/" "-I" "zstd/lib/common" "-I" "zstd/lib/legacy" "-fvisibility=hidden" "-DZSTD_LIB_DEPRECATED=0" "-DXXH_PRIVATE_API=" "-DZSTDLIB_VISIBILITY=" "-DZDICTLIB_VISIBILITY=" "-DZSTDERRORLIB_VISIBILITY=" "-DZSTD_LEGACY_SUPPORT=1" "-o" "/opt/rustwide/target/debug/build/zstd-sys-e0586b620ee11365/out/zstd/lib/common/debug.o" "-c" "zstd/lib/common/debug.c"
[INFO] [stderr]   exit status: 0
[INFO] [stderr]   running: "cc" "-O3" "-ffunction-sections" "-fdata-sections" "-fPIC" "-g" "-fno-omit-frame-pointer" "-m64" "-I" "zstd/lib/" "-I" "zstd/lib/common" "-I" "zstd/lib/legacy" "-fvisibility=hidden" "-DZSTD_LIB_DEPRECATED=0" "-DXXH_PRIVATE_API=" "-DZSTDLIB_VISIBILITY=" "-DZDICTLIB_VISIBILITY=" "-DZSTDERRORLIB_VISIBILITY=" "-DZSTD_LEGACY_SUPPORT=1" "-o" "/opt/rustwide/target/debug/build/zstd-sys-e0586b620ee11365/out/zstd/lib/common/fse_decompress.o" "-c" "zstd/lib/common/fse_decompress.c"
[INFO] [stderr]   cargo:warning=zstd/lib/common/threading.c:21:1: fatal error: error closing /tmp/ccJ0VLJV.s: No space left on device
[INFO] [stderr]   cargo:warning=   21 | int g_ZSTD_threading_useless_symbol;
[INFO] [stderr]   cargo:warning=      | ^~~
[INFO] [stderr]   cargo:warning=compilation terminated.
[INFO] [stderr]   exit status: 1
[INFO] [stderr]   running: "cc" "-O3" "-ffunction-sections" "-fdata-sections" "-fPIC" "-g" "-fno-omit-frame-pointer" "-m64" "-I" "zstd/lib/" "-I" "zstd/lib/common" "-I" "zstd/lib/legacy" "-fvisibility=hidden" "-DZSTD_LIB_DEPRECATED=0" "-DXXH_PRIVATE_API=" "-DZSTDLIB_VISIBILITY=" "-DZDICTLIB_VISIBILITY=" "-DZSTDERRORLIB_VISIBILITY=" "-DZSTD_LEGACY_SUPPORT=1" "-o" "/opt/rustwide/target/debug/build/zstd-sys-e0586b620ee11365/out/zstd/lib/common/error_private.o" "-c" "zstd/lib/common/error_private.c"
[INFO] [stderr]   exit status: 0
[INFO] [stderr]   exit status: 0
[INFO] [stderr]   exit status: 0
[INFO] [stderr] 
[INFO] [stderr]   --- stderr
[INFO] [stderr] 
[INFO] [stderr] 
[INFO] [stderr]   error occurred: Command "cc" "-O3" "-ffunction-sections" "-fdata-sections" "-fPIC" "-g" "-fno-omit-frame-pointer" "-m64" "-I" "zstd/lib/" "-I" "zstd/lib/common" "-I" "zstd/lib/legacy" "-fvisibility=hidden" "-DZSTD_LIB_DEPRECATED=0" "-DXXH_PRIVATE_API=" "-DZSTDLIB_VISIBILITY=" "-DZDICTLIB_VISIBILITY=" "-DZSTDERRORLIB_VISIBILITY=" "-DZSTD_LEGACY_SUPPORT=1" "-o" "/opt/rustwide/target/debug/build/zstd-sys-e0586b620ee11365/out/zstd/lib/common/threading.o" "-c" "zstd/lib/common/threading.c" with args "cc" did not execute successfully (status code exit status: 1).
[INFO] [stderr] 
[INFO] [stderr] 
[INFO] running `Command { std: "docker" "inspect" "2b78f8adc5a96fb16ba3b55c2249a59d16e66aa04ffc78c37ee7f8f63136ca70", kill_on_drop: false }`
[INFO] running `Command { std: "docker" "rm" "-f" "2b78f8adc5a96fb16ba3b55c2249a59d16e66aa04ffc78c37ee7f8f63136ca70", kill_on_drop: false }`
[INFO] [stdout] 2b78f8adc5a96fb16ba3b55c2249a59d16e66aa04ffc78c37ee7f8f63136ca70
