[INFO] cloning repository https://github.com/gilion-joel-b/adastra
[INFO] running `Command { std: "git" "-c" "credential.helper=" "-c" "credential.helper=/workspace/cargo-home/bin/git-credential-null" "clone" "--bare" "https://github.com/gilion-joel-b/adastra" "/workspace/cache/git-repos/https%3A%2F%2Fgithub.com%2Fgilion-joel-b%2Fadastra", kill_on_drop: false }`
[INFO] [stderr] Cloning into bare repository '/workspace/cache/git-repos/https%3A%2F%2Fgithub.com%2Fgilion-joel-b%2Fadastra'...
[INFO] running `Command { std: "git" "rev-parse" "HEAD", kill_on_drop: false }`
[INFO] [stdout] b4ed3b06c7ec7d7fb5c2adceb268fcb288428369
[INFO] documenting gilion-joel-b/adastra against beta-2025-02-18 for beta-1.86-rustdoc-1
[INFO] running `Command { std: "git" "clone" "/workspace/cache/git-repos/https%3A%2F%2Fgithub.com%2Fgilion-joel-b%2Fadastra" "/workspace/builds/worker-2-tc2/source", kill_on_drop: false }`
[INFO] [stderr] Cloning into '/workspace/builds/worker-2-tc2/source'...
[INFO] [stderr] done.
[INFO] validating manifest of git repo https://github.com/gilion-joel-b/adastra on toolchain beta-2025-02-18
[INFO] running `Command { std: CARGO_HOME="/workspace/cargo-home" RUSTUP_HOME="/workspace/rustup-home" "/workspace/cargo-home/bin/cargo" "+beta-2025-02-18" "metadata" "--manifest-path" "Cargo.toml" "--no-deps", kill_on_drop: false }`
[INFO] started tweaking git repo https://github.com/gilion-joel-b/adastra
[INFO] finished tweaking git repo https://github.com/gilion-joel-b/adastra
[INFO] tweaked toml for git repo https://github.com/gilion-joel-b/adastra written to /workspace/builds/worker-2-tc2/source/Cargo.toml
[INFO] crate git repo https://github.com/gilion-joel-b/adastra already has a lockfile, it will not be regenerated
[INFO] running `Command { std: CARGO_HOME="/workspace/cargo-home" RUSTUP_HOME="/workspace/rustup-home" "/workspace/cargo-home/bin/cargo" "+beta-2025-02-18" "fetch" "--manifest-path" "Cargo.toml", kill_on_drop: false }`
[INFO] running `Command { std: "docker" "create" "-v" "/var/lib/crater-agent-workspace/builds/worker-2-tc2/target:/opt/rustwide/target:rw,Z" "-v" "/var/lib/crater-agent-workspace/builds/worker-2-tc2/source:/opt/rustwide/workdir:ro,Z" "-v" "/var/lib/crater-agent-workspace/cargo-home:/opt/rustwide/cargo-home:ro,Z" "-v" "/var/lib/crater-agent-workspace/rustup-home:/opt/rustwide/rustup-home:ro,Z" "-e" "SOURCE_DIR=/opt/rustwide/workdir" "-e" "CARGO_TARGET_DIR=/opt/rustwide/target" "-e" "CARGO_HOME=/opt/rustwide/cargo-home" "-e" "RUSTUP_HOME=/opt/rustwide/rustup-home" "-w" "/opt/rustwide/workdir" "-m" "1610612736" "--user" "0:0" "--network" "none" "ghcr.io/rust-lang/crates-build-env/linux@sha256:3959728d45483eb673ba100a951a6b9f5012970368db2a9e08e0ac9b67c8a5ad" "/opt/rustwide/cargo-home/bin/cargo" "+beta-2025-02-18" "metadata" "--no-deps" "--format-version=1", kill_on_drop: false }`
[INFO] [stdout] ca9202e78d0304ff964c881b84ed30f38af6773b19d6f578a67ca19c6bb81f76
[INFO] running `Command { std: "docker" "start" "-a" "ca9202e78d0304ff964c881b84ed30f38af6773b19d6f578a67ca19c6bb81f76", kill_on_drop: false }`
[INFO] running `Command { std: "docker" "inspect" "ca9202e78d0304ff964c881b84ed30f38af6773b19d6f578a67ca19c6bb81f76", kill_on_drop: false }`
[INFO] running `Command { std: "docker" "rm" "-f" "ca9202e78d0304ff964c881b84ed30f38af6773b19d6f578a67ca19c6bb81f76", kill_on_drop: false }`
[INFO] [stdout] ca9202e78d0304ff964c881b84ed30f38af6773b19d6f578a67ca19c6bb81f76
[INFO] running `Command { std: "docker" "create" "-v" "/var/lib/crater-agent-workspace/builds/worker-2-tc2/target:/opt/rustwide/target:rw,Z" "-v" "/var/lib/crater-agent-workspace/builds/worker-2-tc2/source:/opt/rustwide/workdir:ro,Z" "-v" "/var/lib/crater-agent-workspace/cargo-home:/opt/rustwide/cargo-home:ro,Z" "-v" "/var/lib/crater-agent-workspace/rustup-home:/opt/rustwide/rustup-home:ro,Z" "-e" "SOURCE_DIR=/opt/rustwide/workdir" "-e" "CARGO_TARGET_DIR=/opt/rustwide/target" "-e" "CARGO_INCREMENTAL=0" "-e" "RUST_BACKTRACE=full" "-e" "RUSTFLAGS=--cap-lints=warn" "-e" "RUSTDOCFLAGS=--cap-lints=warn" "-e" "CARGO_HOME=/opt/rustwide/cargo-home" "-e" "RUSTUP_HOME=/opt/rustwide/rustup-home" "-w" "/opt/rustwide/workdir" "-m" "1610612736" "--user" "0:0" "--network" "none" "ghcr.io/rust-lang/crates-build-env/linux@sha256:3959728d45483eb673ba100a951a6b9f5012970368db2a9e08e0ac9b67c8a5ad" "/opt/rustwide/cargo-home/bin/cargo" "+beta-2025-02-18" "doc" "--frozen" "--no-deps" "--document-private-items" "--message-format=json", kill_on_drop: false }`
[INFO] [stdout] c660c180ae47ac1de02a24e4b84cc583c40f8f5a2b467e5cc784fe5f35af06a1
[INFO] running `Command { std: "docker" "start" "-a" "c660c180ae47ac1de02a24e4b84cc583c40f8f5a2b467e5cc784fe5f35af06a1", kill_on_drop: false }`
[INFO] [stderr]    Compiling proc-macro2 v1.0.85
[INFO] [stderr]    Compiling unicode-ident v1.0.12
[INFO] [stderr]    Compiling libc v0.2.155
[INFO] [stderr]    Compiling autocfg v1.3.0
[INFO] [stderr]     Checking cfg-if v1.0.0
[INFO] [stderr]    Compiling version_check v0.9.4
[INFO] [stderr]    Compiling serde v1.0.203
[INFO] [stderr]     Checking once_cell v1.19.0
[INFO] [stderr]    Compiling cc v1.0.99
[INFO] [stderr]    Compiling parking_lot_core v0.9.10
[INFO] [stderr]     Checking scopeguard v1.2.0
[INFO] [stderr]     Checking smallvec v1.13.2
[INFO] [stderr]     Checking itoa v1.0.11
[INFO] [stderr]    Compiling syn v1.0.109
[INFO] [stderr]    Compiling libm v0.2.8
[INFO] [stderr]    Compiling crossbeam-utils v0.8.20
[INFO] [stderr]     Checking bytes v1.6.0
[INFO] [stderr]    Compiling rayon-core v1.12.1
[INFO] [stderr]    Compiling rustversion v1.0.17
[INFO] [stderr]     Checking memchr v2.7.4
[INFO] [stderr]     Checking ryu v1.0.18
[INFO] [stderr]    Compiling target-features v0.1.6
[INFO] [stderr]    Compiling thiserror v1.0.61
[INFO] [stderr]     Checking either v1.13.0
[INFO] [stderr]     Checking zerocopy v0.7.35
[INFO] [stderr]     Checking regex-syntax v0.8.4
[INFO] [stderr]     Checking array-init-cursor v0.2.0
[INFO] [stderr]     Checking planus v0.3.1
[INFO] [stderr]     Checking allocator-api2 v0.2.18
[INFO] [stderr]    Compiling lock_api v0.4.12
[INFO] [stderr]    Compiling num-traits v0.2.19
[INFO] [stderr]    Compiling ahash v0.8.11
[INFO] [stderr]     Checking aho-corasick v1.1.3
[INFO] [stderr]    Compiling smartstring v1.0.1
[INFO] [stderr]    Compiling polars-utils v0.41.3
[INFO] [stderr]    Compiling quote v1.0.36
[INFO] [stderr]     Checking simdutf8 v0.1.4
[INFO] [stderr]     Checking equivalent v1.0.1
[INFO] [stderr]     Checking static_assertions v1.1.0
[INFO] [stderr]     Checking crossbeam-epoch v0.9.18
[INFO] [stderr]     Checking iana-time-zone v0.1.60
[INFO] [stderr]    Compiling polars-arrow v0.41.3
[INFO] [stderr]     Checking foreign_vec v0.1.0
[INFO] [stderr]     Checking atoi_simd v0.15.6
[INFO] [stderr]     Checking pin-project-lite v0.2.14
[INFO] [stderr]    Compiling syn v2.0.66
[INFO] [stderr]     Checking dyn-clone v1.0.17
[INFO] [stderr]     Checking streaming-iterator v0.1.9
[INFO] [stderr]     Checking ethnum v1.5.0
[INFO] [stderr]     Checking fast-float v0.2.0
[INFO] [stderr]     Checking log v0.4.21
[INFO] [stderr]     Checking crossbeam-deque v0.8.5
[INFO] [stderr]     Checking strength_reduce v0.2.4
[INFO] [stderr]    Compiling ppv-lite86 v0.2.17
[INFO] [stderr]     Checking getrandom v0.2.15
[INFO] [stderr]    Compiling polars-compute v0.41.3
[INFO] [stderr]     Checking percent-encoding v2.3.1
[INFO] [stderr]    Compiling siphasher v0.3.11
[INFO] [stderr]     Checking parking_lot v0.12.3
[INFO] [stderr]     Checking rand_core v0.6.4
[INFO] [stderr]    Compiling heck v0.5.0
[INFO] [stderr]     Checking futures-core v0.3.30
[INFO] [stderr]    Compiling psm v0.1.21
[INFO] [stderr]    Compiling stacker v0.1.15
[INFO] [stderr]    Compiling phf_shared v0.10.0
[INFO] [stderr]    Compiling polars-core v0.41.3
[INFO] [stderr]     Checking unicode-width v0.1.13
[INFO] [stderr]     Checking fnv v1.0.7
[INFO] [stderr]     Checking pin-utils v0.1.0
[INFO] [stderr]     Checking strum v0.26.3
[INFO] [stderr]     Checking futures-task v0.3.30
[INFO] [stderr]     Checking http v1.1.0
[INFO] [stderr]    Compiling ring v0.17.8
[INFO] [stderr]     Checking socket2 v0.5.7
[INFO] [stderr]     Checking mio v0.8.11
[INFO] [stderr]     Checking signal-hook-registry v1.4.2
[INFO] [stderr]     Checking futures-util v0.3.30
[INFO] [stderr]     Checking num_cpus v1.16.0
[INFO] [stderr]    Compiling polars-ops v0.41.3
[INFO] [stderr]     Checking rayon v1.10.0
[INFO] [stderr]     Checking chrono v0.4.38
[INFO] [stderr]    Compiling rand_chacha v0.3.1
[INFO] [stderr]     Checking new_debug_unreachable v1.0.6
[INFO] [stderr]     Checking xxhash-rust v0.8.11
[INFO] [stderr]     Checking rand v0.8.5
[INFO] [stderr]     Checking argminmax v0.6.2
[INFO] [stderr]     Checking tracing-core v0.1.32
[INFO] [stderr]     Checking regex-automata v0.4.7
[INFO] [stderr]     Checking mac v0.1.1
[INFO] [stderr]     Checking rustls-pki-types v1.7.0
[INFO] [stderr]    Compiling httparse v1.9.4
[INFO] [stderr]     Checking futf v0.1.5
[INFO] [stderr]     Checking atoi v2.0.0
[INFO] [stderr]     Checking tower-layer v0.3.2
[INFO] [stderr]     Checking untrusted v0.9.0
[INFO] [stderr]     Checking tower-service v0.3.2
[INFO] [stderr]     Checking try-lock v0.2.5
[INFO] [stderr]     Checking precomputed-hash v0.1.1
[INFO] [stderr]     Checking utf-8 v0.7.6
[INFO] [stderr]     Checking spin v0.9.8
[INFO] [stderr]     Checking want v0.3.1
[INFO] [stderr]     Checking phf v0.10.1
[INFO] [stderr]     Checking rand_distr v0.4.3
[INFO] [stderr]     Checking tracing v0.1.40
[INFO] [stderr]     Checking tendril v0.4.3
[INFO] [stderr]     Checking futures-channel v0.3.30
[INFO] [stderr]     Checking memmap2 v0.7.1
[INFO] [stderr]    Compiling phf_generator v0.10.0
[INFO] [stderr]    Compiling polars-plan v0.41.3
[INFO] [stderr]     Checking home v0.5.9
[INFO] [stderr]     Checking tinyvec_macros v0.1.1
[INFO] [stderr]    Compiling string_cache_codegen v0.5.2
[INFO] [stderr]    Compiling phf_codegen v0.10.0
[INFO] [stderr]     Checking http-body v1.0.0
[INFO] [stderr]    Compiling rustls v0.23.10
[INFO] [stderr]     Checking httpdate v1.0.3
[INFO] [stderr]     Checking tinyvec v1.6.1
[INFO] [stderr]     Checking form_urlencoded v1.2.1
[INFO] [stderr]     Checking subtle v2.6.1
[INFO] [stderr]     Checking base64 v0.22.1
[INFO] [stderr]    Compiling serde_json v1.0.117
[INFO] [stderr]     Checking zeroize v1.8.1
[INFO] [stderr]     Checking unicode-bidi v0.3.15
[INFO] [stderr]     Checking mime v0.3.17
[INFO] [stderr]     Checking webpki-roots v0.26.3
[INFO] [stderr]    Compiling axum-core v0.4.3
[INFO] [stderr]    Compiling polars-lazy v0.41.3
[INFO] [stderr]     Checking fallible-streaming-iterator v0.1.9
[INFO] [stderr]     Checking now v0.1.3
[INFO] [stderr]     Checking sync_wrapper v1.0.1
[INFO] [stderr]    Compiling time-core v0.1.2
[INFO] [stderr]     Checking powerfmt v0.2.0
[INFO] [stderr]     Checking bit-vec v0.6.3
[INFO] [stderr]    Compiling num-conv v0.1.0
[INFO] [stderr]     Checking streaming-decompression v0.1.2
[INFO] [stderr]     Checking rustls-pemfile v2.1.2
[INFO] [stderr]    Compiling markup5ever v0.11.0
[INFO] [stderr]    Compiling axum v0.7.5
[INFO] [stderr]     Checking bit-set v0.5.3
[INFO] [stderr]    Compiling polars v0.41.3
[INFO] [stderr]     Checking deranged v0.3.11
[INFO] [stderr]     Checking glob v0.3.1
[INFO] [stderr]     Checking parquet-format-safe v0.2.4
[INFO] [stderr]     Checking sync_wrapper v0.1.2
[INFO] [stderr]     Checking ipnet v2.9.0
[INFO] [stderr]    Compiling time-macros v0.2.18
[INFO] [stderr]     Checking matchit v0.7.3
[INFO] [stderr]     Checking unicode-normalization v0.1.23
[INFO] [stderr]     Checking idna v0.5.0
[INFO] [stderr]     Checking http-body-util v0.1.2
[INFO] [stderr]     Checking time v0.3.36
[INFO] [stderr]     Checking url v2.5.2
[INFO] [stderr]     Checking regex v1.10.5
[INFO] [stderr]     Checking rustls-webpki v0.102.5
[INFO] [stderr]    Compiling serde_derive v1.0.203
[INFO] [stderr]    Compiling thiserror-impl v1.0.61
[INFO] [stderr]    Compiling bytemuck_derive v1.7.0
[INFO] [stderr]    Compiling strum_macros v0.26.4
[INFO] [stderr]    Compiling tokio-macros v2.3.0
[INFO] [stderr]    Compiling pin-project-internal v1.1.5
[INFO] [stderr]    Compiling recursive-proc-macro-impl v0.1.1
[INFO] [stderr]    Compiling async-trait v0.1.80
[INFO] [stderr]    Compiling multiversion-macros v0.7.4
[INFO] [stderr]    Compiling html5ever v0.26.0
[INFO] [stderr]     Checking recursive v0.1.1
[INFO] [stderr]     Checking tokio v1.38.0
[INFO] [stderr]     Checking pin-project v1.1.5
[INFO] [stderr]     Checking multiversion v0.7.4
[INFO] [stderr]     Checking bytemuck v1.16.1
[INFO] [stdout] error: linking with `cc` failed: exit status: 1
[INFO] [stdout]   |
[INFO] [stdout]   = note:  "cc" "-m64" "/tmp/rustc72cjbk/symbols.o" "<13 object files omitted>" "-Wl,--as-needed" "-Wl,-Bstatic" "/opt/rustwide/target/debug/deps/{libsyn-36b40e2872488280.rlib,libquote-bb8c1f70a0dc3570.rlib,libproc_macro2-2500cbbc8dc50aad.rlib,libunicode_ident-772f13ecc3fc189a.rlib}.rlib" "<sysroot>/lib/rustlib/x86_64-unknown-linux-gnu/lib/{libproc_macro-*,libstd-*,libpanic_unwind-*,libobject-*,libmemchr-*,libaddr2line-*,libgimli-*,librustc_demangle-*,libstd_detect-*,libhashbrown-*,librustc_std_workspace_alloc-*,libminiz_oxide-*,libadler2-*,libunwind-*,libcfg_if-*,liblibc-*,liballoc-*,librustc_std_workspace_core-*,libcore-*,libcompiler_builtins-*}.rlib" "-Wl,-Bdynamic" "-lgcc_s" "-lutil" "-lrt" "-lpthread" "-lm" "-ldl" "-lc" "-Wl,--eh-frame-hdr" "-Wl,-z,noexecstack" "-L" "<sysroot>/lib/rustlib/x86_64-unknown-linux-gnu/lib" "-o" "/opt/rustwide/target/debug/build/html5ever-3c579c24f531ad9f/build_script_build-3c579c24f531ad9f" "-Wl,--gc-sections" "-pie" "-Wl,-z,relro,-z,now" "-nodefaultlibs"
[INFO] [stdout]   = note: some arguments are omitted. use `--verbose` to show all linker arguments
[INFO] [stdout]   = note: /usr/bin/ld: final link failed: No space left on device
[INFO] [stdout]           collect2: error: ld returned 1 exit status
[INFO] [stdout]           
[INFO] [stdout] 
[INFO] [stdout] 
[INFO] [stderr] error: could not compile `html5ever` (build script) due to 1 previous error
[INFO] [stderr] warning: build failed, waiting for other jobs to finish...
[INFO] [stdout] error: linking with `cc` failed: exit status: 1
[INFO] [stdout]   |
[INFO] [stdout]   = note:  "cc" "-Wl,--version-script=/tmp/rustcDYbntZ/list" "-Wl,--no-undefined-version" "-m64" "/tmp/rustcDYbntZ/symbols.o" "<16 object files omitted>" "/opt/rustwide/target/debug/deps/thiserror_impl-282bfe935c438cd5.dcpu9xizt9lhslnlxzwy3bd8o.rcgu.rmeta" "<1 object files omitted>" "-Wl,--as-needed" "-Wl,-Bstatic" "/opt/rustwide/target/debug/deps/{libsyn-aafc1804f8b76588.rlib,libquote-bb8c1f70a0dc3570.rlib,libproc_macro2-2500cbbc8dc50aad.rlib,libunicode_ident-772f13ecc3fc189a.rlib}.rlib" "<sysroot>/lib/rustlib/x86_64-unknown-linux-gnu/lib/{libproc_macro-*,libstd-*,libpanic_unwind-*,libobject-*,libmemchr-*,libaddr2line-*,libgimli-*,librustc_demangle-*,libstd_detect-*,libhashbrown-*,librustc_std_workspace_alloc-*,libminiz_oxide-*,libadler2-*,libunwind-*,libcfg_if-*,liblibc-*,liballoc-*,librustc_std_workspace_core-*,libcore-*,libcompiler_builtins-*}.rlib" "-Wl,-Bdynamic" "-lgcc_s" "-lutil" "-lrt" "-lpthread" "-lm" "-ldl" "-lc" "-Wl,--eh-frame-hdr" "-Wl,-z,noexecstack" "-L" "<sysroot>/lib/rustlib/x86_64-unknown-linux-gnu/lib" "-o" "/opt/rustwide/target/debug/deps/libthiserror_impl-282bfe935c438cd5.so" "-Wl,--gc-sections" "-shared" "-Wl,-z,relro,-z,now" "-nodefaultlibs"
[INFO] [stdout]   = note: some arguments are omitted. use `--verbose` to show all linker arguments
[INFO] [stdout]   = note: /usr/bin/ld: final link failed: No space left on device
[INFO] [stdout]           collect2: error: ld returned 1 exit status
[INFO] [stdout]           
[INFO] [stdout] 
[INFO] [stdout] 
[INFO] [stderr] error: could not compile `thiserror-impl` (lib) due to 1 previous error
[INFO] [stdout] error: linking with `cc` failed: exit status: 1
[INFO] [stdout]   |
[INFO] [stdout]   = note:  "cc" "-Wl,--version-script=/tmp/rustceW5tFo/list" "-Wl,--no-undefined-version" "-m64" "/tmp/rustceW5tFo/symbols.o" "<16 object files omitted>" "/opt/rustwide/target/debug/deps/strum_macros-d6714fd93f9cb96e.6vkhrm45pek5kaec3wshxv9h3.rcgu.rmeta" "<1 object files omitted>" "-Wl,--as-needed" "-Wl,-Bstatic" "/opt/rustwide/target/debug/deps/{libsyn-aafc1804f8b76588.rlib,libquote-bb8c1f70a0dc3570.rlib,libproc_macro2-2500cbbc8dc50aad.rlib,libunicode_ident-772f13ecc3fc189a.rlib,libheck-617f8f11c9293a40.rlib}.rlib" "<sysroot>/lib/rustlib/x86_64-unknown-linux-gnu/lib/{libproc_macro-*,libstd-*,libpanic_unwind-*,libobject-*,libmemchr-*,libaddr2line-*,libgimli-*,librustc_demangle-*,libstd_detect-*,libhashbrown-*,librustc_std_workspace_alloc-*,libminiz_oxide-*,libadler2-*,libunwind-*,libcfg_if-*,liblibc-*,liballoc-*,librustc_std_workspace_core-*,libcore-*,libcompiler_builtins-*}.rlib" "-Wl,-Bdynamic" "-lgcc_s" "-lutil" "-lrt" "-lpthread" "-lm" "-ldl" "-lc" "-Wl,--eh-frame-hdr" "-Wl,-z,noexecstack" "-L" "<sysroot>/lib/rustlib/x86_64-unknown-linux-gnu/lib" "-o" "/opt/rustwide/target/debug/deps/libstrum_macros-d6714fd93f9cb96e.so" "-Wl,--gc-sections" "-shared" "-Wl,-z,relro,-z,now" "-nodefaultlibs"
[INFO] [stdout]   = note: some arguments are omitted. use `--verbose` to show all linker arguments
[INFO] [stdout]   = note: /usr/bin/ld: final link failed: No space left on device
[INFO] [stdout]           collect2: error: ld returned 1 exit status
[INFO] [stdout]           
[INFO] [stdout] 
[INFO] [stdout] 
[INFO] [stderr] error: could not compile `strum_macros` (lib) due to 1 previous error
[INFO] running `Command { std: "docker" "inspect" "c660c180ae47ac1de02a24e4b84cc583c40f8f5a2b467e5cc784fe5f35af06a1", kill_on_drop: false }`
[INFO] running `Command { std: "docker" "rm" "-f" "c660c180ae47ac1de02a24e4b84cc583c40f8f5a2b467e5cc784fe5f35af06a1", kill_on_drop: false }`
[INFO] [stdout] c660c180ae47ac1de02a24e4b84cc583c40f8f5a2b467e5cc784fe5f35af06a1
