[INFO] cloning repository https://github.com/geraldwuhoo/imgrs
[INFO] running `Command { std: "git" "-c" "credential.helper=" "-c" "credential.helper=/workspace/cargo-home/bin/git-credential-null" "clone" "--bare" "https://github.com/geraldwuhoo/imgrs" "/workspace/cache/git-repos/https%3A%2F%2Fgithub.com%2Fgeraldwuhoo%2Fimgrs", kill_on_drop: false }`
[INFO] [stderr] Cloning into bare repository '/workspace/cache/git-repos/https%3A%2F%2Fgithub.com%2Fgeraldwuhoo%2Fimgrs'...
[INFO] running `Command { std: "git" "rev-parse" "HEAD", kill_on_drop: false }`
[INFO] [stdout] f6906f15b01053f6d954a1cae4cf95beda7a31a6
[INFO] documenting geraldwuhoo/imgrs against beta-2025-02-18 for beta-1.86-rustdoc-1
[INFO] running `Command { std: "git" "clone" "/workspace/cache/git-repos/https%3A%2F%2Fgithub.com%2Fgeraldwuhoo%2Fimgrs" "/workspace/builds/worker-2-tc2/source", kill_on_drop: false }`
[INFO] [stderr] Cloning into '/workspace/builds/worker-2-tc2/source'...
[INFO] [stderr] done.
[INFO] validating manifest of git repo https://github.com/geraldwuhoo/imgrs on toolchain beta-2025-02-18
[INFO] running `Command { std: CARGO_HOME="/workspace/cargo-home" RUSTUP_HOME="/workspace/rustup-home" "/workspace/cargo-home/bin/cargo" "+beta-2025-02-18" "metadata" "--manifest-path" "Cargo.toml" "--no-deps", kill_on_drop: false }`
[INFO] started tweaking git repo https://github.com/geraldwuhoo/imgrs
[INFO] finished tweaking git repo https://github.com/geraldwuhoo/imgrs
[INFO] tweaked toml for git repo https://github.com/geraldwuhoo/imgrs written to /workspace/builds/worker-2-tc2/source/Cargo.toml
[INFO] crate git repo https://github.com/geraldwuhoo/imgrs already has a lockfile, it will not be regenerated
[INFO] running `Command { std: CARGO_HOME="/workspace/cargo-home" RUSTUP_HOME="/workspace/rustup-home" "/workspace/cargo-home/bin/cargo" "+beta-2025-02-18" "fetch" "--manifest-path" "Cargo.toml", kill_on_drop: false }`
[INFO] running `Command { std: "docker" "create" "-v" "/var/lib/crater-agent-workspace/builds/worker-2-tc2/target:/opt/rustwide/target:rw,Z" "-v" "/var/lib/crater-agent-workspace/builds/worker-2-tc2/source:/opt/rustwide/workdir:ro,Z" "-v" "/var/lib/crater-agent-workspace/cargo-home:/opt/rustwide/cargo-home:ro,Z" "-v" "/var/lib/crater-agent-workspace/rustup-home:/opt/rustwide/rustup-home:ro,Z" "-e" "SOURCE_DIR=/opt/rustwide/workdir" "-e" "CARGO_TARGET_DIR=/opt/rustwide/target" "-e" "CARGO_HOME=/opt/rustwide/cargo-home" "-e" "RUSTUP_HOME=/opt/rustwide/rustup-home" "-w" "/opt/rustwide/workdir" "-m" "1610612736" "--user" "0:0" "--network" "none" "ghcr.io/rust-lang/crates-build-env/linux@sha256:3959728d45483eb673ba100a951a6b9f5012970368db2a9e08e0ac9b67c8a5ad" "/opt/rustwide/cargo-home/bin/cargo" "+beta-2025-02-18" "metadata" "--no-deps" "--format-version=1", kill_on_drop: false }`
[INFO] [stdout] 94ec3f1ec2eacb2789b1f87f263b7a31fab555d1c76cce86e7583f76ca81bc61
[INFO] running `Command { std: "docker" "start" "-a" "94ec3f1ec2eacb2789b1f87f263b7a31fab555d1c76cce86e7583f76ca81bc61", kill_on_drop: false }`
[INFO] running `Command { std: "docker" "inspect" "94ec3f1ec2eacb2789b1f87f263b7a31fab555d1c76cce86e7583f76ca81bc61", kill_on_drop: false }`
[INFO] running `Command { std: "docker" "rm" "-f" "94ec3f1ec2eacb2789b1f87f263b7a31fab555d1c76cce86e7583f76ca81bc61", kill_on_drop: false }`
[INFO] [stdout] 94ec3f1ec2eacb2789b1f87f263b7a31fab555d1c76cce86e7583f76ca81bc61
[INFO] running `Command { std: "docker" "create" "-v" "/var/lib/crater-agent-workspace/builds/worker-2-tc2/target:/opt/rustwide/target:rw,Z" "-v" "/var/lib/crater-agent-workspace/builds/worker-2-tc2/source:/opt/rustwide/workdir:ro,Z" "-v" "/var/lib/crater-agent-workspace/cargo-home:/opt/rustwide/cargo-home:ro,Z" "-v" "/var/lib/crater-agent-workspace/rustup-home:/opt/rustwide/rustup-home:ro,Z" "-e" "SOURCE_DIR=/opt/rustwide/workdir" "-e" "CARGO_TARGET_DIR=/opt/rustwide/target" "-e" "CARGO_INCREMENTAL=0" "-e" "RUST_BACKTRACE=full" "-e" "RUSTFLAGS=--cap-lints=warn" "-e" "RUSTDOCFLAGS=--cap-lints=warn" "-e" "CARGO_HOME=/opt/rustwide/cargo-home" "-e" "RUSTUP_HOME=/opt/rustwide/rustup-home" "-w" "/opt/rustwide/workdir" "-m" "1610612736" "--user" "0:0" "--network" "none" "ghcr.io/rust-lang/crates-build-env/linux@sha256:3959728d45483eb673ba100a951a6b9f5012970368db2a9e08e0ac9b67c8a5ad" "/opt/rustwide/cargo-home/bin/cargo" "+beta-2025-02-18" "doc" "--frozen" "--no-deps" "--document-private-items" "--message-format=json", kill_on_drop: false }`
[INFO] [stdout] 09f0bdf1ae83e32248b71b25e9e5167f31a5027bf30d72d1187c95801fe0f9bf
[INFO] running `Command { std: "docker" "start" "-a" "09f0bdf1ae83e32248b71b25e9e5167f31a5027bf30d72d1187c95801fe0f9bf", kill_on_drop: false }`
[INFO] [stderr]    Compiling libc v0.2.121
[INFO] [stderr]    Compiling version_check v0.9.4
[INFO] [stderr]     Checking cfg-if v1.0.0
[INFO] [stderr]    Compiling proc-macro2 v1.0.36
[INFO] [stderr]    Compiling unicode-xid v0.2.2
[INFO] [stderr]    Compiling syn v1.0.89
[INFO] [stderr]    Compiling memchr v2.4.1
[INFO] [stderr]    Compiling autocfg v1.1.0
[INFO] [stderr]    Compiling log v0.4.14
[INFO] [stderr]     Checking pin-project-lite v0.2.8
[INFO] [stderr]    Compiling typenum v1.15.0
[INFO] [stderr]     Checking bytes v1.1.0
[INFO] [stderr]     Checking smallvec v1.8.0
[INFO] [stderr]    Compiling futures-core v0.3.21
[INFO] [stderr]    Compiling serde_derive v1.0.136
[INFO] [stderr]    Compiling parking_lot_core v0.9.1
[INFO] [stderr]     Checking scopeguard v1.1.0
[INFO] [stderr]     Checking once_cell v1.10.0
[INFO] [stderr]    Compiling serde v1.0.136
[INFO] [stderr]     Checking lock_api v0.4.6
[INFO] [stderr]     Checking futures-sink v0.3.21
[INFO] [stderr]     Checking itoa v1.0.1
[INFO] [stderr]     Checking subtle v2.4.1
[INFO] [stderr]    Compiling futures-task v0.3.21
[INFO] [stderr]     Checking lazy_static v1.4.0
[INFO] [stderr]    Compiling futures-util v0.3.21
[INFO] [stderr]    Compiling mime v0.3.16
[INFO] [stderr]     Checking slab v0.4.5
[INFO] [stderr]     Checking pin-utils v0.1.0
[INFO] [stderr]     Checking cpufeatures v0.2.2
[INFO] [stderr]    Compiling generic-array v0.14.5
[INFO] [stderr]    Compiling unicase v2.6.0
[INFO] [stderr]     Checking bitflags v1.3.2
[INFO] [stderr]    Compiling glob v0.3.0
[INFO] [stderr]     Checking fnv v1.0.7
[INFO] [stderr]     Checking percent-encoding v2.1.0
[INFO] [stderr]    Compiling indexmap v1.8.0
[INFO] [stderr]     Checking http v0.2.6
[INFO] [stderr]    Compiling num-traits v0.2.14
[INFO] [stderr]     Checking tracing-core v0.1.23
[INFO] [stderr]    Compiling path-slash v0.1.4
[INFO] [stderr]     Checking ppv-lite86 v0.2.16
[INFO] [stderr]    Compiling path-matchers v1.0.2
[INFO] [stderr]    Compiling httparse v1.6.0
[INFO] [stderr]    Compiling pkg-config v0.3.24
[INFO] [stderr]    Compiling change-detection v1.2.0
[INFO] [stderr]     Checking local-waker v0.1.2
[INFO] [stderr]     Checking opaque-debug v0.3.0
[INFO] [stderr]     Checking hashbrown v0.11.2
[INFO] [stderr]    Compiling miniz_oxide v0.4.4
[INFO] [stderr]     Checking tracing v0.1.32
[INFO] [stderr]    Compiling crc32fast v1.3.2
[INFO] [stderr]    Compiling zstd-safe v4.1.4+zstd.1.5.2
[INFO] [stderr]     Checking alloc-no-stdlib v2.0.3
[INFO] [stderr]     Checking tinyvec_macros v0.1.0
[INFO] [stderr]    Compiling mime_guess v2.0.4
[INFO] [stderr]     Checking matches v0.1.9
[INFO] [stderr]    Compiling paste v1.0.6
[INFO] [stderr]    Compiling quote v1.0.16
[INFO] [stderr]    Compiling jobserver v0.1.24
[INFO] [stderr]     Checking mio v0.8.2
[INFO] [stderr]     Checking socket2 v0.4.4
[INFO] [stderr]     Checking parking_lot v0.12.0
[INFO] [stderr]     Checking signal-hook-registry v1.4.0
[INFO] [stderr]     Checking getrandom v0.2.5
[INFO] [stderr]     Checking actix-service v2.0.2
[INFO] [stderr]     Checking aho-corasick v0.7.18
[INFO] [stderr]     Checking tinyvec v1.5.1
[INFO] [stderr]    Compiling cc v1.0.73
[INFO] [stderr]     Checking alloc-stdlib v0.2.1
[INFO] [stderr]     Checking rand_core v0.6.3
[INFO] [stderr]     Checking actix-utils v3.0.0
[INFO] [stderr]    Compiling ahash v0.7.6
[INFO] [stderr]     Checking tokio v1.17.0
[INFO] [stderr]    Compiling regex-syntax v0.6.25
[INFO] [stderr]    Compiling futures-channel v0.3.21
[INFO] [stderr]     Checking rand_chacha v0.3.1
[INFO] [stderr]    Compiling minimal-lexical v0.2.1
[INFO] [stderr]    Compiling encoding_rs v0.8.30
[INFO] [stderr]     Checking httpdate v1.0.2
[INFO] [stderr]     Checking adler v1.0.2
[INFO] [stderr]     Checking rand v0.8.5
[INFO] [stderr]    Compiling nom v7.1.1
[INFO] [stderr]     Checking brotli-decompressor v2.3.2
[INFO] [stderr]     Checking unicode-normalization v0.1.19
[INFO] [stderr]    Compiling bytestring v1.0.0
[INFO] [stderr]    Compiling static-files v0.2.3
[INFO] [stderr]     Checking form_urlencoded v1.0.1
[INFO] [stderr]    Compiling cookie v0.16.0
[INFO] [stderr]     Checking block-buffer v0.10.2
[INFO] [stderr]     Checking crypto-common v0.1.3
[INFO] [stderr]     Checking digest v0.10.3
[INFO] [stderr]     Checking cipher v0.3.0
[INFO] [stderr]     Checking universal-hash v0.4.1
[INFO] [stderr]    Compiling zstd-sys v1.6.3+zstd.1.5.2
[INFO] [stderr]    Compiling openssl-sys v0.9.72
[INFO] [stderr]     Checking aes v0.7.5
[INFO] [stderr]     Checking hmac v0.12.1
[INFO] [stderr]     Checking regex v1.5.5
[INFO] [stderr]     Checking polyval v0.5.3
[INFO] [stderr]     Checking ctr v0.8.0
[INFO] [stderr]     Checking aead v0.4.3
[INFO] [stderr]     Checking instant v0.1.12
[INFO] [stderr]     Checking ghash v0.4.4
[INFO] [stderr]     Checking ryu v1.0.9
[INFO] [stderr]    Compiling time-macros v0.2.3
[INFO] [stderr]     Checking num_threads v0.1.5
[INFO] [stderr]    Compiling askama_escape v0.10.3
[INFO] [stderr]    Compiling crossbeam-utils v0.8.8
[INFO] [stderr]    Compiling parking_lot_core v0.8.5
[INFO] [stderr]    Compiling humansize v1.1.1
[INFO] [stderr]     Checking unicode-bidi v0.3.7
[INFO] [stderr]    Compiling firestorm v0.5.0
[INFO] [stderr]    Compiling serde_json v1.0.79
[INFO] [stderr]    Compiling convert_case v0.4.0
[INFO] [stderr]     Checking base64 v0.13.0
[INFO] [stderr]     Checking idna v0.2.3
[INFO] [stderr]     Checking aes-gcm v0.9.4
[INFO] [stderr]     Checking hkdf v0.12.3
[INFO] [stderr]     Checking brotli v3.3.3
[INFO] [stderr]     Checking sha2 v0.10.2
[INFO] [stderr]     Checking sha-1 v0.10.0
[INFO] [stderr]     Checking flate2 v1.0.22
[INFO] [stderr] error: could not parse/generate dep info at: /opt/rustwide/target/debug/build/serde_json-a987a314e78baacf/build_script_build-a987a314e78baacf.d
[INFO] [stderr] 
[INFO] [stderr] Caused by:
[INFO] [stderr]   failed to write `/opt/rustwide/target/debug/.fingerprint/serde_json-a987a314e78baacf/dep-build-script-build-script-build`
[INFO] [stderr] 
[INFO] [stderr] Caused by:
[INFO] [stderr]   No space left on device (os error 28)
[INFO] [stderr] warning: build failed, waiting for other jobs to finish...
[INFO] [stdout] error: couldn't create a temp dir: No space left on device (os error 28) at path "/opt/rustwide/target/debug/deps/rmetaC2jtIh"
[INFO] [stdout] 
[INFO] [stdout] 
[INFO] [stderr] error: could not compile `sha2` (lib) due to 1 previous error
[INFO] [stdout] error: couldn't create a temp dir: No space left on device (os error 28) at path "/opt/rustwide/target/debug/deps/rmetaOLTjIY"
[INFO] [stdout] 
[INFO] [stdout] 
[INFO] [stdout] error: couldn't create a temp dir: No space left on device (os error 28) at path "/opt/rustwide/target/debug/deps/rmeta6Beycz"
[INFO] [stdout] 
[INFO] [stdout] 
[INFO] [stdout] error: couldn't create a temp dir: No space left on device (os error 28) at path "/opt/rustwide/target/debug/deps/rmetatG4SW4"
[INFO] [stdout] 
[INFO] [stdout] 
[INFO] [stderr] error: could not compile `sha-1` (lib) due to 1 previous error
[INFO] [stderr] error: could not compile `flate2` (lib) due to 1 previous error
[INFO] [stderr] error: could not compile `regex-syntax` (lib) due to 1 previous error
[INFO] [stdout] error: failed to write to `/opt/rustwide/target/debug/deps/rmetak5p6MY/lib.rmeta`: No space left on device (os error 28)
[INFO] [stdout] 
[INFO] [stdout] 
[INFO] [stderr] error: could not compile `syn` (lib) due to 1 previous error
[INFO] [stderr] warning: zstd-sys@1.6.3+zstd.1.5.2: zstd/lib/common/error_private.c:56:1: fatal error: error writing to /tmp/ccR7BG2E.s: No space left on device
[INFO] [stderr] warning: zstd-sys@1.6.3+zstd.1.5.2:    56 | }
[INFO] [stderr] warning: zstd-sys@1.6.3+zstd.1.5.2:       | ^
[INFO] [stderr] warning: zstd-sys@1.6.3+zstd.1.5.2: compilation terminated.
[INFO] [stderr] warning: zstd-sys@1.6.3+zstd.1.5.2: zstd/lib/common/zstd_common.c:83:1: fatal error: error writing to /tmp/ccgdAK3B.s: No space left on device
[INFO] [stderr] warning: zstd-sys@1.6.3+zstd.1.5.2:    83 | }
[INFO] [stderr] warning: zstd-sys@1.6.3+zstd.1.5.2:       | ^
[INFO] [stderr] warning: zstd-sys@1.6.3+zstd.1.5.2: compilation terminated.
[INFO] [stderr] error: failed to run custom build command for `zstd-sys v1.6.3+zstd.1.5.2`
[INFO] [stderr] note: To improve backtraces for build dependencies, set the CARGO_PROFILE_DEV_BUILD_OVERRIDE_DEBUG=true environment variable to enable debug information generation.
[INFO] [stderr] 
[INFO] [stderr] Caused by:
[INFO] [stderr]   process didn't exit successfully: `/opt/rustwide/target/debug/build/zstd-sys-e050384ef667447b/build-script-build` (exit status: 1)
[INFO] [stderr]   --- stdout
[INFO] [stderr]   TARGET = Some("x86_64-unknown-linux-gnu")
[INFO] [stderr]   HOST = Some("x86_64-unknown-linux-gnu")
[INFO] [stderr]   CC_x86_64-unknown-linux-gnu = None
[INFO] [stderr]   CC_x86_64_unknown_linux_gnu = None
[INFO] [stderr]   HOST_CC = None
[INFO] [stderr]   CC = None
[INFO] [stderr]   CFLAGS_x86_64-unknown-linux-gnu = None
[INFO] [stderr]   CFLAGS_x86_64_unknown_linux_gnu = None
[INFO] [stderr]   HOST_CFLAGS = None
[INFO] [stderr]   CFLAGS = None
[INFO] [stderr]   CRATE_CC_NO_DEFAULTS = None
[INFO] [stderr]   DEBUG = Some("true")
[INFO] [stderr]   CARGO_CFG_TARGET_FEATURE = Some("fxsr,sse,sse2")
[INFO] [stderr]   running: "cc" "-O3" "-ffunction-sections" "-fdata-sections" "-fPIC" "-g" "-fno-omit-frame-pointer" "-m64" "-I" "zstd/lib/" "-I" "zstd/lib/common" "-I" "zstd/lib/legacy" "-fvisibility=hidden" "-DZSTD_LIB_DEPRECATED=0" "-DXXH_PRIVATE_API=" "-DZSTDLIB_VISIBILITY=" "-DZDICTLIB_VISIBILITY=" "-DZSTDERRORLIB_VISIBILITY=" "-DZSTD_LEGACY_SUPPORT=1" "-o" "/opt/rustwide/target/debug/build/zstd-sys-7228fe169bf7d1a6/out/zstd/lib/common/entropy_common.o" "-c" "zstd/lib/common/entropy_common.c"
[INFO] [stderr]   running: "cc" "-O3" "-ffunction-sections" "-fdata-sections" "-fPIC" "-g" "-fno-omit-frame-pointer" "-m64" "-I" "zstd/lib/" "-I" "zstd/lib/common" "-I" "zstd/lib/legacy" "-fvisibility=hidden" "-DZSTD_LIB_DEPRECATED=0" "-DXXH_PRIVATE_API=" "-DZSTDLIB_VISIBILITY=" "-DZDICTLIB_VISIBILITY=" "-DZSTDERRORLIB_VISIBILITY=" "-DZSTD_LEGACY_SUPPORT=1" "-o" "/opt/rustwide/target/debug/build/zstd-sys-7228fe169bf7d1a6/out/zstd/lib/common/pool.o" "-c" "zstd/lib/common/pool.c"
[INFO] [stderr]   running: "cc" "-O3" "-ffunction-sections" "-fdata-sections" "-fPIC" "-g" "-fno-omit-frame-pointer" "-m64" "-I" "zstd/lib/" "-I" "zstd/lib/common" "-I" "zstd/lib/legacy" "-fvisibility=hidden" "-DZSTD_LIB_DEPRECATED=0" "-DXXH_PRIVATE_API=" "-DZSTDLIB_VISIBILITY=" "-DZDICTLIB_VISIBILITY=" "-DZSTDERRORLIB_VISIBILITY=" "-DZSTD_LEGACY_SUPPORT=1" "-o" "/opt/rustwide/target/debug/build/zstd-sys-7228fe169bf7d1a6/out/zstd/lib/common/threading.o" "-c" "zstd/lib/common/threading.c"
[INFO] [stderr]   running: "cc" "-O3" "-ffunction-sections" "-fdata-sections" "-fPIC" "-g" "-fno-omit-frame-pointer" "-m64" "-I" "zstd/lib/" "-I" "zstd/lib/common" "-I" "zstd/lib/legacy" "-fvisibility=hidden" "-DZSTD_LIB_DEPRECATED=0" "-DXXH_PRIVATE_API=" "-DZSTDLIB_VISIBILITY=" "-DZDICTLIB_VISIBILITY=" "-DZSTDERRORLIB_VISIBILITY=" "-DZSTD_LEGACY_SUPPORT=1" "-o" "/opt/rustwide/target/debug/build/zstd-sys-7228fe169bf7d1a6/out/zstd/lib/common/debug.o" "-c" "zstd/lib/common/debug.c"
[INFO] [stderr]   exit status: 0
[INFO] [stderr]   running: "cc" "-O3" "-ffunction-sections" "-fdata-sections" "-fPIC" "-g" "-fno-omit-frame-pointer" "-m64" "-I" "zstd/lib/" "-I" "zstd/lib/common" "-I" "zstd/lib/legacy" "-fvisibility=hidden" "-DZSTD_LIB_DEPRECATED=0" "-DXXH_PRIVATE_API=" "-DZSTDLIB_VISIBILITY=" "-DZDICTLIB_VISIBILITY=" "-DZSTDERRORLIB_VISIBILITY=" "-DZSTD_LEGACY_SUPPORT=1" "-o" "/opt/rustwide/target/debug/build/zstd-sys-7228fe169bf7d1a6/out/zstd/lib/common/fse_decompress.o" "-c" "zstd/lib/common/fse_decompress.c"
[INFO] [stderr]   exit status: 0
[INFO] [stderr]   running: "cc" "-O3" "-ffunction-sections" "-fdata-sections" "-fPIC" "-g" "-fno-omit-frame-pointer" "-m64" "-I" "zstd/lib/" "-I" "zstd/lib/common" "-I" "zstd/lib/legacy" "-fvisibility=hidden" "-DZSTD_LIB_DEPRECATED=0" "-DXXH_PRIVATE_API=" "-DZSTDLIB_VISIBILITY=" "-DZDICTLIB_VISIBILITY=" "-DZSTDERRORLIB_VISIBILITY=" "-DZSTD_LEGACY_SUPPORT=1" "-o" "/opt/rustwide/target/debug/build/zstd-sys-7228fe169bf7d1a6/out/zstd/lib/common/error_private.o" "-c" "zstd/lib/common/error_private.c"
[INFO] [stderr]   exit status: 0
[INFO] [stderr]   running: "cc" "-O3" "-ffunction-sections" "-fdata-sections" "-fPIC" "-g" "-fno-omit-frame-pointer" "-m64" "-I" "zstd/lib/" "-I" "zstd/lib/common" "-I" "zstd/lib/legacy" "-fvisibility=hidden" "-DZSTD_LIB_DEPRECATED=0" "-DXXH_PRIVATE_API=" "-DZSTDLIB_VISIBILITY=" "-DZDICTLIB_VISIBILITY=" "-DZSTDERRORLIB_VISIBILITY=" "-DZSTD_LEGACY_SUPPORT=1" "-o" "/opt/rustwide/target/debug/build/zstd-sys-7228fe169bf7d1a6/out/zstd/lib/common/zstd_common.o" "-c" "zstd/lib/common/zstd_common.c"
[INFO] [stderr]   running: "cc" "-O3" "-ffunction-sections" "-fdata-sections" "-fPIC" "-g" "-fno-omit-frame-pointer" "-m64" "-I" "zstd/lib/" "-I" "zstd/lib/common" "-I" "zstd/lib/legacy" "-fvisibility=hidden" "-DZSTD_LIB_DEPRECATED=0" "-DXXH_PRIVATE_API=" "-DZSTDLIB_VISIBILITY=" "-DZDICTLIB_VISIBILITY=" "-DZSTDERRORLIB_VISIBILITY=" "-DZSTD_LEGACY_SUPPORT=1" "-o" "/opt/rustwide/target/debug/build/zstd-sys-7228fe169bf7d1a6/out/zstd/lib/compress/zstd_fast.o" "-c" "zstd/lib/compress/zstd_fast.c"
[INFO] [stderr]   cargo:warning=zstd/lib/common/error_private.c:56:1: fatal error: error writing to /tmp/ccR7BG2E.s: No space left on device
[INFO] [stderr]   cargo:warning=   56 | }
[INFO] [stderr]   cargo:warning=      | ^
[INFO] [stderr]   cargo:warning=compilation terminated.
[INFO] [stderr]   exit status: 1
[INFO] [stderr]   running: "cc" "-O3" "-ffunction-sections" "-fdata-sections" "-fPIC" "-g" "-fno-omit-frame-pointer" "-m64" "-I" "zstd/lib/" "-I" "zstd/lib/common" "-I" "zstd/lib/legacy" "-fvisibility=hidden" "-DZSTD_LIB_DEPRECATED=0" "-DXXH_PRIVATE_API=" "-DZSTDLIB_VISIBILITY=" "-DZDICTLIB_VISIBILITY=" "-DZSTDERRORLIB_VISIBILITY=" "-DZSTD_LEGACY_SUPPORT=1" "-o" "/opt/rustwide/target/debug/build/zstd-sys-7228fe169bf7d1a6/out/zstd/lib/compress/zstdmt_compress.o" "-c" "zstd/lib/compress/zstdmt_compress.c"
[INFO] [stderr]   cargo:warning=zstd/lib/common/zstd_common.c:83:1: fatal error: error writing to /tmp/ccgdAK3B.s: No space left on device
[INFO] [stderr]   cargo:warning=   83 | }
[INFO] [stderr]   cargo:warning=      | ^
[INFO] [stderr]   cargo:warning=compilation terminated.
[INFO] [stderr]   exit status: 1
[INFO] [stderr]   exit status: 0
[INFO] [stderr]   exit status: 0
[INFO] [stderr]   exit status: 0
[INFO] [stderr]   exit status: 0
[INFO] [stderr] 
[INFO] [stderr]   --- stderr
[INFO] [stderr] 
[INFO] [stderr] 
[INFO] [stderr]   error occurred: Command "cc" "-O3" "-ffunction-sections" "-fdata-sections" "-fPIC" "-g" "-fno-omit-frame-pointer" "-m64" "-I" "zstd/lib/" "-I" "zstd/lib/common" "-I" "zstd/lib/legacy" "-fvisibility=hidden" "-DZSTD_LIB_DEPRECATED=0" "-DXXH_PRIVATE_API=" "-DZSTDLIB_VISIBILITY=" "-DZDICTLIB_VISIBILITY=" "-DZSTDERRORLIB_VISIBILITY=" "-DZSTD_LEGACY_SUPPORT=1" "-o" "/opt/rustwide/target/debug/build/zstd-sys-7228fe169bf7d1a6/out/zstd/lib/common/error_private.o" "-c" "zstd/lib/common/error_private.c" with args "cc" did not execute successfully (status code exit status: 1).
[INFO] [stderr] 
[INFO] [stderr] 
[INFO] running `Command { std: "docker" "inspect" "09f0bdf1ae83e32248b71b25e9e5167f31a5027bf30d72d1187c95801fe0f9bf", kill_on_drop: false }`
[INFO] running `Command { std: "docker" "rm" "-f" "09f0bdf1ae83e32248b71b25e9e5167f31a5027bf30d72d1187c95801fe0f9bf", kill_on_drop: false }`
[INFO] [stdout] 09f0bdf1ae83e32248b71b25e9e5167f31a5027bf30d72d1187c95801fe0f9bf
