[INFO] cloning repository https://github.com/forest1040/qust
[INFO] running `Command { std: "git" "-c" "credential.helper=" "-c" "credential.helper=/workspace/cargo-home/bin/git-credential-null" "clone" "--bare" "https://github.com/forest1040/qust" "/workspace/cache/git-repos/https%3A%2F%2Fgithub.com%2Fforest1040%2Fqust", kill_on_drop: false }`
[INFO] [stderr] Cloning into bare repository '/workspace/cache/git-repos/https%3A%2F%2Fgithub.com%2Fforest1040%2Fqust'...
[INFO] running `Command { std: "git" "rev-parse" "HEAD", kill_on_drop: false }`
[INFO] [stdout] 76e8425bbc429eb876665ca8c9e5def5198b5e6a
[INFO] documenting forest1040/qust against beta-2025-02-18 for beta-1.86-rustdoc-1
[INFO] running `Command { std: "git" "clone" "/workspace/cache/git-repos/https%3A%2F%2Fgithub.com%2Fforest1040%2Fqust" "/workspace/builds/worker-4-tc2/source", kill_on_drop: false }`
[INFO] [stderr] Cloning into '/workspace/builds/worker-4-tc2/source'...
[INFO] [stderr] done.
[INFO] validating manifest of git repo https://github.com/forest1040/qust on toolchain beta-2025-02-18
[INFO] running `Command { std: CARGO_HOME="/workspace/cargo-home" RUSTUP_HOME="/workspace/rustup-home" "/workspace/cargo-home/bin/cargo" "+beta-2025-02-18" "metadata" "--manifest-path" "Cargo.toml" "--no-deps", kill_on_drop: false }`
[INFO] started tweaking git repo https://github.com/forest1040/qust
[INFO] finished tweaking git repo https://github.com/forest1040/qust
[INFO] tweaked toml for git repo https://github.com/forest1040/qust written to /workspace/builds/worker-4-tc2/source/Cargo.toml
[INFO] crate git repo https://github.com/forest1040/qust already has a lockfile, it will not be regenerated
[INFO] running `Command { std: CARGO_HOME="/workspace/cargo-home" RUSTUP_HOME="/workspace/rustup-home" "/workspace/cargo-home/bin/cargo" "+beta-2025-02-18" "fetch" "--manifest-path" "Cargo.toml", kill_on_drop: false }`
[INFO] running `Command { std: "docker" "create" "-v" "/var/lib/crater-agent-workspace/builds/worker-4-tc2/target:/opt/rustwide/target:rw,Z" "-v" "/var/lib/crater-agent-workspace/builds/worker-4-tc2/source:/opt/rustwide/workdir:ro,Z" "-v" "/var/lib/crater-agent-workspace/cargo-home:/opt/rustwide/cargo-home:ro,Z" "-v" "/var/lib/crater-agent-workspace/rustup-home:/opt/rustwide/rustup-home:ro,Z" "-e" "SOURCE_DIR=/opt/rustwide/workdir" "-e" "CARGO_TARGET_DIR=/opt/rustwide/target" "-e" "CARGO_HOME=/opt/rustwide/cargo-home" "-e" "RUSTUP_HOME=/opt/rustwide/rustup-home" "-w" "/opt/rustwide/workdir" "-m" "1610612736" "--user" "0:0" "--network" "none" "ghcr.io/rust-lang/crates-build-env/linux@sha256:3959728d45483eb673ba100a951a6b9f5012970368db2a9e08e0ac9b67c8a5ad" "/opt/rustwide/cargo-home/bin/cargo" "+beta-2025-02-18" "metadata" "--no-deps" "--format-version=1", kill_on_drop: false }`
[INFO] [stdout] bd0e194965da154011478d00c2aa638ac6405ea9beb8bc2c17da405c6bed9203
[INFO] running `Command { std: "docker" "start" "-a" "bd0e194965da154011478d00c2aa638ac6405ea9beb8bc2c17da405c6bed9203", kill_on_drop: false }`
[INFO] running `Command { std: "docker" "inspect" "bd0e194965da154011478d00c2aa638ac6405ea9beb8bc2c17da405c6bed9203", kill_on_drop: false }`
[INFO] running `Command { std: "docker" "rm" "-f" "bd0e194965da154011478d00c2aa638ac6405ea9beb8bc2c17da405c6bed9203", kill_on_drop: false }`
[INFO] [stdout] bd0e194965da154011478d00c2aa638ac6405ea9beb8bc2c17da405c6bed9203
[INFO] running `Command { std: "docker" "create" "-v" "/var/lib/crater-agent-workspace/builds/worker-4-tc2/target:/opt/rustwide/target:rw,Z" "-v" "/var/lib/crater-agent-workspace/builds/worker-4-tc2/source:/opt/rustwide/workdir:ro,Z" "-v" "/var/lib/crater-agent-workspace/cargo-home:/opt/rustwide/cargo-home:ro,Z" "-v" "/var/lib/crater-agent-workspace/rustup-home:/opt/rustwide/rustup-home:ro,Z" "-e" "SOURCE_DIR=/opt/rustwide/workdir" "-e" "CARGO_TARGET_DIR=/opt/rustwide/target" "-e" "CARGO_INCREMENTAL=0" "-e" "RUST_BACKTRACE=full" "-e" "RUSTFLAGS=--cap-lints=warn" "-e" "RUSTDOCFLAGS=--cap-lints=warn" "-e" "CARGO_HOME=/opt/rustwide/cargo-home" "-e" "RUSTUP_HOME=/opt/rustwide/rustup-home" "-w" "/opt/rustwide/workdir" "-m" "1610612736" "--user" "0:0" "--network" "none" "ghcr.io/rust-lang/crates-build-env/linux@sha256:3959728d45483eb673ba100a951a6b9f5012970368db2a9e08e0ac9b67c8a5ad" "/opt/rustwide/cargo-home/bin/cargo" "+beta-2025-02-18" "doc" "--frozen" "--no-deps" "--document-private-items" "--message-format=json", kill_on_drop: false }`
[INFO] [stdout] e9168d4194df5acff183aaf3df1eb9725aa8b9afcc71b55e51c382c1aae73497
[INFO] running `Command { std: "docker" "start" "-a" "e9168d4194df5acff183aaf3df1eb9725aa8b9afcc71b55e51c382c1aae73497", kill_on_drop: false }`
[INFO] [stderr]    Compiling libc v0.2.119
[INFO] [stderr]    Compiling autocfg v1.1.0
[INFO] [stderr]    Compiling proc-macro2 v1.0.36
[INFO] [stderr]    Compiling unicode-xid v0.2.2
[INFO] [stderr]    Compiling syn v1.0.86
[INFO] [stderr]     Checking cfg-if v1.0.0
[INFO] [stderr]     Checking ppv-lite86 v0.2.16
[INFO] [stderr]    Compiling serde v1.0.136
[INFO] [stderr]    Compiling same-file v1.0.6
[INFO] [stderr]     Checking rawpointer v0.2.1
[INFO] [stderr]     Checking lazy_static v1.4.0
[INFO] [stderr]     Checking matrixmultiply v0.3.2
[INFO] [stderr]    Compiling walkdir v2.3.2
[INFO] [stderr]     Checking srand v0.4.0
[INFO] [stderr]    Compiling num-traits v0.2.14
[INFO] [stderr]    Compiling num-integer v0.1.44
[INFO] [stderr]    Compiling quote v1.0.15
[INFO] [stderr]     Checking getrandom v0.2.5
[INFO] [stderr]     Checking lapack-sys v0.12.1
[INFO] [stderr]     Checking cblas-sys v0.1.4
[INFO] [stderr]    Compiling dirs-sys v0.3.6
[INFO] [stderr]    Compiling dirs v3.0.2
[INFO] [stderr]     Checking rand_core v0.6.3
[INFO] [stderr]     Checking rand_chacha v0.3.1
[INFO] [stderr]     Checking rand v0.8.5
[INFO] [stderr]     Checking approx v0.4.0
[INFO] [stderr]    Compiling thiserror-impl v1.0.30
[INFO] [stderr]     Checking num-complex v0.4.0
[INFO] [stderr]     Checking cauchy v0.4.0
[INFO] [stderr]     Checking lapack v0.18.0
[INFO] [stderr]     Checking ndarray v0.15.4
[INFO] [stderr]    Compiling thiserror v1.0.30
[INFO] [stderr]    Compiling openblas-build v0.1.1
[INFO] [stderr]    Compiling openblas-src v0.10.4
[INFO] [stderr] error: failed to run custom build command for `openblas-src v0.10.4`
[INFO] [stderr] note: To improve backtraces for build dependencies, set the CARGO_PROFILE_DEV_BUILD_OVERRIDE_DEBUG=true environment variable to enable debug information generation.
[INFO] [stderr] 
[INFO] [stderr] Caused by:
[INFO] [stderr]   process didn't exit successfully: `/opt/rustwide/target/debug/build/openblas-src-ea9add2fd7ec8af9/build-script-build` (exit status: 101)
[INFO] [stderr]   --- stderr
[INFO] [stderr]   gemm.c: In function 'sgemm_':
[INFO] [stderr]   gemm.c:133:7: warning: unused variable 'mode' [-Wunused-variable]
[INFO] [stderr]     133 |   int mode  =  BLAS_SINGLE  | BLAS_REAL;
[INFO] [stderr]         |       ^~~~
[INFO] [stderr]   gemm.c: In function 'dgemm_':
[INFO] [stderr]   gemm.c:131:7: warning: unused variable 'mode' [-Wunused-variable]
[INFO] [stderr]     131 |   int mode  =  BLAS_DOUBLE  | BLAS_REAL;
[INFO] [stderr]         |       ^~~~
[INFO] [stderr]   gemm.c: In function 'cgemm_':
[INFO] [stderr]   gemm.c:141:7: warning: unused variable 'mode' [-Wunused-variable]
[INFO] [stderr]     141 |   int mode  =  BLAS_SINGLE  | BLAS_COMPLEX;
[INFO] [stderr]         |       ^~~~
[INFO] [stderr]   gemm.c: In function 'cgemm3m_':
[INFO] [stderr]   gemm.c:141:7: warning: unused variable 'mode' [-Wunused-variable]
[INFO] [stderr]     141 |   int mode  =  BLAS_SINGLE  | BLAS_COMPLEX;
[INFO] [stderr]         |       ^~~~
[INFO] [stderr]   gemm.c: In function 'zgemm_':
[INFO] [stderr]   gemm.c:139:7: warning: unused variable 'mode' [-Wunused-variable]
[INFO] [stderr]     139 |   int mode  =  BLAS_DOUBLE  | BLAS_COMPLEX;
[INFO] [stderr]         |       ^~~~
[INFO] [stderr]   gemm.c: In function 'zgemm3m_':
[INFO] [stderr]   gemm.c:139:7: warning: unused variable 'mode' [-Wunused-variable]
[INFO] [stderr]     139 |   int mode  =  BLAS_DOUBLE  | BLAS_COMPLEX;
[INFO] [stderr]         |       ^~~~
[INFO] [stderr]   ar: `u' modifier ignored since `D' is the default (see `U')
[INFO] [stderr]   ar: creating ../libopenblas_zenp-r0.3.14.a
[INFO] [stderr]   ar: `u' modifier ignored since `D' is the default (see `U')
[INFO] [stderr]   zherk_k.c:156: fatal error: error writing to /tmp/ccR8mVb1.s: No space left on device
[INFO] [stderr]     156 | #else
[INFO] [stderr]         | 
[INFO] [stderr]   compilation terminated.
[INFO] [stderr]   zhemm_k.c:78: fatal error: error writing to /tmp/ccnYg2aY.s: No space left on device
[INFO] [stderr]      78 | #else
[INFO] [stderr]         | 
[INFO] [stderr]   compilation terminated.
[INFO] [stderr]   make[1]: *** [Makefile:1775: zherk_thread_LN.o] Error 1
[INFO] [stderr]   make[1]: *** Waiting for unfinished jobs....
[INFO] [stderr]   make[1]: *** [Makefile:1661: zhemm_thread_LU.o] Error 1
[INFO] [stderr]   zhemm_k.c:78: fatal error: error writing to /tmp/cctvLxi3.s: No space left on device
[INFO] [stderr]      78 | #else
[INFO] [stderr]         | 
[INFO] [stderr]   compilation terminated.
[INFO] [stderr]   symm_k.c:78: fatal error: error writing to /tmp/ccSgx4tn.s: No space left on device
[INFO] [stderr]      78 | #else
[INFO] [stderr]         | 
[INFO] [stderr]   compilation terminated.
[INFO] [stderr]   make[1]: *** [Makefile:1670: zhemm_thread_RL.o] Error 1
[INFO] [stderr]   make[1]: *** [Makefile:1304: zsymm_thread_RU.o] Error 1
[INFO] [stderr]   syrk_k.c:103: fatal error: error writing to /tmp/ccnyaKUF.s: No space left on device
[INFO] [stderr]     103 | #else
[INFO] [stderr]         | 
[INFO] [stderr]   compilation terminated.
[INFO] [stderr]   make[1]: *** [Makefile:1451: zsyrk_thread_LT.o] Error 1
[INFO] [stderr]   syrk_k.c:103: fatal error: error writing to /tmp/ccGpXXp9.s: No space left on device
[INFO] [stderr]     103 | #else
[INFO] [stderr]         | 
[INFO] [stderr]   compilation terminated.
[INFO] [stderr]   gemm3m.c:56: fatal error: error writing to /tmp/ccU26TYM.s: No space left on device
[INFO] [stderr]      56 | #else
[INFO] [stderr]         | 
[INFO] [stderr]   compilation terminated.
[INFO] [stderr]   make[1]: *** [Makefile:2072: zgemm3m_thread_nr.o] Error 1
[INFO] [stderr]   make[1]: *** [Makefile:1445: zsyrk_thread_UT.o] Error 1
[INFO] [stderr]   symm_k.c:78: fatal error: error writing to /tmp/ccHW16Zq.s: No space left on device
[INFO] [stderr]      78 | #else
[INFO] [stderr]         | 
[INFO] [stderr]   compilation terminated.
[INFO] [stderr]   make[1]: *** [Makefile:1307: zsymm_thread_RL.o] Error 1
[INFO] [stderr]   zhemm_k.c:78: fatal error: error writing to /tmp/ccobjWe9.s: No space left on device
[INFO] [stderr]      78 | #else
[INFO] [stderr]         | 
[INFO] [stderr]   compilation terminated.
[INFO] [stderr]   make[1]: *** [Makefile:1667: zhemm_thread_RU.o] Error 1
[INFO] [stderr]   syrk_k.c:103: fatal error: error writing to /tmp/ccJvMoX7.s: No space left on device
[INFO] [stderr]     103 | #else
[INFO] [stderr]         | 
[INFO] [stderr]   compilation terminated.
[INFO] [stderr]   zherk_k.c:156: fatal error: error writing to /tmp/ccDuXZAU.s: No space left on device
[INFO] [stderr]     156 | #else
[INFO] [stderr]         | 
[INFO] [stderr]   compilation terminated.
[INFO] [stderr]   make[1]: *** [Makefile:1448: zsyrk_thread_LN.o] Error 1
[INFO] [stderr]   make[1]: *** [Makefile:1772: zherk_thread_UC.o] Error 1
[INFO] [stderr]   zherk_k.c:156: fatal error: error writing to /tmp/ccNx5kgv.s: No space left on device
[INFO] [stderr]     156 | #else
[INFO] [stderr]         | 
[INFO] [stderr]   compilation terminated.
[INFO] [stderr]   make[1]: *** [Makefile:1778: zherk_thread_LC.o] Error 1
[INFO] [stderr]   zherk_k.c:156: fatal error: error writing to /tmp/cc7z16F3.s: No space left on device
[INFO] [stderr]     156 | #else
[INFO] [stderr]         | 
[INFO] [stderr]   compilation terminated.
[INFO] [stderr]   make[1]: *** [Makefile:1769: zherk_thread_UN.o] Error 1
[INFO] [stderr]   gemm3m.c:56: fatal error: error writing to /tmp/cco7RGR5.s: No space left on device
[INFO] [stderr]      56 | #else
[INFO] [stderr]         | 
[INFO] [stderr]   compilation terminated.
[INFO] [stderr]   make[1]: *** [Makefile:2066: zgemm3m_thread_nn.o] Error 1
[INFO] [stderr]   gemm3m.c:56: fatal error: error writing to /tmp/ccUd465n.s: No space left on device
[INFO] [stderr]      56 | #else
[INFO] [stderr]         | 
[INFO] [stderr]   compilation terminated.
[INFO] [stderr]   make[1]: *** [Makefile:2075: zgemm3m_thread_nc.o] Error 1
[INFO] [stderr]   gemm3m.c:56: fatal error: error writing to /tmp/cc5Sjmtq.s: No space left on device
[INFO] [stderr]      56 | #else
[INFO] [stderr]         | 
[INFO] [stderr]   compilation terminated.
[INFO] [stderr]   make[1]: *** [Makefile:2069: zgemm3m_thread_nt.o] Error 1
[INFO] [stderr]   make: *** [Makefile:171: libs] Error 1
[INFO] [stderr] 
[INFO] [stderr] 
[INFO] [stderr]   thread 'main' panicked at /opt/rustwide/cargo-home/registry/src/index.crates.io-1949cf8c6b5b557f/openblas-src-0.10.4/build.rs:150:45:
[INFO] [stderr]   called `Result::unwrap()` on an `Err` value: NonZeroExitStatus { status: 2 }
[INFO] [stderr]   stack backtrace:
[INFO] [stderr]      0:     0x64740e14bd10 - std::backtrace_rs::backtrace::libunwind::trace::h8ddfbb338e69e199
[INFO] [stderr]                                  at /rustc/f0cb41030579cd1a6f72bd23f38e677052d5d485/library/std/src/../../backtrace/src/backtrace/libunwind.rs:117:9
[INFO] [stderr]      1:     0x64740e14bd10 - std::backtrace_rs::backtrace::trace_unsynchronized::h4b42ed801e8ee862
[INFO] [stderr]                                  at /rustc/f0cb41030579cd1a6f72bd23f38e677052d5d485/library/std/src/../../backtrace/src/backtrace/mod.rs:66:14
[INFO] [stderr]      2:     0x64740e14bd10 - std::sys::backtrace::_print_fmt::hb90198f2c10bf707
[INFO] [stderr]                                  at /rustc/f0cb41030579cd1a6f72bd23f38e677052d5d485/library/std/src/sys/backtrace.rs:66:9
[INFO] [stderr]      3:     0x64740e14bd10 - <std::sys::backtrace::BacktraceLock::print::DisplayBacktrace as core::fmt::Display>::fmt::h0f123f0656f13ecf
[INFO] [stderr]                                  at /rustc/f0cb41030579cd1a6f72bd23f38e677052d5d485/library/std/src/sys/backtrace.rs:39:26
[INFO] [stderr]      4:     0x64740e16ece3 - core::fmt::rt::Argument::fmt::h12e51c1529489cd8
[INFO] [stderr]                                  at /rustc/f0cb41030579cd1a6f72bd23f38e677052d5d485/library/core/src/fmt/rt.rs:177:76
[INFO] [stderr]      5:     0x64740e16ece3 - core::fmt::write::h0abcdef7aa759353
[INFO] [stderr]                                  at /rustc/f0cb41030579cd1a6f72bd23f38e677052d5d485/library/core/src/fmt/mod.rs:1449:21
[INFO] [stderr]      6:     0x64740e148bc3 - std::io::Write::write_fmt::h35f2880f7855f55a
[INFO] [stderr]                                  at /rustc/f0cb41030579cd1a6f72bd23f38e677052d5d485/library/std/src/io/mod.rs:1890:15
[INFO] [stderr]      7:     0x64740e14bb62 - std::sys::backtrace::BacktraceLock::print::h759bdab738e31d9d
[INFO] [stderr]                                  at /rustc/f0cb41030579cd1a6f72bd23f38e677052d5d485/library/std/src/sys/backtrace.rs:42:9
[INFO] [stderr]      8:     0x64740e14d0af - std::panicking::default_hook::{{closure}}::h0616f7020c8b9e0d
[INFO] [stderr]                                  at /rustc/f0cb41030579cd1a6f72bd23f38e677052d5d485/library/std/src/panicking.rs:298:22
[INFO] [stderr]      9:     0x64740e14cf1a - std::panicking::default_hook::hcb4bf3fe9044f7f6
[INFO] [stderr]                                  at /rustc/f0cb41030579cd1a6f72bd23f38e677052d5d485/library/std/src/panicking.rs:325:9
[INFO] [stderr]     10:     0x64740e14d962 - std::panicking::rust_panic_with_hook::h2fd8d6252462d800
[INFO] [stderr]                                  at /rustc/f0cb41030579cd1a6f72bd23f38e677052d5d485/library/std/src/panicking.rs:831:13
[INFO] [stderr]     11:     0x64740e14d7fa - std::panicking::begin_panic_handler::{{closure}}::h746cf6ba43e1c73f
[INFO] [stderr]                                  at /rustc/f0cb41030579cd1a6f72bd23f38e677052d5d485/library/std/src/panicking.rs:704:13
[INFO] [stderr]     12:     0x64740e14c219 - std::sys::backtrace::__rust_end_short_backtrace::hba3f7b171935b491
[INFO] [stderr]                                  at /rustc/f0cb41030579cd1a6f72bd23f38e677052d5d485/library/std/src/sys/backtrace.rs:168:18
[INFO] [stderr]     13:     0x64740e14d48d - rust_begin_unwind
[INFO] [stderr]                                  at /rustc/f0cb41030579cd1a6f72bd23f38e677052d5d485/library/std/src/panicking.rs:695:5
[INFO] [stderr]     14:     0x64740e0f1490 - core::panicking::panic_fmt::h34cc4efb1683329b
[INFO] [stderr]                                  at /rustc/f0cb41030579cd1a6f72bd23f38e677052d5d485/library/core/src/panicking.rs:75:14
[INFO] [stderr]     15:     0x64740e0f1836 - core::result::unwrap_failed::h7658f905fcb0751c
[INFO] [stderr]                                  at /rustc/f0cb41030579cd1a6f72bd23f38e677052d5d485/library/core/src/result.rs:1704:5
[INFO] [stderr]     16:     0x64740e0f6f1e - build_script_build::build::h1d07a6e598b0e52e
[INFO] [stderr]     17:     0x64740e0f6722 - build_script_build::main::h4f1f211a828b21cd
[INFO] [stderr]     18:     0x64740e0fb673 - core::ops::function::FnOnce::call_once::hca7c434b8734a5f4
[INFO] [stderr]     19:     0x64740e0fb4b6 - std::sys::backtrace::__rust_begin_short_backtrace::h138f9d1054f608b9
[INFO] [stderr]     20:     0x64740e0fb499 - std::rt::lang_start::{{closure}}::h7d4921475263ab68
[INFO] [stderr]     21:     0x64740e1445f0 - core::ops::function::impls::<impl core::ops::function::FnOnce<A> for &F>::call_once::h9601c86577723145
[INFO] [stderr]                                  at /rustc/f0cb41030579cd1a6f72bd23f38e677052d5d485/library/core/src/ops/function.rs:284:13
[INFO] [stderr]     22:     0x64740e1445f0 - std::panicking::try::do_call::h8817ae430c5825c1
[INFO] [stderr]                                  at /rustc/f0cb41030579cd1a6f72bd23f38e677052d5d485/library/std/src/panicking.rs:587:40
[INFO] [stderr]     23:     0x64740e1445f0 - std::panicking::try::ha6c516562438d26b
[INFO] [stderr]                                  at /rustc/f0cb41030579cd1a6f72bd23f38e677052d5d485/library/std/src/panicking.rs:550:19
[INFO] [stderr]     24:     0x64740e1445f0 - std::panic::catch_unwind::hd30edb0fa8e1aa42
[INFO] [stderr]                                  at /rustc/f0cb41030579cd1a6f72bd23f38e677052d5d485/library/std/src/panic.rs:358:14
[INFO] [stderr]     25:     0x64740e1445f0 - std::rt::lang_start_internal::{{closure}}::h4ce5c96c39e994a5
[INFO] [stderr]                                  at /rustc/f0cb41030579cd1a6f72bd23f38e677052d5d485/library/std/src/rt.rs:168:24
[INFO] [stderr]     26:     0x64740e1445f0 - std::panicking::try::do_call::h397fda5d1714972f
[INFO] [stderr]                                  at /rustc/f0cb41030579cd1a6f72bd23f38e677052d5d485/library/std/src/panicking.rs:587:40
[INFO] [stderr]     27:     0x64740e1445f0 - std::panicking::try::ha72ffffb1d107af4
[INFO] [stderr]                                  at /rustc/f0cb41030579cd1a6f72bd23f38e677052d5d485/library/std/src/panicking.rs:550:19
[INFO] [stderr]     28:     0x64740e1445f0 - std::panic::catch_unwind::ha60eb34d643aa591
[INFO] [stderr]                                  at /rustc/f0cb41030579cd1a6f72bd23f38e677052d5d485/library/std/src/panic.rs:358:14
[INFO] [stderr]     29:     0x64740e1445f0 - std::rt::lang_start_internal::h051d1c050856cca6
[INFO] [stderr]                                  at /rustc/f0cb41030579cd1a6f72bd23f38e677052d5d485/library/std/src/rt.rs:164:5
[INFO] [stderr]     30:     0x64740e0fb481 - std::rt::lang_start::h43d900ca3d65103c
[INFO] [stderr]     31:     0x64740e0f7535 - main
[INFO] [stderr]     32:     0x7b59722c1d90 - <unknown>
[INFO] [stderr]     33:     0x7b59722c1e40 - __libc_start_main
[INFO] [stderr]     34:     0x64740e0f1a45 - _start
[INFO] [stderr]     35:                0x0 - <unknown>
[INFO] running `Command { std: "docker" "inspect" "e9168d4194df5acff183aaf3df1eb9725aa8b9afcc71b55e51c382c1aae73497", kill_on_drop: false }`
[INFO] running `Command { std: "docker" "rm" "-f" "e9168d4194df5acff183aaf3df1eb9725aa8b9afcc71b55e51c382c1aae73497", kill_on_drop: false }`
[INFO] [stdout] e9168d4194df5acff183aaf3df1eb9725aa8b9afcc71b55e51c382c1aae73497
