[INFO] cloning repository https://github.com/fabioparadajr/antivirus
[INFO] running `Command { std: "git" "-c" "credential.helper=" "-c" "credential.helper=/workspace/cargo-home/bin/git-credential-null" "clone" "--bare" "https://github.com/fabioparadajr/antivirus" "/workspace/cache/git-repos/https%3A%2F%2Fgithub.com%2Ffabioparadajr%2Fantivirus", kill_on_drop: false }`
[INFO] [stderr] Cloning into bare repository '/workspace/cache/git-repos/https%3A%2F%2Fgithub.com%2Ffabioparadajr%2Fantivirus'...
[INFO] running `Command { std: "git" "rev-parse" "HEAD", kill_on_drop: false }`
[INFO] [stdout] d86c912f4bb66cf7961104401336c4684a875b69
[INFO] documenting fabioparadajr/antivirus against beta-2025-02-18 for beta-1.86-rustdoc-1
[INFO] running `Command { std: "git" "clone" "/workspace/cache/git-repos/https%3A%2F%2Fgithub.com%2Ffabioparadajr%2Fantivirus" "/workspace/builds/worker-6-tc2/source", kill_on_drop: false }`
[INFO] [stderr] Cloning into '/workspace/builds/worker-6-tc2/source'...
[INFO] [stderr] done.
[INFO] validating manifest of git repo https://github.com/fabioparadajr/antivirus on toolchain beta-2025-02-18
[INFO] running `Command { std: CARGO_HOME="/workspace/cargo-home" RUSTUP_HOME="/workspace/rustup-home" "/workspace/cargo-home/bin/cargo" "+beta-2025-02-18" "metadata" "--manifest-path" "Cargo.toml" "--no-deps", kill_on_drop: false }`
[INFO] started tweaking git repo https://github.com/fabioparadajr/antivirus
[INFO] finished tweaking git repo https://github.com/fabioparadajr/antivirus
[INFO] tweaked toml for git repo https://github.com/fabioparadajr/antivirus written to /workspace/builds/worker-6-tc2/source/Cargo.toml
[INFO] crate git repo https://github.com/fabioparadajr/antivirus already has a lockfile, it will not be regenerated
[INFO] running `Command { std: CARGO_HOME="/workspace/cargo-home" RUSTUP_HOME="/workspace/rustup-home" "/workspace/cargo-home/bin/cargo" "+beta-2025-02-18" "fetch" "--manifest-path" "Cargo.toml", kill_on_drop: false }`
[INFO] running `Command { std: "docker" "create" "-v" "/var/lib/crater-agent-workspace/builds/worker-6-tc2/target:/opt/rustwide/target:rw,Z" "-v" "/var/lib/crater-agent-workspace/builds/worker-6-tc2/source:/opt/rustwide/workdir:ro,Z" "-v" "/var/lib/crater-agent-workspace/cargo-home:/opt/rustwide/cargo-home:ro,Z" "-v" "/var/lib/crater-agent-workspace/rustup-home:/opt/rustwide/rustup-home:ro,Z" "-e" "SOURCE_DIR=/opt/rustwide/workdir" "-e" "CARGO_TARGET_DIR=/opt/rustwide/target" "-e" "CARGO_HOME=/opt/rustwide/cargo-home" "-e" "RUSTUP_HOME=/opt/rustwide/rustup-home" "-w" "/opt/rustwide/workdir" "-m" "1610612736" "--user" "0:0" "--network" "none" "ghcr.io/rust-lang/crates-build-env/linux@sha256:3959728d45483eb673ba100a951a6b9f5012970368db2a9e08e0ac9b67c8a5ad" "/opt/rustwide/cargo-home/bin/cargo" "+beta-2025-02-18" "metadata" "--no-deps" "--format-version=1", kill_on_drop: false }`
[INFO] [stdout] 0ce5d8e465969ead398a4e68c554b228ab943fe7dde62a34626baf28350ac938
[INFO] running `Command { std: "docker" "start" "-a" "0ce5d8e465969ead398a4e68c554b228ab943fe7dde62a34626baf28350ac938", kill_on_drop: false }`
[INFO] running `Command { std: "docker" "inspect" "0ce5d8e465969ead398a4e68c554b228ab943fe7dde62a34626baf28350ac938", kill_on_drop: false }`
[INFO] running `Command { std: "docker" "rm" "-f" "0ce5d8e465969ead398a4e68c554b228ab943fe7dde62a34626baf28350ac938", kill_on_drop: false }`
[INFO] [stdout] 0ce5d8e465969ead398a4e68c554b228ab943fe7dde62a34626baf28350ac938
[INFO] running `Command { std: "docker" "create" "-v" "/var/lib/crater-agent-workspace/builds/worker-6-tc2/target:/opt/rustwide/target:rw,Z" "-v" "/var/lib/crater-agent-workspace/builds/worker-6-tc2/source:/opt/rustwide/workdir:ro,Z" "-v" "/var/lib/crater-agent-workspace/cargo-home:/opt/rustwide/cargo-home:ro,Z" "-v" "/var/lib/crater-agent-workspace/rustup-home:/opt/rustwide/rustup-home:ro,Z" "-e" "SOURCE_DIR=/opt/rustwide/workdir" "-e" "CARGO_TARGET_DIR=/opt/rustwide/target" "-e" "CARGO_INCREMENTAL=0" "-e" "RUST_BACKTRACE=full" "-e" "RUSTFLAGS=--cap-lints=warn" "-e" "RUSTDOCFLAGS=--cap-lints=warn" "-e" "CARGO_HOME=/opt/rustwide/cargo-home" "-e" "RUSTUP_HOME=/opt/rustwide/rustup-home" "-w" "/opt/rustwide/workdir" "-m" "1610612736" "--user" "0:0" "--network" "none" "ghcr.io/rust-lang/crates-build-env/linux@sha256:3959728d45483eb673ba100a951a6b9f5012970368db2a9e08e0ac9b67c8a5ad" "/opt/rustwide/cargo-home/bin/cargo" "+beta-2025-02-18" "doc" "--frozen" "--no-deps" "--document-private-items" "--message-format=json", kill_on_drop: false }`
[INFO] [stdout] 633d4e383de9df931a83c7543655fa967e7d028d0819a8b37ad823e5c6e246e6
[INFO] running `Command { std: "docker" "start" "-a" "633d4e383de9df931a83c7543655fa967e7d028d0819a8b37ad823e5c6e246e6", kill_on_drop: false }`
[INFO] [stderr]    Compiling proc-macro2 v1.0.93
[INFO] [stderr]    Compiling unicode-ident v1.0.15
[INFO] [stderr]    Compiling libc v0.2.169
[INFO] [stderr]     Checking cfg-if v1.0.0
[INFO] [stderr]    Compiling autocfg v1.4.0
[INFO] [stderr]    Compiling typenum v1.17.0
[INFO] [stderr]    Compiling version_check v0.9.5
[INFO] [stderr]     Checking stable_deref_trait v1.2.0
[INFO] [stderr]     Checking smallvec v1.13.2
[INFO] [stderr]    Compiling crunchy v0.2.3
[INFO] [stderr]     Checking memchr v2.7.4
[INFO] [stderr]     Checking writeable v0.5.5
[INFO] [stderr]     Checking pin-project-lite v0.2.16
[INFO] [stderr]     Checking litemap v0.7.4
[INFO] [stderr]    Compiling tiny-keccak v2.0.2
[INFO] [stderr]    Compiling parking_lot_core v0.9.10
[INFO] [stderr]    Compiling shlex v1.3.0
[INFO] [stderr]    Compiling semver v1.0.25
[INFO] [stderr]     Checking icu_locid_transform_data v1.5.0
[INFO] [stderr]     Checking futures-core v0.3.31
[INFO] [stderr]    Compiling cc v1.2.10
[INFO] [stderr]     Checking byteorder v1.5.0
[INFO] [stderr]     Checking scopeguard v1.2.0
[INFO] [stderr]    Compiling once_cell v1.20.2
[INFO] [stderr]     Checking icu_properties_data v1.5.0
[INFO] [stderr]    Compiling serde v1.0.217
[INFO] [stderr]     Checking futures-sink v0.3.31
[INFO] [stderr]    Compiling lock_api v0.4.12
[INFO] [stderr]    Compiling generic-array v0.14.7
[INFO] [stderr]    Compiling slab v0.4.9
[INFO] [stderr]     Checking write16 v1.0.0
[INFO] [stderr]     Checking futures-io v0.3.31
[INFO] [stderr]     Checking bytes v1.9.0
[INFO] [stderr]     Checking utf16_iter v1.0.5
[INFO] [stderr]     Checking icu_normalizer_data v1.5.0
[INFO] [stderr]     Checking subtle v2.6.1
[INFO] [stderr]     Checking utf8_iter v1.0.4
[INFO] [stderr]     Checking futures-channel v0.3.31
[INFO] [stderr]     Checking untrusted v0.9.0
[INFO] [stderr]    Compiling fnv v1.0.7
[INFO] [stderr]    Compiling ident_case v1.0.1
[INFO] [stderr]     Checking spin v0.9.8
[INFO] [stderr]    Compiling strsim v0.11.1
[INFO] [stderr]     Checking tinyvec_macros v0.1.1
[INFO] [stderr]     Checking futures-task v0.3.31
[INFO] [stderr]     Checking pin-utils v0.1.0
[INFO] [stderr]     Checking tinyvec v1.8.1
[INFO] [stderr]     Checking percent-encoding v2.3.1
[INFO] [stderr]    Compiling radium v0.7.0
[INFO] [stderr]     Checking log v0.4.25
[INFO] [stderr]    Compiling thiserror v1.0.69
[INFO] [stderr]     Checking form_urlencoded v1.2.1
[INFO] [stderr]     Checking tracing-core v0.1.33
[INFO] [stderr]    Compiling ahash v0.8.11
[INFO] [stderr]    Compiling num-traits v0.2.19
[INFO] [stderr]    Compiling rustls v0.21.12
[INFO] [stderr]    Compiling heck v0.5.0
[INFO] [stderr]    Compiling num-conv v0.1.0
[INFO] [stderr]     Checking tap v1.0.1
[INFO] [stderr]     Checking cpufeatures v0.2.16
[INFO] [stderr]     Checking match_cfg v0.1.0
[INFO] [stderr]    Compiling time-core v0.1.2
[INFO] [stderr]     Checking equivalent v1.0.1
[INFO] [stderr]    Compiling crossbeam-utils v0.8.21
[INFO] [stderr]     Checking powerfmt v0.2.0
[INFO] [stderr]    Compiling syn v1.0.109
[INFO] [stderr]    Compiling serde_json v1.0.138
[INFO] [stderr]    Compiling quote v1.0.38
[INFO] [stderr]    Compiling rustc_version v0.4.1
[INFO] [stderr]     Checking itoa v1.0.14
[INFO] [stderr]     Checking hashbrown v0.15.2
[INFO] [stderr]     Checking bitflags v1.3.2
[INFO] [stderr]     Checking deranged v0.3.11
[INFO] [stderr]    Compiling time-macros v0.2.19
[INFO] [stderr]     Checking wyz v0.5.1
[INFO] [stderr]    Compiling syn v2.0.96
[INFO] [stderr]     Checking ipnet v2.11.0
[INFO] [stderr]     Checking quick-error v1.2.3
[INFO] [stderr]     Checking data-encoding v2.7.0
[INFO] [stderr]    Compiling getrandom v0.2.15
[INFO] [stderr]    Compiling rustc_version_runtime v0.3.0
[INFO] [stderr]     Checking ryu v1.0.19
[INFO] [stderr]     Checking funty v2.0.0
[INFO] [stderr]     Checking linked-hash-map v0.5.6
[INFO] [stderr]     Checking socket2 v0.5.8
[INFO] [stderr]     Checking mio v1.0.3
[INFO] [stderr]    Compiling ring v0.17.8
[INFO] [stderr]     Checking signal-hook-registry v1.4.2
[INFO] [stderr]     Checking inotify-sys v0.1.5
[INFO] [stderr]    Compiling const-random-macro v0.1.16
[INFO] [stderr]     Checking indexmap v2.7.1
[INFO] [stderr]     Checking rand_core v0.6.4
[INFO] [stderr]     Checking hostname v0.3.1
[INFO] [stderr]     Checking parking_lot v0.12.3
[INFO] [stderr]     Checking resolv-conf v0.7.0
[INFO] [stderr]     Checking lru-cache v0.1.2
[INFO] [stderr]    Compiling const-random v0.1.18
[INFO] [stderr]     Checking unicode-normalization v0.1.24
[INFO] [stderr]     Checking aho-corasick v1.1.3
[INFO] [stderr]    Compiling convert_case v0.4.0
[INFO] [stderr]     Checking base64 v0.21.7
[INFO] [stderr]     Checking regex-syntax v0.8.5
[INFO] [stderr]     Checking const-oid v0.10.0-rc.3
[INFO] [stderr]     Checking hybrid-array v0.2.3
[INFO] [stderr]     Checking bitvec v1.0.1
[INFO] [stderr]     Checking same-file v1.0.6
[INFO] [stderr]     Checking iana-time-zone v0.1.61
[INFO] [stderr]     Checking base64 v0.13.1
[INFO] [stderr]     Checking hex v0.4.3
[INFO] [stderr]     Checking unicode-bidi v0.3.18
[INFO] [stderr]     Checking unicode-properties v0.1.3
[INFO] [stderr]     Checking chrono v0.4.39
[INFO] [stderr]     Checking walkdir v2.5.0
[INFO] [stderr]     Checking crossbeam-channel v0.5.14
[INFO] [stderr]     Checking rustls-pemfile v1.0.4
[INFO] [stderr]     Checking inotify v0.9.6
[INFO] [stderr]     Checking mio v0.8.11
[INFO] [stderr]     Checking block-buffer v0.11.0-rc.3
[INFO] [stderr]     Checking crypto-common v0.2.0-rc.1
[INFO] [stderr]     Checking filetime v0.2.25
[INFO] [stderr]     Checking webpki-roots v0.25.4
[INFO] [stderr]     Checking take_mut v0.2.2
[INFO] [stderr]     Checking stringprep v0.1.5
[INFO] [stderr]     Checking time v0.3.37
[INFO] [stderr]     Checking notify v5.2.0
[INFO] [stderr]     Checking block-buffer v0.10.4
[INFO] [stderr]     Checking crypto-common v0.1.6
[INFO] [stderr]     Checking digest v0.10.7
[INFO] [stderr]     Checking md-5 v0.10.6
[INFO] [stderr]     Checking sha2 v0.10.8
[INFO] [stderr]     Checking sha-1 v0.10.1
[INFO] [stderr]     Checking hmac v0.12.1
[INFO] [stderr]     Checking pbkdf2 v0.11.0
[INFO] [stderr]     Checking digest v0.11.0-pre.9
[INFO] [stderr]     Checking sha2 v0.11.0-pre.4
[INFO] [stderr]     Checking regex-automata v0.4.9
[INFO] [stderr]     Checking rustls-webpki v0.101.7
[INFO] [stderr]     Checking sct v0.7.1
[INFO] [stderr]    Compiling typed-builder v0.10.0
[INFO] [stderr]    Compiling synstructure v0.13.1
[INFO] [stderr]    Compiling darling_core v0.20.10
[INFO] [stderr]    Compiling zerovec-derive v0.10.3
[INFO] [stderr]    Compiling displaydoc v0.2.5
[INFO] [stderr]    Compiling icu_provider_macros v1.5.0
[INFO] [stderr]    Compiling zerocopy-derive v0.7.35
[INFO] [stderr]    Compiling tokio-macros v2.5.0
[INFO] [stderr]    Compiling serde_derive v1.0.217
[INFO] [stderr]    Compiling macro_magic_core_macros v0.5.1
[INFO] [stderr]    Compiling derive-syn-parse v0.2.0
[INFO] [stderr]    Compiling futures-macro v0.3.31
[INFO] [stderr]    Compiling tracing-attributes v0.1.28
[INFO] [stderr]    Compiling thiserror-impl v1.0.69
[INFO] [stderr]    Compiling zerofrom-derive v0.1.5
[INFO] [stderr]    Compiling yoke-derive v0.7.5
[INFO] [stderr]    Compiling async-trait v0.1.85
[INFO] [stderr]     Checking tokio v1.43.0
[INFO] [stderr]    Compiling enum-as-inner v0.6.1
[INFO] [stderr]    Compiling derive_more v0.99.18
[INFO] [stderr]     Checking zerocopy v0.7.35
[INFO] [stderr]    Compiling derive-where v1.2.7
[INFO] [stderr]    Compiling macro_magic_core v0.5.1
[INFO] [stdout] error: linking with `cc` failed: exit status: 1
[INFO] [stdout]   |
[INFO] [stdout]   = note:  "cc" "-Wl,--version-script=/tmp/rustcF7eJLq/list" "-Wl,--no-undefined-version" "-m64" "/tmp/rustcF7eJLq/symbols.o" "<8 object files omitted>" "/opt/rustwide/target/debug/deps/displaydoc-b147eb76e4d9de60.7v3z5f8ejfilyu2f967bf7yl5.rcgu.rmeta" "<1 object files omitted>" "-Wl,--as-needed" "-Wl,-Bstatic" "/opt/rustwide/target/debug/deps/{libsyn-e22ceaf79d6a0faf.rlib,libquote-a3d2369a8e2c1958.rlib,libproc_macro2-b1747bbd54959062.rlib,libunicode_ident-6b6dfb470f4a1be7.rlib}.rlib" "<sysroot>/lib/rustlib/x86_64-unknown-linux-gnu/lib/{libproc_macro-*,libstd-*,libpanic_unwind-*,libobject-*,libmemchr-*,libaddr2line-*,libgimli-*,librustc_demangle-*,libstd_detect-*,libhashbrown-*,librustc_std_workspace_alloc-*,libminiz_oxide-*,libadler2-*,libunwind-*,libcfg_if-*,liblibc-*,liballoc-*,librustc_std_workspace_core-*,libcore-*,libcompiler_builtins-*}.rlib" "-Wl,-Bdynamic" "-lgcc_s" "-lutil" "-lrt" "-lpthread" "-lm" "-ldl" "-lc" "-Wl,--eh-frame-hdr" "-Wl,-z,noexecstack" "-L" "<sysroot>/lib/rustlib/x86_64-unknown-linux-gnu/lib" "-o" "/opt/rustwide/target/debug/deps/libdisplaydoc-b147eb76e4d9de60.so" "-Wl,--gc-sections" "-shared" "-Wl,-z,relro,-z,now" "-nodefaultlibs"
[INFO] [stdout]   = note: some arguments are omitted. use `--verbose` to show all linker arguments
[INFO] [stdout]   = note: /usr/bin/ld: final link failed: No space left on device
[INFO] [stdout]           collect2: error: ld returned 1 exit status
[INFO] [stdout]           
[INFO] [stdout] 
[INFO] [stdout] 
[INFO] [stderr] error: could not compile `displaydoc` (lib) due to 1 previous error
[INFO] [stderr] warning: build failed, waiting for other jobs to finish...
[INFO] [stdout] error: linking with `cc` failed: exit status: 1
[INFO] [stdout]   |
[INFO] [stdout]   = note:  "cc" "-Wl,--version-script=/tmp/rustcV3MTLs/list" "-Wl,--no-undefined-version" "-m64" "/tmp/rustcV3MTLs/symbols.o" "<10 object files omitted>" "/opt/rustwide/target/debug/deps/zerovec_derive-51f00eb0eea67a1b.5so78teduv6jhrad2gv62iraz.rcgu.rmeta" "<1 object files omitted>" "-Wl,--as-needed" "-Wl,-Bstatic" "/opt/rustwide/target/debug/deps/{libsyn-e22ceaf79d6a0faf.rlib,libquote-a3d2369a8e2c1958.rlib,libproc_macro2-b1747bbd54959062.rlib,libunicode_ident-6b6dfb470f4a1be7.rlib}.rlib" "<sysroot>/lib/rustlib/x86_64-unknown-linux-gnu/lib/{libproc_macro-*,libstd-*,libpanic_unwind-*,libobject-*,libmemchr-*,libaddr2line-*,libgimli-*,librustc_demangle-*,libstd_detect-*,libhashbrown-*,librustc_std_workspace_alloc-*,libminiz_oxide-*,libadler2-*,libunwind-*,libcfg_if-*,liblibc-*,liballoc-*,librustc_std_workspace_core-*,libcore-*,libcompiler_builtins-*}.rlib" "-Wl,-Bdynamic" "-lgcc_s" "-lutil" "-lrt" "-lpthread" "-lm" "-ldl" "-lc" "-Wl,--eh-frame-hdr" "-Wl,-z,noexecstack" "-L" "<sysroot>/lib/rustlib/x86_64-unknown-linux-gnu/lib" "-o" "/opt/rustwide/target/debug/deps/libzerovec_derive-51f00eb0eea67a1b.so" "-Wl,--gc-sections" "-shared" "-Wl,-z,relro,-z,now" "-nodefaultlibs"
[INFO] [stdout]   = note: some arguments are omitted. use `--verbose` to show all linker arguments
[INFO] [stdout]   = note: /usr/bin/ld: final link failed: No space left on device
[INFO] [stdout]           collect2: error: ld returned 1 exit status
[INFO] [stdout]           
[INFO] [stdout] 
[INFO] [stdout] 
[INFO] [stderr] error: could not compile `zerovec-derive` (lib) due to 1 previous error
[INFO] [stderr] rustc-LLVM ERROR: IO failure on output stream: No space left on device
[INFO] [stderr] rustc-LLVM ERROR: IO failure on output stream: No space left on device
[INFO] [stderr] error: could not compile `darling_core` (lib)
[INFO] [stderr] 
[INFO] [stderr] Caused by:
[INFO] [stderr]   process didn't exit successfully: `/opt/rustwide/rustup-home/toolchains/beta-2025-02-18-x86_64-unknown-linux-gnu/bin/rustc --crate-name darling_core --edition=2021 /opt/rustwide/cargo-home/registry/src/index.crates.io-1949cf8c6b5b557f/darling_core-0.20.10/src/lib.rs --error-format=json --json=diagnostic-rendered-ansi,artifacts,future-incompat --crate-type lib --emit=dep-info,metadata,link -C embed-bitcode=no --cfg 'feature="strsim"' --cfg 'feature="suggestions"' --check-cfg 'cfg(docsrs,test)' --check-cfg 'cfg(feature, values("diagnostics", "strsim", "suggestions"))' -C metadata=27ba52e2a13f9f8f -C extra-filename=-f48ed72cb7ea5971 --out-dir /opt/rustwide/target/debug/deps -L dependency=/opt/rustwide/target/debug/deps --extern fnv=/opt/rustwide/target/debug/deps/libfnv-ce5b1429b6d630b5.rmeta --extern ident_case=/opt/rustwide/target/debug/deps/libident_case-5ff01a002fe2b7d3.rmeta --extern proc_macro2=/opt/rustwide/target/debug/deps/libproc_macro2-b1747bbd54959062.rmeta --extern quote=/opt/rustwide/target/debug/deps/libquote-a3d2369a8e2c1958.rmeta --extern strsim=/opt/rustwide/target/debug/deps/libstrsim-77a3e1b41cc5657c.rmeta --extern syn=/opt/rustwide/target/debug/deps/libsyn-e22ceaf79d6a0faf.rmeta --cap-lints allow --cap-lints=warn` (exit status: 101)
[INFO] [stderr] error: could not compile `zerofrom-derive` (lib)
[INFO] [stderr] 
[INFO] [stderr] Caused by:
[INFO] [stderr]   No space left on device (os error 28)
[INFO] [stderr] 
[INFO] [stderr] Caused by:
[INFO] [stderr]   failed to parse process output: `/opt/rustwide/rustup-home/toolchains/beta-2025-02-18-x86_64-unknown-linux-gnu/bin/rustc --crate-name zerofrom_derive --edition=2021 /opt/rustwide/cargo-home/registry/src/index.crates.io-1949cf8c6b5b557f/zerofrom-derive-0.1.5/src/lib.rs --error-format=json --json=diagnostic-rendered-ansi,artifacts,future-incompat --crate-type proc-macro --emit=dep-info,link -C prefer-dynamic -C embed-bitcode=no --check-cfg 'cfg(docsrs,test)' --check-cfg 'cfg(feature, values())' -C metadata=0691e945aefa2a80 -C extra-filename=-107395eaa0f63a18 --out-dir /opt/rustwide/target/debug/deps -L dependency=/opt/rustwide/target/debug/deps --extern proc_macro2=/opt/rustwide/target/debug/deps/libproc_macro2-b1747bbd54959062.rlib --extern quote=/opt/rustwide/target/debug/deps/libquote-a3d2369a8e2c1958.rlib --extern syn=/opt/rustwide/target/debug/deps/libsyn-e22ceaf79d6a0faf.rlib --extern synstructure=/opt/rustwide/target/debug/deps/libsynstructure-49948dcf04f8c565.rlib --extern proc_macro --cap-lints allow --cap-lints=warn` (exit status: 101)
[INFO] [stderr] rustc-LLVM ERROR: IO failure on output stream: No space left on device
[INFO] [stdout] error: failed to write to `/opt/rustwide/target/debug/deps/rmetaUXaQSO/lib.rmeta`: No space left on device (os error 28)
[INFO] [stdout] 
[INFO] [stdout] 
[INFO] [stderr] error: could not compile `derive-where` (lib)
[INFO] [stderr] 
[INFO] [stderr] Caused by:
[INFO] [stderr]   No space left on device (os error 28)
[INFO] [stderr] 
[INFO] [stderr] Caused by:
[INFO] [stderr]   failed to parse process output: `/opt/rustwide/rustup-home/toolchains/beta-2025-02-18-x86_64-unknown-linux-gnu/bin/rustc --crate-name derive_where --edition=2021 /opt/rustwide/cargo-home/registry/src/index.crates.io-1949cf8c6b5b557f/derive-where-1.2.7/src/lib.rs --error-format=json --json=diagnostic-rendered-ansi,artifacts,future-incompat --crate-type proc-macro --emit=dep-info,link -C prefer-dynamic -C embed-bitcode=no --check-cfg 'cfg(docsrs,test)' --check-cfg 'cfg(feature, values("nightly", "safe", "zeroize", "zeroize-on-drop"))' -C metadata=eaa27ca3dfd5b4d2 -C extra-filename=-d3e428ebcba6173d --out-dir /opt/rustwide/target/debug/deps -L dependency=/opt/rustwide/target/debug/deps --extern proc_macro2=/opt/rustwide/target/debug/deps/libproc_macro2-b1747bbd54959062.rlib --extern quote=/opt/rustwide/target/debug/deps/libquote-a3d2369a8e2c1958.rlib --extern syn=/opt/rustwide/target/debug/deps/libsyn-e22ceaf79d6a0faf.rlib --extern proc_macro --cap-lints allow --cap-lints=warn` (exit status: 101)
[INFO] [stderr] error: could not compile `regex-automata` (lib) due to 1 previous error
[INFO] [stdout] error: linking with `cc` failed: exit status: 1
[INFO] [stdout]   |
[INFO] [stdout]   = note:  "cc" "-Wl,--version-script=/tmp/rustcRQMZuq/list" "-Wl,--no-undefined-version" "-m64" "/tmp/rustcRQMZuq/symbols.o" "<16 object files omitted>" "/opt/rustwide/target/debug/deps/derive_more-fab0fbd1c667aa9a.7v84hkurldulhet23ds165q79.rcgu.rmeta" "<1 object files omitted>" "-Wl,--as-needed" "-Wl,-Bstatic" "/opt/rustwide/target/debug/deps/{libconvert_case-44c0c2e5ce39fd2e.rlib,libsyn-e22ceaf79d6a0faf.rlib,libquote-a3d2369a8e2c1958.rlib,libproc_macro2-b1747bbd54959062.rlib,libunicode_ident-6b6dfb470f4a1be7.rlib}.rlib" "<sysroot>/lib/rustlib/x86_64-unknown-linux-gnu/lib/{libproc_macro-*,libstd-*,libpanic_unwind-*,libobject-*,libmemchr-*,libaddr2line-*,libgimli-*,librustc_demangle-*,libstd_detect-*,libhashbrown-*,librustc_std_workspace_alloc-*,libminiz_oxide-*,libadler2-*,libunwind-*,libcfg_if-*,liblibc-*,liballoc-*,librustc_std_workspace_core-*,libcore-*,libcompiler_builtins-*}.rlib" "-Wl,-Bdynamic" "-lgcc_s" "-lutil" "-lrt" "-lpthread" "-lm" "-ldl" "-lc" "-Wl,--eh-frame-hdr" "-Wl,-z,noexecstack" "-L" "<sysroot>/lib/rustlib/x86_64-unknown-linux-gnu/lib" "-o" "/opt/rustwide/target/debug/deps/libderive_more-fab0fbd1c667aa9a.so" "-Wl,--gc-sections" "-shared" "-Wl,-z,relro,-z,now" "-nodefaultlibs"
[INFO] [stdout]   = note: some arguments are omitted. use `--verbose` to show all linker arguments
[INFO] [stdout]   = note: /usr/bin/ld: final link failed: No space left on device
[INFO] [stdout]           collect2: error: ld returned 1 exit status
[INFO] [stdout]           
[INFO] [stdout] 
[INFO] [stdout] 
[INFO] [stderr] error: could not compile `derive_more` (lib) due to 1 previous error
[INFO] running `Command { std: "docker" "inspect" "633d4e383de9df931a83c7543655fa967e7d028d0819a8b37ad823e5c6e246e6", kill_on_drop: false }`
[INFO] running `Command { std: "docker" "rm" "-f" "633d4e383de9df931a83c7543655fa967e7d028d0819a8b37ad823e5c6e246e6", kill_on_drop: false }`
[INFO] [stdout] 633d4e383de9df931a83c7543655fa967e7d028d0819a8b37ad823e5c6e246e6
