[INFO] cloning repository https://github.com/f321x/nostr-tracking-token-remover
[INFO] running `Command { std: "git" "-c" "credential.helper=" "-c" "credential.helper=/workspace/cargo-home/bin/git-credential-null" "clone" "--bare" "https://github.com/f321x/nostr-tracking-token-remover" "/workspace/cache/git-repos/https%3A%2F%2Fgithub.com%2Ff321x%2Fnostr-tracking-token-remover", kill_on_drop: false }`
[INFO] [stderr] Cloning into bare repository '/workspace/cache/git-repos/https%3A%2F%2Fgithub.com%2Ff321x%2Fnostr-tracking-token-remover'...
[INFO] running `Command { std: "git" "rev-parse" "HEAD", kill_on_drop: false }`
[INFO] [stdout] db1c88caf46514764b772be6b7c3424bf59e174b
[INFO] documenting f321x/nostr-tracking-token-remover against beta-2025-02-18 for beta-1.86-rustdoc-1
[INFO] running `Command { std: "git" "clone" "/workspace/cache/git-repos/https%3A%2F%2Fgithub.com%2Ff321x%2Fnostr-tracking-token-remover" "/workspace/builds/worker-7-tc2/source", kill_on_drop: false }`
[INFO] [stderr] Cloning into '/workspace/builds/worker-7-tc2/source'...
[INFO] [stderr] done.
[INFO] validating manifest of git repo https://github.com/f321x/nostr-tracking-token-remover on toolchain beta-2025-02-18
[INFO] running `Command { std: CARGO_HOME="/workspace/cargo-home" RUSTUP_HOME="/workspace/rustup-home" "/workspace/cargo-home/bin/cargo" "+beta-2025-02-18" "metadata" "--manifest-path" "Cargo.toml" "--no-deps", kill_on_drop: false }`
[INFO] started tweaking git repo https://github.com/f321x/nostr-tracking-token-remover
[INFO] finished tweaking git repo https://github.com/f321x/nostr-tracking-token-remover
[INFO] tweaked toml for git repo https://github.com/f321x/nostr-tracking-token-remover written to /workspace/builds/worker-7-tc2/source/Cargo.toml
[INFO] running `Command { std: CARGO_HOME="/workspace/cargo-home" RUSTUP_HOME="/workspace/rustup-home" "/workspace/cargo-home/bin/cargo" "+beta-2025-02-18" "generate-lockfile" "--manifest-path" "Cargo.toml", kill_on_drop: false }`
[INFO] [stderr]     Updating crates.io index
[INFO] [stderr]      Locking 239 packages to latest compatible versions
[INFO] [stderr]       Adding nostr-sdk v0.33.0 (available: v0.39.0)
[INFO] [stderr]       Adding unicode-normalization v0.1.22 (available: v0.1.24)
[INFO] running `Command { std: CARGO_HOME="/workspace/cargo-home" RUSTUP_HOME="/workspace/rustup-home" "/workspace/cargo-home/bin/cargo" "+beta-2025-02-18" "fetch" "--manifest-path" "Cargo.toml", kill_on_drop: false }`
[INFO] running `Command { std: "docker" "create" "-v" "/var/lib/crater-agent-workspace/builds/worker-7-tc2/target:/opt/rustwide/target:rw,Z" "-v" "/var/lib/crater-agent-workspace/builds/worker-7-tc2/source:/opt/rustwide/workdir:ro,Z" "-v" "/var/lib/crater-agent-workspace/cargo-home:/opt/rustwide/cargo-home:ro,Z" "-v" "/var/lib/crater-agent-workspace/rustup-home:/opt/rustwide/rustup-home:ro,Z" "-e" "SOURCE_DIR=/opt/rustwide/workdir" "-e" "CARGO_TARGET_DIR=/opt/rustwide/target" "-e" "CARGO_HOME=/opt/rustwide/cargo-home" "-e" "RUSTUP_HOME=/opt/rustwide/rustup-home" "-w" "/opt/rustwide/workdir" "-m" "1610612736" "--user" "0:0" "--network" "none" "ghcr.io/rust-lang/crates-build-env/linux@sha256:3959728d45483eb673ba100a951a6b9f5012970368db2a9e08e0ac9b67c8a5ad" "/opt/rustwide/cargo-home/bin/cargo" "+beta-2025-02-18" "metadata" "--no-deps" "--format-version=1", kill_on_drop: false }`
[INFO] [stdout] 1b77354b80df16fe0c999b1ed313d0034e7f8a2e521da064bf7ba9217b75e957
[INFO] running `Command { std: "docker" "start" "-a" "1b77354b80df16fe0c999b1ed313d0034e7f8a2e521da064bf7ba9217b75e957", kill_on_drop: false }`
[INFO] running `Command { std: "docker" "inspect" "1b77354b80df16fe0c999b1ed313d0034e7f8a2e521da064bf7ba9217b75e957", kill_on_drop: false }`
[INFO] running `Command { std: "docker" "rm" "-f" "1b77354b80df16fe0c999b1ed313d0034e7f8a2e521da064bf7ba9217b75e957", kill_on_drop: false }`
[INFO] [stdout] 1b77354b80df16fe0c999b1ed313d0034e7f8a2e521da064bf7ba9217b75e957
[INFO] running `Command { std: "docker" "create" "-v" "/var/lib/crater-agent-workspace/builds/worker-7-tc2/target:/opt/rustwide/target:rw,Z" "-v" "/var/lib/crater-agent-workspace/builds/worker-7-tc2/source:/opt/rustwide/workdir:ro,Z" "-v" "/var/lib/crater-agent-workspace/cargo-home:/opt/rustwide/cargo-home:ro,Z" "-v" "/var/lib/crater-agent-workspace/rustup-home:/opt/rustwide/rustup-home:ro,Z" "-e" "SOURCE_DIR=/opt/rustwide/workdir" "-e" "CARGO_TARGET_DIR=/opt/rustwide/target" "-e" "CARGO_INCREMENTAL=0" "-e" "RUST_BACKTRACE=full" "-e" "RUSTFLAGS=--cap-lints=warn" "-e" "RUSTDOCFLAGS=--cap-lints=warn" "-e" "CARGO_HOME=/opt/rustwide/cargo-home" "-e" "RUSTUP_HOME=/opt/rustwide/rustup-home" "-w" "/opt/rustwide/workdir" "-m" "1610612736" "--user" "0:0" "--network" "none" "ghcr.io/rust-lang/crates-build-env/linux@sha256:3959728d45483eb673ba100a951a6b9f5012970368db2a9e08e0ac9b67c8a5ad" "/opt/rustwide/cargo-home/bin/cargo" "+beta-2025-02-18" "doc" "--frozen" "--no-deps" "--document-private-items" "--message-format=json", kill_on_drop: false }`
[INFO] [stdout] a6643a61e075e9355dc62ecfc15d02e5677c8cf187c379201446f8dc32c5ecf4
[INFO] running `Command { std: "docker" "start" "-a" "a6643a61e075e9355dc62ecfc15d02e5677c8cf187c379201446f8dc32c5ecf4", kill_on_drop: false }`
[INFO] [stderr]    Compiling proc-macro2 v1.0.93
[INFO] [stderr]    Compiling unicode-ident v1.0.17
[INFO] [stderr]    Compiling libc v0.2.170
[INFO] [stderr]     Checking cfg-if v1.0.0
[INFO] [stderr]    Compiling typenum v1.18.0
[INFO] [stderr]    Compiling version_check v0.9.5
[INFO] [stderr]    Compiling shlex v1.3.0
[INFO] [stderr]     Checking subtle v2.6.1
[INFO] [stderr]     Checking stable_deref_trait v1.2.0
[INFO] [stderr]     Checking bytes v1.10.0
[INFO] [stderr]     Checking pin-project-lite v0.2.16
[INFO] [stderr]    Compiling autocfg v1.4.0
[INFO] [stderr]     Checking zeroize v1.8.1
[INFO] [stderr]    Compiling serde v1.0.218
[INFO] [stderr]     Checking futures-core v0.3.31
[INFO] [stderr]     Checking itoa v1.0.14
[INFO] [stderr]     Checking futures-sink v0.3.31
[INFO] [stderr]     Checking litemap v0.7.4
[INFO] [stderr]     Checking once_cell v1.20.3
[INFO] [stderr]     Checking pin-utils v0.1.0
[INFO] [stderr]     Checking futures-task v0.3.31
[INFO] [stderr]     Checking writeable v0.5.5
[INFO] [stderr]    Compiling cc v1.2.15
[INFO] [stderr]     Checking fnv v1.0.7
[INFO] [stderr]     Checking rustls-pki-types v1.11.0
[INFO] [stderr]     Checking smallvec v1.14.0
[INFO] [stderr]     Checking cpufeatures v0.2.17
[INFO] [stderr]    Compiling httparse v1.10.0
[INFO] [stderr]     Checking memchr v2.7.4
[INFO] [stderr]     Checking icu_locid_transform_data v1.5.0
[INFO] [stderr]     Checking untrusted v0.9.0
[INFO] [stderr]     Checking icu_properties_data v1.5.0
[INFO] [stderr]    Compiling rustls v0.23.23
[INFO] [stderr]     Checking byteorder v1.5.0
[INFO] [stderr]     Checking utf8_iter v1.0.4
[INFO] [stderr]     Checking write16 v1.0.0
[INFO] [stderr]    Compiling thiserror v1.0.69
[INFO] [stderr]    Compiling generic-array v0.14.7
[INFO] [stderr]     Checking icu_normalizer_data v1.5.0
[INFO] [stderr]     Checking utf16_iter v1.0.5
[INFO] [stderr]     Checking log v0.4.26
[INFO] [stderr]     Checking percent-encoding v2.3.1
[INFO] [stderr]     Checking tracing-core v0.1.33
[INFO] [stderr]    Compiling slab v0.4.9
[INFO] [stderr]     Checking allocator-api2 v0.2.21
[INFO] [stderr]     Checking form_urlencoded v1.2.1
[INFO] [stderr]     Checking try-lock v0.2.5
[INFO] [stderr]    Compiling bitcoin-internals v0.2.0
[INFO] [stderr]     Checking equivalent v1.0.2
[INFO] [stderr]     Checking foldhash v0.1.4
[INFO] [stderr]     Checking want v0.3.1
[INFO] [stderr]     Checking webpki-roots v0.26.8
[INFO] [stderr]     Checking http v1.2.0
[INFO] [stderr]     Checking futures-channel v0.3.31
[INFO] [stderr]     Checking tower-service v0.3.3
[INFO] [stderr]    Compiling serde_json v1.0.139
[INFO] [stderr]     Checking hex-conservative v0.1.2
[INFO] [stderr]     Checking ryu v1.0.19
[INFO] [stderr]     Checking either v1.14.0
[INFO] [stderr]     Checking sync_wrapper v1.0.2
[INFO] [stderr]     Checking tinyvec_macros v0.1.1
[INFO] [stderr]    Compiling hex_lit v0.1.1
[INFO] [stderr]     Checking tower-layer v0.3.3
[INFO] [stderr]     Checking futures-util v0.3.31
[INFO] [stderr]     Checking tinyvec v1.8.1
[INFO] [stderr]     Checking rustls-pemfile v2.2.0
[INFO] [stderr]     Checking ipnet v2.11.0
[INFO] [stderr]     Checking base64 v0.22.1
[INFO] [stderr]     Checking bech32 v0.10.0-beta
[INFO] [stderr]    Compiling bitcoin v0.31.2
[INFO] [stderr]     Checking hashbrown v0.15.2
[INFO] [stderr]     Checking opaque-debug v0.3.1
[INFO] [stderr]     Checking base64ct v1.6.0
[INFO] [stderr]     Checking mime v0.3.17
[INFO] [stderr]     Checking base64 v0.21.7
[INFO] [stderr]     Checking utf-8 v0.7.6
[INFO] [stderr]    Compiling quote v1.0.38
[INFO] [stderr]     Checking data-encoding v2.8.0
[INFO] [stderr]     Checking negentropy v0.3.1
[INFO] [stderr]     Checking aho-corasick v1.1.3
[INFO] [stderr]     Checking regex-syntax v0.8.5
[INFO] [stderr]    Compiling syn v2.0.98
[INFO] [stderr]     Checking getrandom v0.2.15
[INFO] [stderr]     Checking mio v1.0.3
[INFO] [stderr]     Checking socket2 v0.5.8
[INFO] [stderr]     Checking rand_core v0.6.4
[INFO] [stderr]     Checking utf8parse v0.2.2
[INFO] [stderr]     Checking is_terminal_polyfill v1.70.1
[INFO] [stderr]     Checking anstyle-parse v0.2.6
[INFO] [stderr]     Checking anstyle-query v1.1.2
[INFO] [stderr]     Checking indexmap v2.7.1
[INFO] [stderr]     Checking lru v0.12.5
[INFO] [stderr]     Checking password-hash v0.5.0
[INFO] [stderr]     Checking colorchoice v1.0.3
[INFO] [stderr]    Compiling anyhow v1.0.96
[INFO] [stderr]     Checking anstyle v1.0.10
[INFO] [stderr]     Checking linkify v0.10.0
[INFO] [stderr]     Checking diff v0.1.13
[INFO] [stderr]     Checking anstream v0.6.18
[INFO] [stderr]     Checking humantime v2.1.0
[INFO] [stderr]     Checking dotenvy v0.15.7
[INFO] [stderr]     Checking http-body v1.0.1
[INFO] [stderr]     Checking unicode-normalization v0.1.22
[INFO] [stderr]    Compiling ring v0.17.11
[INFO] [stderr]    Compiling secp256k1-sys v0.9.2
[INFO] [stderr]     Checking crypto-common v0.1.6
[INFO] [stderr]     Checking block-buffer v0.10.4
[INFO] [stderr]     Checking block-padding v0.3.3
[INFO] [stderr]     Checking inout v0.1.4
[INFO] [stderr]     Checking digest v0.10.7
[INFO] [stderr]     Checking universal-hash v0.5.1
[INFO] [stderr]     Checking aead v0.5.2
[INFO] [stderr]     Checking cipher v0.4.4
[INFO] [stderr]     Checking poly1305 v0.8.0
[INFO] [stderr]     Checking salsa20 v0.10.2
[INFO] [stderr]     Checking chacha20 v0.9.1
[INFO] [stderr]     Checking cbc v0.1.2
[INFO] [stderr]     Checking aes v0.8.4
[INFO] [stderr]     Checking hmac v0.12.1
[INFO] [stderr]     Checking sha2 v0.10.8
[INFO] [stderr]     Checking sha1 v0.10.6
[INFO] [stderr]     Checking pbkdf2 v0.12.2
[INFO] [stderr]     Checking regex-automata v0.4.9
[INFO] [stderr]     Checking chacha20poly1305 v0.10.1
[INFO] [stderr] warning: ring@0.17.11: /opt/rustwide/cargo-home/registry/src/index.crates.io-1949cf8c6b5b557f/ring-0.17.11/crypto/fipsmodule/ec/gfp_p384.c:247: fatal error: error writing to /tmp/ccelTpLf.s: No space left on device
[INFO] [stderr] warning: ring@0.17.11: compilation terminated.
[INFO] [stderr] error: failed to run custom build command for `ring v0.17.11`
[INFO] [stderr] note: To improve backtraces for build dependencies, set the CARGO_PROFILE_DEV_BUILD_OVERRIDE_DEBUG=true environment variable to enable debug information generation.
[INFO] [stderr] 
[INFO] [stderr] Caused by:
[INFO] [stderr]   process didn't exit successfully: `/opt/rustwide/target/debug/build/ring-404f1c00434c1c8b/build-script-build` (exit status: 1)
[INFO] [stderr]   --- stdout
[INFO] [stderr]   cargo:rerun-if-env-changed=CARGO_MANIFEST_DIR
[INFO] [stderr]   cargo:rerun-if-env-changed=CARGO_PKG_NAME
[INFO] [stderr]   cargo:rerun-if-env-changed=CARGO_PKG_VERSION_MAJOR
[INFO] [stderr]   cargo:rerun-if-env-changed=CARGO_PKG_VERSION_MINOR
[INFO] [stderr]   cargo:rerun-if-env-changed=CARGO_PKG_VERSION_PATCH
[INFO] [stderr]   cargo:rerun-if-env-changed=CARGO_PKG_VERSION_PRE
[INFO] [stderr]   cargo:rerun-if-env-changed=CARGO_MANIFEST_LINKS
[INFO] [stderr]   cargo:rerun-if-env-changed=RING_PREGENERATE_ASM
[INFO] [stderr]   cargo:rerun-if-env-changed=OUT_DIR
[INFO] [stderr]   cargo:rerun-if-env-changed=CARGO_CFG_TARGET_ARCH
[INFO] [stderr]   cargo:rerun-if-env-changed=CARGO_CFG_TARGET_OS
[INFO] [stderr]   cargo:rerun-if-env-changed=CARGO_CFG_TARGET_ENV
[INFO] [stderr]   cargo:rerun-if-env-changed=CARGO_CFG_TARGET_ENDIAN
[INFO] [stderr]   OPT_LEVEL = Some(0)
[INFO] [stderr]   OUT_DIR = Some(/opt/rustwide/target/debug/build/ring-4d3e9e2ff3efe87a/out)
[INFO] [stderr]   TARGET = Some(x86_64-unknown-linux-gnu)
[INFO] [stderr]   HOST = Some(x86_64-unknown-linux-gnu)
[INFO] [stderr]   cargo:rerun-if-env-changed=CC_x86_64-unknown-linux-gnu
[INFO] [stderr]   CC_x86_64-unknown-linux-gnu = None
[INFO] [stderr]   cargo:rerun-if-env-changed=CC_x86_64_unknown_linux_gnu
[INFO] [stderr]   CC_x86_64_unknown_linux_gnu = None
[INFO] [stderr]   cargo:rerun-if-env-changed=HOST_CC
[INFO] [stderr]   HOST_CC = None
[INFO] [stderr]   cargo:rerun-if-env-changed=CC
[INFO] [stderr]   CC = None
[INFO] [stderr]   cargo:rerun-if-env-changed=CC_ENABLE_DEBUG_OUTPUT
[INFO] [stderr]   RUSTC_WRAPPER = None
[INFO] [stderr]   cargo:rerun-if-env-changed=CRATE_CC_NO_DEFAULTS
[INFO] [stderr]   CRATE_CC_NO_DEFAULTS = None
[INFO] [stderr]   DEBUG = Some(true)
[INFO] [stderr]   CARGO_CFG_TARGET_FEATURE = Some(fxsr,sse,sse2)
[INFO] [stderr]   cargo:rerun-if-env-changed=CFLAGS
[INFO] [stderr]   CFLAGS = None
[INFO] [stderr]   cargo:rerun-if-env-changed=HOST_CFLAGS
[INFO] [stderr]   HOST_CFLAGS = None
[INFO] [stderr]   cargo:rerun-if-env-changed=CFLAGS_x86_64_unknown_linux_gnu
[INFO] [stderr]   CFLAGS_x86_64_unknown_linux_gnu = None
[INFO] [stderr]   cargo:rerun-if-env-changed=CFLAGS_x86_64-unknown-linux-gnu
[INFO] [stderr]   CFLAGS_x86_64-unknown-linux-gnu = None
[INFO] [stderr]   CARGO_ENCODED_RUSTFLAGS = Some(--cap-lints=warn)
[INFO] [stderr]   cargo:warning=/opt/rustwide/cargo-home/registry/src/index.crates.io-1949cf8c6b5b557f/ring-0.17.11/crypto/fipsmodule/ec/gfp_p384.c:247: fatal error: error writing to /tmp/ccelTpLf.s: No space left on device
[INFO] [stderr]   cargo:warning=compilation terminated.
[INFO] [stderr] 
[INFO] [stderr]   --- stderr
[INFO] [stderr] 
[INFO] [stderr] 
[INFO] [stderr]   error occurred in cc-rs: command did not execute successfully (status code exit status: 1): LC_ALL="C" "cc" "-O0" "-ffunction-sections" "-fdata-sections" "-fPIC" "-gdwarf-4" "-fno-omit-frame-pointer" "-m64" "-I" "/opt/rustwide/cargo-home/registry/src/index.crates.io-1949cf8c6b5b557f/ring-0.17.11/include" "-I" "/opt/rustwide/cargo-home/registry/src/index.crates.io-1949cf8c6b5b557f/ring-0.17.11/pregenerated" "-Wall" "-Wextra" "-fvisibility=hidden" "-std=c1x" "-Wall" "-Wbad-function-cast" "-Wcast-align" "-Wcast-qual" "-Wconversion" "-Wmissing-field-initializers" "-Wmissing-include-dirs" "-Wnested-externs" "-Wredundant-decls" "-Wshadow" "-Wsign-compare" "-Wsign-conversion" "-Wstrict-prototypes" "-Wundef" "-Wuninitialized" "-g3" "-DNDEBUG" "-o" "/opt/rustwide/target/debug/build/ring-4d3e9e2ff3efe87a/out/a0330e891e733f4e-gfp_p384.o" "-c" "/opt/rustwide/cargo-home/registry/src/index.crates.io-1949cf8c6b5b557f/ring-0.17.11/crypto/fipsmodule/ec/gfp_p384.c"
[INFO] [stderr] 
[INFO] [stderr] 
[INFO] [stderr] warning: build failed, waiting for other jobs to finish...
[INFO] [stdout] error: couldn't create a temp dir: No space left on device (os error 28) at path "/opt/rustwide/target/debug/deps/rmetapPrZO5"
[INFO] [stdout] 
[INFO] [stdout] 
[INFO] [stdout] error: error writing dependencies to `/opt/rustwide/target/debug/deps/regex_automata-a22215582ae215ea.d`: No space left on device (os error 28)
[INFO] [stdout] 
[INFO] [stdout] 
[INFO] [stderr] error: could not compile `futures-util` (lib) due to 1 previous error
[INFO] [stderr] error: could not compile `regex-automata` (lib) due to 1 previous error
[INFO] [stdout] error: failed to write to `/opt/rustwide/target/debug/deps/rmetanPBPYn/lib.rmeta`: No space left on device (os error 28)
[INFO] [stdout] 
[INFO] [stdout] 
[INFO] [stderr] error: could not compile `aes` (lib) due to 1 previous error
[INFO] running `Command { std: "docker" "inspect" "a6643a61e075e9355dc62ecfc15d02e5677c8cf187c379201446f8dc32c5ecf4", kill_on_drop: false }`
[INFO] running `Command { std: "docker" "rm" "-f" "a6643a61e075e9355dc62ecfc15d02e5677c8cf187c379201446f8dc32c5ecf4", kill_on_drop: false }`
[INFO] [stdout] a6643a61e075e9355dc62ecfc15d02e5677c8cf187c379201446f8dc32c5ecf4
