[INFO] cloning repository https://github.com/eckon/money-tracker-backend
[INFO] running `Command { std: "git" "-c" "credential.helper=" "-c" "credential.helper=/workspace/cargo-home/bin/git-credential-null" "clone" "--bare" "https://github.com/eckon/money-tracker-backend" "/workspace/cache/git-repos/https%3A%2F%2Fgithub.com%2Feckon%2Fmoney-tracker-backend", kill_on_drop: false }`
[INFO] [stderr] Cloning into bare repository '/workspace/cache/git-repos/https%3A%2F%2Fgithub.com%2Feckon%2Fmoney-tracker-backend'...
[INFO] running `Command { std: "git" "rev-parse" "HEAD", kill_on_drop: false }`
[INFO] [stdout] 2c524f39c522945503f1c9610107b22966303415
[INFO] documenting eckon/money-tracker-backend against beta-2025-02-18 for beta-1.86-rustdoc-1
[INFO] running `Command { std: "git" "clone" "/workspace/cache/git-repos/https%3A%2F%2Fgithub.com%2Feckon%2Fmoney-tracker-backend" "/workspace/builds/worker-4-tc2/source", kill_on_drop: false }`
[INFO] [stderr] Cloning into '/workspace/builds/worker-4-tc2/source'...
[INFO] [stderr] done.
[INFO] validating manifest of git repo https://github.com/eckon/money-tracker-backend on toolchain beta-2025-02-18
[INFO] running `Command { std: CARGO_HOME="/workspace/cargo-home" RUSTUP_HOME="/workspace/rustup-home" "/workspace/cargo-home/bin/cargo" "+beta-2025-02-18" "metadata" "--manifest-path" "Cargo.toml" "--no-deps", kill_on_drop: false }`
[INFO] started tweaking git repo https://github.com/eckon/money-tracker-backend
[INFO] finished tweaking git repo https://github.com/eckon/money-tracker-backend
[INFO] tweaked toml for git repo https://github.com/eckon/money-tracker-backend written to /workspace/builds/worker-4-tc2/source/Cargo.toml
[INFO] crate git repo https://github.com/eckon/money-tracker-backend already has a lockfile, it will not be regenerated
[INFO] running `Command { std: CARGO_HOME="/workspace/cargo-home" RUSTUP_HOME="/workspace/rustup-home" "/workspace/cargo-home/bin/cargo" "+beta-2025-02-18" "fetch" "--manifest-path" "Cargo.toml", kill_on_drop: false }`
[INFO] [stderr]     Blocking waiting for file lock on package cache
[INFO] [stderr]     Blocking waiting for file lock on package cache
[INFO] running `Command { std: "docker" "create" "-v" "/var/lib/crater-agent-workspace/builds/worker-4-tc2/target:/opt/rustwide/target:rw,Z" "-v" "/var/lib/crater-agent-workspace/builds/worker-4-tc2/source:/opt/rustwide/workdir:ro,Z" "-v" "/var/lib/crater-agent-workspace/cargo-home:/opt/rustwide/cargo-home:ro,Z" "-v" "/var/lib/crater-agent-workspace/rustup-home:/opt/rustwide/rustup-home:ro,Z" "-e" "SOURCE_DIR=/opt/rustwide/workdir" "-e" "CARGO_TARGET_DIR=/opt/rustwide/target" "-e" "CARGO_HOME=/opt/rustwide/cargo-home" "-e" "RUSTUP_HOME=/opt/rustwide/rustup-home" "-w" "/opt/rustwide/workdir" "-m" "1610612736" "--user" "0:0" "--network" "none" "ghcr.io/rust-lang/crates-build-env/linux@sha256:3959728d45483eb673ba100a951a6b9f5012970368db2a9e08e0ac9b67c8a5ad" "/opt/rustwide/cargo-home/bin/cargo" "+beta-2025-02-18" "metadata" "--no-deps" "--format-version=1", kill_on_drop: false }`
[INFO] [stdout] 0aa51e7483b324c6679260946bc8f2f9d47a5b0f84fa20a1eb4178883b4cb05f
[INFO] running `Command { std: "docker" "start" "-a" "0aa51e7483b324c6679260946bc8f2f9d47a5b0f84fa20a1eb4178883b4cb05f", kill_on_drop: false }`
[INFO] running `Command { std: "docker" "inspect" "0aa51e7483b324c6679260946bc8f2f9d47a5b0f84fa20a1eb4178883b4cb05f", kill_on_drop: false }`
[INFO] running `Command { std: "docker" "rm" "-f" "0aa51e7483b324c6679260946bc8f2f9d47a5b0f84fa20a1eb4178883b4cb05f", kill_on_drop: false }`
[INFO] [stdout] 0aa51e7483b324c6679260946bc8f2f9d47a5b0f84fa20a1eb4178883b4cb05f
[INFO] running `Command { std: "docker" "create" "-v" "/var/lib/crater-agent-workspace/builds/worker-4-tc2/target:/opt/rustwide/target:rw,Z" "-v" "/var/lib/crater-agent-workspace/builds/worker-4-tc2/source:/opt/rustwide/workdir:ro,Z" "-v" "/var/lib/crater-agent-workspace/cargo-home:/opt/rustwide/cargo-home:ro,Z" "-v" "/var/lib/crater-agent-workspace/rustup-home:/opt/rustwide/rustup-home:ro,Z" "-e" "SOURCE_DIR=/opt/rustwide/workdir" "-e" "CARGO_TARGET_DIR=/opt/rustwide/target" "-e" "CARGO_INCREMENTAL=0" "-e" "RUST_BACKTRACE=full" "-e" "RUSTFLAGS=--cap-lints=warn" "-e" "RUSTDOCFLAGS=--cap-lints=warn" "-e" "CARGO_HOME=/opt/rustwide/cargo-home" "-e" "RUSTUP_HOME=/opt/rustwide/rustup-home" "-w" "/opt/rustwide/workdir" "-m" "1610612736" "--user" "0:0" "--network" "none" "ghcr.io/rust-lang/crates-build-env/linux@sha256:3959728d45483eb673ba100a951a6b9f5012970368db2a9e08e0ac9b67c8a5ad" "/opt/rustwide/cargo-home/bin/cargo" "+beta-2025-02-18" "doc" "--frozen" "--no-deps" "--document-private-items" "--message-format=json", kill_on_drop: false }`
[INFO] [stdout] acff095ca52ac871c99351df7284b201341cd94179aada1c98e6dfe9c948c283
[INFO] running `Command { std: "docker" "start" "-a" "acff095ca52ac871c99351df7284b201341cd94179aada1c98e6dfe9c948c283", kill_on_drop: false }`
[INFO] [stderr]    Compiling libc v0.2.151
[INFO] [stderr]    Compiling proc-macro2 v1.0.70
[INFO] [stderr]    Compiling unicode-ident v1.0.12
[INFO] [stderr]    Compiling version_check v0.9.4
[INFO] [stderr]     Checking cfg-if v1.0.0
[INFO] [stderr]    Compiling autocfg v1.1.0
[INFO] [stderr]    Compiling typenum v1.17.0
[INFO] [stderr]    Compiling serde v1.0.193
[INFO] [stderr]     Checking once_cell v1.19.0
[INFO] [stderr]    Compiling futures-core v0.3.29
[INFO] [stderr]     Checking pin-project-lite v0.2.13
[INFO] [stderr]     Checking bytes v1.5.0
[INFO] [stderr]     Checking smallvec v1.11.2
[INFO] [stderr]    Compiling vcpkg v0.2.15
[INFO] [stderr]    Compiling pkg-config v0.3.27
[INFO] [stderr]     Checking scopeguard v1.2.0
[INFO] [stderr]     Checking log v0.4.20
[INFO] [stderr]     Checking itoa v1.0.10
[INFO] [stderr]    Compiling parking_lot_core v0.9.9
[INFO] [stderr]     Checking futures-sink v0.3.29
[INFO] [stderr]    Compiling openssl v0.10.66
[INFO] [stderr]     Checking memchr v2.6.4
[INFO] [stderr]    Compiling futures-task v0.3.29
[INFO] [stderr]    Compiling futures-util v0.3.29
[INFO] [stderr]     Checking zerocopy v0.7.32
[INFO] [stderr]     Checking tracing-core v0.1.32
[INFO] [stderr]    Compiling generic-array v0.14.7
[INFO] [stderr]    Compiling ahash v0.8.6
[INFO] [stderr]    Compiling lock_api v0.4.11
[INFO] [stderr]    Compiling slab v0.4.9
[INFO] [stderr]     Checking subtle v2.5.0
[INFO] [stderr]     Checking futures-io v0.3.29
[INFO] [stderr]     Checking pin-utils v0.1.0
[INFO] [stderr]     Checking fnv v1.0.7
[INFO] [stderr]     Checking allocator-api2 v0.2.16
[INFO] [stderr]    Compiling native-tls v0.2.11
[INFO] [stderr]     Checking http v0.2.11
[INFO] [stderr]    Compiling num-traits v0.2.17
[INFO] [stderr]    Compiling serde_json v1.0.108
[INFO] [stderr]    Compiling futures-channel v0.3.29
[INFO] [stderr]    Compiling parking_lot_core v0.8.6
[INFO] [stderr]     Checking tower-service v0.3.2
[INFO] [stderr]     Checking cpufeatures v0.2.11
[INFO] [stderr]     Checking equivalent v1.0.1
[INFO] [stderr]     Checking hashbrown v0.14.3
[INFO] [stderr]     Checking foreign-types-shared v0.1.1
[INFO] [stderr]    Compiling crossbeam-utils v0.8.17
[INFO] [stderr]     Checking tinyvec_macros v0.1.1
[INFO] [stderr]     Checking foreign-types v0.3.2
[INFO] [stderr]     Checking ryu v1.0.16
[INFO] [stderr]    Compiling httparse v1.8.0
[INFO] [stderr]     Checking bitflags v2.4.1
[INFO] [stderr]    Compiling quote v1.0.33
[INFO] [stderr]    Compiling rustversion v1.0.14
[INFO] [stderr]     Checking percent-encoding v2.3.1
[INFO] [stderr]     Checking tinyvec v1.6.0
[INFO] [stderr]     Checking untrusted v0.9.0
[INFO] [stderr]     Checking spin v0.9.8
[INFO] [stderr]     Checking num_cpus v1.16.0
[INFO] [stderr]    Compiling syn v2.0.41
[INFO] [stderr]    Compiling cc v1.0.83
[INFO] [stderr]     Checking signal-hook-registry v1.4.1
[INFO] [stderr]     Checking socket2 v0.5.5
[INFO] [stderr]     Checking mio v0.8.11
[INFO] [stderr]     Checking getrandom v0.2.11
[INFO] [stderr]     Checking http-body v0.4.6
[INFO] [stderr]    Compiling dirs-sys v0.3.7
[INFO] [stderr]     Checking parking_lot v0.12.1
[INFO] [stderr]     Checking form_urlencoded v1.2.1
[INFO] [stderr]    Compiling thiserror v1.0.50
[INFO] [stderr]     Checking openssl-probe v0.1.5
[INFO] [stderr]     Checking try-lock v0.2.5
[INFO] [stderr]    Compiling syn v1.0.109
[INFO] [stderr]     Checking httpdate v1.0.3
[INFO] [stderr]     Checking want v0.3.1
[INFO] [stderr]    Compiling dirs v4.0.0
[INFO] [stderr]     Checking block-buffer v0.10.4
[INFO] [stderr]     Checking crypto-common v0.1.6
[INFO] [stderr]     Checking socket2 v0.4.10
[INFO] [stderr]     Checking digest v0.10.7
[INFO] [stderr]    Compiling aho-corasick v1.1.2
[INFO] [stderr]    Compiling indexmap v1.9.3
[INFO] [stderr]    Compiling ahash v0.7.7
[INFO] [stderr]    Compiling unicase v2.7.0
[INFO] [stderr]     Checking mime v0.3.17
[INFO] [stderr]    Compiling byteorder v1.5.0
[INFO] [stderr]    Compiling regex-syntax v0.8.2
[INFO] [stderr]    Compiling crc32fast v1.3.2
[INFO] [stderr]     Checking unicode-normalization v0.1.22
[INFO] [stderr]     Checking unicode-bidi v0.3.14
[INFO] [stderr]     Checking sha2 v0.10.8
[INFO] [stderr]    Compiling proc-macro-error-attr v1.0.4
[INFO] [stderr]    Compiling instant v0.1.12
[INFO] [stderr]    Compiling adler v1.0.2
[INFO] [stderr]    Compiling rustls v0.21.12
[INFO] [stderr]    Compiling openssl-sys v0.9.103
[INFO] [stderr]    Compiling ring v0.17.7
[INFO] [stderr]     Checking base64 v0.21.5
[INFO] [stderr]    Compiling paste v1.0.14
[INFO] [stderr]     Checking idna v0.5.0
[INFO] [stderr]    Compiling tokio v1.35.0
[INFO] [stderr]    Compiling miniz_oxide v0.7.1
[INFO] [stderr]     Checking sha1 v0.10.6
[INFO] [stderr]    Compiling rand_core v0.6.4
[INFO] [stderr]    Compiling proc-macro-error v1.0.4
[INFO] [stderr]     Checking bitflags v1.3.2
[INFO] [stderr]    Compiling async-trait v0.1.74
[INFO] [stderr]    Compiling same-file v1.0.6
[INFO] [stderr]    Compiling minimal-lexical v0.2.1
[INFO] [stderr]     Checking ppv-lite86 v0.2.17
[INFO] [stderr]     Checking tower-layer v0.3.2
[INFO] [stderr]     Checking rand_chacha v0.3.1
[INFO] [stderr]    Compiling flate2 v1.0.28
[INFO] [stderr]    Compiling nom v7.1.3
[INFO] [stderr]    Compiling walkdir v2.4.0
[INFO] [stderr]    Compiling regex-automata v0.4.3
[INFO] [stderr]    Compiling parking_lot v0.11.2
[INFO] [stderr]    Compiling hmac v0.12.1
[INFO] [stderr]    Compiling axum-core v0.3.4
[INFO] [stderr]    Compiling finl_unicode v1.2.0
[INFO] [stderr]    Compiling unicode_categories v0.1.1
[INFO] [stderr]    Compiling hashbrown v0.12.3
[INFO] [stderr]    Compiling crc-catalog v2.4.0
[INFO] [stderr]     Checking iana-time-zone v0.1.58
[INFO] [stderr]    Compiling crossbeam-queue v0.3.9
[INFO] [stderr]    Compiling crc v3.0.1
[INFO] [stderr]    Compiling stringprep v0.1.4
[INFO] [stderr]    Compiling hashlink v0.8.4
[INFO] [stderr]    Compiling chrono v0.4.31
[INFO] [stderr]    Compiling url v2.5.0
[INFO] [stderr]    Compiling mime_guess v2.0.4
[INFO] [stderr]    Compiling futures-intrusive v0.4.2
[INFO] [stderr]    Compiling hkdf v0.12.4
[INFO] [stderr]    Compiling rust-embed-utils v7.8.1
[INFO] [stderr]    Compiling zip v0.6.6
[INFO] [stderr]    Compiling atoi v1.0.0
[INFO] [stderr]    Compiling rand v0.8.5
[INFO] [stderr]    Compiling md-5 v0.10.6
[INFO] [stderr]    Compiling axum v0.6.20
[INFO] [stderr]    Compiling shellexpand v2.1.2
[INFO] [stderr]     Checking headers-core v0.2.0
[INFO] [stderr]    Compiling dotenvy v0.15.7
[INFO] [stderr]     Checking regex-syntax v0.6.29
[INFO] [stderr]    Compiling hex v0.4.3
[INFO] [stderr]    Compiling event-listener v2.5.3
[INFO] [stderr]    Compiling base64 v0.13.1
[INFO] [stderr]    Compiling whoami v1.5.2
[INFO] [stderr]    Compiling unicode-segmentation v1.10.1
[INFO] [stderr]     Checking sct v0.7.1
[INFO] [stderr]     Checking rustls-webpki v0.101.7
[INFO] [stderr]     Checking headers v0.3.9
[INFO] [stderr]    Compiling heck v0.4.1
[INFO] [stderr]     Checking rustls-pemfile v1.0.4
[INFO] [stderr]    Compiling regex v1.10.2
[INFO] [stderr]     Checking encoding_rs v0.8.33
[INFO] [stderr]     Checking sync_wrapper v0.1.2
[INFO] [stderr]     Checking webpki-roots v0.25.3
[INFO] [stderr]     Checking matchit v0.7.3
[INFO] [stderr]     Checking overload v0.1.1
[INFO] [stderr]     Checking ipnet v2.9.0
[INFO] [stderr]     Checking lazy_static v1.4.0
[INFO] [stderr]     Checking nu-ansi-term v0.46.0
[INFO] [stderr]     Checking tracing-log v0.2.0
[INFO] [stderr]     Checking sharded-slab v0.1.7
[INFO] [stderr]     Checking thread_local v1.1.7
[INFO] [stderr]     Checking http-range-header v0.3.1
[INFO] [stderr]     Checking dotenv v0.15.0
[INFO] [stderr]    Compiling serde_derive v1.0.193
[INFO] [stderr]    Compiling tokio-macros v2.2.0
[INFO] [stderr]    Compiling openssl-macros v0.1.1
[INFO] [stderr]    Compiling tracing-attributes v0.1.27
[INFO] [stderr]    Compiling thiserror-impl v1.0.50
[INFO] [stderr]    Compiling pin-project-internal v1.1.3
[INFO] [stderr]    Compiling rust-embed-impl v6.8.1
[INFO] [stderr]     Checking regex-automata v0.1.10
[INFO] [stderr]    Compiling utoipa-swagger-ui v3.1.5
[INFO] [stdout] error: failed to write to `/opt/rustwide/target/debug/deps/rmetaKuBx82/lib.rmeta`: No space left on device (os error 28)
[INFO] [stdout] 
[INFO] [stdout] 
[INFO] [stderr] error: could not compile `thiserror-impl` (lib) due to 1 previous error
[INFO] [stderr] warning: build failed, waiting for other jobs to finish...
[INFO] [stderr] rustc-LLVM ERROR: IO failure on output stream: No space left on device
[INFO] [stdout] error: linking with `cc` failed: exit status: 1
[INFO] [stdout]   |
[INFO] [stdout]   = note:  "cc" "-Wl,--version-script=/tmp/rustcCrbYbE/list" "-Wl,--no-undefined-version" "-m64" "/tmp/rustcCrbYbE/symbols.o" "<1 object files omitted>" "/opt/rustwide/target/debug/deps/openssl_macros-5091981e3cd05639.8uru5qk73yz2fge8bfhxaqrhu.rcgu.rmeta" "<1 object files omitted>" "-Wl,--as-needed" "-Wl,-Bstatic" "/opt/rustwide/target/debug/deps/{libsyn-5001149322008d11.rlib,libquote-4a519638f70a9154.rlib,libproc_macro2-365b6257d27f03a5.rlib,libunicode_ident-772f13ecc3fc189a.rlib}.rlib" "<sysroot>/lib/rustlib/x86_64-unknown-linux-gnu/lib/{libproc_macro-*,libstd-*,libpanic_unwind-*,libobject-*,libmemchr-*,libaddr2line-*,libgimli-*,librustc_demangle-*,libstd_detect-*,libhashbrown-*,librustc_std_workspace_alloc-*,libminiz_oxide-*,libadler2-*,libunwind-*,libcfg_if-*,liblibc-*,liballoc-*,librustc_std_workspace_core-*,libcore-*,libcompiler_builtins-*}.rlib" "-Wl,-Bdynamic" "-lgcc_s" "-lutil" "-lrt" "-lpthread" "-lm" "-ldl" "-lc" "-Wl,--eh-frame-hdr" "-Wl,-z,noexecstack" "-L" "<sysroot>/lib/rustlib/x86_64-unknown-linux-gnu/lib" "-o" "/opt/rustwide/target/debug/deps/libopenssl_macros-5091981e3cd05639.so" "-Wl,--gc-sections" "-shared" "-Wl,-z,relro,-z,now" "-nodefaultlibs"
[INFO] [stdout]   = note: some arguments are omitted. use `--verbose` to show all linker arguments
[INFO] [stdout]   = note: /usr/bin/ld: final link failed: No space left on device
[INFO] [stdout]           collect2: error: ld returned 1 exit status
[INFO] [stdout]           
[INFO] [stdout] 
[INFO] [stdout] 
[INFO] [stderr] error: could not compile `tokio-macros` (lib)
[INFO] [stderr] 
[INFO] [stderr] Caused by:
[INFO] [stderr]   No space left on device (os error 28)
[INFO] [stderr] 
[INFO] [stderr] Caused by:
[INFO] [stderr]   failed to parse process output: `/opt/rustwide/rustup-home/toolchains/beta-2025-02-18-x86_64-unknown-linux-gnu/bin/rustc --crate-name tokio_macros --edition=2021 /opt/rustwide/cargo-home/registry/src/index.crates.io-1949cf8c6b5b557f/tokio-macros-2.2.0/src/lib.rs --error-format=json --json=diagnostic-rendered-ansi,artifacts,future-incompat --crate-type proc-macro --emit=dep-info,link -C prefer-dynamic -C embed-bitcode=no --check-cfg 'cfg(docsrs,test)' --check-cfg 'cfg(feature, values())' -C metadata=eb92a39b833a7a93 -C extra-filename=-8ee174bec1a39505 --out-dir /opt/rustwide/target/debug/deps -L dependency=/opt/rustwide/target/debug/deps --extern proc_macro2=/opt/rustwide/target/debug/deps/libproc_macro2-365b6257d27f03a5.rlib --extern quote=/opt/rustwide/target/debug/deps/libquote-4a519638f70a9154.rlib --extern syn=/opt/rustwide/target/debug/deps/libsyn-5001149322008d11.rlib --extern proc_macro --cap-lints allow --cap-lints=warn` (exit status: 101)
[INFO] [stderr] error: could not compile `openssl-macros` (lib) due to 1 previous error
[INFO] [stderr] rustc-LLVM ERROR: IO failure on output stream: No space left on device
[INFO] [stderr] error: could not compile `async-trait` (lib)
[INFO] [stderr] 
[INFO] [stderr] Caused by:
[INFO] [stderr]   No space left on device (os error 28)
[INFO] [stderr] 
[INFO] [stderr] Caused by:
[INFO] [stderr]   failed to parse process output: `/opt/rustwide/rustup-home/toolchains/beta-2025-02-18-x86_64-unknown-linux-gnu/bin/rustc --crate-name async_trait --edition=2021 /opt/rustwide/cargo-home/registry/src/index.crates.io-1949cf8c6b5b557f/async-trait-0.1.74/src/lib.rs --error-format=json --json=diagnostic-rendered-ansi,artifacts,future-incompat --crate-type proc-macro --emit=dep-info,link -C prefer-dynamic -C embed-bitcode=no --check-cfg 'cfg(docsrs,test)' --check-cfg 'cfg(feature, values())' -C metadata=681358919b631c8a -C extra-filename=-d9e65bd0a5d605f3 --out-dir /opt/rustwide/target/debug/deps -L dependency=/opt/rustwide/target/debug/deps --extern proc_macro2=/opt/rustwide/target/debug/deps/libproc_macro2-365b6257d27f03a5.rlib --extern quote=/opt/rustwide/target/debug/deps/libquote-4a519638f70a9154.rlib --extern syn=/opt/rustwide/target/debug/deps/libsyn-5001149322008d11.rlib --extern proc_macro --cap-lints allow --cap-lints=warn --cfg native_async_fn_in_trait` (exit status: 101)
[INFO] [stderr] rustc-LLVM ERROR: IO failure on output stream: No space left on device
[INFO] [stdout] error: linking with `cc` failed: exit status: 1
[INFO] [stdout]   |
[INFO] [stdout]   = note:  "cc" "-m64" "/tmp/rustcJidKE5/symbols.o" "<5 object files omitted>" "-Wl,--as-needed" "-Wl,-Bstatic" "/opt/rustwide/target/debug/deps/{libzip-c21790596a5fb986.rlib,libflate2-884d694bbd460cc6.rlib,libminiz_oxide-6c3ed04ca17602ef.rlib,libadler-0b108a87093d2a18.rlib,libbyteorder-f3fbef3b7cd67325.rlib,libcrc32fast-f72176f3b0b2b59e.rlib,libcfg_if-8e26ab39f75c3a93.rlib,libregex-7585d232b621d28b.rlib,libregex_automata-90f019f72373f049.rlib,libaho_corasick-42ebc9ec23b168b8.rlib,libmemchr-8212f944f3c14da7.rlib,libregex_syntax-e1217a92b2b4fc5c.rlib}.rlib" "<sysroot>/lib/rustlib/x86_64-unknown-linux-gnu/lib/{libstd-*,libpanic_unwind-*,libobject-*,libmemchr-*,libaddr2line-*,libgimli-*,librustc_demangle-*,libstd_detect-*,libhashbrown-*,librustc_std_workspace_alloc-*,libminiz_oxide-*,libadler2-*,libunwind-*,libcfg_if-*,liblibc-*,liballoc-*,librustc_std_workspace_core-*,libcore-*,libcompiler_builtins-*}.rlib" "-Wl,-Bdynamic" "-lgcc_s" "-lutil" "-lrt" "-lpthread" "-lm" "-ldl" "-lc" "-Wl,--eh-frame-hdr" "-Wl,-z,noexecstack" "-L" "<sysroot>/lib/rustlib/x86_64-unknown-linux-gnu/lib" "-o" "/opt/rustwide/target/debug/build/utoipa-swagger-ui-c12340ad9fce1b70/build_script_build-c12340ad9fce1b70" "-Wl,--gc-sections" "-pie" "-Wl,-z,relro,-z,now" "-nodefaultlibs"
[INFO] [stdout]   = note: some arguments are omitted. use `--verbose` to show all linker arguments
[INFO] [stdout]   = note: /usr/bin/ld: final link failed: No space left on device
[INFO] [stdout]           collect2: error: ld returned 1 exit status
[INFO] [stdout]           
[INFO] [stdout] 
[INFO] [stdout] 
[INFO] [stderr] error: could not compile `utoipa-swagger-ui` (build script) due to 1 previous error
[INFO] [stderr] error: could not compile `pin-project-internal` (lib)
[INFO] [stderr] 
[INFO] [stderr] Caused by:
[INFO] [stderr]   No space left on device (os error 28)
[INFO] [stderr] 
[INFO] [stderr] Caused by:
[INFO] [stderr]   failed to parse process output: `/opt/rustwide/rustup-home/toolchains/beta-2025-02-18-x86_64-unknown-linux-gnu/bin/rustc --crate-name pin_project_internal --edition=2021 /opt/rustwide/cargo-home/registry/src/index.crates.io-1949cf8c6b5b557f/pin-project-internal-1.1.3/src/lib.rs --error-format=json --json=diagnostic-rendered-ansi,artifacts,future-incompat --crate-type proc-macro --emit=dep-info,link -C prefer-dynamic -C embed-bitcode=no --check-cfg 'cfg(docsrs,test)' --check-cfg 'cfg(feature, values())' -C metadata=e0d70f228cb63590 -C extra-filename=-950363f61fe8d6a4 --out-dir /opt/rustwide/target/debug/deps -L dependency=/opt/rustwide/target/debug/deps --extern proc_macro2=/opt/rustwide/target/debug/deps/libproc_macro2-365b6257d27f03a5.rlib --extern quote=/opt/rustwide/target/debug/deps/libquote-4a519638f70a9154.rlib --extern syn=/opt/rustwide/target/debug/deps/libsyn-5001149322008d11.rlib --extern proc_macro --cap-lints allow --cap-lints=warn` (exit status: 101)
[INFO] [stdout] error: failed to write to `/opt/rustwide/target/debug/deps/rmeta1BvX3e/lib.rmeta`: No space left on device (os error 28)
[INFO] [stdout] 
[INFO] [stdout] 
[INFO] [stdout] error: linking with `cc` failed: exit status: 1
[INFO] [stdout]   |
[INFO] [stdout]   = note:  "cc" "-Wl,--version-script=/tmp/rustcP0F4r9/list" "-Wl,--no-undefined-version" "-m64" "/tmp/rustcP0F4r9/symbols.o" "<3 object files omitted>" "/opt/rustwide/target/debug/deps/rust_embed_impl-1ccf928a822dce84.46srf0e4ebs01ioe2a4esxby0.rcgu.rmeta" "<1 object files omitted>" "-Wl,--as-needed" "-Wl,-Bstatic" "/opt/rustwide/target/debug/deps/{libshellexpand-93ddbf1b603250ec.rlib,libdirs-08df0393f6783e4b.rlib,libdirs_sys-d5b99980def868fe.rlib,liblibc-a5d64eb11b116ae9.rlib,libsyn-5001149322008d11.rlib,librust_embed_utils-ef998190162bd2da.rlib,libwalkdir-cbb11eef026edff1.rlib,libsame_file-59a3f591716b68e6.rlib,libsha2-ea5d31365c7f230f.rlib,libcpufeatures-88e1740e0b815156.rlib,libcfg_if-8e26ab39f75c3a93.rlib,libdigest-79c4eb27df7e10d7.rlib,libsubtle-027e66f7c0087245.rlib,libblock_buffer-a7cf66138e12ca1e.rlib,libcrypto_common-cb5fe46caf5abd57.rlib,libgeneric_array-2401d7b8ba482f00.rlib,libtypenum-957d6942cc57461b.rlib,libquote-4a519638f70a9154.rlib,libproc_macro2-365b6257d27f03a5.rlib,libunicode_ident-772f13ecc3fc189a.rlib}.rlib" "<sysroot>/lib/rustlib/x86_64-unknown-linux-gnu/lib/{libproc_macro-*,libstd-*,libpanic_unwind-*,libobject-*,libmemchr-*,libaddr2line-*,libgimli-*,librustc_demangle-*,libstd_detect-*,libhashbrown-*,librustc_std_workspace_alloc-*,libminiz_oxide-*,libadler2-*,libunwind-*,libcfg_if-*,liblibc-*,liballoc-*,librustc_std_workspace_core-*,libcore-*,libcompiler_builtins-*}.rlib" "-Wl,-Bdynamic" "-lgcc_s" "-lutil" "-lrt" "-lpthread" "-lm" "-ldl" "-lc" "-Wl,--eh-frame-hdr" "-Wl,-z,noexecstack" "-L" "<sysroot>/lib/rustlib/x86_64-unknown-linux-gnu/lib" "-o" "/opt/rustwide/target/debug/deps/librust_embed_impl-1ccf928a822dce84.so" "-Wl,--gc-sections" "-shared" "-Wl,-z,relro,-z,now" "-nodefaultlibs"
[INFO] [stdout]   = note: some arguments are omitted. use `--verbose` to show all linker arguments
[INFO] [stdout]   = note: /usr/bin/ld: final link failed: No space left on device
[INFO] [stdout]           collect2: error: ld returned 1 exit status
[INFO] [stdout]           
[INFO] [stdout] 
[INFO] [stdout] 
[INFO] [stderr] error: could not compile `rust-embed-impl` (lib) due to 1 previous error
[INFO] [stderr] error: could not compile `encoding_rs` (lib) due to 1 previous error
[INFO] [stdout] error: error writing metadata object file: No space left on device (os error 28)
[INFO] [stdout] 
[INFO] [stdout] 
[INFO] [stderr] error: could not compile `tracing-attributes` (lib) due to 1 previous error
[INFO] [stdout] error: failed to write to `/opt/rustwide/target/debug/deps/rmeta3fJvc0/lib.rmeta`: No space left on device (os error 28)
[INFO] [stdout] 
[INFO] [stdout] 
[INFO] [stderr] error: could not compile `tokio` (lib) due to 1 previous error
[INFO] [stdout] error: failed to write to `/opt/rustwide/target/debug/deps/rmetaXfVFfg/lib.rmeta`: No space left on device (os error 28)
[INFO] [stdout] 
[INFO] [stdout] 
[INFO] [stderr] error: could not compile `regex-automata` (lib) due to 1 previous error
[INFO] [stdout] error: failed to write to `/opt/rustwide/target/debug/deps/rmetahmEROT/lib.rmeta`: No space left on device (os error 28)
[INFO] [stdout] 
[INFO] [stdout] 
[INFO] [stderr] error: could not compile `rustls` (lib) due to 1 previous error
[INFO] [stdout] error: couldn't create a temp dir: No space left on device (os error 28) at path "/opt/rustwide/target/debug/deps/rmetalD1i2a"
[INFO] [stdout] 
[INFO] [stdout] 
[INFO] [stderr] error: could not compile `serde_derive` (lib) due to 1 previous error
[INFO] running `Command { std: "docker" "inspect" "acff095ca52ac871c99351df7284b201341cd94179aada1c98e6dfe9c948c283", kill_on_drop: false }`
[INFO] running `Command { std: "docker" "rm" "-f" "acff095ca52ac871c99351df7284b201341cd94179aada1c98e6dfe9c948c283", kill_on_drop: false }`
[INFO] [stdout] acff095ca52ac871c99351df7284b201341cd94179aada1c98e6dfe9c948c283
