[INFO] cloning repository https://github.com/dora-rs/dora-ros2-bridge
[INFO] running `Command { std: "git" "-c" "credential.helper=" "-c" "credential.helper=/workspace/cargo-home/bin/git-credential-null" "clone" "--bare" "https://github.com/dora-rs/dora-ros2-bridge" "/workspace/cache/git-repos/https%3A%2F%2Fgithub.com%2Fdora-rs%2Fdora-ros2-bridge", kill_on_drop: false }`
[INFO] [stderr] Cloning into bare repository '/workspace/cache/git-repos/https%3A%2F%2Fgithub.com%2Fdora-rs%2Fdora-ros2-bridge'...
[INFO] running `Command { std: "git" "rev-parse" "HEAD", kill_on_drop: false }`
[INFO] [stdout] b1952ebf10996533060403e0706a84f02b772cc6
[INFO] documenting dora-rs/dora-ros2-bridge against beta-2025-02-18 for beta-1.86-rustdoc-1
[INFO] running `Command { std: "git" "clone" "/workspace/cache/git-repos/https%3A%2F%2Fgithub.com%2Fdora-rs%2Fdora-ros2-bridge" "/workspace/builds/worker-7-tc2/source", kill_on_drop: false }`
[INFO] [stderr] Cloning into '/workspace/builds/worker-7-tc2/source'...
[INFO] [stderr] done.
[INFO] validating manifest of git repo https://github.com/dora-rs/dora-ros2-bridge on toolchain beta-2025-02-18
[INFO] running `Command { std: CARGO_HOME="/workspace/cargo-home" RUSTUP_HOME="/workspace/rustup-home" "/workspace/cargo-home/bin/cargo" "+beta-2025-02-18" "metadata" "--manifest-path" "Cargo.toml" "--no-deps", kill_on_drop: false }`
[INFO] started tweaking git repo https://github.com/dora-rs/dora-ros2-bridge
[INFO] removed 0 missing examples
[INFO] finished tweaking git repo https://github.com/dora-rs/dora-ros2-bridge
[INFO] tweaked toml for git repo https://github.com/dora-rs/dora-ros2-bridge written to /workspace/builds/worker-7-tc2/source/Cargo.toml
[INFO] crate git repo https://github.com/dora-rs/dora-ros2-bridge already has a lockfile, it will not be regenerated
[INFO] running `Command { std: CARGO_HOME="/workspace/cargo-home" RUSTUP_HOME="/workspace/rustup-home" "/workspace/cargo-home/bin/cargo" "+beta-2025-02-18" "fetch" "--manifest-path" "Cargo.toml", kill_on_drop: false }`
[INFO] running `Command { std: "docker" "create" "-v" "/var/lib/crater-agent-workspace/builds/worker-7-tc2/target:/opt/rustwide/target:rw,Z" "-v" "/var/lib/crater-agent-workspace/builds/worker-7-tc2/source:/opt/rustwide/workdir:ro,Z" "-v" "/var/lib/crater-agent-workspace/cargo-home:/opt/rustwide/cargo-home:ro,Z" "-v" "/var/lib/crater-agent-workspace/rustup-home:/opt/rustwide/rustup-home:ro,Z" "-e" "SOURCE_DIR=/opt/rustwide/workdir" "-e" "CARGO_TARGET_DIR=/opt/rustwide/target" "-e" "CARGO_HOME=/opt/rustwide/cargo-home" "-e" "RUSTUP_HOME=/opt/rustwide/rustup-home" "-w" "/opt/rustwide/workdir" "-m" "1610612736" "--user" "0:0" "--network" "none" "ghcr.io/rust-lang/crates-build-env/linux@sha256:3959728d45483eb673ba100a951a6b9f5012970368db2a9e08e0ac9b67c8a5ad" "/opt/rustwide/cargo-home/bin/cargo" "+beta-2025-02-18" "metadata" "--no-deps" "--format-version=1", kill_on_drop: false }`
[INFO] [stdout] 86b7913f6a6353e81a838a6dc8b81a101abe129eca513eddccb10a3cbaf19234
[INFO] running `Command { std: "docker" "start" "-a" "86b7913f6a6353e81a838a6dc8b81a101abe129eca513eddccb10a3cbaf19234", kill_on_drop: false }`
[INFO] running `Command { std: "docker" "inspect" "86b7913f6a6353e81a838a6dc8b81a101abe129eca513eddccb10a3cbaf19234", kill_on_drop: false }`
[INFO] running `Command { std: "docker" "rm" "-f" "86b7913f6a6353e81a838a6dc8b81a101abe129eca513eddccb10a3cbaf19234", kill_on_drop: false }`
[INFO] [stdout] 86b7913f6a6353e81a838a6dc8b81a101abe129eca513eddccb10a3cbaf19234
[INFO] running `Command { std: "docker" "create" "-v" "/var/lib/crater-agent-workspace/builds/worker-7-tc2/target:/opt/rustwide/target:rw,Z" "-v" "/var/lib/crater-agent-workspace/builds/worker-7-tc2/source:/opt/rustwide/workdir:ro,Z" "-v" "/var/lib/crater-agent-workspace/cargo-home:/opt/rustwide/cargo-home:ro,Z" "-v" "/var/lib/crater-agent-workspace/rustup-home:/opt/rustwide/rustup-home:ro,Z" "-e" "SOURCE_DIR=/opt/rustwide/workdir" "-e" "CARGO_TARGET_DIR=/opt/rustwide/target" "-e" "CARGO_INCREMENTAL=0" "-e" "RUST_BACKTRACE=full" "-e" "RUSTFLAGS=--cap-lints=warn" "-e" "RUSTDOCFLAGS=--cap-lints=warn" "-e" "CARGO_HOME=/opt/rustwide/cargo-home" "-e" "RUSTUP_HOME=/opt/rustwide/rustup-home" "-w" "/opt/rustwide/workdir" "-m" "1610612736" "--user" "0:0" "--network" "none" "ghcr.io/rust-lang/crates-build-env/linux@sha256:3959728d45483eb673ba100a951a6b9f5012970368db2a9e08e0ac9b67c8a5ad" "/opt/rustwide/cargo-home/bin/cargo" "+beta-2025-02-18" "doc" "--frozen" "--no-deps" "--document-private-items" "--message-format=json", kill_on_drop: false }`
[INFO] [stdout] bc0116e49097460d2be6084a6e3b543cede4056df5cb8911c467f69a8ccd9119
[INFO] running `Command { std: "docker" "start" "-a" "bc0116e49097460d2be6084a6e3b543cede4056df5cb8911c467f69a8ccd9119", kill_on_drop: false }`
[INFO] [stderr]    Compiling proc-macro2 v1.0.66
[INFO] [stderr]    Compiling unicode-ident v1.0.11
[INFO] [stderr]    Compiling libc v0.2.147
[INFO] [stderr]    Compiling autocfg v1.1.0
[INFO] [stderr]    Compiling memchr v2.5.0
[INFO] [stderr]     Checking cfg-if v1.0.0
[INFO] [stderr]    Compiling serde v1.0.180
[INFO] [stderr]    Compiling syn v1.0.109
[INFO] [stderr]    Compiling serde_derive v1.0.180
[INFO] [stderr]    Compiling futures-core v0.3.28
[INFO] [stderr]     Checking log v0.4.19
[INFO] [stderr]    Compiling thiserror v1.0.44
[INFO] [stderr]    Compiling futures-task v0.3.28
[INFO] [stderr]    Compiling futures-channel v0.3.28
[INFO] [stderr]     Checking pin-project-lite v0.2.10
[INFO] [stderr]    Compiling io-lifetimes v2.0.2
[INFO] [stderr]     Checking futures-sink v0.3.28
[INFO] [stderr]    Compiling futures-util v0.3.28
[INFO] [stderr]     Checking pin-utils v0.1.0
[INFO] [stderr]    Compiling io-extras v0.18.0
[INFO] [stderr]     Checking ppv-lite86 v0.2.17
[INFO] [stderr]     Checking cfg-if v0.1.10
[INFO] [stderr]     Checking once_cell v1.18.0
[INFO] [stderr]     Checking futures-io v0.3.28
[INFO] [stderr]    Compiling rustix v0.38.4
[INFO] [stderr]     Checking bitflags v2.3.3
[INFO] [stderr]    Compiling socketpair v0.19.3
[INFO] [stderr]    Compiling anyhow v1.0.72
[INFO] [stderr]    Compiling regex-syntax v0.7.4
[INFO] [stderr]     Checking linux-raw-sys v0.4.5
[INFO] [stderr]     Checking lazy_static v1.4.0
[INFO] [stderr]    Compiling paste v1.0.14
[INFO] [stderr]     Checking tracing-core v0.1.31
[INFO] [stderr]    Compiling unicode-segmentation v1.10.1
[INFO] [stderr]    Compiling slab v0.4.8
[INFO] [stderr]    Compiling num-traits v0.2.16
[INFO] [stderr]    Compiling memoffset v0.8.0
[INFO] [stderr]    Compiling aho-corasick v1.0.2
[INFO] [stderr]    Compiling dora-ros2-bridge-msg-gen v0.1.0 (/opt/rustwide/workdir/msg-gen)
[INFO] [stderr]     Checking iana-time-zone v0.1.57
[INFO] [stderr]     Checking lazycell v1.3.0
[INFO] [stderr]    Compiling minimal-lexical v0.2.1
[INFO] [stderr]     Checking getrandom v0.2.10
[INFO] [stderr]     Checking iovec v0.1.4
[INFO] [stderr]     Checking rand_core v0.6.4
[INFO] [stderr]     Checking net2 v0.2.39
[INFO] [stderr]     Checking time v0.1.45
[INFO] [stderr]    Compiling quote v1.0.32
[INFO] [stderr]     Checking rand_chacha v0.3.1
[INFO] [stderr] warning: dora-ros2-bridge-msg-gen@0.1.0: 'AMENT_PREFIX_PATH not set'
[INFO] [stderr]     Checking socket2 v0.5.3
[INFO] [stderr]     Checking mio v0.8.8
[INFO] [stderr]     Checking if-addrs v0.10.1
[INFO] [stderr]    Compiling nom v7.1.3
[INFO] [stderr]     Checking mio v0.6.23
[INFO] [stderr]    Compiling heck v0.3.3
[INFO] [stderr]    Compiling syn v2.0.28
[INFO] [stderr]     Checking rand v0.8.5
[INFO] [stderr]     Checking byteorder v1.4.3
[INFO] [stderr]     Checking md5 v0.7.0
[INFO] [stderr]    Compiling dora-ros2-bridge-msg-gen-macro v0.1.0 (/opt/rustwide/workdir/msg-gen-macro)
[INFO] [stderr]     Checking overload v0.1.1
[INFO] [stderr]     Checking static_assertions v1.1.0
[INFO] [stderr]     Checking bit-vec v0.6.3
[INFO] [stderr]     Checking nu-ansi-term v0.46.0
[INFO] [stderr]     Checking tracing-log v0.1.3
[INFO] [stderr]     Checking sharded-slab v0.1.4
[INFO] [stderr]     Checking thread_local v1.1.7
[INFO] [stderr]     Checking smallvec v1.11.0
[INFO] [stderr]     Checking widestring v1.0.2
[INFO] [stderr]     Checking array-init v2.1.0
[INFO] [stderr] warning: dora-ros2-bridge-msg-gen-macro@0.1.0: 'AMENT_PREFIX_PATH not set'
[INFO] [stderr]     Checking mio-extras v2.0.6
[INFO] [stderr]     Checking tracing-subscriber v0.3.17
[INFO] [stderr]    Compiling regex-automata v0.3.4
[INFO] [stderr]    Compiling cdr-encoding-size-derive v0.5.0
[INFO] [stderr]    Compiling num-derive v0.3.3
[INFO] [stderr]     Checking bytes v1.4.0
[INFO] [stderr]     Checking chrono v0.4.26
[INFO] [stderr]     Checking serde-big-array v0.5.1
[INFO] [stderr]     Checking cdr-encoding-size v0.5.0
[INFO] [stderr]    Compiling thiserror-impl v1.0.44
[INFO] [stderr]    Compiling futures-macro v0.3.28
[INFO] [stderr]    Compiling enumflags2_derive v0.7.7
[INFO] [stderr]    Compiling speedy-derive v0.8.6
[INFO] [stderr]    Compiling uuid-macro-internal v1.4.1
[INFO] [stderr]    Compiling serde_repr v0.1.16
[INFO] [stderr]    Compiling tracing-attributes v0.1.26
[INFO] [stderr]    Compiling regex v1.9.1
[INFO] [stderr]     Checking uuid v1.4.1
[INFO] [stdout] error: couldn't create a temp dir: No space left on device (os error 28) at path "/tmp/rustcsLKf6J"
[INFO] [stdout] 
[INFO] [stdout] 
[INFO] [stdout] error: linking with `cc` failed: exit status: 1
[INFO] [stdout]   |
[INFO] [stdout]   = note:  "cc" "-Wl,--version-script=/tmp/rustcr0AH7L/list" "-Wl,--no-undefined-version" "-m64" "/tmp/rustcr0AH7L/symbols.o" "<2 object files omitted>" "/opt/rustwide/target/debug/deps/serde_repr-0354b5dc34cbb5bb.22k0ys19efyg4ww66hfb4dkrx.rcgu.rmeta" "<1 object files omitted>" "-Wl,--as-needed" "-Wl,-Bstatic" "/opt/rustwide/target/debug/deps/{libsyn-7fbb1530f1ba161f.rlib,libquote-d18ea8daafd9fb0a.rlib,libproc_macro2-5f5b5cbee662a1d5.rlib,libunicode_ident-88a20ab10d75ac1b.rlib}.rlib" "<sysroot>/lib/rustlib/x86_64-unknown-linux-gnu/lib/{libproc_macro-*,libstd-*,libpanic_unwind-*,libobject-*,libmemchr-*,libaddr2line-*,libgimli-*,librustc_demangle-*,libstd_detect-*,libhashbrown-*,librustc_std_workspace_alloc-*,libminiz_oxide-*,libadler2-*,libunwind-*,libcfg_if-*,liblibc-*,liballoc-*,librustc_std_workspace_core-*,libcore-*,libcompiler_builtins-*}.rlib" "-Wl,-Bdynamic" "-lgcc_s" "-lutil" "-lrt" "-lpthread" "-lm" "-ldl" "-lc" "-Wl,--eh-frame-hdr" "-Wl,-z,noexecstack" "-L" "<sysroot>/lib/rustlib/x86_64-unknown-linux-gnu/lib" "-o" "/opt/rustwide/target/debug/deps/libserde_repr-0354b5dc34cbb5bb.so" "-Wl,--gc-sections" "-shared" "-Wl,-z,relro,-z,now" "-nodefaultlibs"
[INFO] [stdout]   = note: some arguments are omitted. use `--verbose` to show all linker arguments
[INFO] [stdout]   = note: /usr/bin/ld: final link failed: No space left on device
[INFO] [stdout]           collect2: error: ld returned 1 exit status
[INFO] [stdout]           
[INFO] [stdout] 
[INFO] [stdout] 
[INFO] [stderr] error: could not compile `serde_repr` (lib) due to 1 previous error
[INFO] [stderr] warning: build failed, waiting for other jobs to finish...
[INFO] [stderr] error: could not compile `enumflags2_derive` (lib) due to 1 previous error
[INFO] [stdout] error: linking with `cc` failed: exit status: 1
[INFO] [stdout]   |
[INFO] [stdout]   = note:  "cc" "-Wl,--version-script=/tmp/rustcyfdPDa/list" "-Wl,--no-undefined-version" "-m64" "/tmp/rustcyfdPDa/symbols.o" "<6 object files omitted>" "/opt/rustwide/target/debug/deps/futures_macro-a7b0e84a7be8afa5.92xgyp2z848em23q2523nym26.rcgu.rmeta" "<1 object files omitted>" "-Wl,--as-needed" "-Wl,-Bstatic" "/opt/rustwide/target/debug/deps/{libsyn-7fbb1530f1ba161f.rlib,libquote-d18ea8daafd9fb0a.rlib,libproc_macro2-5f5b5cbee662a1d5.rlib,libunicode_ident-88a20ab10d75ac1b.rlib}.rlib" "<sysroot>/lib/rustlib/x86_64-unknown-linux-gnu/lib/{libproc_macro-*,libstd-*,libpanic_unwind-*,libobject-*,libmemchr-*,libaddr2line-*,libgimli-*,librustc_demangle-*,libstd_detect-*,libhashbrown-*,librustc_std_workspace_alloc-*,libminiz_oxide-*,libadler2-*,libunwind-*,libcfg_if-*,liblibc-*,liballoc-*,librustc_std_workspace_core-*,libcore-*,libcompiler_builtins-*}.rlib" "-Wl,-Bdynamic" "-lgcc_s" "-lutil" "-lrt" "-lpthread" "-lm" "-ldl" "-lc" "-Wl,--eh-frame-hdr" "-Wl,-z,noexecstack" "-L" "<sysroot>/lib/rustlib/x86_64-unknown-linux-gnu/lib" "-o" "/opt/rustwide/target/debug/deps/libfutures_macro-a7b0e84a7be8afa5.so" "-Wl,--gc-sections" "-shared" "-Wl,-z,relro,-z,now" "-nodefaultlibs"
[INFO] [stdout]   = note: some arguments are omitted. use `--verbose` to show all linker arguments
[INFO] [stdout]   = note: /usr/bin/ld: final link failed: No space left on device
[INFO] [stdout]           collect2: error: ld returned 1 exit status
[INFO] [stdout]           
[INFO] [stdout] 
[INFO] [stdout] 
[INFO] [stderr] error: could not compile `futures-macro` (lib) due to 1 previous error
[INFO] [stderr] rustc-LLVM ERROR: IO failure on output stream: No space left on device
[INFO] [stderr] error: could not compile `regex` (lib)
[INFO] [stderr] 
[INFO] [stderr] Caused by:
[INFO] [stderr]   No space left on device (os error 28)
[INFO] [stderr] 
[INFO] [stderr] Caused by:
[INFO] [stderr]   failed to parse process output: `/opt/rustwide/rustup-home/toolchains/beta-2025-02-18-x86_64-unknown-linux-gnu/bin/rustc --crate-name regex --edition=2021 /opt/rustwide/cargo-home/registry/src/index.crates.io-1949cf8c6b5b557f/regex-1.9.1/src/lib.rs --error-format=json --json=diagnostic-rendered-ansi,artifacts,future-incompat --crate-type lib --emit=dep-info,metadata,link -C embed-bitcode=no --cfg 'feature="default"' --cfg 'feature="perf"' --cfg 'feature="perf-backtrack"' --cfg 'feature="perf-cache"' --cfg 'feature="perf-dfa"' --cfg 'feature="perf-inline"' --cfg 'feature="perf-literal"' --cfg 'feature="perf-onepass"' --cfg 'feature="std"' --cfg 'feature="unicode"' --cfg 'feature="unicode-age"' --cfg 'feature="unicode-bool"' --cfg 'feature="unicode-case"' --cfg 'feature="unicode-gencat"' --cfg 'feature="unicode-perl"' --cfg 'feature="unicode-script"' --cfg 'feature="unicode-segment"' --check-cfg 'cfg(docsrs,test)' --check-cfg 'cfg(feature, values("default", "logging", "pattern", "perf", "perf-backtrack", "perf-cache", "perf-dfa", "perf-dfa-full", "perf-inline", "perf-literal", "perf-onepass", "std", "unicode", "unicode-age", "unicode-bool", "unicode-case", "unicode-gencat", "unicode-perl", "unicode-script", "unicode-segment", "unstable", "use_std"))' -C metadata=ee3ade1284faaf20 -C extra-filename=-862c036970365fe7 --out-dir /opt/rustwide/target/debug/deps -L dependency=/opt/rustwide/target/debug/deps --extern aho_corasick=/opt/rustwide/target/debug/deps/libaho_corasick-da8f6e0282615ac6.rmeta --extern memchr=/opt/rustwide/target/debug/deps/libmemchr-70f28b7ef83d0974.rmeta --extern regex_automata=/opt/rustwide/target/debug/deps/libregex_automata-2998eaccde44b3cd.rmeta --extern regex_syntax=/opt/rustwide/target/debug/deps/libregex_syntax-a54b53ffb04cca5b.rmeta --cap-lints allow --cap-lints=warn` (exit status: 101)
[INFO] [stderr] rustc-LLVM ERROR: IO failure on output stream: No space left on device
[INFO] [stderr] rustc-LLVM ERROR: IO failure on output stream: No space left on device
[INFO] [stderr] error: could not compile `thiserror-impl` (lib)
[INFO] [stderr] 
[INFO] [stderr] Caused by:
[INFO] [stderr]   No space left on device (os error 28)
[INFO] [stderr] 
[INFO] [stderr] Caused by:
[INFO] [stderr]   failed to parse process output: `/opt/rustwide/rustup-home/toolchains/beta-2025-02-18-x86_64-unknown-linux-gnu/bin/rustc --crate-name thiserror_impl --edition=2021 /opt/rustwide/cargo-home/registry/src/index.crates.io-1949cf8c6b5b557f/thiserror-impl-1.0.44/src/lib.rs --error-format=json --json=diagnostic-rendered-ansi,artifacts,future-incompat --crate-type proc-macro --emit=dep-info,link -C prefer-dynamic -C embed-bitcode=no --check-cfg 'cfg(docsrs,test)' --check-cfg 'cfg(feature, values())' -C metadata=09924a1b301a002e -C extra-filename=-dbc8ad6c9e1996d3 --out-dir /opt/rustwide/target/debug/deps -L dependency=/opt/rustwide/target/debug/deps --extern proc_macro2=/opt/rustwide/target/debug/deps/libproc_macro2-5f5b5cbee662a1d5.rlib --extern quote=/opt/rustwide/target/debug/deps/libquote-d18ea8daafd9fb0a.rlib --extern syn=/opt/rustwide/target/debug/deps/libsyn-7fbb1530f1ba161f.rlib --extern proc_macro --cap-lints allow --cap-lints=warn` (exit status: 101)
[INFO] [stderr] error: could not compile `tracing-attributes` (lib)
[INFO] [stderr] 
[INFO] [stderr] Caused by:
[INFO] [stderr]   No space left on device (os error 28)
[INFO] [stderr] 
[INFO] [stderr] Caused by:
[INFO] [stderr]   failed to parse process output: `/opt/rustwide/rustup-home/toolchains/beta-2025-02-18-x86_64-unknown-linux-gnu/bin/rustc --crate-name tracing_attributes --edition=2018 /opt/rustwide/cargo-home/registry/src/index.crates.io-1949cf8c6b5b557f/tracing-attributes-0.1.26/src/lib.rs --error-format=json --json=diagnostic-rendered-ansi,artifacts,future-incompat --crate-type proc-macro --emit=dep-info,link -C prefer-dynamic -C embed-bitcode=no --check-cfg 'cfg(docsrs,test)' --check-cfg 'cfg(feature, values("async-await"))' -C metadata=e90bae5a0dec34b2 -C extra-filename=-88ce2d68925f87c0 --out-dir /opt/rustwide/target/debug/deps -L dependency=/opt/rustwide/target/debug/deps --extern proc_macro2=/opt/rustwide/target/debug/deps/libproc_macro2-5f5b5cbee662a1d5.rlib --extern quote=/opt/rustwide/target/debug/deps/libquote-d18ea8daafd9fb0a.rlib --extern syn=/opt/rustwide/target/debug/deps/libsyn-7fbb1530f1ba161f.rlib --extern proc_macro --cap-lints allow --cap-lints=warn` (exit status: 101)
[INFO] [stdout] error: linking with `cc` failed: exit status: 1
[INFO] [stdout]   |
[INFO] [stdout]   = note:  "cc" "-Wl,--version-script=/tmp/rustcyQOp5t/list" "-Wl,--no-undefined-version" "-m64" "/tmp/rustcyQOp5t/symbols.o" "<10 object files omitted>" "/opt/rustwide/target/debug/deps/speedy_derive-53205f3a93e7b90b.f3lg2omuia7n2uu1obka10shz.rcgu.rmeta" "<1 object files omitted>" "-Wl,--as-needed" "-Wl,-Bstatic" "/opt/rustwide/target/debug/deps/{libsyn-7fbb1530f1ba161f.rlib,libquote-d18ea8daafd9fb0a.rlib,libproc_macro2-5f5b5cbee662a1d5.rlib,libunicode_ident-88a20ab10d75ac1b.rlib}.rlib" "<sysroot>/lib/rustlib/x86_64-unknown-linux-gnu/lib/{libproc_macro-*,libstd-*,libpanic_unwind-*,libobject-*,libmemchr-*,libaddr2line-*,libgimli-*,librustc_demangle-*,libstd_detect-*,libhashbrown-*,librustc_std_workspace_alloc-*,libminiz_oxide-*,libadler2-*,libunwind-*,libcfg_if-*,liblibc-*,liballoc-*,librustc_std_workspace_core-*,libcore-*,libcompiler_builtins-*}.rlib" "-Wl,-Bdynamic" "-lgcc_s" "-lutil" "-lrt" "-lpthread" "-lm" "-ldl" "-lc" "-Wl,--eh-frame-hdr" "-Wl,-z,noexecstack" "-L" "<sysroot>/lib/rustlib/x86_64-unknown-linux-gnu/lib" "-o" "/opt/rustwide/target/debug/deps/libspeedy_derive-53205f3a93e7b90b.so" "-Wl,--gc-sections" "-shared" "-Wl,-z,relro,-z,now" "-nodefaultlibs"
[INFO] [stdout]   = note: some arguments are omitted. use `--verbose` to show all linker arguments
[INFO] [stdout]   = note: /usr/bin/ld: final link failed: No space left on device
[INFO] [stdout]           collect2: error: ld returned 1 exit status
[INFO] [stdout]           
[INFO] [stdout] 
[INFO] [stdout] 
[INFO] [stderr] error: could not compile `speedy-derive` (lib) due to 1 previous error
[INFO] running `Command { std: "docker" "inspect" "bc0116e49097460d2be6084a6e3b543cede4056df5cb8911c467f69a8ccd9119", kill_on_drop: false }`
[INFO] running `Command { std: "docker" "rm" "-f" "bc0116e49097460d2be6084a6e3b543cede4056df5cb8911c467f69a8ccd9119", kill_on_drop: false }`
[INFO] [stdout] bc0116e49097460d2be6084a6e3b543cede4056df5cb8911c467f69a8ccd9119
