[INFO] cloning repository https://github.com/dexie-space/options-preview-generator
[INFO] running `Command { std: "git" "-c" "credential.helper=" "-c" "credential.helper=/workspace/cargo-home/bin/git-credential-null" "clone" "--bare" "https://github.com/dexie-space/options-preview-generator" "/workspace/cache/git-repos/https%3A%2F%2Fgithub.com%2Fdexie-space%2Foptions-preview-generator", kill_on_drop: false }`
[INFO] [stderr] Cloning into bare repository '/workspace/cache/git-repos/https%3A%2F%2Fgithub.com%2Fdexie-space%2Foptions-preview-generator'...
[INFO] running `Command { std: "git" "rev-parse" "HEAD", kill_on_drop: false }`
[INFO] [stdout] b056b54af280e007428e1665807b63a217ede37f
[INFO] documenting dexie-space/options-preview-generator against beta-2025-02-18 for beta-1.86-rustdoc-1
[INFO] running `Command { std: "git" "clone" "/workspace/cache/git-repos/https%3A%2F%2Fgithub.com%2Fdexie-space%2Foptions-preview-generator" "/workspace/builds/worker-7-tc2/source", kill_on_drop: false }`
[INFO] [stderr] Cloning into '/workspace/builds/worker-7-tc2/source'...
[INFO] [stderr] done.
[INFO] validating manifest of git repo https://github.com/dexie-space/options-preview-generator on toolchain beta-2025-02-18
[INFO] running `Command { std: CARGO_HOME="/workspace/cargo-home" RUSTUP_HOME="/workspace/rustup-home" "/workspace/cargo-home/bin/cargo" "+beta-2025-02-18" "metadata" "--manifest-path" "Cargo.toml" "--no-deps", kill_on_drop: false }`
[INFO] started tweaking git repo https://github.com/dexie-space/options-preview-generator
[INFO] finished tweaking git repo https://github.com/dexie-space/options-preview-generator
[INFO] tweaked toml for git repo https://github.com/dexie-space/options-preview-generator written to /workspace/builds/worker-7-tc2/source/Cargo.toml
[INFO] crate git repo https://github.com/dexie-space/options-preview-generator already has a lockfile, it will not be regenerated
[INFO] running `Command { std: CARGO_HOME="/workspace/cargo-home" RUSTUP_HOME="/workspace/rustup-home" "/workspace/cargo-home/bin/cargo" "+beta-2025-02-18" "fetch" "--manifest-path" "Cargo.toml", kill_on_drop: false }`
[INFO] running `Command { std: "docker" "create" "-v" "/var/lib/crater-agent-workspace/builds/worker-7-tc2/target:/opt/rustwide/target:rw,Z" "-v" "/var/lib/crater-agent-workspace/builds/worker-7-tc2/source:/opt/rustwide/workdir:ro,Z" "-v" "/var/lib/crater-agent-workspace/cargo-home:/opt/rustwide/cargo-home:ro,Z" "-v" "/var/lib/crater-agent-workspace/rustup-home:/opt/rustwide/rustup-home:ro,Z" "-e" "SOURCE_DIR=/opt/rustwide/workdir" "-e" "CARGO_TARGET_DIR=/opt/rustwide/target" "-e" "CARGO_HOME=/opt/rustwide/cargo-home" "-e" "RUSTUP_HOME=/opt/rustwide/rustup-home" "-w" "/opt/rustwide/workdir" "-m" "1610612736" "--user" "0:0" "--network" "none" "ghcr.io/rust-lang/crates-build-env/linux@sha256:3959728d45483eb673ba100a951a6b9f5012970368db2a9e08e0ac9b67c8a5ad" "/opt/rustwide/cargo-home/bin/cargo" "+beta-2025-02-18" "metadata" "--no-deps" "--format-version=1", kill_on_drop: false }`
[INFO] [stdout] 2e915b346fe31a5298c76b48d5d30bef5ecb230c5dd10352894b388a8c9f8b5b
[INFO] running `Command { std: "docker" "start" "-a" "2e915b346fe31a5298c76b48d5d30bef5ecb230c5dd10352894b388a8c9f8b5b", kill_on_drop: false }`
[INFO] running `Command { std: "docker" "inspect" "2e915b346fe31a5298c76b48d5d30bef5ecb230c5dd10352894b388a8c9f8b5b", kill_on_drop: false }`
[INFO] running `Command { std: "docker" "rm" "-f" "2e915b346fe31a5298c76b48d5d30bef5ecb230c5dd10352894b388a8c9f8b5b", kill_on_drop: false }`
[INFO] [stdout] 2e915b346fe31a5298c76b48d5d30bef5ecb230c5dd10352894b388a8c9f8b5b
[INFO] running `Command { std: "docker" "create" "-v" "/var/lib/crater-agent-workspace/builds/worker-7-tc2/target:/opt/rustwide/target:rw,Z" "-v" "/var/lib/crater-agent-workspace/builds/worker-7-tc2/source:/opt/rustwide/workdir:ro,Z" "-v" "/var/lib/crater-agent-workspace/cargo-home:/opt/rustwide/cargo-home:ro,Z" "-v" "/var/lib/crater-agent-workspace/rustup-home:/opt/rustwide/rustup-home:ro,Z" "-e" "SOURCE_DIR=/opt/rustwide/workdir" "-e" "CARGO_TARGET_DIR=/opt/rustwide/target" "-e" "CARGO_INCREMENTAL=0" "-e" "RUST_BACKTRACE=full" "-e" "RUSTFLAGS=--cap-lints=warn" "-e" "RUSTDOCFLAGS=--cap-lints=warn" "-e" "CARGO_HOME=/opt/rustwide/cargo-home" "-e" "RUSTUP_HOME=/opt/rustwide/rustup-home" "-w" "/opt/rustwide/workdir" "-m" "1610612736" "--user" "0:0" "--network" "none" "ghcr.io/rust-lang/crates-build-env/linux@sha256:3959728d45483eb673ba100a951a6b9f5012970368db2a9e08e0ac9b67c8a5ad" "/opt/rustwide/cargo-home/bin/cargo" "+beta-2025-02-18" "doc" "--frozen" "--no-deps" "--document-private-items" "--message-format=json", kill_on_drop: false }`
[INFO] [stdout] 32bf803cf6788b3e9536210f67a6b95ab7a2b1c539bc053e49addf5dedec9e59
[INFO] running `Command { std: "docker" "start" "-a" "32bf803cf6788b3e9536210f67a6b95ab7a2b1c539bc053e49addf5dedec9e59", kill_on_drop: false }`
[INFO] [stderr]    Compiling proc-macro2 v1.0.92
[INFO] [stderr]    Compiling unicode-ident v1.0.14
[INFO] [stderr]    Compiling libc v0.2.168
[INFO] [stderr]     Checking cfg-if v1.0.0
[INFO] [stderr]    Compiling stable_deref_trait v1.2.0
[INFO] [stderr]    Compiling version_check v0.9.5
[INFO] [stderr]     Checking itoa v1.0.14
[INFO] [stderr]    Compiling autocfg v1.4.0
[INFO] [stderr]     Checking bytes v1.9.0
[INFO] [stderr]     Checking smallvec v1.13.2
[INFO] [stderr]    Compiling typenum v1.17.0
[INFO] [stderr]    Compiling writeable v0.5.5
[INFO] [stderr]    Compiling litemap v0.7.4
[INFO] [stderr]     Checking fnv v1.0.7
[INFO] [stderr]    Compiling shlex v1.3.0
[INFO] [stderr]    Compiling serde v1.0.216
[INFO] [stderr]    Compiling icu_locid_transform_data v1.5.0
[INFO] [stderr]    Compiling icu_properties_data v1.5.0
[INFO] [stderr]    Compiling cc v1.2.4
[INFO] [stderr]     Checking pin-project-lite v0.2.15
[INFO] [stderr]    Compiling write16 v1.0.0
[INFO] [stderr]    Compiling utf8_iter v1.0.4
[INFO] [stderr]    Compiling httparse v1.9.5
[INFO] [stderr]    Compiling utf16_iter v1.0.5
[INFO] [stderr]    Compiling parking_lot_core v0.9.10
[INFO] [stderr]     Checking log v0.4.22
[INFO] [stderr]    Compiling icu_normalizer_data v1.5.0
[INFO] [stderr]     Checking byteorder v1.5.0
[INFO] [stderr]    Compiling generic-array v0.14.7
[INFO] [stderr]     Checking futures-core v0.3.31
[INFO] [stderr]    Compiling spin v0.9.8
[INFO] [stderr]    Compiling rustls-pki-types v1.10.1
[INFO] [stderr]     Checking scopeguard v1.2.0
[INFO] [stderr]     Checking futures-sink v0.3.31
[INFO] [stderr]    Compiling serde_json v1.0.133
[INFO] [stderr]    Compiling lock_api v0.4.12
[INFO] [stderr]    Compiling slab v0.4.9
[INFO] [stderr]    Compiling untrusted v0.9.0
[INFO] [stderr]     Checking http v0.2.12
[INFO] [stderr]     Checking once_cell v1.20.2
[INFO] [stderr]     Checking memchr v2.7.4
[INFO] [stderr]     Checking cpufeatures v0.2.16
[INFO] [stderr]     Checking percent-encoding v2.3.1
[INFO] [stderr]    Compiling adler2 v2.0.0
[INFO] [stderr]    Compiling strsim v0.11.1
[INFO] [stderr]    Compiling ident_case v1.0.1
[INFO] [stderr]    Compiling thiserror v1.0.69
[INFO] [stderr]    Compiling getrandom v0.2.15
[INFO] [stderr]    Compiling rustls v0.23.20
[INFO] [stderr]    Compiling miniz_oxide v0.8.0
[INFO] [stderr]    Compiling form_urlencoded v1.2.1
[INFO] [stderr]    Compiling crc32fast v1.4.2
[INFO] [stderr]    Compiling subtle v2.6.1
[INFO] [stderr]     Checking futures-task v0.3.31
[INFO] [stderr]    Compiling zeroize v1.8.1
[INFO] [stderr]     Checking pin-utils v0.1.0
[INFO] [stderr]    Compiling webpki-roots v0.26.7
[INFO] [stderr]     Checking http v1.2.0
[INFO] [stderr]    Compiling auto_generate_cdp v0.4.4
[INFO] [stderr]    Compiling flate2 v1.0.35
[INFO] [stderr]     Checking utf-8 v0.7.6
[INFO] [stderr]    Compiling rustix v0.38.42
[INFO] [stderr]    Compiling base64 v0.22.1
[INFO] [stderr]     Checking futures-util v0.3.31
[INFO] [stderr]     Checking data-encoding v2.6.0
[INFO] [stderr]    Compiling ryu v1.0.18
[INFO] [stderr]    Compiling quote v1.0.37
[INFO] [stderr]     Checking socket2 v0.5.8
[INFO] [stderr]     Checking rand_core v0.6.4
[INFO] [stderr]     Checking parking_lot v0.12.3
[INFO] [stderr]     Checking signal-hook-registry v1.4.2
[INFO] [stderr]     Checking mio v1.0.3
[INFO] [stderr]    Compiling ring v0.17.8
[INFO] [stderr]    Compiling socks v0.3.4
[INFO] [stderr]     Checking tracing-core v0.1.33
[INFO] [stderr]     Checking linux-raw-sys v0.4.14
[INFO] [stderr]     Checking hashbrown v0.15.2
[INFO] [stderr]     Checking bitflags v2.6.0
[INFO] [stderr]     Checking equivalent v1.0.1
[INFO] [stderr]    Compiling syn v2.0.90
[INFO] [stderr]    Compiling unicase v2.8.0
[INFO] [stderr]     Checking mime v0.3.17
[INFO] [stderr]    Compiling convert_case v0.4.0
[INFO] [stderr]     Checking aho-corasick v1.1.3
[INFO] [stderr]    Compiling mime_guess v2.0.5
[INFO] [stderr]    Compiling multer v2.1.0
[INFO] [stderr]     Checking regex-syntax v0.8.5
[INFO] [stderr]     Checking try-lock v0.2.5
[INFO] [stderr]     Checking httpdate v1.0.3
[INFO] [stderr]    Compiling anyhow v1.0.94
[INFO] [stderr]     Checking want v0.3.1
[INFO] [stderr]     Checking http-body v0.4.6
[INFO] [stderr]     Checking headers-core v0.2.0
[INFO] [stderr]     Checking futures-channel v0.3.31
[INFO] [stderr]     Checking encoding_rs v0.8.35
[INFO] [stderr]     Checking fastrand v2.3.0
[INFO] [stderr]     Checking tracing v0.1.41
[INFO] [stderr]     Checking base64 v0.21.7
[INFO] [stderr]     Checking tower-service v0.3.3
[INFO] [stderr]     Checking home v0.5.11
[INFO] [stderr]     Checking either v1.13.0
[INFO] [stderr]     Checking scoped-tls v1.0.1
[INFO] [stderr]     Checking lazy_static v1.5.0
[INFO] [stderr]     Checking indexmap v2.7.0
[INFO] [stderr]     Checking crypto-common v0.1.6
[INFO] [stderr]     Checking block-buffer v0.10.4
[INFO] [stderr]     Checking digest v0.10.7
[INFO] [stderr]     Checking sha1 v0.10.6
[INFO] [stderr]     Checking headers v0.3.9
[INFO] [stderr]     Checking regex-automata v0.4.9
[INFO] [stderr]     Checking which v6.0.3
[INFO] [stderr]     Checking tempfile v3.14.0
[INFO] [stderr]    Compiling rustls-webpki v0.102.8
[INFO] [stderr]    Compiling synstructure v0.13.1
[INFO] [stderr]    Compiling darling_core v0.20.10
[INFO] [stderr]     Checking regex v1.11.1
[INFO] [stderr]    Compiling zerofrom-derive v0.1.5
[INFO] [stderr]    Compiling yoke-derive v0.7.5
[INFO] [stderr]    Compiling zerovec-derive v0.10.3
[INFO] [stderr]    Compiling displaydoc v0.2.5
[INFO] [stderr]    Compiling icu_provider_macros v1.5.0
[INFO] [stderr]    Compiling serde_derive v1.0.216
[INFO] [stderr]    Compiling zerocopy-derive v0.7.35
[INFO] [stderr]    Compiling thiserror-impl v1.0.69
[INFO] [stderr]    Compiling tokio-macros v2.4.0
[INFO] [stderr]    Compiling pin-project-internal v1.1.7
[INFO] [stdout] error: linking with `cc` failed: exit status: 1
[INFO] [stdout]   |
[INFO] [stdout]   = note:  "cc" "-Wl,--version-script=/tmp/rustc4lXjhX/list" "-Wl,--no-undefined-version" "-m64" "/tmp/rustc4lXjhX/symbols.o" "<8 object files omitted>" "/opt/rustwide/target/debug/deps/displaydoc-0b3ddd4922064dad.d592kxstud19bfql0ruqj9l63.rcgu.rmeta" "<1 object files omitted>" "-Wl,--as-needed" "-Wl,-Bstatic" "/opt/rustwide/target/debug/deps/{libsyn-5a31c3ad6a1e5728.rlib,libquote-af6dcfdd4fa29abf.rlib,libproc_macro2-88bd2bce91f953f5.rlib,libunicode_ident-239eb5de21455cec.rlib}.rlib" "<sysroot>/lib/rustlib/x86_64-unknown-linux-gnu/lib/{libproc_macro-*,libstd-*,libpanic_unwind-*,libobject-*,libmemchr-*,libaddr2line-*,libgimli-*,librustc_demangle-*,libstd_detect-*,libhashbrown-*,librustc_std_workspace_alloc-*,libminiz_oxide-*,libadler2-*,libunwind-*,libcfg_if-*,liblibc-*,liballoc-*,librustc_std_workspace_core-*,libcore-*,libcompiler_builtins-*}.rlib" "-Wl,-Bdynamic" "-lgcc_s" "-lutil" "-lrt" "-lpthread" "-lm" "-ldl" "-lc" "-Wl,--eh-frame-hdr" "-Wl,-z,noexecstack" "-L" "<sysroot>/lib/rustlib/x86_64-unknown-linux-gnu/lib" "-o" "/opt/rustwide/target/debug/deps/libdisplaydoc-0b3ddd4922064dad.so" "-Wl,--gc-sections" "-shared" "-Wl,-z,relro,-z,now" "-nodefaultlibs"
[INFO] [stdout]   = note: some arguments are omitted. use `--verbose` to show all linker arguments
[INFO] [stdout]   = note: /usr/bin/ld: final link failed: No space left on device
[INFO] [stdout]           collect2: error: ld returned 1 exit status
[INFO] [stdout]           
[INFO] [stdout] 
[INFO] [stdout] 
[INFO] [stderr] error: could not compile `displaydoc` (lib) due to 1 previous error
[INFO] [stderr] warning: build failed, waiting for other jobs to finish...
[INFO] [stderr] rustc-LLVM ERROR: IO failure on output stream: No space left on device
[INFO] [stderr] rustc-LLVM ERROR: IO failure on output stream: No space left on device
[INFO] [stderr] error: could not compile `pin-project-internal` (lib)
[INFO] [stderr] 
[INFO] [stderr] Caused by:
[INFO] [stderr]   No space left on device (os error 28)
[INFO] [stderr] 
[INFO] [stderr] Caused by:
[INFO] [stderr]   failed to parse process output: `/opt/rustwide/rustup-home/toolchains/beta-2025-02-18-x86_64-unknown-linux-gnu/bin/rustc --crate-name pin_project_internal --edition=2021 /opt/rustwide/cargo-home/registry/src/index.crates.io-1949cf8c6b5b557f/pin-project-internal-1.1.7/src/lib.rs --error-format=json --json=diagnostic-rendered-ansi,artifacts,future-incompat --crate-type proc-macro --emit=dep-info,link -C prefer-dynamic -C embed-bitcode=no --warn=unreachable_pub --warn=unexpected_cfgs '--warn=clippy::undocumented_unsafe_blocks' '--warn=clippy::transmute_undefined_repr' '--warn=clippy::trailing_empty_array' --warn=single_use_lifetimes --warn=rust_2018_idioms '--warn=clippy::pedantic' --warn=non_ascii_idents '--warn=clippy::inline_asm_x86_att_syntax' --warn=improper_ctypes_definitions --warn=improper_ctypes --warn=deprecated_safe '--warn=clippy::default_union_representation' '--warn=clippy::as_underscore' '--warn=clippy::as_ptr_cast_mut' '--warn=clippy::all' '--allow=clippy::unreadable_literal' '--allow=clippy::type_complexity' '--allow=clippy::too_many_lines' '--allow=clippy::too_many_arguments' '--allow=clippy::struct_field_names' '--allow=clippy::struct_excessive_bools' '--allow=clippy::single_match_else' '--allow=clippy::single_match' '--allow=clippy::similar_names' '--allow=clippy::range_plus_one' '--allow=clippy::nonminimal_bool' '--allow=clippy::naive_bytecount' '--allow=clippy::module_name_repetitions' '--allow=clippy::missing_errors_doc' '--allow=clippy::manual_range_contains' '--allow=clippy::manual_assert' '--allow=clippy::lint_groups_priority' '--allow=clippy::incompatible_msrv' '--allow=clippy::float_cmp' '--allow=clippy::doc_markdown' '--allow=clippy::declare_interior_mutable_const' '--allow=clippy::cast_lossless' '--allow=clippy::borrow_as_ptr' '--allow=clippy::bool_assert_comparison' --check-cfg 'cfg(docsrs,test)' --check-cfg 'cfg(feature, values())' -C metadata=6eb2ea03369af483 -C extra-filename=-fabd4f64e37ac187 --out-dir /opt/rustwide/target/debug/deps -L dependency=/opt/rustwide/target/debug/deps --extern proc_macro2=/opt/rustwide/target/debug/deps/libproc_macro2-88bd2bce91f953f5.rlib --extern quote=/opt/rustwide/target/debug/deps/libquote-af6dcfdd4fa29abf.rlib --extern syn=/opt/rustwide/target/debug/deps/libsyn-5a31c3ad6a1e5728.rlib --extern proc_macro --cap-lints allow --cap-lints=warn` (exit status: 101)
[INFO] [stderr] error: could not compile `zerofrom-derive` (lib)
[INFO] [stderr] 
[INFO] [stderr] Caused by:
[INFO] [stderr]   No space left on device (os error 28)
[INFO] [stderr] 
[INFO] [stderr] Caused by:
[INFO] [stderr]   failed to parse process output: `/opt/rustwide/rustup-home/toolchains/beta-2025-02-18-x86_64-unknown-linux-gnu/bin/rustc --crate-name zerofrom_derive --edition=2021 /opt/rustwide/cargo-home/registry/src/index.crates.io-1949cf8c6b5b557f/zerofrom-derive-0.1.5/src/lib.rs --error-format=json --json=diagnostic-rendered-ansi,artifacts,future-incompat --crate-type proc-macro --emit=dep-info,link -C prefer-dynamic -C embed-bitcode=no --check-cfg 'cfg(docsrs,test)' --check-cfg 'cfg(feature, values())' -C metadata=f9bb1355e10423df -C extra-filename=-4113e6afb667792c --out-dir /opt/rustwide/target/debug/deps -L dependency=/opt/rustwide/target/debug/deps --extern proc_macro2=/opt/rustwide/target/debug/deps/libproc_macro2-88bd2bce91f953f5.rlib --extern quote=/opt/rustwide/target/debug/deps/libquote-af6dcfdd4fa29abf.rlib --extern syn=/opt/rustwide/target/debug/deps/libsyn-5a31c3ad6a1e5728.rlib --extern synstructure=/opt/rustwide/target/debug/deps/libsynstructure-62324a069fbb2b5a.rlib --extern proc_macro --cap-lints allow --cap-lints=warn` (exit status: 101)
[INFO] [stdout] error: linking with `cc` failed: exit status: 1
[INFO] [stdout]   |
[INFO] [stdout]   = note:  "cc" "-Wl,--version-script=/tmp/rustcZKhbun/list" "-Wl,--no-undefined-version" "-m64" "/tmp/rustcZKhbun/symbols.o" "<6 object files omitted>" "/opt/rustwide/target/debug/deps/tokio_macros-16b0ab95dd840aa6.06n8cc57nvs2jha7mipz9hlhj.rcgu.rmeta" "<1 object files omitted>" "-Wl,--as-needed" "-Wl,-Bstatic" "/opt/rustwide/target/debug/deps/{libsyn-5a31c3ad6a1e5728.rlib,libquote-af6dcfdd4fa29abf.rlib,libproc_macro2-88bd2bce91f953f5.rlib,libunicode_ident-239eb5de21455cec.rlib}.rlib" "<sysroot>/lib/rustlib/x86_64-unknown-linux-gnu/lib/{libproc_macro-*,libstd-*,libpanic_unwind-*,libobject-*,libmemchr-*,libaddr2line-*,libgimli-*,librustc_demangle-*,libstd_detect-*,libhashbrown-*,librustc_std_workspace_alloc-*,libminiz_oxide-*,libadler2-*,libunwind-*,libcfg_if-*,liblibc-*,liballoc-*,librustc_std_workspace_core-*,libcore-*,libcompiler_builtins-*}.rlib" "-Wl,-Bdynamic" "-lgcc_s" "-lutil" "-lrt" "-lpthread" "-lm" "-ldl" "-lc" "-Wl,--eh-frame-hdr" "-Wl,-z,noexecstack" "-L" "<sysroot>/lib/rustlib/x86_64-unknown-linux-gnu/lib" "-o" "/opt/rustwide/target/debug/deps/libtokio_macros-16b0ab95dd840aa6.so" "-Wl,--gc-sections" "-shared" "-Wl,-z,relro,-z,now" "-nodefaultlibs"
[INFO] [stdout]   = note: some arguments are omitted. use `--verbose` to show all linker arguments
[INFO] [stdout]   = note: /usr/bin/ld: final link failed: No space left on device
[INFO] [stdout]           collect2: error: ld returned 1 exit status
[INFO] [stdout]           
[INFO] [stdout] 
[INFO] [stdout] 
[INFO] [stderr] error: could not compile `tokio-macros` (lib) due to 1 previous error
[INFO] [stderr] rustc-LLVM ERROR: IO failure on output stream: No space left on device
[INFO] [stdout] error: linking with `cc` failed: exit status: 1
[INFO] [stdout]   |
[INFO] [stdout]   = note:  "cc" "-Wl,--version-script=/tmp/rustcdCq3T0/list" "-Wl,--no-undefined-version" "-m64" "/tmp/rustcdCq3T0/symbols.o" "<3 object files omitted>" "/opt/rustwide/target/debug/deps/icu_provider_macros-8046b4c406bf168d.e1qh56robscbe3c0pto6vmsub.rcgu.rmeta" "<1 object files omitted>" "-Wl,--as-needed" "-Wl,-Bstatic" "/opt/rustwide/target/debug/deps/{libsyn-5a31c3ad6a1e5728.rlib,libquote-af6dcfdd4fa29abf.rlib,libproc_macro2-88bd2bce91f953f5.rlib,libunicode_ident-239eb5de21455cec.rlib}.rlib" "<sysroot>/lib/rustlib/x86_64-unknown-linux-gnu/lib/{libproc_macro-*,libstd-*,libpanic_unwind-*,libobject-*,libmemchr-*,libaddr2line-*,libgimli-*,librustc_demangle-*,libstd_detect-*,libhashbrown-*,librustc_std_workspace_alloc-*,libminiz_oxide-*,libadler2-*,libunwind-*,libcfg_if-*,liblibc-*,liballoc-*,librustc_std_workspace_core-*,libcore-*,libcompiler_builtins-*}.rlib" "-Wl,-Bdynamic" "-lgcc_s" "-lutil" "-lrt" "-lpthread" "-lm" "-ldl" "-lc" "-Wl,--eh-frame-hdr" "-Wl,-z,noexecstack" "-L" "<sysroot>/lib/rustlib/x86_64-unknown-linux-gnu/lib" "-o" "/opt/rustwide/target/debug/deps/libicu_provider_macros-8046b4c406bf168d.so" "-Wl,--gc-sections" "-shared" "-Wl,-z,relro,-z,now" "-nodefaultlibs"
[INFO] [stdout]   = note: some arguments are omitted. use `--verbose` to show all linker arguments
[INFO] [stdout]   = note: /usr/bin/ld: final link failed: No space left on device
[INFO] [stdout]           collect2: error: ld returned 1 exit status
[INFO] [stdout]           
[INFO] [stdout] 
[INFO] [stdout] 
[INFO] [stderr] error: could not compile `zerocopy-derive` (lib)
[INFO] [stderr] 
[INFO] [stderr] Caused by:
[INFO] [stderr]   No space left on device (os error 28)
[INFO] [stderr] 
[INFO] [stderr] Caused by:
[INFO] [stderr]   failed to parse process output: `/opt/rustwide/rustup-home/toolchains/beta-2025-02-18-x86_64-unknown-linux-gnu/bin/rustc --crate-name zerocopy_derive --edition=2018 /opt/rustwide/cargo-home/registry/src/index.crates.io-1949cf8c6b5b557f/zerocopy-derive-0.7.35/src/lib.rs --error-format=json --json=diagnostic-rendered-ansi,artifacts,future-incompat --crate-type proc-macro --emit=dep-info,link -C prefer-dynamic -C embed-bitcode=no --check-cfg 'cfg(docsrs,test)' --check-cfg 'cfg(feature, values())' -C metadata=ce5dc457c23acb37 -C extra-filename=-cef364083c860731 --out-dir /opt/rustwide/target/debug/deps -L dependency=/opt/rustwide/target/debug/deps --extern proc_macro2=/opt/rustwide/target/debug/deps/libproc_macro2-88bd2bce91f953f5.rlib --extern quote=/opt/rustwide/target/debug/deps/libquote-af6dcfdd4fa29abf.rlib --extern syn=/opt/rustwide/target/debug/deps/libsyn-5a31c3ad6a1e5728.rlib --extern proc_macro --cap-lints allow --cap-lints=warn` (exit status: 101)
[INFO] [stdout] error: error writing metadata object file: No space left on device (os error 28)
[INFO] [stdout] 
[INFO] [stdout] 
[INFO] [stderr] error: could not compile `icu_provider_macros` (lib) due to 1 previous error
[INFO] [stderr] error: could not compile `yoke-derive` (lib) due to 1 previous error
[INFO] running `Command { std: "docker" "inspect" "32bf803cf6788b3e9536210f67a6b95ab7a2b1c539bc053e49addf5dedec9e59", kill_on_drop: false }`
[INFO] running `Command { std: "docker" "rm" "-f" "32bf803cf6788b3e9536210f67a6b95ab7a2b1c539bc053e49addf5dedec9e59", kill_on_drop: false }`
[INFO] [stdout] 32bf803cf6788b3e9536210f67a6b95ab7a2b1c539bc053e49addf5dedec9e59
