[INFO] cloning repository https://github.com/cmoyates/bevy-wasm-cicd-test
[INFO] running `Command { std: "git" "-c" "credential.helper=" "-c" "credential.helper=/workspace/cargo-home/bin/git-credential-null" "clone" "--bare" "https://github.com/cmoyates/bevy-wasm-cicd-test" "/workspace/cache/git-repos/https%3A%2F%2Fgithub.com%2Fcmoyates%2Fbevy-wasm-cicd-test", kill_on_drop: false }`
[INFO] [stderr] Cloning into bare repository '/workspace/cache/git-repos/https%3A%2F%2Fgithub.com%2Fcmoyates%2Fbevy-wasm-cicd-test'...
[INFO] running `Command { std: "git" "rev-parse" "HEAD", kill_on_drop: false }`
[INFO] [stdout] caf21f1eec5eee79e8db6e6db6d087c6e2b03a3b
[INFO] documenting cmoyates/bevy-wasm-cicd-test against beta-2025-02-18 for beta-1.86-rustdoc-1
[INFO] running `Command { std: "git" "clone" "/workspace/cache/git-repos/https%3A%2F%2Fgithub.com%2Fcmoyates%2Fbevy-wasm-cicd-test" "/workspace/builds/worker-2-tc2/source", kill_on_drop: false }`
[INFO] [stderr] Cloning into '/workspace/builds/worker-2-tc2/source'...
[INFO] [stderr] done.
[INFO] validating manifest of git repo https://github.com/cmoyates/bevy-wasm-cicd-test on toolchain beta-2025-02-18
[INFO] running `Command { std: CARGO_HOME="/workspace/cargo-home" RUSTUP_HOME="/workspace/rustup-home" "/workspace/cargo-home/bin/cargo" "+beta-2025-02-18" "metadata" "--manifest-path" "Cargo.toml" "--no-deps", kill_on_drop: false }`
[INFO] removed /workspace/builds/worker-2-tc2/source/.cargo/config.toml
[INFO] started tweaking git repo https://github.com/cmoyates/bevy-wasm-cicd-test
[INFO] finished tweaking git repo https://github.com/cmoyates/bevy-wasm-cicd-test
[INFO] tweaked toml for git repo https://github.com/cmoyates/bevy-wasm-cicd-test written to /workspace/builds/worker-2-tc2/source/Cargo.toml
[INFO] crate git repo https://github.com/cmoyates/bevy-wasm-cicd-test already has a lockfile, it will not be regenerated
[INFO] running `Command { std: CARGO_HOME="/workspace/cargo-home" RUSTUP_HOME="/workspace/rustup-home" "/workspace/cargo-home/bin/cargo" "+beta-2025-02-18" "fetch" "--manifest-path" "Cargo.toml", kill_on_drop: false }`
[INFO] running `Command { std: "docker" "create" "-v" "/var/lib/crater-agent-workspace/builds/worker-2-tc2/target:/opt/rustwide/target:rw,Z" "-v" "/var/lib/crater-agent-workspace/builds/worker-2-tc2/source:/opt/rustwide/workdir:ro,Z" "-v" "/var/lib/crater-agent-workspace/cargo-home:/opt/rustwide/cargo-home:ro,Z" "-v" "/var/lib/crater-agent-workspace/rustup-home:/opt/rustwide/rustup-home:ro,Z" "-e" "SOURCE_DIR=/opt/rustwide/workdir" "-e" "CARGO_TARGET_DIR=/opt/rustwide/target" "-e" "CARGO_HOME=/opt/rustwide/cargo-home" "-e" "RUSTUP_HOME=/opt/rustwide/rustup-home" "-w" "/opt/rustwide/workdir" "-m" "1610612736" "--user" "0:0" "--network" "none" "ghcr.io/rust-lang/crates-build-env/linux@sha256:3959728d45483eb673ba100a951a6b9f5012970368db2a9e08e0ac9b67c8a5ad" "/opt/rustwide/cargo-home/bin/cargo" "+beta-2025-02-18" "metadata" "--no-deps" "--format-version=1", kill_on_drop: false }`
[INFO] [stdout] 472d7c554cd3316b1c7075cc4392639423dc2ecaa3dd1ba9064384f70e51a8df
[INFO] running `Command { std: "docker" "start" "-a" "472d7c554cd3316b1c7075cc4392639423dc2ecaa3dd1ba9064384f70e51a8df", kill_on_drop: false }`
[INFO] running `Command { std: "docker" "inspect" "472d7c554cd3316b1c7075cc4392639423dc2ecaa3dd1ba9064384f70e51a8df", kill_on_drop: false }`
[INFO] running `Command { std: "docker" "rm" "-f" "472d7c554cd3316b1c7075cc4392639423dc2ecaa3dd1ba9064384f70e51a8df", kill_on_drop: false }`
[INFO] [stdout] 472d7c554cd3316b1c7075cc4392639423dc2ecaa3dd1ba9064384f70e51a8df
[INFO] running `Command { std: "docker" "create" "-v" "/var/lib/crater-agent-workspace/builds/worker-2-tc2/target:/opt/rustwide/target:rw,Z" "-v" "/var/lib/crater-agent-workspace/builds/worker-2-tc2/source:/opt/rustwide/workdir:ro,Z" "-v" "/var/lib/crater-agent-workspace/cargo-home:/opt/rustwide/cargo-home:ro,Z" "-v" "/var/lib/crater-agent-workspace/rustup-home:/opt/rustwide/rustup-home:ro,Z" "-e" "SOURCE_DIR=/opt/rustwide/workdir" "-e" "CARGO_TARGET_DIR=/opt/rustwide/target" "-e" "CARGO_INCREMENTAL=0" "-e" "RUST_BACKTRACE=full" "-e" "RUSTFLAGS=--cap-lints=warn" "-e" "RUSTDOCFLAGS=--cap-lints=warn" "-e" "CARGO_HOME=/opt/rustwide/cargo-home" "-e" "RUSTUP_HOME=/opt/rustwide/rustup-home" "-w" "/opt/rustwide/workdir" "-m" "1610612736" "--user" "0:0" "--network" "none" "ghcr.io/rust-lang/crates-build-env/linux@sha256:3959728d45483eb673ba100a951a6b9f5012970368db2a9e08e0ac9b67c8a5ad" "/opt/rustwide/cargo-home/bin/cargo" "+beta-2025-02-18" "doc" "--frozen" "--no-deps" "--document-private-items" "--message-format=json", kill_on_drop: false }`
[INFO] [stdout] 07f4fa5a6e0ebd82712a4b7571c35cdb36caaeea0b28c62533828deda2d53ffb
[INFO] running `Command { std: "docker" "start" "-a" "07f4fa5a6e0ebd82712a4b7571c35cdb36caaeea0b28c62533828deda2d53ffb", kill_on_drop: false }`
[INFO] [stderr]    Compiling proc-macro2 v1.0.78
[INFO] [stderr]    Compiling unicode-ident v1.0.12
[INFO] [stderr]    Compiling serde v1.0.196
[INFO] [stderr]    Compiling libc v0.2.153
[INFO] [stderr]    Compiling autocfg v1.1.0
[INFO] [stderr]     Checking once_cell v1.19.0
[INFO] [stderr]    Compiling version_check v0.9.4
[INFO] [stderr]     Checking pin-project-lite v0.2.13
[INFO] [stderr]    Compiling crossbeam-utils v0.8.19
[INFO] [stderr]     Checking zerocopy v0.7.32
[INFO] [stderr]    Compiling hashbrown v0.14.3
[INFO] [stderr]    Compiling thiserror v1.0.56
[INFO] [stderr]    Compiling equivalent v1.0.1
[INFO] [stderr]    Compiling winnow v0.5.37
[INFO] [stderr]    Compiling toml_datetime v0.6.5
[INFO] [stderr]     Checking allocator-api2 v0.2.16
[INFO] [stderr]     Checking futures-core v0.3.30
[INFO] [stderr]     Checking parking v2.2.0
[INFO] [stderr]     Checking tracing-core v0.1.32
[INFO] [stderr]    Compiling rustc-hash v1.1.0
[INFO] [stderr]     Checking memchr v2.7.1
[INFO] [stderr]     Checking log v0.4.20
[INFO] [stderr]     Checking bitflags v1.3.2
[INFO] [stderr]     Checking futures-io v0.3.30
[INFO] [stderr]    Compiling ahash v0.8.7
[INFO] [stderr]     Checking fastrand v2.0.1
[INFO] [stderr]     Checking event-listener v2.5.3
[INFO] [stderr]    Compiling slab v0.4.9
[INFO] [stderr]     Checking futures-lite v2.2.0
[INFO] [stderr]     Checking instant v0.1.12
[INFO] [stderr]    Compiling cfg-if v1.0.0
[INFO] [stderr]     Checking async-task v4.7.0
[INFO] [stderr]     Checking fixedbitset v0.4.2
[INFO] [stderr]     Checking waker-fn v1.1.1
[INFO] [stderr]     Checking fastrand v1.9.0
[INFO] [stderr]     Checking nonmax v0.5.5
[INFO] [stderr]     Checking thread_local v1.1.7
[INFO] [stderr]     Checking smol_str v0.2.1
[INFO] [stderr]     Checking bevy_ptr v0.12.1
[INFO] [stderr]     Checking downcast-rs v1.2.0
[INFO] [stderr]    Compiling num-traits v0.2.17
[INFO] [stderr]     Checking regex-syntax v0.8.2
[INFO] [stderr]     Checking regex-syntax v0.6.29
[INFO] [stderr]    Compiling lock_api v0.4.11
[INFO] [stderr]    Compiling parking_lot_core v0.9.9
[INFO] [stderr]     Checking overload v0.1.1
[INFO] [stderr]     Checking sharded-slab v0.1.7
[INFO] [stderr]     Checking nu-ansi-term v0.46.0
[INFO] [stderr]     Checking tracing-log v0.2.0
[INFO] [stderr]     Checking concurrent-queue v2.4.0
[INFO] [stderr]     Checking futures-lite v1.13.0
[INFO] [stderr]     Checking aho-corasick v1.1.2
[INFO] [stderr]    Compiling pkg-config v0.3.29
[INFO] [stderr]    Compiling indexmap v2.2.2
[INFO] [stderr]     Checking scopeguard v1.2.0
[INFO] [stderr]     Checking tracing-log v0.1.4
[INFO] [stderr]     Checking event-listener v4.0.3
[INFO] [stderr]    Compiling getrandom v0.2.12
[INFO] [stderr]    Compiling quote v1.0.35
[INFO] [stderr]     Checking async-channel v1.9.0
[INFO] [stderr]    Compiling uuid v1.7.0
[INFO] [stderr]    Compiling syn v2.0.48
[INFO] [stderr]    Compiling indexmap v1.9.3
[INFO] [stderr]     Checking byteorder v1.5.0
[INFO] [stderr]     Checking event-listener-strategy v0.4.0
[INFO] [stderr]     Checking raw-window-handle v0.5.2
[INFO] [stderr]     Checking arrayvec v0.7.4
[INFO] [stderr]     Checking bit-vec v0.6.3
[INFO] [stderr]     Checking async-lock v3.3.0
[INFO] [stderr]     Checking termcolor v1.4.1
[INFO] [stderr]     Checking hashbrown v0.12.3
[INFO] [stderr]     Checking unicode-width v0.1.11
[INFO] [stderr]     Checking unicode-xid v0.2.4
[INFO] [stderr]     Checking spirv v0.2.0+1.5.4
[INFO] [stderr]     Checking codespan-reporting v0.11.1
[INFO] [stderr]    Compiling cc v1.0.83
[INFO] [stderr]     Checking crossbeam-channel v0.5.11
[INFO] [stderr]     Checking pp-rs v0.2.1
[INFO] [stderr]     Checking bit-set v0.5.3
[INFO] [stderr]     Checking libloading v0.7.4
[INFO] [stderr]     Checking hexf-parse v0.2.1
[INFO] [stderr]    Compiling khronos-egl v4.1.0
[INFO] [stderr]     Checking atomic-waker v1.1.2
[INFO] [stderr]    Compiling crc32fast v1.3.2
[INFO] [stderr]    Compiling ash v0.37.3+1.3.251
[INFO] [stderr]     Checking async-executor v1.8.0
[INFO] [stderr]     Checking simd-adler32 v0.3.7
[INFO] [stderr]     Checking piper v0.2.1
[INFO] [stderr]     Checking async-channel v2.1.1
[INFO] [stderr]     Checking bevy_tasks v0.12.1
[INFO] [stderr]    Compiling async-fs v1.6.0
[INFO] [stderr]     Checking accesskit v0.12.2
[INFO] [stderr]     Checking miniz_oxide v0.7.2
[INFO] [stderr]     Checking async-lock v2.8.0
[INFO] [stderr]     Checking libloading v0.8.1
[INFO] [stderr]     Checking profiling v1.0.14
[INFO] [stderr]     Checking base64 v0.21.7
[INFO] [stderr]    Compiling thiserror-core v1.0.50
[INFO] [stderr]     Checking arrayref v0.3.7
[INFO] [stderr]     Checking static_assertions v1.1.0
[INFO] [stderr]     Checking constant_time_eq v0.3.0
[INFO] [stderr]     Checking renderdoc-sys v1.0.0
[INFO] [stderr]     Checking glow v0.12.3
[INFO] [stderr]    Compiling toml_edit v0.20.7
[INFO] [stderr]     Checking fdeflate v0.3.4
[INFO] [stderr]     Checking async-broadcast v0.5.1
[INFO] [stderr]     Checking const_soft_float v0.1.4
[INFO] [stderr]     Checking twox-hash v1.6.3
[INFO] [stderr]     Checking const_panic v0.2.8
[INFO] [stderr]     Checking color_quant v1.1.0
[INFO] [stderr]     Checking flate2 v1.0.28
[INFO] [stderr]     Checking regex-syntax v0.7.5
[INFO] [stderr]     Checking data-encoding v2.5.0
[INFO] [stderr]     Checking ktx2 v0.3.0
[INFO] [stderr]     Checking radsort v0.1.0
[INFO] [stderr]     Checking constgebra v0.1.3
[INFO] [stderr]    Compiling alsa-sys v0.3.1
[INFO] [stderr]    Compiling xml-rs v0.8.19
[INFO] [stderr]     Checking regex-automata v0.4.5
[INFO] [stderr]    Compiling x11-dl v2.21.0
[INFO] [stderr]    Compiling libudev-sys v0.1.4
[INFO] [stderr]    Compiling blake3 v1.5.0
[INFO] [stderr]     Checking png v0.17.11
[INFO] [stderr]     Checking euclid v0.22.9
[INFO] [stderr]    Compiling cfg_aliases v0.1.1
[INFO] [stderr]    Compiling serde_json v1.0.113
[INFO] [stderr]     Checking regex-automata v0.1.10
[INFO] [stderr]     Checking ttf-parser v0.20.0
[INFO] [stderr]     Checking svg_fmt v0.4.1
[INFO] [stderr]     Checking inotify-sys v0.1.5
[INFO] [stderr]     Checking nix v0.24.3
[INFO] [stderr]     Checking approx v0.5.1
[INFO] [stderr]    Compiling slotmap v1.0.7
[INFO] [stderr]     Checking ab_glyph_rasterizer v0.1.8
[INFO] [stderr]     Checking ryu v1.0.16
[INFO] [stderr]    Compiling cpal v0.15.2
[INFO] [stderr]     Checking tinyvec_macros v0.1.1
[INFO] [stderr]    Compiling inflections v1.1.1
[INFO] [stderr]     Checking rectangle-pack v0.4.2
[INFO] [stderr]     Checking itoa v1.0.10
[INFO] [stderr]    Compiling wayland-scanner v0.29.5
[INFO] [stderr]     Checking guillotiere v0.6.2
[INFO] [stderr]     Checking percent-encoding v2.3.1
[INFO] [stderr]     Checking alsa v0.7.1
[INFO] [stderr]     Checking tinyvec v1.6.0
[INFO] [stderr]     Checking inotify v0.10.2
[INFO] [stderr]     Checking mio v0.8.10
[INFO] [stderr]     Checking ogg v0.8.0
[INFO] [stderr]     Checking dasp_sample v0.11.0
[INFO] [stderr]    Compiling gilrs v0.10.4
[INFO] [stderr]     Checking matchers v0.1.0
[INFO] [stderr]     Checking xi-unicode v0.3.0
[INFO] [stderr]     Checking owned_ttf_parser v0.20.0
[INFO] [stderr]     Checking fnv v1.0.7
[INFO] [stderr]     Checking grid v0.10.0
[INFO] [stderr]     Checking sysinfo v0.29.11
[INFO] [stderr]     Checking ab_glyph v0.2.23
[INFO] [stderr]     Checking base64 v0.13.1
[INFO] [stderr]     Checking glyph_brush_layout v0.2.3
[INFO] [stderr]     Checking lewton v0.10.2
[INFO] [stderr]     Checking taffy v0.3.18
[INFO] [stderr]    Compiling winit v0.28.7
[INFO] [stderr]     Checking regex v1.10.3
[INFO] [stderr]    Compiling bevy_macro_utils v0.12.1
[INFO] [stderr]    Compiling encase_derive_impl v0.6.1
[INFO] [stderr]    Compiling serde_derive v1.0.196
[INFO] [stderr]    Compiling thiserror-impl v1.0.56
[INFO] [stderr]    Compiling bytemuck_derive v1.5.0
[INFO] [stderr]    Compiling tracing-attributes v0.1.27
[INFO] [stderr]    Compiling bevy_utils_proc_macros v0.12.1
[INFO] [stderr]    Compiling bevy_reflect_derive v0.12.1
[INFO] [stderr]    Compiling bevy_ecs_macros v0.12.1
[INFO] [stderr]    Compiling bevy_derive v0.12.1
[INFO] [stderr]    Compiling thiserror-core-impl v1.0.50
[INFO] [stderr]    Compiling bevy_asset_macros v0.12.1
[INFO] [stderr]    Compiling encase_derive v0.6.1
[INFO] [stderr]    Compiling bevy_encase_derive v0.12.1
[INFO] [stderr]    Compiling bevy_render_macros v0.12.1
[INFO] [stderr]    Compiling gltf-derive v1.4.0
[INFO] [stdout] error: linking with `cc` failed: exit status: 1
[INFO] [stdout]   |
[INFO] [stdout]   = note:  "cc" "-Wl,--version-script=/tmp/rustcoVEi5P/list" "-Wl,--no-undefined-version" "-m64" "/tmp/rustcoVEi5P/symbols.o" "<1 object files omitted>" "/opt/rustwide/target/debug/deps/encase_derive-f99254191cf558cb.92emt271lqyrnlz89ok83il63.rcgu.rmeta" "<1 object files omitted>" "-Wl,--as-needed" "-Wl,-Bstatic" "/opt/rustwide/target/debug/deps/{libencase_derive_impl-6c00d32d0256ce1e.rlib,libsyn-a1b926e922957e3a.rlib,libquote-bda4bc1d6b94ef81.rlib,libproc_macro2-b92aed8c791189da.rlib,libunicode_ident-772f13ecc3fc189a.rlib}.rlib" "<sysroot>/lib/rustlib/x86_64-unknown-linux-gnu/lib/{libproc_macro-*,libstd-*,libpanic_unwind-*,libobject-*,libmemchr-*,libaddr2line-*,libgimli-*,librustc_demangle-*,libstd_detect-*,libhashbrown-*,librustc_std_workspace_alloc-*,libminiz_oxide-*,libadler2-*,libunwind-*,libcfg_if-*,liblibc-*,liballoc-*,librustc_std_workspace_core-*,libcore-*,libcompiler_builtins-*}.rlib" "-Wl,-Bdynamic" "-lgcc_s" "-lutil" "-lrt" "-lpthread" "-lm" "-ldl" "-lc" "-Wl,--eh-frame-hdr" "-Wl,-z,noexecstack" "-L" "<sysroot>/lib/rustlib/x86_64-unknown-linux-gnu/lib" "-o" "/opt/rustwide/target/debug/deps/libencase_derive-f99254191cf558cb.so" "-Wl,--gc-sections" "-shared" "-Wl,-z,relro,-z,now" "-nodefaultlibs"
[INFO] [stdout]   = note: some arguments are omitted. use `--verbose` to show all linker arguments
[INFO] [stdout]   = note: /usr/bin/ld: final link failed: No space left on device
[INFO] [stdout]           collect2: error: ld returned 1 exit status
[INFO] [stdout]           
[INFO] [stdout] 
[INFO] [stdout] 
[INFO] [stderr] error: could not compile `encase_derive` (lib) due to 1 previous error
[INFO] [stderr] warning: build failed, waiting for other jobs to finish...
[INFO] [stderr] rustc-LLVM ERROR: IO failure on output stream: No space left on device
[INFO] [stderr] error: could not compile `tracing-attributes` (lib)
[INFO] [stderr] 
[INFO] [stderr] Caused by:
[INFO] [stderr]   process didn't exit successfully: `/opt/rustwide/rustup-home/toolchains/beta-2025-02-18-x86_64-unknown-linux-gnu/bin/rustc --crate-name tracing_attributes --edition=2018 /opt/rustwide/cargo-home/registry/src/index.crates.io-1949cf8c6b5b557f/tracing-attributes-0.1.27/src/lib.rs --error-format=json --json=diagnostic-rendered-ansi,artifacts,future-incompat --crate-type proc-macro --emit=dep-info,link -C prefer-dynamic -C embed-bitcode=no --check-cfg 'cfg(docsrs,test)' --check-cfg 'cfg(feature, values("async-await"))' -C metadata=fcdb074906be2e6d -C extra-filename=-843ad4f292eba821 --out-dir /opt/rustwide/target/debug/deps -L dependency=/opt/rustwide/target/debug/deps --extern proc_macro2=/opt/rustwide/target/debug/deps/libproc_macro2-b92aed8c791189da.rlib --extern quote=/opt/rustwide/target/debug/deps/libquote-bda4bc1d6b94ef81.rlib --extern syn=/opt/rustwide/target/debug/deps/libsyn-a1b926e922957e3a.rlib --extern proc_macro --cap-lints allow --cap-lints=warn` (exit status: 101)
[INFO] [stdout] error: linking with `cc` failed: exit status: 1
[INFO] [stdout]   |
[INFO] [stdout]   = note:  "cc" "-Wl,--version-script=/tmp/rustcWUmbEf/list" "-Wl,--no-undefined-version" "-m64" "/tmp/rustcWUmbEf/symbols.o" "<1 object files omitted>" "/opt/rustwide/target/debug/deps/bevy_encase_derive-5bcba4f3050bfd71.7ul2pu5ds3q5bqjyjvr4hupsu.rcgu.rmeta" "<1 object files omitted>" "-Wl,--as-needed" "-Wl,-Bstatic" "/opt/rustwide/target/debug/deps/{libencase_derive_impl-6c00d32d0256ce1e.rlib,libbevy_macro_utils-8505901e0532ee2b.rlib,librustc_hash-61722fad59b5c085.rlib,libtoml_edit-2e8c1ccf2066b0ca.rlib,libindexmap-d17227448fc19e95.rlib,libequivalent-12b1d1e8bd397c1a.rlib,libhashbrown-ddbd26fccf48d648.rlib,libwinnow-f9ebec3e791c1e4a.rlib,libtoml_datetime-4be0126e95a6261d.rlib,libsyn-a1b926e922957e3a.rlib,libquote-bda4bc1d6b94ef81.rlib,libproc_macro2-b92aed8c791189da.rlib,libunicode_ident-772f13ecc3fc189a.rlib}.rlib" "<sysroot>/lib/rustlib/x86_64-unknown-linux-gnu/lib/{libproc_macro-*,libstd-*,libpanic_unwind-*,libobject-*,libmemchr-*,libaddr2line-*,libgimli-*,librustc_demangle-*,libstd_detect-*,libhashbrown-*,librustc_std_workspace_alloc-*,libminiz_oxide-*,libadler2-*,libunwind-*,libcfg_if-*,liblibc-*,liballoc-*,librustc_std_workspace_core-*,libcore-*,libcompiler_builtins-*}.rlib" "-Wl,-Bdynamic" "-lgcc_s" "-lutil" "-lrt" "-lpthread" "-lm" "-ldl" "-lc" "-Wl,--eh-frame-hdr" "-Wl,-z,noexecstack" "-L" "<sysroot>/lib/rustlib/x86_64-unknown-linux-gnu/lib" "-o" "/opt/rustwide/target/debug/deps/libbevy_encase_derive-5bcba4f3050bfd71.so" "-Wl,--gc-sections" "-shared" "-Wl,-z,relro,-z,now" "-nodefaultlibs"
[INFO] [stdout]   = note: some arguments are omitted. use `--verbose` to show all linker arguments
[INFO] [stdout]   = note: /usr/bin/ld: final link failed: No space left on device
[INFO] [stdout]           collect2: error: ld returned 1 exit status
[INFO] [stdout]           
[INFO] [stdout] 
[INFO] [stdout] 
[INFO] [stderr] rustc-LLVM ERROR: IO failure on output stream: No space left on device
[INFO] [stderr] rustc-LLVM ERROR: IO failure on output stream: No space left on device
[INFO] [stderr] error: could not compile `bevy_encase_derive` (lib) due to 1 previous error
[INFO] [stderr] error: could not compile `bevy_render_macros` (lib)
[INFO] [stderr] 
[INFO] [stderr] Caused by:
[INFO] [stderr]   No space left on device (os error 28)
[INFO] [stderr] 
[INFO] [stderr] Caused by:
[INFO] [stderr]   failed to parse process output: `/opt/rustwide/rustup-home/toolchains/beta-2025-02-18-x86_64-unknown-linux-gnu/bin/rustc --crate-name bevy_render_macros --edition=2021 /opt/rustwide/cargo-home/registry/src/index.crates.io-1949cf8c6b5b557f/bevy_render_macros-0.12.1/src/lib.rs --error-format=json --json=diagnostic-rendered-ansi,artifacts,future-incompat --crate-type proc-macro --emit=dep-info,link -C prefer-dynamic -C embed-bitcode=no --check-cfg 'cfg(docsrs,test)' --check-cfg 'cfg(feature, values())' -C metadata=a14899e38e39b7aa -C extra-filename=-71511a701890331a --out-dir /opt/rustwide/target/debug/deps -L dependency=/opt/rustwide/target/debug/deps --extern bevy_macro_utils=/opt/rustwide/target/debug/deps/libbevy_macro_utils-8505901e0532ee2b.rlib --extern proc_macro2=/opt/rustwide/target/debug/deps/libproc_macro2-b92aed8c791189da.rlib --extern quote=/opt/rustwide/target/debug/deps/libquote-bda4bc1d6b94ef81.rlib --extern syn=/opt/rustwide/target/debug/deps/libsyn-a1b926e922957e3a.rlib --extern proc_macro --cap-lints allow --cap-lints=warn` (exit status: 101)
[INFO] [stderr] error: could not compile `thiserror-impl` (lib)
[INFO] [stderr] 
[INFO] [stderr] Caused by:
[INFO] [stderr]   No space left on device (os error 28)
[INFO] [stderr] 
[INFO] [stderr] Caused by:
[INFO] [stderr]   failed to parse process output: `/opt/rustwide/rustup-home/toolchains/beta-2025-02-18-x86_64-unknown-linux-gnu/bin/rustc --crate-name thiserror_impl --edition=2021 /opt/rustwide/cargo-home/registry/src/index.crates.io-1949cf8c6b5b557f/thiserror-impl-1.0.56/src/lib.rs --error-format=json --json=diagnostic-rendered-ansi,artifacts,future-incompat --crate-type proc-macro --emit=dep-info,link -C prefer-dynamic -C embed-bitcode=no --check-cfg 'cfg(docsrs,test)' --check-cfg 'cfg(feature, values())' -C metadata=c85250bb94745cb4 -C extra-filename=-82a935c016d2256e --out-dir /opt/rustwide/target/debug/deps -L dependency=/opt/rustwide/target/debug/deps --extern proc_macro2=/opt/rustwide/target/debug/deps/libproc_macro2-b92aed8c791189da.rlib --extern quote=/opt/rustwide/target/debug/deps/libquote-bda4bc1d6b94ef81.rlib --extern syn=/opt/rustwide/target/debug/deps/libsyn-a1b926e922957e3a.rlib --extern proc_macro --cap-lints allow --cap-lints=warn` (exit status: 101)
[INFO] [stdout] error: linking with `cc` failed: exit status: 1
[INFO] [stdout]   |
[INFO] [stdout]   = note:  "cc" "-Wl,--version-script=/tmp/rustchrbR10/list" "-Wl,--no-undefined-version" "-m64" "/tmp/rustchrbR10/symbols.o" "<1 object files omitted>" "/opt/rustwide/target/debug/deps/gltf_derive-ce4a8e33adb2eb5f.5ljnd4ynkg56pkfyq166dtuge.rcgu.rmeta" "<1 object files omitted>" "-Wl,--as-needed" "-Wl,-Bstatic" "/opt/rustwide/target/debug/deps/{libinflections-c294666766ae8d74.rlib,libsyn-a1b926e922957e3a.rlib,libquote-bda4bc1d6b94ef81.rlib,libproc_macro2-b92aed8c791189da.rlib,libunicode_ident-772f13ecc3fc189a.rlib}.rlib" "<sysroot>/lib/rustlib/x86_64-unknown-linux-gnu/lib/{libproc_macro-*,libstd-*,libpanic_unwind-*,libobject-*,libmemchr-*,libaddr2line-*,libgimli-*,librustc_demangle-*,libstd_detect-*,libhashbrown-*,librustc_std_workspace_alloc-*,libminiz_oxide-*,libadler2-*,libunwind-*,libcfg_if-*,liblibc-*,liballoc-*,librustc_std_workspace_core-*,libcore-*,libcompiler_builtins-*}.rlib" "-Wl,-Bdynamic" "-lgcc_s" "-lutil" "-lrt" "-lpthread" "-lm" "-ldl" "-lc" "-Wl,--eh-frame-hdr" "-Wl,-z,noexecstack" "-L" "<sysroot>/lib/rustlib/x86_64-unknown-linux-gnu/lib" "-o" "/opt/rustwide/target/debug/deps/libgltf_derive-ce4a8e33adb2eb5f.so" "-Wl,--gc-sections" "-shared" "-Wl,-z,relro,-z,now" "-nodefaultlibs"
[INFO] [stdout]   = note: some arguments are omitted. use `--verbose` to show all linker arguments
[INFO] [stdout]   = note: /usr/bin/ld: final link failed: No space left on device
[INFO] [stdout]           collect2: error: ld returned 1 exit status
[INFO] [stdout]           
[INFO] [stdout] 
[INFO] [stdout] 
[INFO] [stdout] error: linking with `cc` failed: exit status: 1
[INFO] [stdout]   |
[INFO] [stdout]   = note:  "cc" "-Wl,--version-script=/tmp/rustcsiL9st/list" "-Wl,--no-undefined-version" "-m64" "/tmp/rustcsiL9st/symbols.o" "<2 object files omitted>" "/opt/rustwide/target/debug/deps/bevy_utils_proc_macros-df49038d1bf5aa63.1595yubz59so62pub5gvg0dhz.rcgu.rmeta" "<1 object files omitted>" "-Wl,--as-needed" "-Wl,-Bstatic" "/opt/rustwide/target/debug/deps/{libsyn-a1b926e922957e3a.rlib,libquote-bda4bc1d6b94ef81.rlib,libproc_macro2-b92aed8c791189da.rlib,libunicode_ident-772f13ecc3fc189a.rlib}.rlib" "<sysroot>/lib/rustlib/x86_64-unknown-linux-gnu/lib/{libproc_macro-*,libstd-*,libpanic_unwind-*,libobject-*,libmemchr-*,libaddr2line-*,libgimli-*,librustc_demangle-*,libstd_detect-*,libhashbrown-*,librustc_std_workspace_alloc-*,libminiz_oxide-*,libadler2-*,libunwind-*,libcfg_if-*,liblibc-*,liballoc-*,librustc_std_workspace_core-*,libcore-*,libcompiler_builtins-*}.rlib" "-Wl,-Bdynamic" "-lgcc_s" "-lutil" "-lrt" "-lpthread" "-lm" "-ldl" "-lc" "-Wl,--eh-frame-hdr" "-Wl,-z,noexecstack" "-L" "<sysroot>/lib/rustlib/x86_64-unknown-linux-gnu/lib" "-o" "/opt/rustwide/target/debug/deps/libbevy_utils_proc_macros-df49038d1bf5aa63.so" "-Wl,--gc-sections" "-shared" "-Wl,-z,relro,-z,now" "-nodefaultlibs"
[INFO] [stdout]   = note: some arguments are omitted. use `--verbose` to show all linker arguments
[INFO] [stdout]   = note: /usr/bin/ld: final link failed: No space left on device
[INFO] [stdout]           collect2: error: ld returned 1 exit status
[INFO] [stdout]           
[INFO] [stdout] 
[INFO] [stdout] 
[INFO] [stderr] error: could not compile `gltf-derive` (lib) due to 1 previous error
[INFO] [stderr] rustc-LLVM ERROR: IO failure on output stream: No space left on device
[INFO] [stderr] error: could not compile `bevy_utils_proc_macros` (lib) due to 1 previous error
[INFO] [stderr] rustc-LLVM ERROR: IO failure on output stream: No space left on device
[INFO] [stderr] error: could not compile `bytemuck_derive` (lib)
[INFO] [stderr] 
[INFO] [stderr] Caused by:
[INFO] [stderr]   process didn't exit successfully: `/opt/rustwide/rustup-home/toolchains/beta-2025-02-18-x86_64-unknown-linux-gnu/bin/rustc --crate-name bytemuck_derive --edition=2018 /opt/rustwide/cargo-home/registry/src/index.crates.io-1949cf8c6b5b557f/bytemuck_derive-1.5.0/src/lib.rs --error-format=json --json=diagnostic-rendered-ansi,artifacts,future-incompat --crate-type proc-macro --emit=dep-info,link -C prefer-dynamic -C embed-bitcode=no --check-cfg 'cfg(docsrs,test)' --check-cfg 'cfg(feature, values())' -C metadata=6747b74d773a89cd -C extra-filename=-485b3b549f39265f --out-dir /opt/rustwide/target/debug/deps -L dependency=/opt/rustwide/target/debug/deps --extern proc_macro2=/opt/rustwide/target/debug/deps/libproc_macro2-b92aed8c791189da.rlib --extern quote=/opt/rustwide/target/debug/deps/libquote-bda4bc1d6b94ef81.rlib --extern syn=/opt/rustwide/target/debug/deps/libsyn-a1b926e922957e3a.rlib --extern proc_macro --cap-lints allow --cap-lints=warn` (exit status: 101)
[INFO] [stderr] error: could not compile `thiserror-core-impl` (lib)
[INFO] [stderr] 
[INFO] [stderr] Caused by:
[INFO] [stderr]   No space left on device (os error 28)
[INFO] [stderr] 
[INFO] [stderr] Caused by:
[INFO] [stderr]   failed to parse process output: `/opt/rustwide/rustup-home/toolchains/beta-2025-02-18-x86_64-unknown-linux-gnu/bin/rustc --crate-name thiserror_core_impl --edition=2021 /opt/rustwide/cargo-home/registry/src/index.crates.io-1949cf8c6b5b557f/thiserror-core-impl-1.0.50/src/lib.rs --error-format=json --json=diagnostic-rendered-ansi,artifacts,future-incompat --crate-type proc-macro --emit=dep-info,link -C prefer-dynamic -C embed-bitcode=no --cfg 'feature="std"' --check-cfg 'cfg(docsrs,test)' --check-cfg 'cfg(feature, values("std"))' -C metadata=4fcdd0b0cd8a08f0 -C extra-filename=-b2349441f109d763 --out-dir /opt/rustwide/target/debug/deps -L dependency=/opt/rustwide/target/debug/deps --extern proc_macro2=/opt/rustwide/target/debug/deps/libproc_macro2-b92aed8c791189da.rlib --extern quote=/opt/rustwide/target/debug/deps/libquote-bda4bc1d6b94ef81.rlib --extern syn=/opt/rustwide/target/debug/deps/libsyn-a1b926e922957e3a.rlib --extern proc_macro --cap-lints allow --cap-lints=warn` (exit status: 101)
[INFO] [stdout] error: linking with `cc` failed: exit status: 1
[INFO] [stdout]   |
[INFO] [stdout]   = note:  "cc" "-Wl,--version-script=/tmp/rustcGyewAp/list" "-Wl,--no-undefined-version" "-m64" "/tmp/rustcGyewAp/symbols.o" "<1 object files omitted>" "/opt/rustwide/target/debug/deps/bevy_asset_macros-b70be1bf8fa1e9e6.79j0ht100xr4ktmxruuaacxqk.rcgu.rmeta" "<1 object files omitted>" "-Wl,--as-needed" "-Wl,-Bstatic" "/opt/rustwide/target/debug/deps/{libbevy_macro_utils-8505901e0532ee2b.rlib,librustc_hash-61722fad59b5c085.rlib,libtoml_edit-2e8c1ccf2066b0ca.rlib,libindexmap-d17227448fc19e95.rlib,libequivalent-12b1d1e8bd397c1a.rlib,libhashbrown-ddbd26fccf48d648.rlib,libwinnow-f9ebec3e791c1e4a.rlib,libtoml_datetime-4be0126e95a6261d.rlib,libsyn-a1b926e922957e3a.rlib,libquote-bda4bc1d6b94ef81.rlib,libproc_macro2-b92aed8c791189da.rlib,libunicode_ident-772f13ecc3fc189a.rlib}.rlib" "<sysroot>/lib/rustlib/x86_64-unknown-linux-gnu/lib/{libproc_macro-*,libstd-*,libpanic_unwind-*,libobject-*,libmemchr-*,libaddr2line-*,libgimli-*,librustc_demangle-*,libstd_detect-*,libhashbrown-*,librustc_std_workspace_alloc-*,libminiz_oxide-*,libadler2-*,libunwind-*,libcfg_if-*,liblibc-*,liballoc-*,librustc_std_workspace_core-*,libcore-*,libcompiler_builtins-*}.rlib" "-Wl,-Bdynamic" "-lgcc_s" "-lutil" "-lrt" "-lpthread" "-lm" "-ldl" "-lc" "-Wl,--eh-frame-hdr" "-Wl,-z,noexecstack" "-L" "<sysroot>/lib/rustlib/x86_64-unknown-linux-gnu/lib" "-o" "/opt/rustwide/target/debug/deps/libbevy_asset_macros-b70be1bf8fa1e9e6.so" "-Wl,--gc-sections" "-shared" "-Wl,-z,relro,-z,now" "-nodefaultlibs"
[INFO] [stdout]   = note: some arguments are omitted. use `--verbose` to show all linker arguments
[INFO] [stdout]   = note: /usr/bin/ld: final link failed: No space left on device
[INFO] [stdout]           collect2: error: ld returned 1 exit status
[INFO] [stdout]           
[INFO] [stdout] 
[INFO] [stdout] 
[INFO] [stderr] error: could not compile `bevy_asset_macros` (lib) due to 1 previous error
[INFO] [stdout] error: linking with `cc` failed: exit status: 1
[INFO] [stdout]   |
[INFO] [stdout]   = note:  "cc" "-Wl,--version-script=/tmp/rustcCvi1qj/list" "-Wl,--no-undefined-version" "-m64" "/tmp/rustcCvi1qj/symbols.o" "<2 object files omitted>" "/opt/rustwide/target/debug/deps/bevy_derive-6252e40dbaea5a55.18h24p3ozrey8jyqz2nex77dt.rcgu.rmeta" "<1 object files omitted>" "-Wl,--as-needed" "-Wl,-Bstatic" "/opt/rustwide/target/debug/deps/{libbevy_macro_utils-8505901e0532ee2b.rlib,librustc_hash-61722fad59b5c085.rlib,libtoml_edit-2e8c1ccf2066b0ca.rlib,libindexmap-d17227448fc19e95.rlib,libequivalent-12b1d1e8bd397c1a.rlib,libhashbrown-ddbd26fccf48d648.rlib,libwinnow-f9ebec3e791c1e4a.rlib,libtoml_datetime-4be0126e95a6261d.rlib,libsyn-a1b926e922957e3a.rlib,libquote-bda4bc1d6b94ef81.rlib,libproc_macro2-b92aed8c791189da.rlib,libunicode_ident-772f13ecc3fc189a.rlib}.rlib" "<sysroot>/lib/rustlib/x86_64-unknown-linux-gnu/lib/{libproc_macro-*,libstd-*,libpanic_unwind-*,libobject-*,libmemchr-*,libaddr2line-*,libgimli-*,librustc_demangle-*,libstd_detect-*,libhashbrown-*,librustc_std_workspace_alloc-*,libminiz_oxide-*,libadler2-*,libunwind-*,libcfg_if-*,liblibc-*,liballoc-*,librustc_std_workspace_core-*,libcore-*,libcompiler_builtins-*}.rlib" "-Wl,-Bdynamic" "-lgcc_s" "-lutil" "-lrt" "-lpthread" "-lm" "-ldl" "-lc" "-Wl,--eh-frame-hdr" "-Wl,-z,noexecstack" "-L" "<sysroot>/lib/rustlib/x86_64-unknown-linux-gnu/lib" "-o" "/opt/rustwide/target/debug/deps/libbevy_derive-6252e40dbaea5a55.so" "-Wl,--gc-sections" "-shared" "-Wl,-z,relro,-z,now" "-nodefaultlibs"
[INFO] [stdout]   = note: some arguments are omitted. use `--verbose` to show all linker arguments
[INFO] [stdout]   = note: /usr/bin/ld: final link failed: No space left on device
[INFO] [stdout]           collect2: error: ld returned 1 exit status
[INFO] [stdout]           
[INFO] [stdout] 
[INFO] [stdout] 
[INFO] [stderr] error: could not compile `bevy_derive` (lib) due to 1 previous error
[INFO] [stdout] error: error writing metadata object file: No space left on device (os error 28)
[INFO] [stdout] 
[INFO] [stdout] 
[INFO] [stderr] error: could not compile `bevy_ecs_macros` (lib) due to 1 previous error
[INFO] [stdout] error: couldn't create a temp dir: No space left on device (os error 28) at path "/opt/rustwide/target/debug/deps/rmeta5UZzvL"
[INFO] [stdout] 
[INFO] [stdout] 
[INFO] [stderr] error: could not compile `bevy_reflect_derive` (lib) due to 1 previous error
[INFO] [stdout] error: couldn't create a temp dir: No space left on device (os error 28) at path "/opt/rustwide/target/debug/deps/rmeta8yRbzb"
[INFO] [stdout] 
[INFO] [stdout] 
[INFO] [stderr] error: could not compile `x11-dl` (lib) due to 1 previous error
[INFO] [stdout] error: couldn't create a temp dir: No space left on device (os error 28) at path "/opt/rustwide/target/debug/deps/rmetaPO14im"
[INFO] [stdout] 
[INFO] [stdout] 
[INFO] [stderr] error: could not compile `serde_derive` (lib) due to 1 previous error
[INFO] running `Command { std: "docker" "inspect" "07f4fa5a6e0ebd82712a4b7571c35cdb36caaeea0b28c62533828deda2d53ffb", kill_on_drop: false }`
[INFO] running `Command { std: "docker" "rm" "-f" "07f4fa5a6e0ebd82712a4b7571c35cdb36caaeea0b28c62533828deda2d53ffb", kill_on_drop: false }`
[INFO] [stdout] 07f4fa5a6e0ebd82712a4b7571c35cdb36caaeea0b28c62533828deda2d53ffb
