[INFO] fetching crate pyanndata 0.5.1...
[INFO] documenting pyanndata-0.5.1 against 1.85.0 for beta-1.86-rustdoc-1
[INFO] extracting crate pyanndata 0.5.1 into /workspace/builds/worker-5-tc1/source
[INFO] validating manifest of crates.io crate pyanndata 0.5.1 on toolchain 1.85.0
[INFO] running `Command { std: CARGO_HOME="/workspace/cargo-home" RUSTUP_HOME="/workspace/rustup-home" "/workspace/cargo-home/bin/cargo" "+1.85.0" "metadata" "--manifest-path" "Cargo.toml" "--no-deps", kill_on_drop: false }`
[INFO] started tweaking crates.io crate pyanndata 0.5.1
[INFO] finished tweaking crates.io crate pyanndata 0.5.1
[INFO] tweaked toml for crates.io crate pyanndata 0.5.1 written to /workspace/builds/worker-5-tc1/source/Cargo.toml
[INFO] running `Command { std: CARGO_HOME="/workspace/cargo-home" RUSTUP_HOME="/workspace/rustup-home" "/workspace/cargo-home/bin/cargo" "+1.85.0" "generate-lockfile" "--manifest-path" "Cargo.toml", kill_on_drop: false }`
[INFO] [stderr]     Updating crates.io index
[INFO] [stderr]      Locking 341 packages to latest compatible versions
[INFO] [stderr]       Adding downcast-rs v1.2.1 (available: v2.0.1)
[INFO] [stderr]       Adding hdf5-metno v0.9.2 (available: v0.9.4)
[INFO] [stderr]       Adding numpy v0.22.1 (available: v0.23.0)
[INFO] [stderr]       Adding polars v0.45.1 (available: v0.46.0)
[INFO] [stderr]       Adding pyo3 v0.22.6 (available: v0.23.4)
[INFO] [stderr]       Adding pyo3-polars v0.19.0 (available: v0.20.0)
[INFO] [stderr]       Adding rand v0.8.5 (available: v0.9.0)
[INFO] running `Command { std: CARGO_HOME="/workspace/cargo-home" RUSTUP_HOME="/workspace/rustup-home" "/workspace/cargo-home/bin/cargo" "+1.85.0" "fetch" "--manifest-path" "Cargo.toml", kill_on_drop: false }`
[INFO] [stderr]  Downloading crates ...
[INFO] [stderr]   Downloaded polars-schema v0.45.1
[INFO] [stderr]   Downloaded polars-row v0.45.1
[INFO] [stderr]   Downloaded polars-error v0.45.1
[INFO] [stderr]   Downloaded pyo3-polars v0.19.0
[INFO] [stderr]   Downloaded polars-utils v0.45.1
[INFO] [stderr]   Downloaded polars-compute v0.45.1
[INFO] [stderr]   Downloaded rayon_iter_concurrent_limit v0.2.0
[INFO] [stderr]   Downloaded anndata v0.6.1
[INFO] [stderr]   Downloaded permutation v0.4.1
[INFO] [stderr]   Downloaded moka v0.12.10
[INFO] [stderr]   Downloaded anndata-hdf5 v0.5.0
[INFO] [stderr]   Downloaded atoi_simd v0.16.0
[INFO] [stderr]   Downloaded hdf5-metno-derive v0.9.2
[INFO] [stderr]   Downloaded zarrs_filesystem v0.2.0
[INFO] [stderr]   Downloaded zarrs_metadata v0.2.0
[INFO] [stderr]   Downloaded polars-ops v0.45.1
[INFO] [stderr]   Downloaded simd-json v0.14.3
[INFO] [stderr]   Downloaded polars-parquet v0.45.1
[INFO] [stderr]   Downloaded blosc-src v0.3.4
[INFO] [stderr]   Downloaded polars-io v0.45.1
[INFO] [stderr]   Downloaded polars v0.45.1
[INFO] [stderr]   Downloaded polars-parquet-format v0.1.0
[INFO] [stderr]   Downloaded polars-sql v0.45.1
[INFO] [stderr]   Downloaded sqlparser v0.52.0
[INFO] [stderr]   Downloaded polars-json v0.45.1
[INFO] [stderr]   Downloaded polars-time v0.45.1
[INFO] [stderr]   Downloaded anndata-zarr v0.1.0
[INFO] [stderr]   Downloaded hdf5-metno-types v0.9.0
[INFO] [stderr]   Downloaded libz-ng-sys v1.1.21
[INFO] [stderr]   Downloaded polars-plan v0.45.1
[INFO] [stderr]   Downloaded numpy v0.22.1
[INFO] [stderr]   Downloaded fast-float2 v0.2.3
[INFO] [stderr]   Downloaded snappy_src v0.2.4+snappy.1.2.1
[INFO] [stderr]   Downloaded polars-expr v0.45.1
[INFO] [stderr]   Downloaded polars-stream v0.45.1
[INFO] [stderr]   Downloaded unsafe_cell_slice v0.2.1
[INFO] [stderr]   Downloaded zarrs_storage v0.3.1
[INFO] [stderr]   Downloaded zarrs v0.18.3
[INFO] [stderr]   Downloaded hdf5-metno v0.9.2
[INFO] [stderr]   Downloaded nalgebra-sparse v0.10.0
[INFO] [stderr]   Downloaded polars-pipe v0.45.1
[INFO] [stderr]   Downloaded polars-lazy v0.45.1
[INFO] [stderr]   Downloaded polars-arrow v0.45.1
[INFO] [stderr]   Downloaded polars-core v0.45.1
[INFO] [stderr]   Downloaded polars-mem-engine v0.45.1
[INFO] [stderr]   Downloaded hdf5-metno-src v0.9.4
[INFO] running `Command { std: "docker" "create" "-v" "/var/lib/crater-agent-workspace/builds/worker-5-tc1/target:/opt/rustwide/target:rw,Z" "-v" "/var/lib/crater-agent-workspace/builds/worker-5-tc1/source:/opt/rustwide/workdir:ro,Z" "-v" "/var/lib/crater-agent-workspace/cargo-home:/opt/rustwide/cargo-home:ro,Z" "-v" "/var/lib/crater-agent-workspace/rustup-home:/opt/rustwide/rustup-home:ro,Z" "-e" "SOURCE_DIR=/opt/rustwide/workdir" "-e" "CARGO_TARGET_DIR=/opt/rustwide/target" "-e" "CARGO_HOME=/opt/rustwide/cargo-home" "-e" "RUSTUP_HOME=/opt/rustwide/rustup-home" "-w" "/opt/rustwide/workdir" "-m" "1610612736" "--user" "0:0" "--network" "none" "ghcr.io/rust-lang/crates-build-env/linux@sha256:3959728d45483eb673ba100a951a6b9f5012970368db2a9e08e0ac9b67c8a5ad" "/opt/rustwide/cargo-home/bin/cargo" "+1.85.0" "metadata" "--no-deps" "--format-version=1", kill_on_drop: false }`
[INFO] [stdout] 270b8552b74d91a35fe9ca1274715a875efe08b47448907ca2f5389876fcec5b
[INFO] running `Command { std: "docker" "start" "-a" "270b8552b74d91a35fe9ca1274715a875efe08b47448907ca2f5389876fcec5b", kill_on_drop: false }`
[INFO] running `Command { std: "docker" "inspect" "270b8552b74d91a35fe9ca1274715a875efe08b47448907ca2f5389876fcec5b", kill_on_drop: false }`
[INFO] running `Command { std: "docker" "rm" "-f" "270b8552b74d91a35fe9ca1274715a875efe08b47448907ca2f5389876fcec5b", kill_on_drop: false }`
[INFO] [stdout] 270b8552b74d91a35fe9ca1274715a875efe08b47448907ca2f5389876fcec5b
[INFO] running `Command { std: "docker" "create" "-v" "/var/lib/crater-agent-workspace/builds/worker-5-tc1/target:/opt/rustwide/target:rw,Z" "-v" "/var/lib/crater-agent-workspace/builds/worker-5-tc1/source:/opt/rustwide/workdir:ro,Z" "-v" "/var/lib/crater-agent-workspace/cargo-home:/opt/rustwide/cargo-home:ro,Z" "-v" "/var/lib/crater-agent-workspace/rustup-home:/opt/rustwide/rustup-home:ro,Z" "-e" "SOURCE_DIR=/opt/rustwide/workdir" "-e" "CARGO_TARGET_DIR=/opt/rustwide/target" "-e" "CARGO_INCREMENTAL=0" "-e" "RUST_BACKTRACE=full" "-e" "RUSTFLAGS=--cap-lints=warn" "-e" "RUSTDOCFLAGS=--cap-lints=warn" "-e" "CARGO_HOME=/opt/rustwide/cargo-home" "-e" "RUSTUP_HOME=/opt/rustwide/rustup-home" "-w" "/opt/rustwide/workdir" "-m" "1610612736" "--user" "0:0" "--network" "none" "ghcr.io/rust-lang/crates-build-env/linux@sha256:3959728d45483eb673ba100a951a6b9f5012970368db2a9e08e0ac9b67c8a5ad" "/opt/rustwide/cargo-home/bin/cargo" "+1.85.0" "doc" "--frozen" "--no-deps" "--document-private-items" "--message-format=json", kill_on_drop: false }`
[INFO] [stdout] e22c6a2b12df3b1876cb0344489a07d4099241b17b3fc2e280b9ca1327f983a4
[INFO] running `Command { std: "docker" "start" "-a" "e22c6a2b12df3b1876cb0344489a07d4099241b17b3fc2e280b9ca1327f983a4", kill_on_drop: false }`
[INFO] [stderr]    Compiling libc v0.2.170
[INFO] [stderr]    Compiling proc-macro2 v1.0.93
[INFO] [stderr]    Compiling unicode-ident v1.0.17
[INFO] [stderr]    Compiling shlex v1.3.0
[INFO] [stderr]    Compiling autocfg v1.4.0
[INFO] [stderr]     Checking cfg-if v1.0.0
[INFO] [stderr]    Compiling libm v0.2.11
[INFO] [stderr]    Compiling version_check v0.9.5
[INFO] [stderr]    Compiling serde v1.0.218
[INFO] [stderr]    Compiling crossbeam-utils v0.8.21
[INFO] [stderr]    Compiling memchr v2.7.4
[INFO] [stderr]    Compiling num-traits v0.2.19
[INFO] [stderr]     Checking either v1.14.0
[INFO] [stderr]    Compiling pkg-config v0.3.31
[INFO] [stderr]    Compiling regex-syntax v0.8.5
[INFO] [stderr]    Compiling jobserver v0.1.32
[INFO] [stderr]    Compiling quote v1.0.38
[INFO] [stderr]    Compiling cc v1.2.15
[INFO] [stderr]    Compiling syn v2.0.98
[INFO] [stderr]    Compiling aho-corasick v1.1.3
[INFO] [stderr]     Checking crossbeam-epoch v0.9.18
[INFO] [stderr]    Compiling rayon-core v1.12.1
[INFO] [stderr]    Compiling lock_api v0.4.12
[INFO] [stderr]     Checking crossbeam-deque v0.8.6
[INFO] [stderr]    Compiling parking_lot_core v0.9.10
[INFO] [stderr]     Checking smallvec v1.14.0
[INFO] [stderr]     Checking scopeguard v1.2.0
[INFO] [stderr]     Checking byteorder v1.5.0
[INFO] [stderr]     Checking allocator-api2 v0.2.21
[INFO] [stderr]     Checking parking_lot v0.12.3
[INFO] [stderr]    Compiling thiserror v2.0.11
[INFO] [stderr]     Checking getrandom v0.2.15
[INFO] [stderr]     Checking rayon v1.10.0
[INFO] [stderr]     Checking once_cell v1.20.3
[INFO] [stderr]     Checking foldhash v0.1.4
[INFO] [stderr]     Checking equivalent v1.0.2
[INFO] [stderr]    Compiling cmake v0.1.54
[INFO] [stderr]     Checking num-integer v0.1.46
[INFO] [stderr]    Compiling rand_core v0.6.4
[INFO] [stderr]    Compiling rustversion v1.0.19
[INFO] [stderr]    Compiling siphasher v1.0.1
[INFO] [stderr]     Checking bitflags v2.8.0
[INFO] [stderr]    Compiling phf_shared v0.11.3
[INFO] [stderr]    Compiling rand v0.8.5
[INFO] [stderr]    Compiling psm v0.1.25
[INFO] [stderr]     Checking itoa v1.0.14
[INFO] [stderr]     Checking ryu v1.0.19
[INFO] [stderr]    Compiling stacker v0.1.19
[INFO] [stderr]    Compiling phf_generator v0.11.3
[INFO] [stderr]    Compiling ahash v0.8.11
[INFO] [stderr]     Checking array-init-cursor v0.2.0
[INFO] [stderr]     Checking bytes v1.10.0
[INFO] [stderr]    Compiling target-features v0.1.6
[INFO] [stderr]    Compiling regex-automata v0.4.9
[INFO] [stderr]    Compiling heck v0.5.0
[INFO] [stderr]     Checking planus v0.3.1
[INFO] [stderr]    Compiling phf_codegen v0.11.3
[INFO] [stderr]    Compiling matrixmultiply v0.3.9
[INFO] [stderr]    Compiling syn v1.0.109
[INFO] [stderr]     Checking castaway v0.2.3
[INFO] [stderr]    Compiling polars-utils v0.45.1
[INFO] [stderr]     Checking iana-time-zone v0.1.61
[INFO] [stderr]     Checking rawpointer v0.2.1
[INFO] [stderr]     Checking static_assertions v1.1.0
[INFO] [stderr]     Checking simdutf8 v0.1.5
[INFO] [stderr]     Checking chrono v0.4.39
[INFO] [stderr]    Compiling zstd-sys v2.0.14+zstd.1.5.7
[INFO] [stderr]     Checking raw-cpuid v11.4.0
[INFO] [stderr]     Checking memmap2 v0.9.5
[INFO] [stderr]    Compiling polars-schema v0.45.1
[INFO] [stderr]     Checking phf v0.11.3
[INFO] [stderr]    Compiling polars-arrow v0.45.1
[INFO] [stderr]     Checking atoi v2.0.0
[INFO] [stderr]    Compiling polars-compute v0.45.1
[INFO] [stderr]    Compiling vcpkg v0.2.15
[INFO] [stderr]     Checking dyn-clone v1.0.18
[INFO] [stderr]    Compiling target-lexicon v0.12.16
[INFO] [stderr]     Checking itoap v1.0.1
[INFO] [stderr]     Checking strength_reduce v0.2.4
[INFO] [stderr]     Checking ethnum v1.5.0
[INFO] [stderr]    Compiling serde_derive v1.0.218
[INFO] [stderr]    Compiling bytemuck_derive v1.8.1
[INFO] [stderr]    Compiling regex v1.11.1
[INFO] [stderr]    Compiling zerocopy-derive v0.7.35
[INFO] [stderr]    Compiling thiserror-impl v2.0.11
[INFO] [stderr]    Compiling parse-zoneinfo v0.3.1
[INFO] [stdout] error: error writing metadata object file: No space left on device (os error 28)
[INFO] [stdout] 
[INFO] [stdout] 
[INFO] [stderr] rustc-LLVM ERROR: IO failure on output stream: No space left on device
[INFO] [stderr] error: could not compile `serde_derive` (lib) due to 1 previous error
[INFO] [stderr] warning: build failed, waiting for other jobs to finish...
[INFO] [stderr] error: could not compile `thiserror-impl` (lib)
[INFO] [stderr] 
[INFO] [stderr] Caused by:
[INFO] [stderr]   process didn't exit successfully: `/opt/rustwide/rustup-home/toolchains/1.85.0-x86_64-unknown-linux-gnu/bin/rustc --crate-name thiserror_impl --edition=2021 /opt/rustwide/cargo-home/registry/src/index.crates.io-1949cf8c6b5b557f/thiserror-impl-2.0.11/src/lib.rs --error-format=json --json=diagnostic-rendered-ansi,artifacts,future-incompat --crate-type proc-macro --emit=dep-info,link -C prefer-dynamic -C embed-bitcode=no --check-cfg 'cfg(docsrs,test)' --check-cfg 'cfg(feature, values())' -C metadata=a98ca380e5e1b969 -C extra-filename=-075f9e469da63378 --out-dir /opt/rustwide/target/debug/deps -L dependency=/opt/rustwide/target/debug/deps --extern proc_macro2=/opt/rustwide/target/debug/deps/libproc_macro2-42fbee28c02d4999.rlib --extern quote=/opt/rustwide/target/debug/deps/libquote-fd21622cb56dc272.rlib --extern syn=/opt/rustwide/target/debug/deps/libsyn-16673a66d52c821f.rlib --extern proc_macro --cap-lints allow --cap-lints=warn` (exit status: 101)
[INFO] [stderr] rustc-LLVM ERROR: IO failure on output stream: No space left on device
[INFO] [stderr] error: could not compile `syn` (lib)
[INFO] [stderr] 
[INFO] [stderr] Caused by:
[INFO] [stderr]   No space left on device (os error 28)
[INFO] [stderr] 
[INFO] [stderr] Caused by:
[INFO] [stderr]   failed to parse process output: `/opt/rustwide/rustup-home/toolchains/1.85.0-x86_64-unknown-linux-gnu/bin/rustc --crate-name syn --edition=2018 /opt/rustwide/cargo-home/registry/src/index.crates.io-1949cf8c6b5b557f/syn-1.0.109/src/lib.rs --error-format=json --json=diagnostic-rendered-ansi,artifacts,future-incompat --crate-type lib --emit=dep-info,metadata,link -C embed-bitcode=no --cfg 'feature="clone-impls"' --cfg 'feature="default"' --cfg 'feature="derive"' --cfg 'feature="extra-traits"' --cfg 'feature="full"' --cfg 'feature="parsing"' --cfg 'feature="printing"' --cfg 'feature="proc-macro"' --cfg 'feature="quote"' --cfg 'feature="visit-mut"' --check-cfg 'cfg(docsrs,test)' --check-cfg 'cfg(feature, values("clone-impls", "default", "derive", "extra-traits", "fold", "full", "parsing", "printing", "proc-macro", "quote", "test", "visit", "visit-mut"))' -C metadata=30b4092186156cda -C extra-filename=-0084de3ed60686ea --out-dir /opt/rustwide/target/debug/deps -L dependency=/opt/rustwide/target/debug/deps --extern proc_macro2=/opt/rustwide/target/debug/deps/libproc_macro2-42fbee28c02d4999.rmeta --extern quote=/opt/rustwide/target/debug/deps/libquote-fd21622cb56dc272.rmeta --extern unicode_ident=/opt/rustwide/target/debug/deps/libunicode_ident-ee6756191ba329bf.rmeta --cap-lints allow --cap-lints=warn --cfg syn_disable_nightly_tests` (exit status: 101)
[INFO] [stderr] warning: zstd-sys@2.0.14+zstd.1.5.7: zstd/lib/compress/zstd_opt.c:1575:1: fatal error: error writing to /tmp/cchoyP52.s: No space left on device
[INFO] [stderr] warning: zstd-sys@2.0.14+zstd.1.5.7:  1575 | }
[INFO] [stderr] warning: zstd-sys@2.0.14+zstd.1.5.7:       | ^
[INFO] [stderr] warning: zstd-sys@2.0.14+zstd.1.5.7: compilation terminated.
[INFO] [stderr] warning: zstd-sys@2.0.14+zstd.1.5.7: ToolExecError: command did not execute successfully (status code exit status: 1): LC_ALL="C" "cc" "-O0" "-ffunction-sections" "-fdata-sections" "-fPIC" "-gdwarf-4" "-fno-omit-frame-pointer" "-m64" "-I" "zstd/lib/" "-I" "zstd/lib/common" "-I" "zstd/lib/legacy" "-fvisibility=hidden" "-pthread" "-ffunction-sections" "-fdata-sections" "-fmerge-all-constants" "-DZSTD_LIB_DEPRECATED=0" "-DXXH_PRIVATE_API=" "-DZSTDLIB_VISIBILITY=" "-DZDICTLIB_VISIBILITY=" "-DZSTDERRORLIB_VISIBILITY=" "-DZSTD_LEGACY_SUPPORT=1" "-DZSTD_MULTITHREAD=" "-o" "/opt/rustwide/target/debug/build/zstd-sys-4805ca6c83b4838f/out/fb80479a5fb81f6a-zstd_opt.o" "-c" "zstd/lib/compress/zstd_opt.c"cargo:warning=zstd/lib/compress/zstd_preSplit.c:238:1: fatal error: error writing to /tmp/ccJ6FIhz.s: No space left on device
[INFO] [stderr] warning: zstd-sys@2.0.14+zstd.1.5.7:   238 | }
[INFO] [stderr] warning: zstd-sys@2.0.14+zstd.1.5.7:       | ^
[INFO] [stderr] warning: zstd-sys@2.0.14+zstd.1.5.7: compilation terminated.
[INFO] [stderr] warning: zstd-sys@2.0.14+zstd.1.5.7: ToolExecError: command did not execute successfully (status code exit status: 1): LC_ALL="C" "cc" "-O0" "-ffunction-sections" "-fdata-sections" "-fPIC" "-gdwarf-4" "-fno-omit-frame-pointer" "-m64" "-I" "zstd/lib/" "-I" "zstd/lib/common" "-I" "zstd/lib/legacy" "-fvisibility=hidden" "-pthread" "-ffunction-sections" "-fdata-sections" "-fmerge-all-constants" "-DZSTD_LIB_DEPRECATED=0" "-DXXH_PRIVATE_API=" "-DZSTDLIB_VISIBILITY=" "-DZDICTLIB_VISIBILITY=" "-DZSTDERRORLIB_VISIBILITY=" "-DZSTD_LEGACY_SUPPORT=1" "-DZSTD_MULTITHREAD=" "-o" "/opt/rustwide/target/debug/build/zstd-sys-4805ca6c83b4838f/out/fb80479a5fb81f6a-zstd_preSplit.o" "-c" "zstd/lib/compress/zstd_preSplit.c"cargo:warning=zstd/lib/compress/zstd_fast.c:985:1: fatal error: error writing to /tmp/ccJKsfDC.s: No space left on device
[INFO] [stderr] warning: zstd-sys@2.0.14+zstd.1.5.7:   985 | }
[INFO] [stderr] warning: zstd-sys@2.0.14+zstd.1.5.7:       | ^
[INFO] [stderr] warning: zstd-sys@2.0.14+zstd.1.5.7: compilation terminated.
[INFO] [stderr] warning: zstd-sys@2.0.14+zstd.1.5.7: ToolExecError: command did not execute successfully (status code exit status: 1): LC_ALL="C" "cc" "-O0" "-ffunction-sections" "-fdata-sections" "-fPIC" "-gdwarf-4" "-fno-omit-frame-pointer" "-m64" "-I" "zstd/lib/" "-I" "zstd/lib/common" "-I" "zstd/lib/legacy" "-fvisibility=hidden" "-pthread" "-ffunction-sections" "-fdata-sections" "-fmerge-all-constants" "-DZSTD_LIB_DEPRECATED=0" "-DXXH_PRIVATE_API=" "-DZSTDLIB_VISIBILITY=" "-DZDICTLIB_VISIBILITY=" "-DZSTDERRORLIB_VISIBILITY=" "-DZSTD_LEGACY_SUPPORT=1" "-DZSTD_MULTITHREAD=" "-o" "/opt/rustwide/target/debug/build/zstd-sys-4805ca6c83b4838f/out/fb80479a5fb81f6a-zstd_fast.o" "-c" "zstd/lib/compress/zstd_fast.c"
[INFO] [stderr] warning: zstd-sys@2.0.14+zstd.1.5.7: zstd/lib/compress/zstd_lazy.c:2198:1: fatal error: error writing to /tmp/ccRS6lHF.s: No space left on device
[INFO] [stderr] warning: zstd-sys@2.0.14+zstd.1.5.7:  2198 | }
[INFO] [stderr] warning: zstd-sys@2.0.14+zstd.1.5.7:       | ^
[INFO] [stderr] warning: zstd-sys@2.0.14+zstd.1.5.7: compilation terminated.
[INFO] [stderr] warning: zstd-sys@2.0.14+zstd.1.5.7: ToolExecError: command did not execute successfully (status code exit status: 1): LC_ALL="C" "cc" "-O0" "-ffunction-sections" "-fdata-sections" "-fPIC" "-gdwarf-4" "-fno-omit-frame-pointer" "-m64" "-I" "zstd/lib/" "-I" "zstd/lib/common" "-I" "zstd/lib/legacy" "-fvisibility=hidden" "-pthread" "-ffunction-sections" "-fdata-sections" "-fmerge-all-constants" "-DZSTD_LIB_DEPRECATED=0" "-DXXH_PRIVATE_API=" "-DZSTDLIB_VISIBILITY=" "-DZDICTLIB_VISIBILITY=" "-DZSTDERRORLIB_VISIBILITY=" "-DZSTD_LEGACY_SUPPORT=1" "-DZSTD_MULTITHREAD=" "-o" "/opt/rustwide/target/debug/build/zstd-sys-4805ca6c83b4838f/out/fb80479a5fb81f6a-zstd_lazy.o" "-c" "zstd/lib/compress/zstd_lazy.c"
[INFO] [stderr] error: failed to run custom build command for `zstd-sys v2.0.14+zstd.1.5.7`
[INFO] [stderr] note: To improve backtraces for build dependencies, set the CARGO_PROFILE_DEV_BUILD_OVERRIDE_DEBUG=true environment variable to enable debug information generation.
[INFO] [stderr] 
[INFO] [stderr] Caused by:
[INFO] [stderr]   process didn't exit successfully: `/opt/rustwide/target/debug/build/zstd-sys-026dd02b55dc22a3/build-script-build` (exit status: 1)
[INFO] [stderr]   --- stdout
[INFO] [stderr]   cargo:rerun-if-env-changed=ZSTD_SYS_USE_PKG_CONFIG
[INFO] [stderr]   OUT_DIR = Some(/opt/rustwide/target/debug/build/zstd-sys-4805ca6c83b4838f/out)
[INFO] [stderr]   OPT_LEVEL = Some(0)
[INFO] [stderr]   TARGET = Some(x86_64-unknown-linux-gnu)
[INFO] [stderr]   HOST = Some(x86_64-unknown-linux-gnu)
[INFO] [stderr]   cargo:rerun-if-env-changed=CC_x86_64-unknown-linux-gnu
[INFO] [stderr]   CC_x86_64-unknown-linux-gnu = None
[INFO] [stderr]   cargo:rerun-if-env-changed=CC_x86_64_unknown_linux_gnu
[INFO] [stderr]   CC_x86_64_unknown_linux_gnu = None
[INFO] [stderr]   cargo:rerun-if-env-changed=HOST_CC
[INFO] [stderr]   HOST_CC = None
[INFO] [stderr]   cargo:rerun-if-env-changed=CC
[INFO] [stderr]   CC = None
[INFO] [stderr]   cargo:rerun-if-env-changed=CC_ENABLE_DEBUG_OUTPUT
[INFO] [stderr]   RUSTC_WRAPPER = None
[INFO] [stderr]   cargo:rerun-if-env-changed=CRATE_CC_NO_DEFAULTS
[INFO] [stderr]   CRATE_CC_NO_DEFAULTS = None
[INFO] [stderr]   DEBUG = Some(true)
[INFO] [stderr]   CARGO_CFG_TARGET_FEATURE = Some(fxsr,sse,sse2)
[INFO] [stderr]   cargo:rerun-if-env-changed=CFLAGS
[INFO] [stderr]   CFLAGS = None
[INFO] [stderr]   cargo:rerun-if-env-changed=HOST_CFLAGS
[INFO] [stderr]   HOST_CFLAGS = None
[INFO] [stderr]   cargo:rerun-if-env-changed=CFLAGS_x86_64_unknown_linux_gnu
[INFO] [stderr]   CFLAGS_x86_64_unknown_linux_gnu = None
[INFO] [stderr]   cargo:rerun-if-env-changed=CFLAGS_x86_64-unknown-linux-gnu
[INFO] [stderr]   CFLAGS_x86_64-unknown-linux-gnu = None
[INFO] [stderr]   CARGO_ENCODED_RUSTFLAGS = Some(--cap-lints=warn)
[INFO] [stderr]   OUT_DIR = Some(/opt/rustwide/target/debug/build/zstd-sys-4805ca6c83b4838f/out)
[INFO] [stderr]   cargo:rerun-if-env-changed=CC_ENABLE_DEBUG_OUTPUT
[INFO] [stderr]   cargo:rerun-if-env-changed=CRATE_CC_NO_DEFAULTS
[INFO] [stderr]   CRATE_CC_NO_DEFAULTS = None
[INFO] [stderr]   TARGET = Some(x86_64-unknown-linux-gnu)
[INFO] [stderr]   CARGO_CFG_TARGET_FEATURE = Some(fxsr,sse,sse2)
[INFO] [stderr]   HOST = Some(x86_64-unknown-linux-gnu)
[INFO] [stderr]   cargo:rerun-if-env-changed=CFLAGS
[INFO] [stderr]   CFLAGS = None
[INFO] [stderr]   cargo:rerun-if-env-changed=HOST_CFLAGS
[INFO] [stderr]   HOST_CFLAGS = None
[INFO] [stderr]   cargo:rerun-if-env-changed=CFLAGS_x86_64_unknown_linux_gnu
[INFO] [stderr]   CFLAGS_x86_64_unknown_linux_gnu = None
[INFO] [stderr]   cargo:rerun-if-env-changed=CFLAGS_x86_64-unknown-linux-gnu
[INFO] [stderr]   CFLAGS_x86_64-unknown-linux-gnu = None
[INFO] [stderr]   OUT_DIR = Some(/opt/rustwide/target/debug/build/zstd-sys-4805ca6c83b4838f/out)
[INFO] [stderr]   cargo:rerun-if-env-changed=CC_ENABLE_DEBUG_OUTPUT
[INFO] [stderr]   cargo:rerun-if-env-changed=CRATE_CC_NO_DEFAULTS
[INFO] [stderr]   CRATE_CC_NO_DEFAULTS = None
[INFO] [stderr]   TARGET = Some(x86_64-unknown-linux-gnu)
[INFO] [stderr]   CARGO_CFG_TARGET_FEATURE = Some(fxsr,sse,sse2)
[INFO] [stderr]   HOST = Some(x86_64-unknown-linux-gnu)
[INFO] [stderr]   cargo:rerun-if-env-changed=CFLAGS
[INFO] [stderr]   CFLAGS = None
[INFO] [stderr]   cargo:rerun-if-env-changed=HOST_CFLAGS
[INFO] [stderr]   HOST_CFLAGS = None
[INFO] [stderr]   cargo:rerun-if-env-changed=CFLAGS_x86_64_unknown_linux_gnu
[INFO] [stderr]   CFLAGS_x86_64_unknown_linux_gnu = None
[INFO] [stderr]   cargo:rerun-if-env-changed=CFLAGS_x86_64-unknown-linux-gnu
[INFO] [stderr]   CFLAGS_x86_64-unknown-linux-gnu = None
[INFO] [stderr]   OUT_DIR = Some(/opt/rustwide/target/debug/build/zstd-sys-4805ca6c83b4838f/out)
[INFO] [stderr]   cargo:rerun-if-env-changed=CC_ENABLE_DEBUG_OUTPUT
[INFO] [stderr]   cargo:rerun-if-env-changed=CRATE_CC_NO_DEFAULTS
[INFO] [stderr]   CRATE_CC_NO_DEFAULTS = None
[INFO] [stderr]   TARGET = Some(x86_64-unknown-linux-gnu)
[INFO] [stderr]   CARGO_CFG_TARGET_FEATURE = Some(fxsr,sse,sse2)
[INFO] [stderr]   HOST = Some(x86_64-unknown-linux-gnu)
[INFO] [stderr]   cargo:rerun-if-env-changed=CFLAGS
[INFO] [stderr]   CFLAGS = None
[INFO] [stderr]   cargo:rerun-if-env-changed=HOST_CFLAGS
[INFO] [stderr]   HOST_CFLAGS = None
[INFO] [stderr]   cargo:rerun-if-env-changed=CFLAGS_x86_64_unknown_linux_gnu
[INFO] [stderr]   CFLAGS_x86_64_unknown_linux_gnu = None
[INFO] [stderr]   cargo:rerun-if-env-changed=CFLAGS_x86_64-unknown-linux-gnu
[INFO] [stderr]   CFLAGS_x86_64-unknown-linux-gnu = None
[INFO] [stderr]   exit status: 0
[INFO] [stderr]   exit status: 0
[INFO] [stderr]   exit status: 0
[INFO] [stderr]   exit status: 0
[INFO] [stderr]   exit status: 0
[INFO] [stderr]   exit status: 0
[INFO] [stderr]   exit status: 0
[INFO] [stderr]   exit status: 0
[INFO] [stderr]   cargo:warning=zstd/lib/compress/zstd_opt.c:1575:1: fatal error: error writing to /tmp/cchoyP52.s: No space left on device
[INFO] [stderr]   cargo:warning= 1575 | }
[INFO] [stderr]   cargo:warning=      | ^
[INFO] [stderr]   cargo:warning=compilation terminated.
[INFO] [stderr]   exit status: 0
[INFO] [stderr]   exit status: 0
[INFO] [stderr]   exit status: 0
[INFO] [stderr]   exit status: 0
[INFO] [stderr]   exit status: 0
[INFO] [stderr]   exit status: 0
[INFO] [stderr]   exit status: 0
[INFO] [stderr]   exit status: 0
[INFO] [stderr]   exit status: 1
[INFO] [stderr]   cargo:warning=ToolExecError: command did not execute successfully (status code exit status: 1): LC_ALL="C" "cc" "-O0" "-ffunction-sections" "-fdata-sections" "-fPIC" "-gdwarf-4" "-fno-omit-frame-pointer" "-m64" "-I" "zstd/lib/" "-I" "zstd/lib/common" "-I" "zstd/lib/legacy" "-fvisibility=hidden" "-pthread" "-ffunction-sections" "-fdata-sections" "-fmerge-all-constants" "-DZSTD_LIB_DEPRECATED=0" "-DXXH_PRIVATE_API=" "-DZSTDLIB_VISIBILITY=" "-DZDICTLIB_VISIBILITY=" "-DZSTDERRORLIB_VISIBILITY=" "-DZSTD_LEGACY_SUPPORT=1" "-DZSTD_MULTITHREAD=" "-o" "/opt/rustwide/target/debug/build/zstd-sys-4805ca6c83b4838f/out/fb80479a5fb81f6a-zstd_opt.o" "-c" "zstd/lib/compress/zstd_opt.c"cargo:warning=zstd/lib/compress/zstd_preSplit.c:238:1: fatal error: error writing to /tmp/ccJ6FIhz.s: No space left on device
[INFO] [stderr]   cargo:warning=  238 | }
[INFO] [stderr]   cargo:warning=      | ^
[INFO] [stderr]   cargo:warning=compilation terminated.
[INFO] [stderr] 
[INFO] [stderr]   exit status: 1
[INFO] [stderr]   cargo:warning=ToolExecError: command did not execute successfully (status code exit status: 1): LC_ALL="C" "cc" "-O0" "-ffunction-sections" "-fdata-sections" "-fPIC" "-gdwarf-4" "-fno-omit-frame-pointer" "-m64" "-I" "zstd/lib/" "-I" "zstd/lib/common" "-I" "zstd/lib/legacy" "-fvisibility=hidden" "-pthread" "-ffunction-sections" "-fdata-sections" "-fmerge-all-constants" "-DZSTD_LIB_DEPRECATED=0" "-DXXH_PRIVATE_API=" "-DZSTDLIB_VISIBILITY=" "-DZDICTLIB_VISIBILITY=" "-DZSTDERRORLIB_VISIBILITY=" "-DZSTD_LEGACY_SUPPORT=1" "-DZSTD_MULTITHREAD=" "-o" "/opt/rustwide/target/debug/build/zstd-sys-4805ca6c83b4838f/out/fb80479a5fb81f6a-zstd_preSplit.o" "-c" "zstd/lib/compress/zstd_preSplit.c"cargo:warning=zstd/lib/compress/zstd_fast.c:985:1: fatal error: error writing to /tmp/ccJKsfDC.s: No space left on device
[INFO] [stderr]   cargo:warning=  985 | }
[INFO] [stderr]   cargo:warning=      | ^
[INFO] [stderr]   cargo:warning=compilation terminated.
[INFO] [stderr] 
[INFO] [stderr]   exit status: 1
[INFO] [stderr]   cargo:warning=ToolExecError: command did not execute successfully (status code exit status: 1): LC_ALL="C" "cc" "-O0" "-ffunction-sections" "-fdata-sections" "-fPIC" "-gdwarf-4" "-fno-omit-frame-pointer" "-m64" "-I" "zstd/lib/" "-I" "zstd/lib/common" "-I" "zstd/lib/legacy" "-fvisibility=hidden" "-pthread" "-ffunction-sections" "-fdata-sections" "-fmerge-all-constants" "-DZSTD_LIB_DEPRECATED=0" "-DXXH_PRIVATE_API=" "-DZSTDLIB_VISIBILITY=" "-DZDICTLIB_VISIBILITY=" "-DZSTDERRORLIB_VISIBILITY=" "-DZSTD_LEGACY_SUPPORT=1" "-DZSTD_MULTITHREAD=" "-o" "/opt/rustwide/target/debug/build/zstd-sys-4805ca6c83b4838f/out/fb80479a5fb81f6a-zstd_fast.o" "-c" "zstd/lib/compress/zstd_fast.c"
[INFO] [stderr]   exit status: 0
[INFO] [stderr]   exit status: 0
[INFO] [stderr]   exit status: 0
[INFO] [stderr]   exit status: 0
[INFO] [stderr]   exit status: 0
[INFO] [stderr]   exit status: 0
[INFO] [stderr]   exit status: 0
[INFO] [stderr]   exit status: 0
[INFO] [stderr]   exit status: 0
[INFO] [stderr]   exit status: 0
[INFO] [stderr]   exit status: 0
[INFO] [stderr]   exit status: 0
[INFO] [stderr]   exit status: 0
[INFO] [stderr]   exit status: 0
[INFO] [stderr]   exit status: 0
[INFO] [stderr]   exit status: 0
[INFO] [stderr]   cargo:warning=zstd/lib/compress/zstd_lazy.c:2198:1: fatal error: error writing to /tmp/ccRS6lHF.s: No space left on device
[INFO] [stderr]   cargo:warning= 2198 | }
[INFO] [stderr]   cargo:warning=      | ^
[INFO] [stderr]   cargo:warning=compilation terminated.
[INFO] [stderr]   exit status: 0
[INFO] [stderr]   exit status: 1
[INFO] [stderr]   cargo:warning=ToolExecError: command did not execute successfully (status code exit status: 1): LC_ALL="C" "cc" "-O0" "-ffunction-sections" "-fdata-sections" "-fPIC" "-gdwarf-4" "-fno-omit-frame-pointer" "-m64" "-I" "zstd/lib/" "-I" "zstd/lib/common" "-I" "zstd/lib/legacy" "-fvisibility=hidden" "-pthread" "-ffunction-sections" "-fdata-sections" "-fmerge-all-constants" "-DZSTD_LIB_DEPRECATED=0" "-DXXH_PRIVATE_API=" "-DZSTDLIB_VISIBILITY=" "-DZDICTLIB_VISIBILITY=" "-DZSTDERRORLIB_VISIBILITY=" "-DZSTD_LEGACY_SUPPORT=1" "-DZSTD_MULTITHREAD=" "-o" "/opt/rustwide/target/debug/build/zstd-sys-4805ca6c83b4838f/out/fb80479a5fb81f6a-zstd_lazy.o" "-c" "zstd/lib/compress/zstd_lazy.c"
[INFO] [stderr] 
[INFO] [stderr]   --- stderr
[INFO] [stderr] 
[INFO] [stderr] 
[INFO] [stderr]   error occurred in cc-rs: command did not execute successfully (status code exit status: 1): LC_ALL="C" "cc" "-O0" "-ffunction-sections" "-fdata-sections" "-fPIC" "-gdwarf-4" "-fno-omit-frame-pointer" "-m64" "-I" "zstd/lib/" "-I" "zstd/lib/common" "-I" "zstd/lib/legacy" "-fvisibility=hidden" "-pthread" "-ffunction-sections" "-fdata-sections" "-fmerge-all-constants" "-DZSTD_LIB_DEPRECATED=0" "-DXXH_PRIVATE_API=" "-DZSTDLIB_VISIBILITY=" "-DZDICTLIB_VISIBILITY=" "-DZSTDERRORLIB_VISIBILITY=" "-DZSTD_LEGACY_SUPPORT=1" "-DZSTD_MULTITHREAD=" "-o" "/opt/rustwide/target/debug/build/zstd-sys-4805ca6c83b4838f/out/fb80479a5fb81f6a-zstd_lazy.o" "-c" "zstd/lib/compress/zstd_lazy.c"
[INFO] [stderr] 
[INFO] [stderr] 
[INFO] running `Command { std: "docker" "inspect" "e22c6a2b12df3b1876cb0344489a07d4099241b17b3fc2e280b9ca1327f983a4", kill_on_drop: false }`
[INFO] running `Command { std: "docker" "rm" "-f" "e22c6a2b12df3b1876cb0344489a07d4099241b17b3fc2e280b9ca1327f983a4", kill_on_drop: false }`
[INFO] [stdout] e22c6a2b12df3b1876cb0344489a07d4099241b17b3fc2e280b9ca1327f983a4
