[INFO] fetching crate gemachain-vote-program 1.8.2...
[INFO] documenting gemachain-vote-program-1.8.2 against 1.85.0 for beta-1.86-rustdoc-1
[INFO] extracting crate gemachain-vote-program 1.8.2 into /workspace/builds/worker-5-tc1/source
[INFO] validating manifest of crates.io crate gemachain-vote-program 1.8.2 on toolchain 1.85.0
[INFO] running `Command { std: CARGO_HOME="/workspace/cargo-home" RUSTUP_HOME="/workspace/rustup-home" "/workspace/cargo-home/bin/cargo" "+1.85.0" "metadata" "--manifest-path" "Cargo.toml" "--no-deps", kill_on_drop: false }`
[INFO] started tweaking crates.io crate gemachain-vote-program 1.8.2
[INFO] finished tweaking crates.io crate gemachain-vote-program 1.8.2
[INFO] tweaked toml for crates.io crate gemachain-vote-program 1.8.2 written to /workspace/builds/worker-5-tc1/source/Cargo.toml
[INFO] running `Command { std: CARGO_HOME="/workspace/cargo-home" RUSTUP_HOME="/workspace/rustup-home" "/workspace/cargo-home/bin/cargo" "+1.85.0" "generate-lockfile" "--manifest-path" "Cargo.toml", kill_on_drop: false }`
[INFO] [stderr]     Updating crates.io index
[INFO] [stderr]      Locking 265 packages to latest compatible versions
[INFO] [stderr]       Adding num-derive v0.3.3 (available: v0.4.2)
[INFO] [stderr]       Adding subtle v2.4.1 (available: v2.6.1)
[INFO] [stderr]       Adding thiserror v1.0.69 (available: v2.0.11)
[INFO] [stderr]       Adding zeroize v1.3.0 (available: v1.8.1)
[INFO] running `Command { std: CARGO_HOME="/workspace/cargo-home" RUSTUP_HOME="/workspace/rustup-home" "/workspace/cargo-home/bin/cargo" "+1.85.0" "fetch" "--manifest-path" "Cargo.toml", kill_on_drop: false }`
[INFO] [stderr]  Downloading crates ...
[INFO] [stderr]   Downloaded gemachain-logger v1.8.2
[INFO] [stderr]   Downloaded gemachain-frozen-abi v1.8.2
[INFO] [stderr]   Downloaded gemachain-frozen-abi-macro v1.8.2
[INFO] [stderr]   Downloaded gemachain-sdk-macro v1.8.2
[INFO] [stderr]   Downloaded gemachain-crate-features v1.8.2
[INFO] [stderr]   Downloaded gemachain-metrics v1.8.2
[INFO] [stderr]   Downloaded gemachain-sdk v1.8.2
[INFO] [stderr]   Downloaded gemachain-program v1.8.2
[INFO] running `Command { std: "docker" "create" "-v" "/var/lib/crater-agent-workspace/builds/worker-5-tc1/target:/opt/rustwide/target:rw,Z" "-v" "/var/lib/crater-agent-workspace/builds/worker-5-tc1/source:/opt/rustwide/workdir:ro,Z" "-v" "/var/lib/crater-agent-workspace/cargo-home:/opt/rustwide/cargo-home:ro,Z" "-v" "/var/lib/crater-agent-workspace/rustup-home:/opt/rustwide/rustup-home:ro,Z" "-e" "SOURCE_DIR=/opt/rustwide/workdir" "-e" "CARGO_TARGET_DIR=/opt/rustwide/target" "-e" "CARGO_HOME=/opt/rustwide/cargo-home" "-e" "RUSTUP_HOME=/opt/rustwide/rustup-home" "-w" "/opt/rustwide/workdir" "-m" "1610612736" "--user" "0:0" "--network" "none" "ghcr.io/rust-lang/crates-build-env/linux@sha256:3959728d45483eb673ba100a951a6b9f5012970368db2a9e08e0ac9b67c8a5ad" "/opt/rustwide/cargo-home/bin/cargo" "+1.85.0" "metadata" "--no-deps" "--format-version=1", kill_on_drop: false }`
[INFO] [stdout] 26904a41a849e6b24c8d0f3cd6e8644834116f2233ae04223da19b4885d945ce
[INFO] running `Command { std: "docker" "start" "-a" "26904a41a849e6b24c8d0f3cd6e8644834116f2233ae04223da19b4885d945ce", kill_on_drop: false }`
[INFO] running `Command { std: "docker" "inspect" "26904a41a849e6b24c8d0f3cd6e8644834116f2233ae04223da19b4885d945ce", kill_on_drop: false }`
[INFO] running `Command { std: "docker" "rm" "-f" "26904a41a849e6b24c8d0f3cd6e8644834116f2233ae04223da19b4885d945ce", kill_on_drop: false }`
[INFO] [stdout] 26904a41a849e6b24c8d0f3cd6e8644834116f2233ae04223da19b4885d945ce
[INFO] running `Command { std: "docker" "create" "-v" "/var/lib/crater-agent-workspace/builds/worker-5-tc1/target:/opt/rustwide/target:rw,Z" "-v" "/var/lib/crater-agent-workspace/builds/worker-5-tc1/source:/opt/rustwide/workdir:ro,Z" "-v" "/var/lib/crater-agent-workspace/cargo-home:/opt/rustwide/cargo-home:ro,Z" "-v" "/var/lib/crater-agent-workspace/rustup-home:/opt/rustwide/rustup-home:ro,Z" "-e" "SOURCE_DIR=/opt/rustwide/workdir" "-e" "CARGO_TARGET_DIR=/opt/rustwide/target" "-e" "CARGO_INCREMENTAL=0" "-e" "RUST_BACKTRACE=full" "-e" "RUSTFLAGS=--cap-lints=warn" "-e" "RUSTDOCFLAGS=--cap-lints=warn" "-e" "CARGO_HOME=/opt/rustwide/cargo-home" "-e" "RUSTUP_HOME=/opt/rustwide/rustup-home" "-w" "/opt/rustwide/workdir" "-m" "1610612736" "--user" "0:0" "--network" "none" "ghcr.io/rust-lang/crates-build-env/linux@sha256:3959728d45483eb673ba100a951a6b9f5012970368db2a9e08e0ac9b67c8a5ad" "/opt/rustwide/cargo-home/bin/cargo" "+1.85.0" "doc" "--frozen" "--no-deps" "--document-private-items" "--message-format=json", kill_on_drop: false }`
[INFO] [stdout] 576ef0ae45781a4e1965125eb53356d43dd19264e82a068e794da3b81af5dd04
[INFO] running `Command { std: "docker" "start" "-a" "576ef0ae45781a4e1965125eb53356d43dd19264e82a068e794da3b81af5dd04", kill_on_drop: false }`
[INFO] [stderr]    Compiling proc-macro2 v1.0.93
[INFO] [stderr]    Compiling unicode-ident v1.0.17
[INFO] [stderr]    Compiling libc v0.2.170
[INFO] [stderr]    Compiling version_check v0.9.5
[INFO] [stderr]    Compiling serde v1.0.218
[INFO] [stderr]    Compiling typenum v1.18.0
[INFO] [stderr]     Checking cfg-if v1.0.0
[INFO] [stderr]     Checking memchr v2.7.4
[INFO] [stderr]    Compiling shlex v1.3.0
[INFO] [stderr]     Checking subtle v2.4.1
[INFO] [stderr]    Compiling semver v1.0.25
[INFO] [stderr]    Compiling cc v1.2.15
[INFO] [stderr]    Compiling syn v1.0.109
[INFO] [stderr]    Compiling generic-array v0.14.7
[INFO] [stderr]    Compiling autocfg v1.4.0
[INFO] [stderr]     Checking stable_deref_trait v1.2.0
[INFO] [stderr]     Checking once_cell v1.20.3
[INFO] [stderr]    Compiling crunchy v0.2.3
[INFO] [stderr]    Compiling quote v1.0.38
[INFO] [stderr]    Compiling rustc_version v0.4.1
[INFO] [stderr]     Checking pin-project-lite v0.2.16
[INFO] [stderr]     Checking byteorder v1.5.0
[INFO] [stderr]    Compiling getrandom v0.1.16
[INFO] [stderr]    Compiling syn v2.0.98
[INFO] [stderr]     Checking bytes v1.10.0
[INFO] [stderr]     Checking writeable v0.5.5
[INFO] [stderr]     Checking litemap v0.7.4
[INFO] [stderr]     Checking block-padding v0.2.1
[INFO] [stderr]     Checking getrandom v0.2.15
[INFO] [stderr]     Checking log v0.4.26
[INFO] [stderr]     Checking itoa v1.0.14
[INFO] [stderr]     Checking rand_core v0.5.1
[INFO] [stderr]     Checking mio v1.0.3
[INFO] [stderr]     Checking socket2 v0.5.8
[INFO] [stderr]    Compiling slab v0.4.9
[INFO] [stderr]     Checking icu_locid_transform_data v1.5.0
[INFO] [stderr]     Checking fnv v1.0.7
[INFO] [stderr]     Checking untrusted v0.9.0
[INFO] [stderr]     Checking futures-core v0.3.31
[INFO] [stderr]    Compiling ring v0.17.11
[INFO] [stderr]     Checking opaque-debug v0.3.1
[INFO] [stderr]    Compiling object v0.36.7
[INFO] [stderr]     Checking tokio v1.43.0
[INFO] [stderr]    Compiling digest v0.9.0
[INFO] [stderr]     Checking cpufeatures v0.2.17
[INFO] [stderr]     Checking icu_properties_data v1.5.0
[INFO] [stderr]    Compiling libsecp256k1-core v0.2.2
[INFO] [stderr]     Checking http v0.2.12
[INFO] [stderr]     Checking tracing-core v0.1.33
[INFO] [stderr]     Checking aho-corasick v1.1.3
[INFO] [stderr]     Checking smallvec v1.14.0
[INFO] [stderr]     Checking spin v0.9.8
[INFO] [stderr]    Compiling httparse v1.10.0
[INFO] [stderr]     Checking equivalent v1.0.2
[INFO] [stderr]     Checking write16 v1.0.0
[INFO] [stderr]     Checking pin-utils v0.1.0
[INFO] [stderr]     Checking futures-sink v0.3.31
[INFO] [stderr]     Checking futures-io v0.3.31
[INFO] [stderr]     Checking futures-task v0.3.31
[INFO] [stderr]     Checking regex-syntax v0.8.5
[INFO] [stderr]     Checking utf16_iter v1.0.5
[INFO] [stderr]     Checking adler2 v2.0.0
[INFO] [stderr]     Checking utf8_iter v1.0.4
[INFO] [stderr]     Checking percent-encoding v2.3.1
[INFO] [stderr]     Checking gimli v0.31.1
[INFO] [stderr]     Checking hashbrown v0.15.2
[INFO] [stderr]     Checking icu_normalizer_data v1.5.0
[INFO] [stderr]    Compiling rustls v0.21.12
[INFO] [stderr]     Checking regex-automata v0.4.9
[INFO] [stderr]     Checking miniz_oxide v0.8.5
[INFO] [stderr]     Checking indexmap v2.7.1
[INFO] [stderr]     Checking futures-util v0.3.31
[INFO] [stderr]    Compiling synstructure v0.13.1
[INFO] [stderr]     Checking tokio-util v0.7.13
[INFO] [stderr]     Checking addr2line v0.24.2
[INFO] [stderr]     Checking lazy_static v1.5.0
[INFO] [stderr]     Checking tracing v0.1.41
[INFO] [stderr]    Compiling ahash v0.7.8
[INFO] [stderr]    Compiling unicode-xid v0.2.6
[INFO] [stderr]    Compiling proc-macro2 v0.4.30
[INFO] [stderr]    Compiling failure_derive v0.1.8
[INFO] [stderr]    Compiling feature-probe v0.1.1
[INFO] [stderr]     Checking rustc-demangle v0.1.24
[INFO] [stderr]     Checking try-lock v0.2.5
[INFO] [stderr]     Checking rustls-webpki v0.101.7
[INFO] [stderr]     Checking sct v0.7.1
[INFO] [stderr]     Checking want v0.3.1
[INFO] [stderr]    Compiling bv v0.11.1
[INFO] [stderr]     Checking h2 v0.3.26
[INFO] [stderr]    Compiling synstructure v0.12.6
[INFO] [stderr]     Checking regex v1.11.1
[INFO] [stderr]    Compiling serde_derive v1.0.218
[INFO] [stderr]    Compiling zerofrom-derive v0.1.5
[INFO] [stderr]    Compiling yoke-derive v0.7.5
[INFO] [stderr]    Compiling zerovec-derive v0.10.3
[INFO] [stderr]    Compiling displaydoc v0.2.5
[INFO] [stderr]    Compiling zerocopy-derive v0.7.35
[INFO] [stderr]    Compiling icu_provider_macros v1.5.0
[INFO] [stderr]    Compiling zeroize_derive v1.4.2
[INFO] [stderr]    Compiling toml v0.5.11
[INFO] [stderr]     Checking zerofrom v0.1.5
[INFO] [stderr]     Checking zerocopy v0.7.35
[INFO] [stderr]     Checking yoke v0.7.5
[INFO] [stderr]     Checking form_urlencoded v1.2.1
[INFO] [stderr]     Checking zerovec v0.10.4
[INFO] [stderr]     Checking http-body v0.4.6
[INFO] [stderr]    Compiling libsecp256k1-gen-genmult v0.2.1
[INFO] [stderr]     Checking zeroize v1.3.0
[INFO] [stderr]    Compiling libsecp256k1-gen-ecmult v0.2.1
[INFO] [stderr]     Checking futures-channel v0.3.31
[INFO] [stderr]     Checking atty v0.2.14
[INFO] [stderr]    Compiling gemachain-frozen-abi-macro v1.8.2
[INFO] [stderr]    Compiling num-traits v0.2.19
[INFO] [stderr]     Checking termcolor v1.4.1
[INFO] [stderr]     Checking unicode-xid v0.1.0
[INFO] [stderr]     Checking either v1.14.0
[INFO] [stderr]     Checking ppv-lite86 v0.2.20
[INFO] [stderr]     Checking ryu v1.0.19
[INFO] [stderr]    Compiling serde_json v1.0.139
[INFO] [stderr]     Checking httpdate v1.0.3
[INFO] [stderr]     Checking tower-service v0.3.3
[INFO] [stderr]     Checking signature v1.6.4
[INFO] [stderr]    Compiling thiserror v1.0.69
[INFO] [stderr]     Checking humantime v2.1.0
[INFO] [stderr]    Compiling rustversion v1.0.19
[INFO] [stderr]     Checking hyper v0.14.32
[INFO] [stderr]     Checking env_logger v0.9.3
[INFO] [stderr]     Checking rand_chacha v0.2.2
[INFO] [stderr]     Checking tinystr v0.7.6
[INFO] [stderr]     Checking icu_collections v1.5.0
[INFO] [stderr]     Checking rand v0.7.3
[INFO] [stderr]     Checking icu_locid v1.5.0
[INFO] [stderr]     Checking tokio-rustls v0.24.1
[INFO] [stderr]    Compiling proc-macro-crate v0.1.5
[INFO] [stderr]    Compiling libsecp256k1 v0.6.0
[INFO] [stderr]    Compiling thiserror-impl v1.0.69
[INFO] [stderr]     Checking icu_provider v1.5.0
[INFO] [stderr]    Compiling borsh-derive-internal v0.9.3
[INFO] [stderr]    Compiling borsh-schema-derive-internal v0.9.3
[INFO] [stderr]    Compiling ring v0.16.20
[INFO] [stderr]    Compiling blake3 v1.6.0
[INFO] [stderr]     Checking icu_locid_transform v1.5.0
[INFO] [stderr]    Compiling gemachain-frozen-abi v1.8.2
[INFO] [stderr]     Checking arrayref v0.3.9
[INFO] [stderr]    Compiling syn v0.15.44
[INFO] [stderr]     Checking base64 v0.21.7
[INFO] [stderr]    Compiling winapi v0.3.9
[INFO] [stderr]     Checking rustls-pemfile v1.0.4
[INFO] [stderr]     Checking hyper-rustls v0.24.2
[INFO] [stderr]     Checking icu_properties v1.5.1
[INFO] [stderr]    Compiling borsh-derive v0.9.3
[INFO] [stderr]     Checking hashbrown v0.11.2
[INFO] [stderr]     Checking quote v0.6.13
[INFO] [stderr]     Checking gemachain-logger v1.8.2
[INFO] [stderr]     Checking jobserver v0.1.32
[INFO] [stderr]     Checking memmap2 v0.9.5
[INFO] [stderr]     Checking iovec v0.1.4
[INFO] [stderr]     Checking memmap2 v0.5.10
[INFO] [stderr]    Compiling gemachain-program v1.8.2
[INFO] [stderr]     Checking encoding_rs v0.8.35
[INFO] [stderr]     Checking mime v0.3.17
[INFO] [stderr]     Checking constant_time_eq v0.3.1
[INFO] [stderr]     Checking arrayvec v0.7.6
[INFO] [stderr]     Checking keccak v0.1.5
[INFO] [stderr]     Checking bs58 v0.4.0
[INFO] [stderr]     Checking sync_wrapper v0.1.2
[INFO] [stderr]     Checking base64 v0.12.3
[INFO] [stderr]     Checking ipnet v2.11.0
[INFO] [stderr]     Checking spin v0.5.2
[INFO] [stderr]     Checking webpki-roots v0.25.4
[INFO] [stderr]     Checking untrusted v0.7.1
[INFO] [stderr]     Checking bytes v0.4.12
[INFO] [stderr]     Checking borsh v0.9.3
[INFO] [stderr]    Compiling gemachain-sdk-macro v1.8.2
[INFO] [stderr]     Checking icu_normalizer v1.5.0
[INFO] [stderr]     Checking itertools v0.10.5
[INFO] [stderr]     Checking idna_adapter v1.2.0
[INFO] [stderr]     Checking idna v1.0.3
[INFO] [stderr]    Compiling num-derive v0.3.3
[INFO] [stderr]    Compiling bytemuck_derive v1.8.1
[INFO] [stderr]     Checking url v2.5.4
[INFO] [stderr]     Checking serde_bytes v0.11.15
[INFO] [stderr]     Checking backtrace v0.3.74
[INFO] [stderr]     Checking ed25519 v1.5.3
[INFO] [stderr]     Checking block-buffer v0.9.0
[INFO] [stderr]     Checking crypto-mac v0.8.0
[INFO] [stderr]     Checking curve25519-dalek v3.2.1
[INFO] [stderr]     Checking sha2 v0.9.9
[INFO] [stderr]     Checking hmac v0.8.1
[INFO] [stderr]     Checking crypto-common v0.1.6
[INFO] [stderr]     Checking block-buffer v0.10.4
[INFO] [stderr]     Checking hmac-drbg v0.3.0
[INFO] [stderr]     Checking digest v0.10.7
[INFO] [stderr]     Checking failure v0.1.8
[INFO] [stderr]     Checking crypto-mac v0.9.1
[INFO] [stderr]     Checking crypto-mac v0.11.1
[INFO] [stderr]     Checking serde_urlencoded v0.7.1
[INFO] [stderr]     Checking derivation-path v0.1.3
[INFO] [stderr]     Checking hmac v0.9.0
[INFO] [stderr]     Checking sha3 v0.9.1
[INFO] [stderr]     Checking bincode v1.3.3
[INFO] [stderr]     Checking ed25519-dalek v1.0.1
[INFO] [stderr]    Compiling gemachain-sdk v1.8.2
[INFO] [stderr]     Checking hex v0.4.3
[INFO] [stderr]     Checking bitflags v1.3.2
[INFO] [stderr]     Checking regex-syntax v0.6.29
[INFO] [stderr]     Checking iana-time-zone v0.1.61
[INFO] [stderr]     Checking base64 v0.13.1
[INFO] [stderr]     Checking chrono v0.4.39
[INFO] [stderr]     Checking ed25519-dalek-bip32 v0.1.1
[INFO] [stderr]     Checking bytemuck v1.21.0
[INFO] [stderr]     Checking hmac v0.11.0
[INFO] [stderr]     Checking pbkdf2 v0.9.0
[INFO] [stderr]     Checking uriparse v0.6.4
[INFO] [stderr]     Checking qstring v0.7.2
[INFO] [stderr]     Checking assert_matches v1.5.0
[INFO] [stderr]     Checking gethostname v0.2.3
[INFO] [stderr]     Checking reqwest v0.11.27
[INFO] [stderr]    Compiling gemachain-vote-program v1.8.2 (/opt/rustwide/workdir)
[INFO] [stderr]     Checking gemachain-crate-features v1.8.2
[INFO] [stderr]     Checking gemachain-metrics v1.8.2
[INFO] [stderr]  Documenting gemachain-vote-program v1.8.2 (/opt/rustwide/workdir)
[INFO] [stdout] warning: unexpected `cfg` condition name: `RUSTC_WITH_SPECIALIZATION`
[INFO] [stdout]  --> src/lib.rs:1:13
[INFO] [stdout]   |
[INFO] [stdout] 1 | #![cfg_attr(RUSTC_WITH_SPECIALIZATION, feature(min_specialization))]
[INFO] [stdout]   |             ^^^^^^^^^^^^^^^^^^^^^^^^^
[INFO] [stdout]   |
[INFO] [stdout]   = help: expected names are: `clippy`, `debug_assertions`, `doc`, `docsrs`, `doctest`, `feature`, `fmt_debug`, `miri`, `overflow_checks`, `panic`, `proc_macro`, `relocation_model`, `rustfmt`, `sanitize`, `sanitizer_cfi_generalize_pointers`, `sanitizer_cfi_normalize_integers`, `target_abi`, `target_arch`, `target_endian`, `target_env`, `target_family`, `target_feature`, `target_has_atomic`, `target_has_atomic_equal_alignment`, `target_has_atomic_load_store`, `target_os`, `target_pointer_width`, `target_thread_local`, `target_vendor`, `test`, `ub_checks`, `unix`, and `windows`
[INFO] [stdout]   = help: consider using a Cargo feature instead
[INFO] [stdout]   = help: or consider adding in `Cargo.toml` the `check-cfg` lint config for the lint:
[INFO] [stdout]            [lints.rust]
[INFO] [stdout]            unexpected_cfgs = { level = "warn", check-cfg = ['cfg(RUSTC_WITH_SPECIALIZATION)'] }
[INFO] [stdout]   = help: or consider adding `println!("cargo::rustc-check-cfg=cfg(RUSTC_WITH_SPECIALIZATION)");` to the top of the `build.rs`
[INFO] [stdout]   = note: see <https://doc.rust-lang.org/nightly/rustc/check-cfg/cargo-specifics.html> for more information about checking conditional configuration
[INFO] [stdout]   = note: `#[warn(unexpected_cfgs)]` on by default
[INFO] [stdout] 
[INFO] [stdout] 
[INFO] [stderr]     Finished `dev` profile [unoptimized + debuginfo] target(s) in 1m 57s
[INFO] [stderr]    Generated /opt/rustwide/target/doc/gemachain_vote_program/index.html
[INFO] running `Command { std: "docker" "inspect" "576ef0ae45781a4e1965125eb53356d43dd19264e82a068e794da3b81af5dd04", kill_on_drop: false }`
[INFO] running `Command { std: "docker" "rm" "-f" "576ef0ae45781a4e1965125eb53356d43dd19264e82a068e794da3b81af5dd04", kill_on_drop: false }`
[INFO] [stdout] 576ef0ae45781a4e1965125eb53356d43dd19264e82a068e794da3b81af5dd04
[INFO] running `Command { std: "docker" "create" "-v" "/var/lib/crater-agent-workspace/builds/worker-5-tc1/target:/opt/rustwide/target:rw,Z" "-v" "/var/lib/crater-agent-workspace/builds/worker-5-tc1/source:/opt/rustwide/workdir:ro,Z" "-v" "/var/lib/crater-agent-workspace/cargo-home:/opt/rustwide/cargo-home:ro,Z" "-v" "/var/lib/crater-agent-workspace/rustup-home:/opt/rustwide/rustup-home:ro,Z" "-e" "SOURCE_DIR=/opt/rustwide/workdir" "-e" "CARGO_TARGET_DIR=/opt/rustwide/target" "-e" "CARGO_INCREMENTAL=0" "-e" "RUST_BACKTRACE=full" "-e" "RUSTFLAGS=--cap-lints=warn" "-e" "RUSTDOCFLAGS=--cap-lints=warn" "-e" "DOCS_RS=1" "-e" "RUSTC_BOOTSTRAP=1" "-e" "CARGO_HOME=/opt/rustwide/cargo-home" "-e" "RUSTUP_HOME=/opt/rustwide/rustup-home" "-w" "/opt/rustwide/workdir" "-m" "1610612736" "--user" "0:0" "--network" "none" "ghcr.io/rust-lang/crates-build-env/linux@sha256:3959728d45483eb673ba100a951a6b9f5012970368db2a9e08e0ac9b67c8a5ad" "/opt/rustwide/cargo-home/bin/cargo" "+1.85.0" "rustdoc" "--lib" "-Zrustdoc-map" "--config" "build.rustdocflags=[\"--cfg\", \"docsrs\", \"-Z\", \"unstable-options\", \"--document-private-items\"]" "--frozen" "--message-format=json", kill_on_drop: false }`
[INFO] [stdout] 734ad69dc83a737aa8c50bc5cc573965f6701929d4156320192c6da80f2483d8
[INFO] running `Command { std: "docker" "start" "-a" "734ad69dc83a737aa8c50bc5cc573965f6701929d4156320192c6da80f2483d8", kill_on_drop: false }`
[INFO] [stderr]    Compiling proc-macro2 v1.0.93
[INFO] [stderr]    Compiling thiserror v1.0.69
[INFO] [stderr]     Checking quote v1.0.38
[INFO] [stderr]     Checking syn v1.0.109
[INFO] [stderr]    Compiling syn v2.0.98
[INFO] [stderr]    Compiling synstructure v0.12.6
[INFO] [stderr]    Compiling borsh-derive-internal v0.9.3
[INFO] [stderr]    Compiling borsh-schema-derive-internal v0.9.3
[INFO] [stderr]    Compiling synstructure v0.13.1
[INFO] [stderr]    Compiling failure_derive v0.1.8
[INFO] [stderr]    Compiling borsh-derive v0.9.3
[INFO] [stderr]    Compiling gemachain-frozen-abi-macro v1.8.2
[INFO] [stderr]    Compiling num-derive v0.3.3
[INFO] [stderr]    Compiling gemachain-sdk-macro v1.8.2
[INFO] [stderr]    Compiling serde_derive v1.0.218
[INFO] [stderr]    Compiling zerofrom-derive v0.1.5
[INFO] [stderr]    Compiling yoke-derive v0.7.5
[INFO] [stderr]    Compiling zerovec-derive v0.10.3
[INFO] [stderr]    Compiling displaydoc v0.2.5
[INFO] [stderr]    Compiling icu_provider_macros v1.5.0
[INFO] [stderr]    Compiling zerocopy-derive v0.7.35
[INFO] [stderr]    Compiling zeroize_derive v1.4.2
[INFO] [stderr]    Compiling thiserror-impl v1.0.69
[INFO] [stdout] error: linking with `cc` failed: exit status: 1
[INFO] [stdout]   |
[INFO] [stdout]   = note: LC_ALL="C" PATH="/opt/rustwide/rustup-home/toolchains/1.85.0-x86_64-unknown-linux-gnu/lib/rustlib/x86_64-unknown-linux-gnu/bin:/opt/rustwide/cargo-home/bin:/usr/local/sbin:/usr/local/bin:/usr/sbin:/usr/bin:/sbin:/bin" VSLANG="1033" "cc" "-Wl,--version-script=/tmp/rustccfDC5r/list" "-Wl,--no-undefined-version" "-m64" "/tmp/rustccfDC5r/symbols.o" "<13 object files omitted>" "/opt/rustwide/target/debug/deps/zerofrom_derive-daa9ef80fb0e8ee8.24ytjo6dztjpfvagntmr5wl33.rcgu.rmeta" "<1 object files omitted>" "-Wl,--as-needed" "-Wl,-Bstatic" "/opt/rustwide/target/debug/deps/{libsynstructure-9fb65b845e3e1c51.rlib,libsyn-23e037fab294d428.rlib,libquote-fd21622cb56dc272.rlib,libproc_macro2-42fbee28c02d4999.rlib,libunicode_ident-ee6756191ba329bf.rlib}" "/opt/rustwide/rustup-home/toolchains/1.85.0-x86_64-unknown-linux-gnu/lib/rustlib/x86_64-unknown-linux-gnu/lib/{libproc_macro-57e423f2e16d22f0.rlib,libstd-6273572f18644c87.rlib,libpanic_unwind-267e668abf74a283.rlib,libobject-ec6154ccae37a33e.rlib,libmemchr-500edd5521c440d4.rlib,libaddr2line-86d8d9428792e8ef.rlib,libgimli-10f06487503767c2.rlib,librustc_demangle-6a38424de1e5bca5.rlib,libstd_detect-de9763ea1c19dca3.rlib,libhashbrown-a7f5bb2f736d3c49.rlib,librustc_std_workspace_alloc-7e368919bdc4a44c.rlib,libminiz_oxide-376454d49910c786.rlib,libadler-fa99f5692b5dce85.rlib,libunwind-91cafdaf16f7fe40.rlib,libcfg_if-f7ee3f1ea78d9dae.rlib,liblibc-d3a35665f881365a.rlib,liballoc-715bc629a88bca60.rlib,librustc_std_workspace_core-ae70165d1278cff7.rlib,libcore-406129d0e3fbc101.rlib,libcompiler_builtins-1af05515ab19524a.rlib}" "-Wl,-Bdynamic" "-lgcc_s" "-lutil" "-lrt" "-lpthread" "-lm" "-ldl" "-lc" "-Wl,--eh-frame-hdr" "-Wl,-z,noexecstack" "-L" "/opt/rustwide/rustup-home/toolchains/1.85.0-x86_64-unknown-linux-gnu/lib/rustlib/x86_64-unknown-linux-gnu/lib" "-o" "/opt/rustwide/target/debug/deps/libzerofrom_derive-daa9ef80fb0e8ee8.so" "-Wl,--gc-sections" "-shared" "-Wl,-z,relro,-z,now" "-nodefaultlibs"
[INFO] [stdout]   = note: some arguments are omitted. use `--verbose` to show all linker arguments
[INFO] [stdout]   = note: /usr/bin/ld: final link failed: No space left on device
[INFO] [stdout]           collect2: error: ld returned 1 exit status
[INFO] [stdout]           
[INFO] [stdout] 
[INFO] [stdout] 
[INFO] [stderr] error: could not compile `zerofrom-derive` (lib) due to 1 previous error
[INFO] [stderr] warning: build failed, waiting for other jobs to finish...
[INFO] [stdout] error: linking with `cc` failed: exit status: 1
[INFO] [stdout]   |
[INFO] [stdout]   = note: LC_ALL="C" PATH="/opt/rustwide/rustup-home/toolchains/1.85.0-x86_64-unknown-linux-gnu/lib/rustlib/x86_64-unknown-linux-gnu/bin:/opt/rustwide/cargo-home/bin:/usr/local/sbin:/usr/local/bin:/usr/sbin:/usr/bin:/sbin:/bin" VSLANG="1033" "cc" "-Wl,--version-script=/tmp/rustcYtqrKg/list" "-Wl,--no-undefined-version" "-m64" "/tmp/rustcYtqrKg/symbols.o" "<8 object files omitted>" "/opt/rustwide/target/debug/deps/displaydoc-ac54106c01cdd155.1p8s001xocslfk3mn87ynmgtr.rcgu.rmeta" "<1 object files omitted>" "-Wl,--as-needed" "-Wl,-Bstatic" "/opt/rustwide/target/debug/deps/{libsyn-23e037fab294d428.rlib,libquote-fd21622cb56dc272.rlib,libproc_macro2-42fbee28c02d4999.rlib,libunicode_ident-ee6756191ba329bf.rlib}" "/opt/rustwide/rustup-home/toolchains/1.85.0-x86_64-unknown-linux-gnu/lib/rustlib/x86_64-unknown-linux-gnu/lib/{libproc_macro-57e423f2e16d22f0.rlib,libstd-6273572f18644c87.rlib,libpanic_unwind-267e668abf74a283.rlib,libobject-ec6154ccae37a33e.rlib,libmemchr-500edd5521c440d4.rlib,libaddr2line-86d8d9428792e8ef.rlib,libgimli-10f06487503767c2.rlib,librustc_demangle-6a38424de1e5bca5.rlib,libstd_detect-de9763ea1c19dca3.rlib,libhashbrown-a7f5bb2f736d3c49.rlib,librustc_std_workspace_alloc-7e368919bdc4a44c.rlib,libminiz_oxide-376454d49910c786.rlib,libadler-fa99f5692b5dce85.rlib,libunwind-91cafdaf16f7fe40.rlib,libcfg_if-f7ee3f1ea78d9dae.rlib,liblibc-d3a35665f881365a.rlib,liballoc-715bc629a88bca60.rlib,librustc_std_workspace_core-ae70165d1278cff7.rlib,libcore-406129d0e3fbc101.rlib,libcompiler_builtins-1af05515ab19524a.rlib}" "-Wl,-Bdynamic" "-lgcc_s" "-lutil" "-lrt" "-lpthread" "-lm" "-ldl" "-lc" "-Wl,--eh-frame-hdr" "-Wl,-z,noexecstack" "-L" "/opt/rustwide/rustup-home/toolchains/1.85.0-x86_64-unknown-linux-gnu/lib/rustlib/x86_64-unknown-linux-gnu/lib" "-o" "/opt/rustwide/target/debug/deps/libdisplaydoc-ac54106c01cdd155.so" "-Wl,--gc-sections" "-shared" "-Wl,-z,relro,-z,now" "-nodefaultlibs"
[INFO] [stdout]   = note: some arguments are omitted. use `--verbose` to show all linker arguments
[INFO] [stdout]   = note: /usr/bin/ld: final link failed: No space left on device
[INFO] [stdout]           collect2: error: ld returned 1 exit status
[INFO] [stdout]           
[INFO] [stdout] 
[INFO] [stdout] 
[INFO] [stderr] error: could not compile `displaydoc` (lib) due to 1 previous error
[INFO] [stdout] error: linking with `cc` failed: exit status: 1
[INFO] [stdout]   |
[INFO] [stdout]   = note: LC_ALL="C" PATH="/opt/rustwide/rustup-home/toolchains/1.85.0-x86_64-unknown-linux-gnu/lib/rustlib/x86_64-unknown-linux-gnu/bin:/opt/rustwide/cargo-home/bin:/usr/local/sbin:/usr/local/bin:/usr/sbin:/usr/bin:/sbin:/bin" VSLANG="1033" "cc" "-Wl,--version-script=/tmp/rustcZ5hKGT/list" "-Wl,--no-undefined-version" "-m64" "/tmp/rustcZ5hKGT/symbols.o" "<4 object files omitted>" "/opt/rustwide/target/debug/deps/zeroize_derive-30270144d9fdb1aa.9kouupk43jrc1v9wi4wewcul6.rcgu.rmeta" "<1 object files omitted>" "-Wl,--as-needed" "-Wl,-Bstatic" "/opt/rustwide/target/debug/deps/{libsyn-23e037fab294d428.rlib,libquote-fd21622cb56dc272.rlib,libproc_macro2-42fbee28c02d4999.rlib,libunicode_ident-ee6756191ba329bf.rlib}" "/opt/rustwide/rustup-home/toolchains/1.85.0-x86_64-unknown-linux-gnu/lib/rustlib/x86_64-unknown-linux-gnu/lib/{libproc_macro-57e423f2e16d22f0.rlib,libstd-6273572f18644c87.rlib,libpanic_unwind-267e668abf74a283.rlib,libobject-ec6154ccae37a33e.rlib,libmemchr-500edd5521c440d4.rlib,libaddr2line-86d8d9428792e8ef.rlib,libgimli-10f06487503767c2.rlib,librustc_demangle-6a38424de1e5bca5.rlib,libstd_detect-de9763ea1c19dca3.rlib,libhashbrown-a7f5bb2f736d3c49.rlib,librustc_std_workspace_alloc-7e368919bdc4a44c.rlib,libminiz_oxide-376454d49910c786.rlib,libadler-fa99f5692b5dce85.rlib,libunwind-91cafdaf16f7fe40.rlib,libcfg_if-f7ee3f1ea78d9dae.rlib,liblibc-d3a35665f881365a.rlib,liballoc-715bc629a88bca60.rlib,librustc_std_workspace_core-ae70165d1278cff7.rlib,libcore-406129d0e3fbc101.rlib,libcompiler_builtins-1af05515ab19524a.rlib}" "-Wl,-Bdynamic" "-lgcc_s" "-lutil" "-lrt" "-lpthread" "-lm" "-ldl" "-lc" "-Wl,--eh-frame-hdr" "-Wl,-z,noexecstack" "-L" "/opt/rustwide/rustup-home/toolchains/1.85.0-x86_64-unknown-linux-gnu/lib/rustlib/x86_64-unknown-linux-gnu/lib" "-o" "/opt/rustwide/target/debug/deps/libzeroize_derive-30270144d9fdb1aa.so" "-Wl,--gc-sections" "-shared" "-Wl,-z,relro,-z,now" "-nodefaultlibs"
[INFO] [stdout]   = note: some arguments are omitted. use `--verbose` to show all linker arguments
[INFO] [stdout]   = note: /usr/bin/ld: final link failed: No space left on device
[INFO] [stdout]           collect2: error: ld returned 1 exit status
[INFO] [stdout]           
[INFO] [stdout] 
[INFO] [stdout] 
[INFO] [stderr] error: could not compile `zeroize_derive` (lib) due to 1 previous error
[INFO] [stdout] error: linking with `cc` failed: exit status: 1
[INFO] [stdout]   |
[INFO] [stdout]   = note: LC_ALL="C" PATH="/opt/rustwide/rustup-home/toolchains/1.85.0-x86_64-unknown-linux-gnu/lib/rustlib/x86_64-unknown-linux-gnu/bin:/opt/rustwide/cargo-home/bin:/usr/local/sbin:/usr/local/bin:/usr/sbin:/usr/bin:/sbin:/bin" VSLANG="1033" "cc" "-Wl,--version-script=/tmp/rustczpC2e5/list" "-Wl,--no-undefined-version" "-m64" "/tmp/rustczpC2e5/symbols.o" "<10 object files omitted>" "/opt/rustwide/target/debug/deps/zerocopy_derive-506eee4a08c889f8.cjty42q5ea1b8f8njf9dc92s5.rcgu.rmeta" "<1 object files omitted>" "-Wl,--as-needed" "-Wl,-Bstatic" "/opt/rustwide/target/debug/deps/{libsyn-23e037fab294d428.rlib,libquote-fd21622cb56dc272.rlib,libproc_macro2-42fbee28c02d4999.rlib,libunicode_ident-ee6756191ba329bf.rlib}" "/opt/rustwide/rustup-home/toolchains/1.85.0-x86_64-unknown-linux-gnu/lib/rustlib/x86_64-unknown-linux-gnu/lib/{libproc_macro-57e423f2e16d22f0.rlib,libstd-6273572f18644c87.rlib,libpanic_unwind-267e668abf74a283.rlib,libobject-ec6154ccae37a33e.rlib,libmemchr-500edd5521c440d4.rlib,libaddr2line-86d8d9428792e8ef.rlib,libgimli-10f06487503767c2.rlib,librustc_demangle-6a38424de1e5bca5.rlib,libstd_detect-de9763ea1c19dca3.rlib,libhashbrown-a7f5bb2f736d3c49.rlib,librustc_std_workspace_alloc-7e368919bdc4a44c.rlib,libminiz_oxide-376454d49910c786.rlib,libadler-fa99f5692b5dce85.rlib,libunwind-91cafdaf16f7fe40.rlib,libcfg_if-f7ee3f1ea78d9dae.rlib,liblibc-d3a35665f881365a.rlib,liballoc-715bc629a88bca60.rlib,librustc_std_workspace_core-ae70165d1278cff7.rlib,libcore-406129d0e3fbc101.rlib,libcompiler_builtins-1af05515ab19524a.rlib}" "-Wl,-Bdynamic" "-lgcc_s" "-lutil" "-lrt" "-lpthread" "-lm" "-ldl" "-lc" "-Wl,--eh-frame-hdr" "-Wl,-z,noexecstack" "-L" "/opt/rustwide/rustup-home/toolchains/1.85.0-x86_64-unknown-linux-gnu/lib/rustlib/x86_64-unknown-linux-gnu/lib" "-o" "/opt/rustwide/target/debug/deps/libzerocopy_derive-506eee4a08c889f8.so" "-Wl,--gc-sections" "-shared" "-Wl,-z,relro,-z,now" "-nodefaultlibs"
[INFO] [stdout]   = note: some arguments are omitted. use `--verbose` to show all linker arguments
[INFO] [stdout]   = note: /usr/bin/ld: final link failed: No space left on device
[INFO] [stdout]           collect2: error: ld returned 1 exit status
[INFO] [stdout]           
[INFO] [stdout] 
[INFO] [stdout] 
[INFO] [stderr] error: could not compile `zerocopy-derive` (lib) due to 1 previous error
[INFO] [stderr] rustc-LLVM ERROR: IO failure on output stream: No space left on device
[INFO] [stderr] error: could not compile `thiserror-impl` (lib)
[INFO] [stderr] 
[INFO] [stderr] Caused by:
[INFO] [stderr]   process didn't exit successfully: `/opt/rustwide/rustup-home/toolchains/1.85.0-x86_64-unknown-linux-gnu/bin/rustc --crate-name thiserror_impl --edition=2021 /opt/rustwide/cargo-home/registry/src/index.crates.io-1949cf8c6b5b557f/thiserror-impl-1.0.69/src/lib.rs --error-format=json --json=diagnostic-rendered-ansi,artifacts,future-incompat --crate-type proc-macro --emit=dep-info,link -C prefer-dynamic -C embed-bitcode=no --check-cfg 'cfg(docsrs,test)' --check-cfg 'cfg(feature, values())' -C metadata=8a3f1b1913629f92 -C extra-filename=-e031cf438c096129 --out-dir /opt/rustwide/target/debug/deps -L dependency=/opt/rustwide/target/debug/deps --extern proc_macro2=/opt/rustwide/target/debug/deps/libproc_macro2-42fbee28c02d4999.rlib --extern quote=/opt/rustwide/target/debug/deps/libquote-fd21622cb56dc272.rlib --extern syn=/opt/rustwide/target/debug/deps/libsyn-23e037fab294d428.rlib --extern proc_macro --cap-lints allow --cap-lints=warn` (exit status: 101)
[INFO] [stdout] error: error writing metadata object file: No space left on device (os error 28)
[INFO] [stdout] 
[INFO] [stdout] 
[INFO] [stderr] error: could not compile `serde_derive` (lib) due to 1 previous error
[INFO] running `Command { std: "docker" "inspect" "734ad69dc83a737aa8c50bc5cc573965f6701929d4156320192c6da80f2483d8", kill_on_drop: false }`
[INFO] running `Command { std: "docker" "rm" "-f" "734ad69dc83a737aa8c50bc5cc573965f6701929d4156320192c6da80f2483d8", kill_on_drop: false }`
[INFO] [stdout] 734ad69dc83a737aa8c50bc5cc573965f6701929d4156320192c6da80f2483d8
