[INFO] fetching crate euphony-store 0.1.1...
[INFO] documenting euphony-store-0.1.1 against 1.85.0 for beta-1.86-rustdoc-1
[INFO] extracting crate euphony-store 0.1.1 into /workspace/builds/worker-6-tc1/source
[INFO] validating manifest of crates.io crate euphony-store 0.1.1 on toolchain 1.85.0
[INFO] running `Command { std: CARGO_HOME="/workspace/cargo-home" RUSTUP_HOME="/workspace/rustup-home" "/workspace/cargo-home/bin/cargo" "+1.85.0" "metadata" "--manifest-path" "Cargo.toml" "--no-deps", kill_on_drop: false }`
[INFO] started tweaking crates.io crate euphony-store 0.1.1
[INFO] finished tweaking crates.io crate euphony-store 0.1.1
[INFO] tweaked toml for crates.io crate euphony-store 0.1.1 written to /workspace/builds/worker-6-tc1/source/Cargo.toml
[INFO] running `Command { std: CARGO_HOME="/workspace/cargo-home" RUSTUP_HOME="/workspace/rustup-home" "/workspace/cargo-home/bin/cargo" "+1.85.0" "generate-lockfile" "--manifest-path" "Cargo.toml", kill_on_drop: false }`
[INFO] [stderr]     Updating crates.io index
[INFO] [stderr]      Locking 228 packages to latest compatible versions
[INFO] [stderr]       Adding base64 v0.13.1 (available: v0.22.1)
[INFO] running `Command { std: CARGO_HOME="/workspace/cargo-home" RUSTUP_HOME="/workspace/rustup-home" "/workspace/cargo-home/bin/cargo" "+1.85.0" "fetch" "--manifest-path" "Cargo.toml", kill_on_drop: false }`
[INFO] [stderr]     Blocking waiting for file lock on package cache
[INFO] [stderr]     Blocking waiting for file lock on package cache
[INFO] [stderr]  Downloading crates ...
[INFO] [stderr]   Downloaded euphony-macros v0.2.1
[INFO] [stderr]   Downloaded rsor v0.1.5
[INFO] [stderr]   Downloaded euphony-mix v0.1.1
[INFO] [stderr]   Downloaded euphony-units v0.1.1
[INFO] [stderr]   Downloaded euphony-node v0.1.1
[INFO] [stderr]   Downloaded euphony-graph v0.1.1
[INFO] [stderr]   Downloaded euphony-dsp v0.1.1
[INFO] [stderr]   Downloaded euphony-buffer v0.1.1
[INFO] [stderr]   Downloaded fastapprox v0.3.1
[INFO] [stderr]   Downloaded bach v0.0.6
[INFO] [stderr]   Downloaded intrusive-collections v0.9.7
[INFO] [stderr]   Downloaded duplicate v0.4.1
[INFO] [stderr]   Downloaded euphony-compiler v0.1.1
[INFO] [stderr]   Downloaded euphony-command v0.1.1
[INFO] [stderr]   Downloaded fundsp v0.9.0
[INFO] running `Command { std: "docker" "create" "-v" "/var/lib/crater-agent-workspace/builds/worker-6-tc1/target:/opt/rustwide/target:rw,Z" "-v" "/var/lib/crater-agent-workspace/builds/worker-6-tc1/source:/opt/rustwide/workdir:ro,Z" "-v" "/var/lib/crater-agent-workspace/cargo-home:/opt/rustwide/cargo-home:ro,Z" "-v" "/var/lib/crater-agent-workspace/rustup-home:/opt/rustwide/rustup-home:ro,Z" "-e" "SOURCE_DIR=/opt/rustwide/workdir" "-e" "CARGO_TARGET_DIR=/opt/rustwide/target" "-e" "CARGO_HOME=/opt/rustwide/cargo-home" "-e" "RUSTUP_HOME=/opt/rustwide/rustup-home" "-w" "/opt/rustwide/workdir" "-m" "1610612736" "--user" "0:0" "--network" "none" "ghcr.io/rust-lang/crates-build-env/linux@sha256:3959728d45483eb673ba100a951a6b9f5012970368db2a9e08e0ac9b67c8a5ad" "/opt/rustwide/cargo-home/bin/cargo" "+1.85.0" "metadata" "--no-deps" "--format-version=1", kill_on_drop: false }`
[INFO] [stdout] 34ffc82e811ab8e54994fdc4b4e79bc859d80468e56910ec7cd7d89352929fd2
[INFO] running `Command { std: "docker" "start" "-a" "34ffc82e811ab8e54994fdc4b4e79bc859d80468e56910ec7cd7d89352929fd2", kill_on_drop: false }`
[INFO] running `Command { std: "docker" "inspect" "34ffc82e811ab8e54994fdc4b4e79bc859d80468e56910ec7cd7d89352929fd2", kill_on_drop: false }`
[INFO] running `Command { std: "docker" "rm" "-f" "34ffc82e811ab8e54994fdc4b4e79bc859d80468e56910ec7cd7d89352929fd2", kill_on_drop: false }`
[INFO] [stdout] 34ffc82e811ab8e54994fdc4b4e79bc859d80468e56910ec7cd7d89352929fd2
[INFO] running `Command { std: "docker" "create" "-v" "/var/lib/crater-agent-workspace/builds/worker-6-tc1/target:/opt/rustwide/target:rw,Z" "-v" "/var/lib/crater-agent-workspace/builds/worker-6-tc1/source:/opt/rustwide/workdir:ro,Z" "-v" "/var/lib/crater-agent-workspace/cargo-home:/opt/rustwide/cargo-home:ro,Z" "-v" "/var/lib/crater-agent-workspace/rustup-home:/opt/rustwide/rustup-home:ro,Z" "-e" "SOURCE_DIR=/opt/rustwide/workdir" "-e" "CARGO_TARGET_DIR=/opt/rustwide/target" "-e" "CARGO_INCREMENTAL=0" "-e" "RUST_BACKTRACE=full" "-e" "RUSTFLAGS=--cap-lints=warn" "-e" "RUSTDOCFLAGS=--cap-lints=warn" "-e" "CARGO_HOME=/opt/rustwide/cargo-home" "-e" "RUSTUP_HOME=/opt/rustwide/rustup-home" "-w" "/opt/rustwide/workdir" "-m" "1610612736" "--user" "0:0" "--network" "none" "ghcr.io/rust-lang/crates-build-env/linux@sha256:3959728d45483eb673ba100a951a6b9f5012970368db2a9e08e0ac9b67c8a5ad" "/opt/rustwide/cargo-home/bin/cargo" "+1.85.0" "doc" "--frozen" "--no-deps" "--document-private-items" "--message-format=json", kill_on_drop: false }`
[INFO] [stdout] e1e7dc8585e312349f142948b790f352df64603d7ade24a3a53edc7d14684dc8
[INFO] running `Command { std: "docker" "start" "-a" "e1e7dc8585e312349f142948b790f352df64603d7ade24a3a53edc7d14684dc8", kill_on_drop: false }`
[INFO] [stderr]    Compiling proc-macro2 v1.0.93
[INFO] [stderr]    Compiling unicode-ident v1.0.17
[INFO] [stderr]    Compiling autocfg v1.4.0
[INFO] [stderr]     Checking cfg-if v1.0.0
[INFO] [stderr]    Compiling libc v0.2.170
[INFO] [stderr]    Compiling version_check v0.9.5
[INFO] [stderr]    Compiling syn v1.0.109
[INFO] [stderr]     Checking log v0.4.26
[INFO] [stderr]    Compiling shlex v1.3.0
[INFO] [stderr]     Checking lazy_static v1.5.0
[INFO] [stderr]     Checking pin-project-lite v0.2.16
[INFO] [stderr]    Compiling cc v1.2.15
[INFO] [stderr]     Checking stable_deref_trait v1.2.0
[INFO] [stderr]     Checking arrayvec v0.7.6
[INFO] [stderr]     Checking bytemuck v1.21.0
[INFO] [stderr]     Checking bitflags v1.3.2
[INFO] [stderr]     Checking futures-core v0.3.31
[INFO] [stderr]     Checking futures-sink v0.3.31
[INFO] [stderr]     Checking encoding_rs v0.8.35
[INFO] [stderr]    Compiling num-traits v0.2.19
[INFO] [stderr]    Compiling slab v0.4.9
[INFO] [stderr]     Checking symphonia-core v0.5.4
[INFO] [stderr]     Checking smallvec v1.14.0
[INFO] [stderr]     Checking writeable v0.5.5
[INFO] [stderr]     Checking memchr v2.7.4
[INFO] [stderr]     Checking bytes v1.10.0
[INFO] [stderr]    Compiling quote v1.0.38
[INFO] [stderr]     Checking litemap v0.7.4
[INFO] [stderr]     Checking futures-io v0.3.31
[INFO] [stderr]     Checking futures-task v0.3.31
[INFO] [stderr]     Checking itoa v1.0.14
[INFO] [stderr]     Checking pin-utils v0.1.0
[INFO] [stderr]     Checking futures-util v0.3.31
[INFO] [stderr]    Compiling syn v2.0.98
[INFO] [stderr]    Compiling rustfft v6.2.0
[INFO] [stderr]    Compiling ring v0.17.11
[INFO] [stderr]     Checking mio v1.0.3
[INFO] [stderr]     Checking num-integer v0.1.46
[INFO] [stderr]     Checking getrandom v0.2.15
[INFO] [stderr]     Checking symphonia-metadata v0.5.4
[INFO] [stderr]     Checking socket2 v0.5.8
[INFO] [stderr]     Checking strength_reduce v0.2.4
[INFO] [stderr]     Checking icu_locid_transform_data v1.5.0
[INFO] [stderr]    Compiling ident_case v1.0.1
[INFO] [stderr]     Checking once_cell v1.20.3
[INFO] [stderr]     Checking untrusted v0.9.0
[INFO] [stderr]    Compiling strsim v0.10.0
[INFO] [stderr]    Compiling fnv v1.0.7
[INFO] [stderr]     Checking transpose v0.2.3
[INFO] [stderr]     Checking primal-check v0.3.4
[INFO] [stderr]     Checking num-complex v0.4.6
[INFO] [stderr]     Checking tokio v1.43.0
[INFO] [stderr]     Checking futures-channel v0.3.31
[INFO] [stderr]    Compiling proc-macro-error-attr v1.0.4
[INFO] [stderr]     Checking equivalent v1.0.2
[INFO] [stderr]    Compiling typenum v1.18.0
[INFO] [stderr]     Checking hashbrown v0.15.2
[INFO] [stderr]    Compiling proc-macro-hack v0.5.20+deprecated
[INFO] [stderr]     Checking icu_properties_data v1.5.0
[INFO] [stderr]     Checking indexmap v2.7.1
[INFO] [stderr]     Checking http v0.2.12
[INFO] [stderr]     Checking tracing-core v0.1.33
[INFO] [stderr]     Checking symphonia-utils-xiph v0.5.4
[INFO] [stderr]    Compiling lock_api v0.4.12
[INFO] [stderr]    Compiling memoffset v0.9.1
[INFO] [stderr]    Compiling proc-macro-error v1.0.4
[INFO] [stderr]    Compiling generic-array v0.14.7
[INFO] [stderr]    Compiling slotmap v1.0.7
[INFO] [stderr]    Compiling serde v1.0.218
[INFO] [stderr]    Compiling rustls v0.21.12
[INFO] [stderr]     Checking utf8_iter v1.0.4
[INFO] [stderr]    Compiling parking_lot_core v0.9.10
[INFO] [stderr]     Checking write16 v1.0.0
[INFO] [stderr]     Checking utf16_iter v1.0.5
[INFO] [stderr]    Compiling httparse v1.10.0
[INFO] [stderr]     Checking icu_normalizer_data v1.5.0
[INFO] [stderr]    Compiling darling_core v0.14.4
[INFO] [stderr]     Checking tracing v0.1.41
[INFO] [stderr]     Checking tokio-util v0.7.13
[INFO] [stderr]    Compiling num-rational v0.4.2
[INFO] [stderr]     Checking rustls-webpki v0.101.7
[INFO] [stderr]     Checking sct v0.7.1
[INFO] [stderr]     Checking rand_core v0.6.4
[INFO] [stderr]     Checking percent-encoding v2.3.1
[INFO] [stderr]     Checking try-lock v0.2.5
[INFO] [stderr]     Checking scopeguard v1.2.0
[INFO] [stderr]     Checking want v0.3.1
[INFO] [stderr]     Checking form_urlencoded v1.2.1
[INFO] [stderr]    Compiling synstructure v0.13.1
[INFO] [stderr]     Checking h2 v0.3.26
[INFO] [stderr]     Checking http-body v0.4.6
[INFO] [stderr]    Compiling darling_macro v0.14.4
[INFO] [stderr]    Compiling arr_macro_impl v0.1.3
[INFO] [stderr]    Compiling rustix v0.38.44
[INFO] [stderr]     Checking httpdate v1.0.3
[INFO] [stderr]    Compiling getrandom v0.3.1
[INFO] [stderr]     Checking tower-service v0.3.3
[INFO] [stderr]     Checking tinyvec_macros v0.1.1
[INFO] [stderr]     Checking ryu v1.0.19
[INFO] [stderr]    Compiling heck v0.4.1
[INFO] [stderr]     Checking tinyvec v1.8.1
[INFO] [stderr]    Compiling darling v0.14.4
[INFO] [stderr]    Compiling euphony-macros v0.2.1
[INFO] [stderr]     Checking tokio-rustls v0.24.1
[INFO] [stderr]     Checking euphony-graph v0.1.1
[INFO] [stderr]     Checking arr_macro v0.1.3
[INFO] [stderr]    Compiling duplicate v0.4.1
[INFO] [stderr]     Checking parking_lot v0.12.3
[INFO] [stderr]     Checking intrusive-collections v0.9.7
[INFO] [stderr]     Checking numeric-array v0.5.2
[INFO] [stderr]     Checking rand_xoshiro v0.6.0
[INFO] [stderr]    Compiling zerofrom-derive v0.1.5
[INFO] [stderr]    Compiling yoke-derive v0.7.5
[INFO] [stderr]    Compiling zerovec-derive v0.10.3
[INFO] [stderr]    Compiling displaydoc v0.2.5
[INFO] [stderr]    Compiling icu_provider_macros v1.5.0
[INFO] [stderr]    Compiling serde_derive v1.0.218
[INFO] [stderr]    Compiling pin-project-internal v1.1.9
[INFO] [stderr]     Checking euphony-units v0.1.1
[INFO] [stderr]     Checking hyper v0.14.32
[INFO] [stderr]     Checking rand v0.8.5
[INFO] [stderr]     Checking futures v0.3.31
[INFO] [stderr]    Compiling blake3 v1.6.0
[INFO] [stderr]     Checking linux-raw-sys v0.4.15
[INFO] [stderr]    Compiling serde_json v1.0.139
[INFO] [stderr]     Checking zerofrom v0.1.5
[INFO] [stdout] error: linking with `cc` failed: exit status: 1
[INFO] [stdout]   |
[INFO] [stdout]   = note: LC_ALL="C" PATH="/opt/rustwide/rustup-home/toolchains/1.85.0-x86_64-unknown-linux-gnu/lib/rustlib/x86_64-unknown-linux-gnu/bin:/opt/rustwide/cargo-home/bin:/usr/local/sbin:/usr/local/bin:/usr/sbin:/usr/bin:/sbin:/bin" VSLANG="1033" "cc" "-Wl,--version-script=/tmp/rustcvHMqKO/list" "-Wl,--no-undefined-version" "-m64" "/tmp/rustcvHMqKO/symbols.o" "<11 object files omitted>" "/opt/rustwide/target/debug/deps/pin_project_internal-9d7715d07d1ce413.b71nzh6h8kvr7gu507p93m02m.rcgu.rmeta" "<1 object files omitted>" "-Wl,--as-needed" "-Wl,-Bstatic" "/opt/rustwide/target/debug/deps/{libsyn-e259f30d7542e80a.rlib,libquote-fd21622cb56dc272.rlib,libproc_macro2-42fbee28c02d4999.rlib,libunicode_ident-ee6756191ba329bf.rlib}" "/opt/rustwide/rustup-home/toolchains/1.85.0-x86_64-unknown-linux-gnu/lib/rustlib/x86_64-unknown-linux-gnu/lib/{libproc_macro-57e423f2e16d22f0.rlib,libstd-6273572f18644c87.rlib,libpanic_unwind-267e668abf74a283.rlib,libobject-ec6154ccae37a33e.rlib,libmemchr-500edd5521c440d4.rlib,libaddr2line-86d8d9428792e8ef.rlib,libgimli-10f06487503767c2.rlib,librustc_demangle-6a38424de1e5bca5.rlib,libstd_detect-de9763ea1c19dca3.rlib,libhashbrown-a7f5bb2f736d3c49.rlib,librustc_std_workspace_alloc-7e368919bdc4a44c.rlib,libminiz_oxide-376454d49910c786.rlib,libadler-fa99f5692b5dce85.rlib,libunwind-91cafdaf16f7fe40.rlib,libcfg_if-f7ee3f1ea78d9dae.rlib,liblibc-d3a35665f881365a.rlib,liballoc-715bc629a88bca60.rlib,librustc_std_workspace_core-ae70165d1278cff7.rlib,libcore-406129d0e3fbc101.rlib,libcompiler_builtins-1af05515ab19524a.rlib}" "-Wl,-Bdynamic" "-lgcc_s" "-lutil" "-lrt" "-lpthread" "-lm" "-ldl" "-lc" "-Wl,--eh-frame-hdr" "-Wl,-z,noexecstack" "-L" "/opt/rustwide/rustup-home/toolchains/1.85.0-x86_64-unknown-linux-gnu/lib/rustlib/x86_64-unknown-linux-gnu/lib" "-o" "/opt/rustwide/target/debug/deps/libpin_project_internal-9d7715d07d1ce413.so" "-Wl,--gc-sections" "-shared" "-Wl,-z,relro,-z,now" "-nodefaultlibs"
[INFO] [stdout]   = note: some arguments are omitted. use `--verbose` to show all linker arguments
[INFO] [stdout]   = note: /usr/bin/ld: final link failed: No space left on device
[INFO] [stdout]           collect2: error: ld returned 1 exit status
[INFO] [stdout]           
[INFO] [stdout] 
[INFO] [stdout] 
[INFO] [stderr] error: could not compile `pin-project-internal` (lib) due to 1 previous error
[INFO] [stderr] warning: build failed, waiting for other jobs to finish...
[INFO] [stdout] error: linking with `cc` failed: exit status: 1
[INFO] [stdout]   |
[INFO] [stdout]   = note: LC_ALL="C" PATH="/opt/rustwide/rustup-home/toolchains/1.85.0-x86_64-unknown-linux-gnu/lib/rustlib/x86_64-unknown-linux-gnu/bin:/opt/rustwide/cargo-home/bin:/usr/local/sbin:/usr/local/bin:/usr/sbin:/usr/bin:/sbin:/bin" VSLANG="1033" "cc" "-m64" "/tmp/rustcpdctiN/symbols.o" "<2 object files omitted>" "-Wl,--as-needed" "-Wl,-Bstatic" "/opt/rustwide/rustup-home/toolchains/1.85.0-x86_64-unknown-linux-gnu/lib/rustlib/x86_64-unknown-linux-gnu/lib/{libstd-6273572f18644c87.rlib,libpanic_unwind-267e668abf74a283.rlib,libobject-ec6154ccae37a33e.rlib,libmemchr-500edd5521c440d4.rlib,libaddr2line-86d8d9428792e8ef.rlib,libgimli-10f06487503767c2.rlib,librustc_demangle-6a38424de1e5bca5.rlib,libstd_detect-de9763ea1c19dca3.rlib,libhashbrown-a7f5bb2f736d3c49.rlib,librustc_std_workspace_alloc-7e368919bdc4a44c.rlib,libminiz_oxide-376454d49910c786.rlib,libadler-fa99f5692b5dce85.rlib,libunwind-91cafdaf16f7fe40.rlib,libcfg_if-f7ee3f1ea78d9dae.rlib,liblibc-d3a35665f881365a.rlib,liballoc-715bc629a88bca60.rlib,librustc_std_workspace_core-ae70165d1278cff7.rlib,libcore-406129d0e3fbc101.rlib,libcompiler_builtins-1af05515ab19524a.rlib}" "-Wl,-Bdynamic" "-lgcc_s" "-lutil" "-lrt" "-lpthread" "-lm" "-ldl" "-lc" "-Wl,--eh-frame-hdr" "-Wl,-z,noexecstack" "-L" "/opt/rustwide/rustup-home/toolchains/1.85.0-x86_64-unknown-linux-gnu/lib/rustlib/x86_64-unknown-linux-gnu/lib" "-o" "/opt/rustwide/target/debug/build/serde_json-884b603a07a5dc26/build_script_build-884b603a07a5dc26" "-Wl,--gc-sections" "-pie" "-Wl,-z,relro,-z,now" "-nodefaultlibs"
[INFO] [stdout]   = note: some arguments are omitted. use `--verbose` to show all linker arguments
[INFO] [stdout]   = note: /usr/bin/ld: final link failed: No space left on device
[INFO] [stdout]           collect2: error: ld returned 1 exit status
[INFO] [stdout]           
[INFO] [stdout] 
[INFO] [stdout] 
[INFO] [stderr] error: could not compile `serde_json` (build script) due to 1 previous error
[INFO] [stdout] error: linking with `cc` failed: exit status: 1
[INFO] [stdout]   |
[INFO] [stdout]   = note: LC_ALL="C" PATH="/opt/rustwide/rustup-home/toolchains/1.85.0-x86_64-unknown-linux-gnu/lib/rustlib/x86_64-unknown-linux-gnu/bin:/opt/rustwide/cargo-home/bin:/usr/local/sbin:/usr/local/bin:/usr/sbin:/usr/bin:/sbin:/bin" VSLANG="1033" "cc" "-Wl,--version-script=/tmp/rustcZeD3T6/list" "-Wl,--no-undefined-version" "-m64" "/tmp/rustcZeD3T6/symbols.o" "<16 object files omitted>" "/opt/rustwide/target/debug/deps/serde_derive-51abc9b59818b1a5.4qgz2iu7ba57myba5vxp0yv0b.rcgu.rmeta" "<1 object files omitted>" "-Wl,--as-needed" "-Wl,-Bstatic" "/opt/rustwide/target/debug/deps/{libsyn-e259f30d7542e80a.rlib,libquote-fd21622cb56dc272.rlib,libproc_macro2-42fbee28c02d4999.rlib,libunicode_ident-ee6756191ba329bf.rlib}" "/opt/rustwide/rustup-home/toolchains/1.85.0-x86_64-unknown-linux-gnu/lib/rustlib/x86_64-unknown-linux-gnu/lib/{libproc_macro-57e423f2e16d22f0.rlib,libstd-6273572f18644c87.rlib,libpanic_unwind-267e668abf74a283.rlib,libobject-ec6154ccae37a33e.rlib,libmemchr-500edd5521c440d4.rlib,libaddr2line-86d8d9428792e8ef.rlib,libgimli-10f06487503767c2.rlib,librustc_demangle-6a38424de1e5bca5.rlib,libstd_detect-de9763ea1c19dca3.rlib,libhashbrown-a7f5bb2f736d3c49.rlib,librustc_std_workspace_alloc-7e368919bdc4a44c.rlib,libminiz_oxide-376454d49910c786.rlib,libadler-fa99f5692b5dce85.rlib,libunwind-91cafdaf16f7fe40.rlib,libcfg_if-f7ee3f1ea78d9dae.rlib,liblibc-d3a35665f881365a.rlib,liballoc-715bc629a88bca60.rlib,librustc_std_workspace_core-ae70165d1278cff7.rlib,libcore-406129d0e3fbc101.rlib,libcompiler_builtins-1af05515ab19524a.rlib}" "-Wl,-Bdynamic" "-lgcc_s" "-lutil" "-lrt" "-lpthread" "-lm" "-ldl" "-lc" "-Wl,--eh-frame-hdr" "-Wl,-z,noexecstack" "-L" "/opt/rustwide/rustup-home/toolchains/1.85.0-x86_64-unknown-linux-gnu/lib/rustlib/x86_64-unknown-linux-gnu/lib" "-o" "/opt/rustwide/target/debug/deps/libserde_derive-51abc9b59818b1a5.so" "-Wl,--gc-sections" "-shared" "-Wl,-z,relro,-z,now" "-nodefaultlibs"
[INFO] [stdout]   = note: some arguments are omitted. use `--verbose` to show all linker arguments
[INFO] [stdout]   = note: /usr/bin/ld: final link failed: No space left on device
[INFO] [stdout]           collect2: error: ld returned 1 exit status
[INFO] [stdout]           
[INFO] [stdout] 
[INFO] [stdout] 
[INFO] [stderr] error: could not compile `serde_derive` (lib) due to 1 previous error
[INFO] running `Command { std: "docker" "inspect" "e1e7dc8585e312349f142948b790f352df64603d7ade24a3a53edc7d14684dc8", kill_on_drop: false }`
[INFO] running `Command { std: "docker" "rm" "-f" "e1e7dc8585e312349f142948b790f352df64603d7ade24a3a53edc7d14684dc8", kill_on_drop: false }`
[INFO] [stdout] e1e7dc8585e312349f142948b790f352df64603d7ade24a3a53edc7d14684dc8
