[INFO] fetching crate escpos 0.15.0...
[INFO] documenting escpos-0.15.0 against 1.85.0 for beta-1.86-rustdoc-1
[INFO] extracting crate escpos 0.15.0 into /workspace/builds/worker-6-tc1/source
[INFO] validating manifest of crates.io crate escpos 0.15.0 on toolchain 1.85.0
[INFO] running `Command { std: CARGO_HOME="/workspace/cargo-home" RUSTUP_HOME="/workspace/rustup-home" "/workspace/cargo-home/bin/cargo" "+1.85.0" "metadata" "--manifest-path" "Cargo.toml" "--no-deps", kill_on_drop: false }`
[INFO] started tweaking crates.io crate escpos 0.15.0
[INFO] removed 0 missing examples
[INFO] finished tweaking crates.io crate escpos 0.15.0
[INFO] tweaked toml for crates.io crate escpos 0.15.0 written to /workspace/builds/worker-6-tc1/source/Cargo.toml
[INFO] crate crates.io crate escpos 0.15.0 already has a lockfile, it will not be regenerated
[INFO] running `Command { std: CARGO_HOME="/workspace/cargo-home" RUSTUP_HOME="/workspace/rustup-home" "/workspace/cargo-home/bin/cargo" "+1.85.0" "fetch" "--manifest-path" "Cargo.toml", kill_on_drop: false }`
[INFO] [stderr]  Downloading crates ...
[INFO] [stderr]   Downloaded hidapi v2.6.3
[INFO] [stderr]   Downloaded nusb v0.1.12
[INFO] running `Command { std: "docker" "create" "-v" "/var/lib/crater-agent-workspace/builds/worker-6-tc1/target:/opt/rustwide/target:rw,Z" "-v" "/var/lib/crater-agent-workspace/builds/worker-6-tc1/source:/opt/rustwide/workdir:ro,Z" "-v" "/var/lib/crater-agent-workspace/cargo-home:/opt/rustwide/cargo-home:ro,Z" "-v" "/var/lib/crater-agent-workspace/rustup-home:/opt/rustwide/rustup-home:ro,Z" "-e" "SOURCE_DIR=/opt/rustwide/workdir" "-e" "CARGO_TARGET_DIR=/opt/rustwide/target" "-e" "CARGO_HOME=/opt/rustwide/cargo-home" "-e" "RUSTUP_HOME=/opt/rustwide/rustup-home" "-w" "/opt/rustwide/workdir" "-m" "1610612736" "--user" "0:0" "--network" "none" "ghcr.io/rust-lang/crates-build-env/linux@sha256:3959728d45483eb673ba100a951a6b9f5012970368db2a9e08e0ac9b67c8a5ad" "/opt/rustwide/cargo-home/bin/cargo" "+1.85.0" "metadata" "--no-deps" "--format-version=1", kill_on_drop: false }`
[INFO] [stdout] 3d8e9287a4fcb7deae0c4bea11137ad6289fa1d224299da80382910c160e72e7
[INFO] running `Command { std: "docker" "start" "-a" "3d8e9287a4fcb7deae0c4bea11137ad6289fa1d224299da80382910c160e72e7", kill_on_drop: false }`
[INFO] running `Command { std: "docker" "inspect" "3d8e9287a4fcb7deae0c4bea11137ad6289fa1d224299da80382910c160e72e7", kill_on_drop: false }`
[INFO] running `Command { std: "docker" "rm" "-f" "3d8e9287a4fcb7deae0c4bea11137ad6289fa1d224299da80382910c160e72e7", kill_on_drop: false }`
[INFO] [stdout] 3d8e9287a4fcb7deae0c4bea11137ad6289fa1d224299da80382910c160e72e7
[INFO] running `Command { std: "docker" "create" "-v" "/var/lib/crater-agent-workspace/builds/worker-6-tc1/target:/opt/rustwide/target:rw,Z" "-v" "/var/lib/crater-agent-workspace/builds/worker-6-tc1/source:/opt/rustwide/workdir:ro,Z" "-v" "/var/lib/crater-agent-workspace/cargo-home:/opt/rustwide/cargo-home:ro,Z" "-v" "/var/lib/crater-agent-workspace/rustup-home:/opt/rustwide/rustup-home:ro,Z" "-e" "SOURCE_DIR=/opt/rustwide/workdir" "-e" "CARGO_TARGET_DIR=/opt/rustwide/target" "-e" "CARGO_INCREMENTAL=0" "-e" "RUST_BACKTRACE=full" "-e" "RUSTFLAGS=--cap-lints=warn" "-e" "RUSTDOCFLAGS=--cap-lints=warn" "-e" "CARGO_HOME=/opt/rustwide/cargo-home" "-e" "RUSTUP_HOME=/opt/rustwide/rustup-home" "-w" "/opt/rustwide/workdir" "-m" "1610612736" "--user" "0:0" "--network" "none" "ghcr.io/rust-lang/crates-build-env/linux@sha256:3959728d45483eb673ba100a951a6b9f5012970368db2a9e08e0ac9b67c8a5ad" "/opt/rustwide/cargo-home/bin/cargo" "+1.85.0" "doc" "--frozen" "--no-deps" "--document-private-items" "--message-format=json", kill_on_drop: false }`
[INFO] [stdout] d4a64d3ff667f7485748be5cbfbd10940430e1a2807c631b722dbd6eb3047649
[INFO] running `Command { std: "docker" "start" "-a" "d4a64d3ff667f7485748be5cbfbd10940430e1a2807c631b722dbd6eb3047649", kill_on_drop: false }`
[INFO] [stderr]     Checking cfg-if v1.0.0
[INFO] [stderr]     Checking log v0.4.25
[INFO] [stderr]     Checking encoding_rs v0.8.35
[INFO] [stderr]  Documenting escpos v0.15.0 (/opt/rustwide/workdir)
[INFO] [stderr]     Finished `dev` profile [unoptimized + debuginfo] target(s) in 2.46s
[INFO] [stderr]    Generated /opt/rustwide/target/doc/escpos/index.html
[INFO] running `Command { std: "docker" "inspect" "d4a64d3ff667f7485748be5cbfbd10940430e1a2807c631b722dbd6eb3047649", kill_on_drop: false }`
[INFO] running `Command { std: "docker" "rm" "-f" "d4a64d3ff667f7485748be5cbfbd10940430e1a2807c631b722dbd6eb3047649", kill_on_drop: false }`
[INFO] [stdout] d4a64d3ff667f7485748be5cbfbd10940430e1a2807c631b722dbd6eb3047649
[INFO] running `Command { std: "docker" "create" "-v" "/var/lib/crater-agent-workspace/builds/worker-6-tc1/target:/opt/rustwide/target:rw,Z" "-v" "/var/lib/crater-agent-workspace/builds/worker-6-tc1/source:/opt/rustwide/workdir:ro,Z" "-v" "/var/lib/crater-agent-workspace/cargo-home:/opt/rustwide/cargo-home:ro,Z" "-v" "/var/lib/crater-agent-workspace/rustup-home:/opt/rustwide/rustup-home:ro,Z" "-e" "SOURCE_DIR=/opt/rustwide/workdir" "-e" "CARGO_TARGET_DIR=/opt/rustwide/target" "-e" "CARGO_INCREMENTAL=0" "-e" "RUST_BACKTRACE=full" "-e" "RUSTFLAGS=--cap-lints=warn" "-e" "RUSTDOCFLAGS=--cap-lints=warn" "-e" "DOCS_RS=1" "-e" "RUSTC_BOOTSTRAP=1" "-e" "CARGO_HOME=/opt/rustwide/cargo-home" "-e" "RUSTUP_HOME=/opt/rustwide/rustup-home" "-w" "/opt/rustwide/workdir" "-m" "1610612736" "--user" "0:0" "--network" "none" "ghcr.io/rust-lang/crates-build-env/linux@sha256:3959728d45483eb673ba100a951a6b9f5012970368db2a9e08e0ac9b67c8a5ad" "/opt/rustwide/cargo-home/bin/cargo" "+1.85.0" "rustdoc" "--lib" "-Zrustdoc-map" "--all-features" "--config" "build.rustdocflags=[\"--cfg\", \"docsrs\", \"-Z\", \"unstable-options\", \"--document-private-items\"]" "--frozen" "--message-format=json", kill_on_drop: false }`
[INFO] [stdout] 145dd9c8e6db90b933e3a43bb4f618d605c9e97fa3199cbf6bc7b44e5bd9e697
[INFO] running `Command { std: "docker" "start" "-a" "145dd9c8e6db90b933e3a43bb4f618d605c9e97fa3199cbf6bc7b44e5bd9e697", kill_on_drop: false }`
[INFO] [stderr]    Compiling proc-macro2 v1.0.93
[INFO] [stderr]    Compiling autocfg v1.4.0
[INFO] [stderr]    Compiling unicode-ident v1.0.14
[INFO] [stderr]    Compiling libc v0.2.169
[INFO] [stderr]    Compiling pkg-config v0.3.31
[INFO] [stderr]    Compiling crossbeam-utils v0.8.21
[INFO] [stderr]    Compiling shlex v1.3.0
[INFO] [stderr]    Compiling rayon-core v1.12.1
[INFO] [stderr]     Checking simd-adler32 v0.3.7
[INFO] [stderr]    Compiling thiserror v1.0.69
[INFO] [stderr]    Compiling cc v1.2.9
[INFO] [stderr]     Checking either v1.13.0
[INFO] [stderr]    Compiling anyhow v1.0.95
[INFO] [stderr]    Compiling num-traits v0.2.19
[INFO] [stderr]     Checking adler2 v2.0.0
[INFO] [stderr]     Checking miniz_oxide v0.8.3
[INFO] [stderr]    Compiling paste v1.0.15
[INFO] [stderr]     Checking crossbeam-epoch v0.9.18
[INFO] [stderr]     Checking arrayvec v0.7.6
[INFO] [stderr]    Compiling quote v1.0.38
[INFO] [stderr]     Checking crossbeam-deque v0.8.6
[INFO] [stderr]    Compiling built v0.7.5
[INFO] [stderr]     Checking minimal-lexical v0.2.1
[INFO] [stderr]    Compiling syn v2.0.96
[INFO] [stderr]     Checking aligned-vec v0.5.0
[INFO] [stderr]     Checking memchr v2.7.4
[INFO] [stderr]    Compiling rav1e v0.7.1
[INFO] [stderr]    Compiling libudev-sys v0.1.4
[INFO] [stderr]     Checking rayon v1.10.0
[INFO] [stderr]     Checking num-integer v0.1.46
[INFO] [stderr]     Checking v_frame v0.3.8
[INFO] [stderr]     Checking crc32fast v1.4.2
[INFO] [stderr]     Checking bitflags v1.3.2
[INFO] [stderr]     Checking once_cell v1.20.2
[INFO] [stderr]     Checking num-bigint v0.4.6
[INFO] [stderr]     Checking flate2 v1.0.35
[INFO] [stderr]     Checking nom v7.1.3
[INFO] [stderr]    Compiling libusb1-sys v0.7.0
[INFO] [stderr]    Compiling simd_helpers v0.1.0
[INFO] [stderr]    Compiling slab v0.4.9
[INFO] [stderr]     Checking itertools v0.12.1
[INFO] [stderr]     Checking weezl v0.1.8
[INFO] [stderr]     Checking imgref v1.11.0
[INFO] [stderr]     Checking quick-error v2.0.1
[INFO] [stderr]    Compiling noop_proc_macro v0.3.0
[INFO] [stderr]    Compiling rustix v0.38.43
[INFO] [stderr]     Checking bitstream-io v2.6.0
[INFO] [stderr]     Checking bitflags v2.8.0
[INFO] [stderr]     Checking maybe-rayon v0.1.1
[INFO] [stderr]     Checking new_debug_unreachable v1.0.6
[INFO] [stderr]     Checking loop9 v0.1.5
[INFO] [stderr]    Compiling hidapi v2.6.3
[INFO] [stderr]     Checking avif-serialize v0.8.2
[INFO] [stderr]     Checking fdeflate v0.3.7
[INFO] [stderr]     Checking zune-inflate v0.2.54
[INFO] [stderr]     Checking half v2.4.1
[INFO] [stderr]     Checking num-rational v0.4.2
[INFO] [stderr]     Checking linux-raw-sys v0.4.15
[INFO] [stderr]     Checking futures-core v0.3.31
[INFO] [stderr]    Compiling rusb v0.9.4
[INFO] [stderr]     Checking lebe v0.5.2
[INFO] [stderr]     Checking jpeg-decoder v0.3.1
[INFO] [stderr]     Checking byteorder-lite v0.1.0
[INFO] [stderr]     Checking bit_field v0.10.2
[INFO] [stderr]     Checking color_quant v1.1.0
[INFO] [stderr]     Checking smallvec v1.13.2
[INFO] [stderr]     Checking rgb v0.8.50
[INFO] [stderr]     Checking av1-grain v0.2.3
[INFO] [stderr]     Checking bytemuck v1.21.0
[INFO] [stderr]     Checking zune-core v0.4.12
[INFO] [stderr]     Checking image-webp v0.2.1
[INFO] [stderr]     Checking zune-jpeg v0.4.14
[INFO] [stderr]     Checking tiff v0.9.1
[INFO] [stderr]     Checking qoi v0.4.1
[INFO] [stderr]     Checking exr v1.73.0
[INFO] [stderr]     Checking gif v0.13.1
[INFO] [stderr]     Checking png v0.17.16
[INFO] [stderr]     Checking libudev v0.3.0
[INFO] [stderr]     Checking nix v0.26.4
[INFO] [stderr]     Checking atomic-waker v1.1.2
[INFO] [stderr]     Checking futures-io v0.3.31
[INFO] [stderr]     Checking pin-project-lite v0.2.16
[INFO] [stderr]     Checking scopeguard v1.2.0
[INFO] [stderr]     Checking fastrand v2.3.0
[INFO] [stderr]     Checking parking v2.2.1
[INFO] [stderr]     Checking futures-lite v2.6.0
[INFO] [stderr]    Compiling thiserror-impl v1.0.69
[INFO] [stderr]    Compiling profiling-procmacros v1.0.16
[INFO] [stderr]    Compiling num-derive v0.4.2
[INFO] [stderr]    Compiling arg_enum_proc_macro v0.3.4
[INFO] [stdout] error: error writing metadata object file: No space left on device (os error 28)
[INFO] [stdout] 
[INFO] [stdout] 
[INFO] [stderr] error: could not compile `profiling-procmacros` (lib) due to 1 previous error
[INFO] [stderr] warning: build failed, waiting for other jobs to finish...
[INFO] [stdout] error: linking with `cc` failed: exit status: 1
[INFO] [stdout]   |
[INFO] [stdout]   = note: LC_ALL="C" PATH="/opt/rustwide/rustup-home/toolchains/1.85.0-x86_64-unknown-linux-gnu/lib/rustlib/x86_64-unknown-linux-gnu/bin:/opt/rustwide/cargo-home/bin:/usr/local/sbin:/usr/local/bin:/usr/sbin:/usr/bin:/sbin:/bin" VSLANG="1033" "cc" "-Wl,--version-script=/tmp/rustccTTM2k/list" "-Wl,--no-undefined-version" "-m64" "/tmp/rustccTTM2k/symbols.o" "<3 object files omitted>" "/opt/rustwide/target/debug/deps/num_derive-ab60f1fdc60cebc5.3cwxb7ayu5ugf8dit0thn4rah.rcgu.rmeta" "<1 object files omitted>" "-Wl,--as-needed" "-Wl,-Bstatic" "/opt/rustwide/target/debug/deps/{libsyn-0168ddfc6b29a0d3.rlib,libquote-bdbb1a4c9130195d.rlib,libproc_macro2-d10a9a06c17a3dab.rlib,libunicode_ident-824ffdf5c8ad75db.rlib}" "/opt/rustwide/rustup-home/toolchains/1.85.0-x86_64-unknown-linux-gnu/lib/rustlib/x86_64-unknown-linux-gnu/lib/{libproc_macro-57e423f2e16d22f0.rlib,libstd-6273572f18644c87.rlib,libpanic_unwind-267e668abf74a283.rlib,libobject-ec6154ccae37a33e.rlib,libmemchr-500edd5521c440d4.rlib,libaddr2line-86d8d9428792e8ef.rlib,libgimli-10f06487503767c2.rlib,librustc_demangle-6a38424de1e5bca5.rlib,libstd_detect-de9763ea1c19dca3.rlib,libhashbrown-a7f5bb2f736d3c49.rlib,librustc_std_workspace_alloc-7e368919bdc4a44c.rlib,libminiz_oxide-376454d49910c786.rlib,libadler-fa99f5692b5dce85.rlib,libunwind-91cafdaf16f7fe40.rlib,libcfg_if-f7ee3f1ea78d9dae.rlib,liblibc-d3a35665f881365a.rlib,liballoc-715bc629a88bca60.rlib,librustc_std_workspace_core-ae70165d1278cff7.rlib,libcore-406129d0e3fbc101.rlib,libcompiler_builtins-1af05515ab19524a.rlib}" "-Wl,-Bdynamic" "-lgcc_s" "-lutil" "-lrt" "-lpthread" "-lm" "-ldl" "-lc" "-Wl,--eh-frame-hdr" "-Wl,-z,noexecstack" "-L" "/opt/rustwide/rustup-home/toolchains/1.85.0-x86_64-unknown-linux-gnu/lib/rustlib/x86_64-unknown-linux-gnu/lib" "-o" "/opt/rustwide/target/debug/deps/libnum_derive-ab60f1fdc60cebc5.so" "-Wl,--gc-sections" "-shared" "-Wl,-z,relro,-z,now" "-nodefaultlibs"
[INFO] [stdout]   = note: some arguments are omitted. use `--verbose` to show all linker arguments
[INFO] [stdout]   = note: /usr/bin/ld: final link failed: No space left on device
[INFO] [stdout]           collect2: error: ld returned 1 exit status
[INFO] [stdout]           
[INFO] [stdout] 
[INFO] [stdout] 
[INFO] [stderr] error: could not compile `num-derive` (lib) due to 1 previous error
[INFO] [stdout] error: failed to write to `/opt/rustwide/target/debug/deps/rmeta4Kb2fX/lib.rmeta`: No space left on device (os error 28)
[INFO] [stdout] 
[INFO] [stdout] 
[INFO] [stdout] error: linking with `cc` failed: exit status: 1
[INFO] [stdout]   |
[INFO] [stdout]   = note: LC_ALL="C" PATH="/opt/rustwide/rustup-home/toolchains/1.85.0-x86_64-unknown-linux-gnu/lib/rustlib/x86_64-unknown-linux-gnu/bin:/opt/rustwide/cargo-home/bin:/usr/local/sbin:/usr/local/bin:/usr/sbin:/usr/bin:/sbin:/bin" VSLANG="1033" "cc" "-Wl,--version-script=/tmp/rustcIsbe3f/list" "-Wl,--no-undefined-version" "-m64" "/tmp/rustcIsbe3f/symbols.o" "<16 object files omitted>" "/opt/rustwide/target/debug/deps/thiserror_impl-66147a20111455bd.9maaamhudrf82n423bja7r6p5.rcgu.rmeta" "<1 object files omitted>" "-Wl,--as-needed" "-Wl,-Bstatic" "/opt/rustwide/target/debug/deps/{libsyn-0168ddfc6b29a0d3.rlib,libquote-bdbb1a4c9130195d.rlib,libproc_macro2-d10a9a06c17a3dab.rlib,libunicode_ident-824ffdf5c8ad75db.rlib}" "/opt/rustwide/rustup-home/toolchains/1.85.0-x86_64-unknown-linux-gnu/lib/rustlib/x86_64-unknown-linux-gnu/lib/{libproc_macro-57e423f2e16d22f0.rlib,libstd-6273572f18644c87.rlib,libpanic_unwind-267e668abf74a283.rlib,libobject-ec6154ccae37a33e.rlib,libmemchr-500edd5521c440d4.rlib,libaddr2line-86d8d9428792e8ef.rlib,libgimli-10f06487503767c2.rlib,librustc_demangle-6a38424de1e5bca5.rlib,libstd_detect-de9763ea1c19dca3.rlib,libhashbrown-a7f5bb2f736d3c49.rlib,librustc_std_workspace_alloc-7e368919bdc4a44c.rlib,libminiz_oxide-376454d49910c786.rlib,libadler-fa99f5692b5dce85.rlib,libunwind-91cafdaf16f7fe40.rlib,libcfg_if-f7ee3f1ea78d9dae.rlib,liblibc-d3a35665f881365a.rlib,liballoc-715bc629a88bca60.rlib,librustc_std_workspace_core-ae70165d1278cff7.rlib,libcore-406129d0e3fbc101.rlib,libcompiler_builtins-1af05515ab19524a.rlib}" "-Wl,-Bdynamic" "-lgcc_s" "-lutil" "-lrt" "-lpthread" "-lm" "-ldl" "-lc" "-Wl,--eh-frame-hdr" "-Wl,-z,noexecstack" "-L" "/opt/rustwide/rustup-home/toolchains/1.85.0-x86_64-unknown-linux-gnu/lib/rustlib/x86_64-unknown-linux-gnu/lib" "-o" "/opt/rustwide/target/debug/deps/libthiserror_impl-66147a20111455bd.so" "-Wl,--gc-sections" "-shared" "-Wl,-z,relro,-z,now" "-nodefaultlibs"
[INFO] [stdout]   = note: some arguments are omitted. use `--verbose` to show all linker arguments
[INFO] [stdout]   = note: /usr/bin/ld: final link failed: No space left on device
[INFO] [stdout]           collect2: error: ld returned 1 exit status
[INFO] [stdout]           
[INFO] [stdout] 
[INFO] [stdout] 
[INFO] [stderr] error: could not compile `thiserror-impl` (lib) due to 1 previous error
[INFO] [stderr] error: could not compile `exr` (lib) due to 1 previous error
[INFO] running `Command { std: "docker" "inspect" "145dd9c8e6db90b933e3a43bb4f618d605c9e97fa3199cbf6bc7b44e5bd9e697", kill_on_drop: false }`
[INFO] running `Command { std: "docker" "rm" "-f" "145dd9c8e6db90b933e3a43bb4f618d605c9e97fa3199cbf6bc7b44e5bd9e697", kill_on_drop: false }`
[INFO] [stdout] 145dd9c8e6db90b933e3a43bb4f618d605c9e97fa3199cbf6bc7b44e5bd9e697
